-- Table structure for table `zen_categories`
--

CREATE TABLE `zen_categories` (
  `categories_id` int(11) NOT NULL AUTO_INCREMENT,
  `categories_image` varchar(64) COLLATE utf8_unicode_ci DEFAULT NULL,
  `parent_id` int(11) NOT NULL DEFAULT '0',
  `sort_order` int(3) DEFAULT NULL,
  `date_added` datetime DEFAULT NULL,
  `last_modified` datetime DEFAULT NULL,
  `categories_status` tinyint(1) NOT NULL DEFAULT '1',
  PRIMARY KEY (`categories_id`),
  KEY `idx_parent_id_cat_id_zen` (`parent_id`,`categories_id`),
  KEY `idx_status_zen` (`categories_status`),
  KEY `idx_sort_order_zen` (`sort_order`)
) ENGINE=MyISAM AUTO_INCREMENT=13 DEFAULT CHARSET=utf8 COLLATE=utf8_unicode_ci;

--
-- Dumping data for table `zen_categories`
--

INSERT INTO `zen_categories` VALUES (1,'categories/laundryBlk.gif',0,0,'2010-07-06 18:12:03','2010-07-09 07:07:02',1),(2,'categories/staplesBlk.gif',0,0,'2010-07-06 22:09:23','2010-07-09 07:04:53',1),(3,'categories/toiletriesBlk.gif',0,0,'2010-07-07 17:47:50','2010-07-09 22:25:07',1),(4,'categories/medicines.gif',0,0,'2010-07-09 20:10:06',NULL,1),(5,'categories/bathSoap.png',0,0,'2010-07-09 20:10:43','2010-07-09 21:54:09',1),(6,'categories/dental.gif',0,0,'2010-07-09 20:11:04',NULL,1),(7,'categories/hair.gif',0,0,'2010-07-09 20:11:24',NULL,1),(8,'categories/lotions2.gif',0,0,'2010-07-09 20:11:47','2010-07-09 20:14:36',1),(9,'categories/cleaning.gif',0,0,'2010-07-09 20:12:13',NULL,1),(10,'categories/fem.png',0,0,'2010-07-25 10:32:59','2010-08-06 17:52:19',1),(11,'categories/deod.png',0,0,'2010-07-25 12:52:40','2010-08-06 17:51:48',1),(12,'categories/batt.png',0,0,'2010-07-25 13:10:40','2010-08-06 17:51:26',1);

--
-- Table structure for table `zen_categories_description`
--

CREATE TABLE `zen_categories_description` (
  `categories_id` int(11) NOT NULL DEFAULT '0',
  `language_id` int(11) NOT NULL DEFAULT '1',
  `categories_name` varchar(32) COLLATE utf8_unicode_ci NOT NULL DEFAULT '',
  `categories_description` text COLLATE utf8_unicode_ci NOT NULL,
  PRIMARY KEY (`categories_id`,`language_id`),
  KEY `idx_categories_name_zen` (`categories_name`)
) ENGINE=MyISAM DEFAULT CHARSET=utf8 COLLATE=utf8_unicode_ci;

--
-- Dumping data for table `zen_categories_description`
--

INSERT INTO `zen_categories_description` VALUES (1,1,'Laundry',''),(2,1,'Staples','Pasta, flour, sugar, syrups, baking goods, beans, rice'),(3,1,'Toiletries','Body wash, toothbrushes, toothpaste, dental floss, deodorant, shampoo, hair conditioner, shaving cream, medications, hand creme'),(4,1,'Medicines','Aspirin, vitamins, anti-histamines'),(5,1,'Bath Soap',''),(6,1,'Dental',''),(7,1,'Hair Care',''),(8,1,'Lotion',''),(9,1,'Cleaning',''),(10,1,'Feminine Products',''),(11,1,'Deodorant',''),(12,1,'Batteries','');

--
-- Table structure for table `zen_configuration`
--

CREATE TABLE `zen_configuration` (
  `configuration_id` int(11) NOT NULL AUTO_INCREMENT,
  `configuration_title` text COLLATE utf8_unicode_ci NOT NULL,
  `configuration_key` varchar(255) COLLATE utf8_unicode_ci NOT NULL DEFAULT '',
  `configuration_value` text COLLATE utf8_unicode_ci NOT NULL,
  `configuration_description` text COLLATE utf8_unicode_ci NOT NULL,
  `configuration_group_id` int(11) NOT NULL DEFAULT '0',
  `sort_order` int(5) DEFAULT NULL,
  `last_modified` datetime DEFAULT NULL,
  `date_added` datetime NOT NULL DEFAULT '0001-01-01 00:00:00',
  `use_function` text COLLATE utf8_unicode_ci,
  `set_function` text COLLATE utf8_unicode_ci,
  PRIMARY KEY (`configuration_id`),
  UNIQUE KEY `unq_config_key_zen` (`configuration_key`),
  KEY `idx_key_value_zen` (`configuration_key`,`configuration_value`(10)),
  KEY `idx_cfg_grp_id_zen` (`configuration_group_id`)
) ENGINE=MyISAM AUTO_INCREMENT=540 DEFAULT CHARSET=utf8 COLLATE=utf8_unicode_ci;

--
-- Dumping data for table `zen_configuration`
--

INSERT INTO `zen_configuration` VALUES (1,'Store Name','STORE_NAME','Kim\'s Co-op','The name of my store',1,1,'2010-07-06 21:50:29','2010-07-05 21:25:32',NULL,NULL),(2,'Store Owner','STORE_OWNER','pealer1','The name of my store owner',1,2,NULL,'2010-07-05 21:25:32',NULL,NULL),(3,'Country','STORE_COUNTRY','223','The country my store is located in <br /><br /><strong>Note: Please remember to update the store zone.</strong>',1,6,NULL,'2010-07-05 21:25:32','zen_get_country_name','zen_cfg_pull_down_country_list('),(4,'Zone','STORE_ZONE','','The zone my store is located in',1,7,NULL,'2010-07-05 21:25:32','zen_cfg_get_zone_name','zen_cfg_pull_down_zone_list('),(5,'Expected Sort Order','EXPECTED_PRODUCTS_SORT','desc','This is the sort order used in the expected products box.',1,8,NULL,'2010-07-05 21:25:32',NULL,'zen_cfg_select_option(array(\'asc\', \'desc\'), '),(6,'Expected Sort Field','EXPECTED_PRODUCTS_FIELD','date_expected','The column to sort by in the expected products box.',1,9,NULL,'2010-07-05 21:25:32',NULL,'zen_cfg_select_option(array(\'products_name\', \'date_expected\'), '),(7,'Switch To Default Language Currency','USE_DEFAULT_LANGUAGE_CURRENCY','false','Automatically switch to the language\'s currency when it is changed',1,10,NULL,'2010-07-05 21:25:32',NULL,'zen_cfg_select_option(array(\'true\', \'false\'), '),(8,'Language Selector','LANGUAGE_DEFAULT_SELECTOR','Default','Should the default language be based on the Store preferences, or the customer\'s browser settings?<br /><br />Default: Store\'s default settings',1,11,NULL,'2010-07-05 21:25:32',NULL,'zen_cfg_select_option(array(\'Default\', \'Browser\'), '),(9,'Use Search-Engine Safe URLs (still in development)','SEARCH_ENGINE_FRIENDLY_URLS','false','Use search-engine safe urls for all site links',6,12,NULL,'2010-07-05 21:25:32',NULL,'zen_cfg_select_option(array(\'true\', \'false\'), '),(10,'Display Cart After Adding Product','DISPLAY_CART','true','Display the shopping cart after adding a product (or return back to their origin)',1,14,NULL,'2010-07-05 21:25:32',NULL,'zen_cfg_select_option(array(\'true\', \'false\'), '),(11,'Default Search Operator','ADVANCED_SEARCH_DEFAULT_OPERATOR','and','Default search operators',1,17,NULL,'2010-07-05 21:25:32',NULL,'zen_cfg_select_option(array(\'and\', \'or\'), '),(12,'Store Address and Phone','STORE_NAME_ADDRESS','Kim\'s Co-op\r\n11447 N Latson Road\r\nLinden, MI 48451\r\n(517) 404-2755','This is the Store Name, Address and Phone used on printable documents and displayed online',1,7,'2010-07-10 08:03:52','2010-07-05 21:25:32',NULL,'zen_cfg_textarea('),(13,'Show Category Counts','SHOW_COUNTS','true','Count recursively how many products are in each category',1,19,NULL,'2010-07-05 21:25:32',NULL,'zen_cfg_select_option(array(\'true\', \'false\'), '),(14,'Tax Decimal Places','TAX_DECIMAL_PLACES','0','Pad the tax value this amount of decimal places',1,20,NULL,'2010-07-05 21:25:32',NULL,NULL),(15,'Display Prices with Tax','DISPLAY_PRICE_WITH_TAX','false','Display prices with tax included (true) or add the tax at the end (false)',1,21,NULL,'2010-07-05 21:25:32',NULL,'zen_cfg_select_option(array(\'true\', \'false\'), '),(16,'Display Prices with Tax in Admin','DISPLAY_PRICE_WITH_TAX_ADMIN','false','Display prices with tax included (true) or add the tax at the end (false) in Admin(Invoices)',1,21,NULL,'2010-07-05 21:25:32',NULL,'zen_cfg_select_option(array(\'true\', \'false\'), '),(17,'Basis of Product Tax','STORE_PRODUCT_TAX_BASIS','Shipping','On what basis is Product Tax calculated. Options are<br />Shipping - Based on customers Shipping Address<br />Billing Based on customers Billing address<br />Store - Based on Store address if Billing/Shipping Zone equals Store zone',1,21,NULL,'2010-07-05 21:25:32',NULL,'zen_cfg_select_option(array(\'Shipping\', \'Billing\', \'Store\'), '),(18,'Basis of Shipping Tax','STORE_SHIPPING_TAX_BASIS','Shipping','On what basis is Shipping Tax calculated. Options are<br />Shipping - Based on customers Shipping Address<br />Billing Based on customers Billing address<br />Store - Based on Store address if Billing/Shipping Zone equals Store zone - Can be overriden by correctly written Shipping Module',1,21,NULL,'2010-07-05 21:25:32',NULL,'zen_cfg_select_option(array(\'Shipping\', \'Billing\', \'Store\'), '),(19,'Sales Tax Display Status','STORE_TAX_DISPLAY_STATUS','0','Always show Sales Tax even when amount is $0.00?<br />0= Off<br />1= On',1,21,NULL,'2010-07-05 21:25:32',NULL,'zen_cfg_select_option(array(\'0\', \'1\'), '),(20,'Show Split Tax Lines','SHOW_SPLIT_TAX_CHECKOUT','false','If multiple tax rates apply, show each rate as a separate line at checkout',1,22,NULL,'2010-07-05 21:25:32',NULL,'zen_cfg_select_option(array(\'true\', \'false\'), '),(21,'Admin Session Time Out in Seconds','SESSION_TIMEOUT_ADMIN','900','Enter the time in seconds.<br />Max allowed is 900 for PCI Compliance Reasons.<br /> Default=900<br />Example: 900= 15 min <br /><br />Note: Too few seconds can result in timeout issues when adding/editing products',1,40,NULL,'2010-07-05 21:25:32',NULL,'zen_cfg_select_option(array(\'900\', \'600\', \'300\'), '),(22,'Admin Set max_execution_time for processes','GLOBAL_SET_TIME_LIMIT','60','Enter the time in seconds for how long the max_execution_time of processes should be. Default=60<br />Example: 60= 1 minute<br /><br />Note: Changing the time limit is only needed if you are having problems with the execution time of a process',1,42,NULL,'2010-07-05 21:25:32',NULL,NULL),(23,'Show if version update available','SHOW_VERSION_UPDATE_IN_HEADER','true','Automatically check to see if a new version of Zen Cart is available. Enabling this can sometimes slow down the loading of Admin pages. (Displayed on main Index page after login, and Server Info page.)',1,44,NULL,'2010-07-05 21:25:32',NULL,'zen_cfg_select_option(array(\'true\', \'false\'), '),(24,'Store Status','STORE_STATUS','0','What is your Store Status<br />0= Normal Store<br />1= Showcase no prices<br />2= Showcase with prices',1,25,NULL,'2010-07-05 21:25:32',NULL,'zen_cfg_select_option(array(\'0\', \'1\', \'2\'), '),(25,'Server Uptime','DISPLAY_SERVER_UPTIME','true','Displaying Server uptime can cause entries in error logs on some servers. (true = Display, false = don\'t display)',1,46,'2003-11-08 20:24:47','0001-01-01 00:00:00','','zen_cfg_select_option(array(\'true\', \'false\'),'),(26,'Missing Page Check','MISSING_PAGE_CHECK','Page Not Found','Zen Cart can check for missing pages in the URL and redirect to Index page. For debugging you may want to turn this off. <br /><br /><strong>Default=On</strong><br />On = Send missing pages to \'index\'<br />Off = Don\'t check for missing pages<br />Page Not Found = display the Page-Not-Found page',1,48,'2003-11-08 20:24:47','0001-01-01 00:00:00','','zen_cfg_select_option(array(\'On\', \'Off\', \'Page Not Found\'),'),(27,'CURL Proxy Status','CURL_PROXY_REQUIRED','False','Does your host require that you use a proxy for cURL communication?',6,50,NULL,'2010-07-05 21:25:32',NULL,'zen_cfg_select_option(array(\'True\', \'False\'), '),(28,'CURL Proxy Address','CURL_PROXY_SERVER_DETAILS','','If you have a hosting service that requires use of a proxy to talk to external sites via cURL, enter their proxy address here.<br />format: address:port<br />ie: 127.0.0.1:3128',6,51,NULL,'2010-07-05 21:25:32',NULL,NULL),(29,'HTML Editor','HTML_EDITOR_PREFERENCE','NONE','Please select the HTML/Rich-Text editor you wish to use for composing Admin-related emails, newsletters, and product descriptions',1,110,NULL,'2010-07-05 21:25:32',NULL,'zen_cfg_pull_down_htmleditors('),(30,'Enable phpBB linkage?','PHPBB_LINKS_ENABLED','','Should Zen Cart synchronize new account information to your (already-installed) phpBB forum?',1,120,NULL,'2010-07-05 21:25:32',NULL,'zen_cfg_select_option(array(\'true\', \'false\'),'),(31,'Show Category Counts - Admin','SHOW_COUNTS_ADMIN','true','Show Category Counts in Admin?',1,19,NULL,'2010-07-05 21:25:32',NULL,'zen_cfg_select_option(array(\'true\', \'false\'), '),(32,'Currency Conversion Ratio','CURRENCY_UPLIFT_RATIO','1.05','When auto-updating currencies, what \"uplift\" ratio should be used to calculate the exchange rate used by your store?<br />ie: the bank rate is obtained from the currency-exchange servers; how much extra do you want to charge in order to make up the difference between the bank rate and the consumer rate?<br /><br /><strong>Default: 1.05 </strong><br />This will cause the published bank rate to be multiplied by 1.05 to set the currency rates in your store.',1,55,NULL,'2010-07-05 21:25:32',NULL,NULL),(33,'First Name','ENTRY_FIRST_NAME_MIN_LENGTH','2','Minimum length of first name',2,1,NULL,'2010-07-05 21:25:32',NULL,NULL),(34,'Last Name','ENTRY_LAST_NAME_MIN_LENGTH','2','Minimum length of last name',2,2,NULL,'2010-07-05 21:25:32',NULL,NULL),(35,'Date of Birth','ENTRY_DOB_MIN_LENGTH','10','Minimum length of date of birth',2,3,NULL,'2010-07-05 21:25:32',NULL,NULL),(36,'E-Mail Address','ENTRY_EMAIL_ADDRESS_MIN_LENGTH','6','Minimum length of e-mail address',2,4,NULL,'2010-07-05 21:25:32',NULL,NULL),(37,'Street Address','ENTRY_STREET_ADDRESS_MIN_LENGTH','5','Minimum length of street address',2,5,NULL,'2010-07-05 21:25:32',NULL,NULL),(38,'Company','ENTRY_COMPANY_MIN_LENGTH','0','Minimum length of company name',2,6,NULL,'2010-07-05 21:25:32',NULL,NULL),(39,'Post Code','ENTRY_POSTCODE_MIN_LENGTH','4','Minimum length of post code',2,7,NULL,'2010-07-05 21:25:32',NULL,NULL),(40,'City','ENTRY_CITY_MIN_LENGTH','2','Minimum length of city',2,8,NULL,'2010-07-05 21:25:32',NULL,NULL),(41,'State','ENTRY_STATE_MIN_LENGTH','2','Minimum length of state',2,9,NULL,'2010-07-05 21:25:32',NULL,NULL),(42,'Telephone Number','ENTRY_TELEPHONE_MIN_LENGTH','3','Minimum length of telephone number',2,10,NULL,'2010-07-05 21:25:32',NULL,NULL),(43,'Password','ENTRY_PASSWORD_MIN_LENGTH','7','Minimum length of password',2,11,NULL,'2010-07-05 21:25:32',NULL,NULL),(44,'Credit Card Owner Name','CC_OWNER_MIN_LENGTH','3','Minimum length of credit card owner name',2,12,NULL,'2010-07-05 21:25:32',NULL,NULL),(45,'Credit Card Number','CC_NUMBER_MIN_LENGTH','10','Minimum length of credit card number',2,13,NULL,'2010-07-05 21:25:32',NULL,NULL),(46,'Credit Card CVV Number','CC_CVV_MIN_LENGTH','3','Minimum length of credit card CVV number',2,13,NULL,'2010-07-05 21:25:32',NULL,NULL),(47,'Product Review Text','REVIEW_TEXT_MIN_LENGTH','50','Minimum length of product review text',2,14,NULL,'2010-07-05 21:25:32',NULL,NULL),(48,'Best Sellers','MIN_DISPLAY_BESTSELLERS','1','Minimum number of best sellers to display',2,15,NULL,'2010-07-05 21:25:32',NULL,NULL),(49,'Also Purchased Products','MIN_DISPLAY_ALSO_PURCHASED','1','Minimum number of products to display in the \'This Customer Also Purchased\' box',2,16,NULL,'2010-07-05 21:25:32',NULL,NULL),(50,'Nick Name','ENTRY_NICK_MIN_LENGTH','3','Minimum length of Nick Name',2,1,NULL,'2010-07-05 21:25:32',NULL,NULL),(51,'Address Book Entries','MAX_ADDRESS_BOOK_ENTRIES','5','Maximum address book entries a customer is allowed to have',3,1,NULL,'2010-07-05 21:25:32',NULL,NULL),(52,'Admin Search Results Per Page','MAX_DISPLAY_SEARCH_RESULTS','20','Number of products to list on an Admin search result page',3,2,NULL,'2010-07-05 21:25:32',NULL,NULL),(53,'Prev/Next Navigation Page Links','MAX_DISPLAY_PAGE_LINKS','5','Number of \'number\' links use for page-sets',3,3,NULL,'2010-07-05 21:25:32',NULL,NULL),(54,'Products on Special ','MAX_DISPLAY_SPECIAL_PRODUCTS','9','Number of products on special to display',3,4,NULL,'2010-07-05 21:25:32',NULL,NULL),(55,'New Products Module','MAX_DISPLAY_NEW_PRODUCTS','9','Number of new products to display in a category',3,5,NULL,'2010-07-05 21:25:32',NULL,NULL),(56,'Upcoming Products ','MAX_DISPLAY_UPCOMING_PRODUCTS','10','Number of \'upcoming\' products to display',3,6,NULL,'2010-07-05 21:25:32',NULL,NULL),(57,'Manufacturers List - Scroll Box Size/Style','MAX_MANUFACTURERS_LIST','3','Number of manufacturers names to be displayed in the scroll box window. Setting this to 1 or 0 will display a dropdown list.',3,7,NULL,'2010-07-05 21:25:32',NULL,NULL),(58,'Manufacturers List - Verify Product Exist','PRODUCTS_MANUFACTURERS_STATUS','1','Verify that at least 1 product exists and is active for the manufacturer name to show<br /><br />Note: When this feature is ON it can produce slower results on sites with a large number of products and/or manufacturers<br />0= off 1= on',3,7,NULL,'2010-07-05 21:25:32',NULL,'zen_cfg_select_option(array(\'0\', \'1\'), '),(59,'Music Genre List - Scroll Box Size/Style','MAX_MUSIC_GENRES_LIST','3','Number of music genre names to be displayed in the scroll box window. Setting this to 1 or 0 will display a dropdown list.',3,7,NULL,'2010-07-05 21:25:32',NULL,NULL),(60,'Record Company List - Scroll Box Size/Style','MAX_RECORD_COMPANY_LIST','3','Number of record company names to be displayed in the scroll box window. Setting this to 1 or 0 will display a dropdown list.',3,7,NULL,'2010-07-05 21:25:32',NULL,NULL),(61,'Length of Record Company Name','MAX_DISPLAY_RECORD_COMPANY_NAME_LEN','15','Used in record companies box; maximum length of record company name to display. Longer names will be truncated.',3,8,NULL,'2010-07-05 21:25:32',NULL,NULL),(62,'Length of Music Genre Name','MAX_DISPLAY_MUSIC_GENRES_NAME_LEN','15','Used in music genres box; maximum length of music genre name to display. Longer names will be truncated.',3,8,NULL,'2010-07-05 21:25:32',NULL,NULL),(63,'Length of Manufacturers Name','MAX_DISPLAY_MANUFACTURER_NAME_LEN','15','Used in manufacturers box; maximum length of manufacturers name to display. Longer names will be truncated.',3,8,NULL,'2010-07-05 21:25:32',NULL,NULL),(64,'New Product Reviews Per Page','MAX_DISPLAY_NEW_REVIEWS','6','Number of new reviews to display on each page',3,9,NULL,'2010-07-05 21:25:32',NULL,NULL),(65,'Random Product Reviews for SideBox','MAX_RANDOM_SELECT_REVIEWS','1','Number of random product REVIEWS to rotate in the sidebox<br />Enter the number of products to display in this sidebox at one time.<br /><br />How many products do you want to display in this sidebox?',3,10,NULL,'2010-07-05 21:25:32',NULL,NULL),(66,'Random New Products for SideBox','MAX_RANDOM_SELECT_NEW','3','Number of random NEW products to rotate in the sidebox<br />Enter the number of products to display in this sidebox at one time.<br /><br />How many products do you want to display in this sidebox?',3,11,NULL,'2010-07-05 21:25:32',NULL,NULL),(67,'Random Products On Special for SideBox','MAX_RANDOM_SELECT_SPECIALS','2','Number of random products on SPECIAL to rotate in the sidebox<br />Enter the number of products to display in this sidebox at one time.<br /><br />How many products do you want to display in this sidebox?',3,12,NULL,'2010-07-05 21:25:32',NULL,NULL),(68,'Categories To List Per Row','MAX_DISPLAY_CATEGORIES_PER_ROW','3','How many categories to list per row',3,13,NULL,'2010-07-05 21:25:32',NULL,NULL),(69,'New Products Listing- Number Per Page','MAX_DISPLAY_PRODUCTS_NEW','10','Number of new products listed per page',3,14,NULL,'2010-07-05 21:25:32',NULL,NULL),(70,'Best Sellers For Box','MAX_DISPLAY_BESTSELLERS','10','Number of best sellers to display in box',3,15,NULL,'2010-07-05 21:25:32',NULL,NULL),(71,'Also Purchased Products','MAX_DISPLAY_ALSO_PURCHASED','6','Number of products to display in the \'This Customer Also Purchased\' box',3,16,NULL,'2010-07-05 21:25:32',NULL,NULL),(72,'Recent Purchases Box- NOTE: box is disabled ','MAX_DISPLAY_PRODUCTS_IN_ORDER_HISTORY_BOX','6','Number of products to display in the recent purchases box',3,17,NULL,'2010-07-05 21:25:32',NULL,NULL),(73,'Customer Order History List Per Page','MAX_DISPLAY_ORDER_HISTORY','10','Number of orders to display in the order history list in \'My Account\'',3,18,NULL,'2010-07-05 21:25:32',NULL,NULL),(74,'Maximum Display of Customers on Customers Page','MAX_DISPLAY_SEARCH_RESULTS_CUSTOMER','20','',3,19,NULL,'2010-07-05 21:25:32',NULL,NULL),(75,'Maximum Display of Orders on Orders Page','MAX_DISPLAY_SEARCH_RESULTS_ORDERS','20','',3,20,NULL,'2010-07-05 21:25:32',NULL,NULL),(76,'Maximum Display of Products on Reports','MAX_DISPLAY_SEARCH_RESULTS_REPORTS','20','',3,21,NULL,'2010-07-05 21:25:32',NULL,NULL),(77,'Maximum Categories Products Display List','MAX_DISPLAY_RESULTS_CATEGORIES','10','Number of products to list per screen',3,22,NULL,'2010-07-05 21:25:32',NULL,NULL),(78,'Products Listing- Number Per Page','MAX_DISPLAY_PRODUCTS_LISTING','10','Maximum Number of Products to list per page on main page',3,30,NULL,'2010-07-05 21:25:32',NULL,NULL),(79,'Products Attributes - Option Names and Values Display','MAX_ROW_LISTS_OPTIONS','10','Maximum number of option names and values to display in the products attributes page',3,24,NULL,'2010-07-05 21:25:32',NULL,NULL),(80,'Products Attributes - Attributes Controller Display','MAX_ROW_LISTS_ATTRIBUTES_CONTROLLER','30','Maximum number of attributes to display in the Attributes Controller page',3,25,NULL,'2010-07-05 21:25:32',NULL,NULL),(81,'Products Attributes - Downloads Manager Display','MAX_DISPLAY_SEARCH_RESULTS_DOWNLOADS_MANAGER','30','Maximum number of attributes downloads to display in the Downloads Manager page',3,26,NULL,'2010-07-05 21:25:32',NULL,NULL),(82,'Featured Products - Number to Display Admin','MAX_DISPLAY_SEARCH_RESULTS_FEATURED_ADMIN','10','Number of featured products to list per screen - Admin',3,27,NULL,'2010-07-05 21:25:32',NULL,NULL),(83,'Maximum Display of Featured Products - Main Page','MAX_DISPLAY_SEARCH_RESULTS_FEATURED','9','Number of featured products to list on main page',3,28,NULL,'2010-07-05 21:25:32',NULL,NULL),(84,'Maximum Display of Featured Products Page','MAX_DISPLAY_PRODUCTS_FEATURED_PRODUCTS','10','Number of featured products to list per screen',3,29,NULL,'2010-07-05 21:25:32',NULL,NULL),(85,'Random Featured Products for SideBox','MAX_RANDOM_SELECT_FEATURED_PRODUCTS','2','Number of random FEATURED products to rotate in the sidebox<br />Enter the number of products to display in this sidebox at one time.<br /><br />How many products do you want to display in this sidebox?',3,30,NULL,'2010-07-05 21:25:32',NULL,NULL),(86,'Maximum Display of Specials Products - Main Page','MAX_DISPLAY_SPECIAL_PRODUCTS_INDEX','9','Number of special products to list on main page',3,31,NULL,'2010-07-05 21:25:32',NULL,NULL),(87,'New Product Listing - Limited to ...','SHOW_NEW_PRODUCTS_LIMIT','0','Limit the New Product Listing to<br />0= All Products<br />1= Current Month<br />7= 7 Days<br />14= 14 Days<br />30= 30 Days<br />60= 60 Days<br />90= 90 Days<br />120= 120 Days',3,40,NULL,'2010-07-05 21:25:32',NULL,'zen_cfg_select_option(array(\'0\', \'1\', \'7\', \'14\', \'30\', \'60\', \'90\', \'120\'), '),(88,'Maximum Display of Products All Page','MAX_DISPLAY_PRODUCTS_ALL','10','Number of products to list per screen',3,45,NULL,'2010-07-05 21:25:32',NULL,NULL),(89,'Maximum Display of Language Flags in Language Side Box','MAX_LANGUAGE_FLAGS_COLUMNS','3','Number of Language Flags per Row',3,50,NULL,'2010-07-05 21:25:32',NULL,NULL),(90,'Maximum File Upload Size','MAX_FILE_UPLOAD_SIZE','2048000','What is the Maximum file size for uploads?<br />Default= 2048000',3,60,NULL,'2010-07-05 21:25:32',NULL,NULL),(91,'Allowed Filename Extensions for uploading','UPLOAD_FILENAME_EXTENSIONS','jpg,jpeg,gif,png,eps,cdr,ai,pdf,tif,tiff,bmp,zip','List the permissible filetypes (filename extensions) to be allowed when files are uploaded to your site by customers. Separate multiple values with commas(,). Do not include the dot(.).<br /><br />Suggested setting: \"jpg,jpeg,gif,png,eps,cdr,ai,pdf,tif,tiff,bmp,zip\"',3,61,NULL,'2010-07-05 21:25:32',NULL,'zen_cfg_textarea('),(92,'Maximum Orders Detail Display on Admin Orders Listing','MAX_DISPLAY_RESULTS_ORDERS_DETAILS_LISTING','0','Maximum number of Order Details<br />0 = Unlimited',3,65,NULL,'2010-07-05 21:25:32',NULL,NULL),(93,'Maximum PayPal IPN Display on Admin Listing','MAX_DISPLAY_SEARCH_RESULTS_PAYPAL_IPN','20','Maximum number of PayPal IPN Lisings in Admin<br />Default is 20',3,66,NULL,'2010-07-05 21:25:32',NULL,NULL),(94,'Maximum Display Columns Products to Multiple Categories Manager','MAX_DISPLAY_PRODUCTS_TO_CATEGORIES_COLUMNS','3','Maximum Display Columns Products to Multiple Categories Manager<br />3 = Default',3,70,NULL,'2010-07-05 21:25:32',NULL,NULL),(95,'Maximum Display EZ-Pages','MAX_DISPLAY_SEARCH_RESULTS_EZPAGE','20','Maximum Display EZ-Pages<br />20 = Default',3,71,NULL,'2010-07-05 21:25:32',NULL,NULL),(96,'Small Image Width','SMALL_IMAGE_WIDTH','100','The pixel width of small images',4,1,NULL,'2010-07-05 21:25:32',NULL,NULL),(97,'Small Image Height','SMALL_IMAGE_HEIGHT','80','The pixel height of small images',4,2,NULL,'2010-07-05 21:25:32',NULL,NULL),(98,'Heading Image Width - Admin','HEADING_IMAGE_WIDTH','57','The pixel width of heading images in the Admin<br />NOTE: Presently, this adjusts the spacing on the pages in the Admin Pages or could be used to add images to the heading in the Admin',4,3,NULL,'2010-07-05 21:25:32',NULL,NULL),(99,'Heading Image Height - Admin','HEADING_IMAGE_HEIGHT','40','The pixel height of heading images in the Admin<br />NOTE: Presently, this adjusts the spacing on the pages in the Admin Pages or could be used to add images to the heading in the Admin',4,4,NULL,'2010-07-05 21:25:32',NULL,NULL),(100,'Subcategory Image Width','SUBCATEGORY_IMAGE_WIDTH','100','The pixel width of subcategory images',4,5,NULL,'2010-07-05 21:25:32',NULL,NULL),(101,'Subcategory Image Height','SUBCATEGORY_IMAGE_HEIGHT','57','The pixel height of subcategory images',4,6,NULL,'2010-07-05 21:25:32',NULL,NULL),(102,'Calculate Image Size','CONFIG_CALCULATE_IMAGE_SIZE','true','Calculate the size of images?',4,7,NULL,'2010-07-05 21:25:32',NULL,'zen_cfg_select_option(array(\'true\', \'false\'), '),(103,'Image Required','IMAGE_REQUIRED','true','Enable to display broken images. Good for development.',4,8,NULL,'2010-07-05 21:25:32',NULL,'zen_cfg_select_option(array(\'true\', \'false\'), '),(104,'Image - Shopping Cart Status','IMAGE_SHOPPING_CART_STATUS','1','Show product image in the shopping cart?<br />0= off 1= on',4,9,NULL,'2010-07-05 21:25:32',NULL,'zen_cfg_select_option(array(\'0\', \'1\'), '),(105,'Image - Shopping Cart Width','IMAGE_SHOPPING_CART_WIDTH','50','Default = 50',4,10,NULL,'2010-07-05 21:25:32',NULL,NULL),(106,'Image - Shopping Cart Height','IMAGE_SHOPPING_CART_HEIGHT','40','Default = 40',4,11,NULL,'2010-07-05 21:25:32',NULL,NULL),(107,'Category Icon Image Width - Product Info Pages','CATEGORY_ICON_IMAGE_WIDTH','57','The pixel width of Category Icon heading images for Product Info Pages',4,13,NULL,'2010-07-05 21:25:32',NULL,NULL),(108,'Category Icon Image Height - Product Info Pages','CATEGORY_ICON_IMAGE_HEIGHT','40','The pixel height of Category Icon heading images for Product Info Pages',4,14,NULL,'2010-07-05 21:25:32',NULL,NULL),(109,'Top Subcategory Image Width','SUBCATEGORY_IMAGE_TOP_WIDTH','150','The pixel width of Top subcategory images<br />Top subcategory is when the Category contains subcategories',4,15,NULL,'2010-07-05 21:25:32',NULL,NULL),(110,'Top Subcategory Image Height','SUBCATEGORY_IMAGE_TOP_HEIGHT','85','The pixel height of Top subcategory images<br />Top subcategory is when the Category contains subcategories',4,16,NULL,'2010-07-05 21:25:32',NULL,NULL),(111,'Product Info - Image Width','MEDIUM_IMAGE_WIDTH','150','The pixel width of Product Info images',4,20,NULL,'2010-07-05 21:25:32',NULL,NULL),(112,'Product Info - Image Height','MEDIUM_IMAGE_HEIGHT','120','The pixel height of Product Info images',4,21,NULL,'2010-07-05 21:25:32',NULL,NULL),(113,'Product Info - Image Medium Suffix','IMAGE_SUFFIX_MEDIUM','_MED','Product Info Medium Image Suffix<br />Default = _MED',4,22,NULL,'2010-07-05 21:25:32',NULL,NULL),(114,'Product Info - Image Large Suffix','IMAGE_SUFFIX_LARGE','_LRG','Product Info Large Image Suffix<br />Default = _LRG',4,23,NULL,'2010-07-05 21:25:32',NULL,NULL),(115,'Product Info - Number of Additional Images per Row','IMAGES_AUTO_ADDED','3','Product Info - Enter the number of additional images to display per row<br />Default = 3',4,30,NULL,'2010-07-05 21:25:32',NULL,NULL),(116,'Image - Product Listing Width','IMAGE_PRODUCT_LISTING_WIDTH','100','Default = 100',4,40,NULL,'2010-07-05 21:25:32',NULL,NULL),(117,'Image - Product Listing Height','IMAGE_PRODUCT_LISTING_HEIGHT','80','Default = 80',4,41,NULL,'2010-07-05 21:25:32',NULL,NULL),(118,'Image - Product New Listing Width','IMAGE_PRODUCT_NEW_LISTING_WIDTH','100','Default = 100',4,42,NULL,'2010-07-05 21:25:32',NULL,NULL),(119,'Image - Product New Listing Height','IMAGE_PRODUCT_NEW_LISTING_HEIGHT','80','Default = 80',4,43,NULL,'2010-07-05 21:25:32',NULL,NULL),(120,'Image - New Products Width','IMAGE_PRODUCT_NEW_WIDTH','100','Default = 100',4,44,NULL,'2010-07-05 21:25:32',NULL,NULL),(121,'Image - New Products Height','IMAGE_PRODUCT_NEW_HEIGHT','80','Default = 80',4,45,NULL,'2010-07-05 21:25:32',NULL,NULL),(122,'Image - Featured Products Width','IMAGE_FEATURED_PRODUCTS_LISTING_WIDTH','100','Default = 100',4,46,NULL,'2010-07-05 21:25:32',NULL,NULL),(123,'Image - Featured Products Height','IMAGE_FEATURED_PRODUCTS_LISTING_HEIGHT','80','Default = 80',4,47,NULL,'2010-07-05 21:25:32',NULL,NULL),(124,'Image - Product All Listing Width','IMAGE_PRODUCT_ALL_LISTING_WIDTH','100','Default = 100',4,48,NULL,'2010-07-05 21:25:32',NULL,NULL),(125,'Image - Product All Listing Height','IMAGE_PRODUCT_ALL_LISTING_HEIGHT','80','Default = 80',4,49,NULL,'2010-07-05 21:25:32',NULL,NULL),(126,'Product Image - No Image Status','PRODUCTS_IMAGE_NO_IMAGE_STATUS','0','Use automatic No Image when none is added to product<br />0= off<br />1= On',4,60,'2010-07-06 21:54:40','2010-07-05 21:25:32',NULL,'zen_cfg_select_option(array(\'0\', \'1\'), '),(127,'Product Image - No Image picture','PRODUCTS_IMAGE_NO_IMAGE','no_picture.gif','Use automatic No Image when none is added to product<br />Default = no_picture.gif',4,61,NULL,'2010-07-05 21:25:32',NULL,NULL),(128,'Image - Use Proportional Images on Products and Categories','PROPORTIONAL_IMAGES_STATUS','1','Use Proportional Images on Products and Categories?<br /><br />NOTE: Do not use 0 height or width settings for Proportion Images<br />0= off 1= on',4,75,NULL,'2010-07-05 21:25:32',NULL,'zen_cfg_select_option(array(\'0\', \'1\'), '),(129,'Email Salutation','ACCOUNT_GENDER','true','Display salutation choice during account creation and with account information',5,1,NULL,'2010-07-05 21:25:32',NULL,'zen_cfg_select_option(array(\'true\', \'false\'), '),(130,'Date of Birth','ACCOUNT_DOB','false','Display date of birth field during account creation and with account information<br />NOTE: Set Minimum Value Date of Birth to blank for not required<br />Set Minimum Value Date of Birth > 0 to require',5,2,'2010-07-06 21:52:28','2010-07-05 21:25:32',NULL,'zen_cfg_select_option(array(\'true\', \'false\'), '),(131,'Company','ACCOUNT_COMPANY','true','Display company field during account creation and with account information',5,3,NULL,'2010-07-05 21:25:32',NULL,'zen_cfg_select_option(array(\'true\', \'false\'), '),(132,'Address Line 2','ACCOUNT_SUBURB','true','Display address line 2 field during account creation and with account information',5,4,NULL,'2010-07-05 21:25:32',NULL,'zen_cfg_select_option(array(\'true\', \'false\'), '),(133,'State','ACCOUNT_STATE','true','Display state field during account creation and with account information',5,5,NULL,'2010-07-05 21:25:32',NULL,'zen_cfg_select_option(array(\'true\', \'false\'), '),(134,'State - Always display as pulldown?','ACCOUNT_STATE_DRAW_INITIAL_DROPDOWN','false','When state field is displayed, should it always be a pulldown menu?',5,5,NULL,'2010-07-05 21:25:32',NULL,'zen_cfg_select_option(array(\'true\', \'false\'), '),(135,'Create Account Default Country ID','SHOW_CREATE_ACCOUNT_DEFAULT_COUNTRY','223','Set Create Account Default Country ID to:<br />Default is 223',5,6,NULL,'2010-07-05 21:25:32','zen_get_country_name','zen_cfg_pull_down_country_list_none('),(136,'Fax Number','ACCOUNT_FAX_NUMBER','true','Display fax number field during account creation and with account information',5,10,NULL,'2010-07-05 21:25:32',NULL,'zen_cfg_select_option(array(\'true\', \'false\'), '),(137,'Show Newsletter Checkbox','ACCOUNT_NEWSLETTER_STATUS','1','Show Newsletter Checkbox<br />0= off<br />1= Display Unchecked<br />2= Display Checked<br /><strong>Note: Defaulting this to accepted may be in violation of certain regulations for your state or country</strong>',5,45,NULL,'2010-07-05 21:25:32',NULL,'zen_cfg_select_option(array(\'0\', \'1\', \'2\'), '),(138,'Customer Default Email Preference','ACCOUNT_EMAIL_PREFERENCE','0','Set the Default Customer Default Email Preference<br />0= Text<br />1= HTML<br />',5,46,NULL,'2010-07-05 21:25:32',NULL,'zen_cfg_select_option(array(\'0\', \'1\'), '),(139,'Customer Product Notification Status','CUSTOMERS_PRODUCTS_NOTIFICATION_STATUS','1','Customer should be asked about product notifications after checkout success and in account preferences<br />0= Never ask<br />1= Ask (ignored on checkout if has already selected global notifications)<br /><br />Note: Sidebox must be turned off separately',5,50,NULL,'2010-07-05 21:25:32',NULL,'zen_cfg_select_option(array(\'0\', \'1\'), '),(140,'Customer Shop Status - View Shop and Prices','CUSTOMERS_APPROVAL','0','Customer must be approved to shop<br />0= Not required<br />1= Must login to browse<br />2= May browse but no prices unless logged in<br />3= Showroom Only<br /><br />It is recommended that Option 2 be used for the purposes of Spiders if you wish customers to login to see prices.',5,55,NULL,'2010-07-05 21:25:32',NULL,'zen_cfg_select_option(array(\'0\', \'1\', \'2\', \'3\'), '),(141,'Customer Approval Status - Authorization Pending','CUSTOMERS_APPROVAL_AUTHORIZATION','0','Customer must be Authorized to shop<br />0= Not required<br />1= Must be Authorized to Browse<br />2= May browse but no prices unless Authorized<br />3= Customer May Browse and May see Prices but Must be Authorized to Buy<br /><br />It is recommended that Option 2 or 3 be used for the purposes of Spiders',5,65,NULL,'2010-07-05 21:25:32',NULL,'zen_cfg_select_option(array(\'0\', \'1\', \'2\', \'3\'), '),(142,'Customer Authorization: filename','CUSTOMERS_AUTHORIZATION_FILENAME','customers_authorization','Customer Authorization filename<br />Note: Do not include the extension<br />Default=customers_authorization',5,66,NULL,'2010-07-05 21:25:32',NULL,''),(143,'Customer Authorization: Hide Header','CUSTOMERS_AUTHORIZATION_HEADER_OFF','false','Customer Authorization: Hide Header <br />(true=hide false=show)',5,67,NULL,'2010-07-05 21:25:32',NULL,'zen_cfg_select_option(array(\'true\', \'false\'), '),(144,'Customer Authorization: Hide Column Left','CUSTOMERS_AUTHORIZATION_COLUMN_LEFT_OFF','false','Customer Authorization: Hide Column Left <br />(true=hide false=show)',5,68,NULL,'2010-07-05 21:25:32',NULL,'zen_cfg_select_option(array(\'true\', \'false\'), '),(145,'Customer Authorization: Hide Column Right','CUSTOMERS_AUTHORIZATION_COLUMN_RIGHT_OFF','false','Customer Authorization: Hide Column Right <br />(true=hide false=show)',5,69,NULL,'2010-07-05 21:25:32',NULL,'zen_cfg_select_option(array(\'true\', \'false\'), '),(146,'Customer Authorization: Hide Footer','CUSTOMERS_AUTHORIZATION_FOOTER_OFF','false','Customer Authorization: Hide Footer <br />(true=hide false=show)',5,70,NULL,'2010-07-05 21:25:32',NULL,'zen_cfg_select_option(array(\'true\', \'false\'), '),(147,'Customer Authorization: Hide Prices','CUSTOMERS_AUTHORIZATION_PRICES_OFF','false','Customer Authorization: Hide Prices <br />(true=hide false=show)',5,71,NULL,'2010-07-05 21:25:32',NULL,'zen_cfg_select_option(array(\'true\', \'false\'), '),(148,'Customers Referral Status','CUSTOMERS_REFERRAL_STATUS','0','Customers Referral Code is created from<br />0= Off<br />1= 1st Discount Coupon Code used<br />2= Customer can add during create account or edit if blank<br /><br />NOTE: Once the Customers Referral Code has been set it can only be changed in the Admin Customer',5,80,NULL,'2010-07-05 21:25:32',NULL,'zen_cfg_select_option(array(\'0\', \'1\', \'2\'), '),(149,'Installed Modules','MODULE_PAYMENT_INSTALLED','freecharger.php;moneyorder.php','List of payment module filenames separated by a semi-colon. This is automatically updated. No need to edit. (Example: freecharger.php;cod.php;paypal.php)',6,0,NULL,'2010-07-05 21:25:32',NULL,NULL),(150,'Installed Modules','MODULE_ORDER_TOTAL_INSTALLED','ot_subtotal.php;ot_shipping.php;ot_group_pricing.php;ot_tax.php;ot_loworderfee.php;ot_gv.php;ot_total.php','List of order_total module filenames separated by a semi-colon. This is automatically updated. No need to edit. (Example: ot_subtotal.php;ot_tax.php;ot_shipping.php;ot_total.php)',6,0,'2010-07-10 08:15:05','2010-07-05 21:25:32',NULL,NULL),(151,'Installed Modules','MODULE_SHIPPING_INSTALLED','flat.php;freeshipper.php;item.php;storepickup.php','List of shipping module filenames separated by a semi-colon. This is automatically updated. No need to edit. (Example: ups.php;flat.php;item.php)',6,0,NULL,'2010-07-05 21:25:32',NULL,NULL),(152,'Enable Free Shipping','MODULE_SHIPPING_FREESHIPPER_STATUS','True','Do you want to offer Free shipping?',6,0,NULL,'2010-07-05 21:25:32',NULL,'zen_cfg_select_option(array(\'True\', \'False\'), '),(153,'Free Shipping Cost','MODULE_SHIPPING_FREESHIPPER_COST','0.00','What is the Shipping cost?',6,6,NULL,'2010-07-05 21:25:32',NULL,NULL),(154,'Handling Fee','MODULE_SHIPPING_FREESHIPPER_HANDLING','0','Handling fee for this shipping method.',6,0,NULL,'2010-07-05 21:25:32',NULL,NULL),(155,'Tax Class','MODULE_SHIPPING_FREESHIPPER_TAX_CLASS','0','Use the following tax class on the shipping fee.',6,0,NULL,'2010-07-05 21:25:32','zen_get_tax_class_title','zen_cfg_pull_down_tax_classes('),(156,'Shipping Zone','MODULE_SHIPPING_FREESHIPPER_ZONE','0','If a zone is selected, only enable this shipping method for that zone.',6,0,NULL,'2010-07-05 21:25:32','zen_get_zone_class_title','zen_cfg_pull_down_zone_classes('),(157,'Sort Order','MODULE_SHIPPING_FREESHIPPER_SORT_ORDER','0','Sort order of display.',6,0,NULL,'2010-07-05 21:25:32',NULL,NULL),(158,'Enable Store Pickup Shipping','MODULE_SHIPPING_STOREPICKUP_STATUS','True','Do you want to offer In Store rate shipping?',6,0,NULL,'2010-07-05 21:25:32',NULL,'zen_cfg_select_option(array(\'True\', \'False\'), '),(159,'Shipping Cost','MODULE_SHIPPING_STOREPICKUP_COST','0.00','The shipping cost for all orders using this shipping method.',6,0,NULL,'2010-07-05 21:25:32',NULL,NULL),(160,'Tax Class','MODULE_SHIPPING_STOREPICKUP_TAX_CLASS','0','Use the following tax class on the shipping fee.',6,0,NULL,'2010-07-05 21:25:32','zen_get_tax_class_title','zen_cfg_pull_down_tax_classes('),(161,'Tax Basis','MODULE_SHIPPING_STOREPICKUP_TAX_BASIS','Shipping','On what basis is Shipping Tax calculated. Options are<br />Shipping - Based on customers Shipping Address<br />Billing Based on customers Billing address<br />Store - Based on Store address if Billing/Shipping Zone equals Store zone',6,0,NULL,'2010-07-05 21:25:32',NULL,'zen_cfg_select_option(array(\'Shipping\', \'Billing\'), '),(162,'Shipping Zone','MODULE_SHIPPING_STOREPICKUP_ZONE','0','If a zone is selected, only enable this shipping method for that zone.',6,0,NULL,'2010-07-05 21:25:32','zen_get_zone_class_title','zen_cfg_pull_down_zone_classes('),(163,'Sort Order','MODULE_SHIPPING_STOREPICKUP_SORT_ORDER','0','Sort order of display.',6,0,NULL,'2010-07-05 21:25:32',NULL,NULL),(164,'Enable Item Shipping','MODULE_SHIPPING_ITEM_STATUS','True','Do you want to offer per item rate shipping?',6,0,NULL,'2010-07-05 21:25:32',NULL,'zen_cfg_select_option(array(\'True\', \'False\'), '),(165,'Shipping Cost','MODULE_SHIPPING_ITEM_COST','2.50','The shipping cost will be multiplied by the number of items in an order that uses this shipping method.',6,0,NULL,'2010-07-05 21:25:32',NULL,NULL),(166,'Handling Fee','MODULE_SHIPPING_ITEM_HANDLING','0','Handling fee for this shipping method.',6,0,NULL,'2010-07-05 21:25:32',NULL,NULL),(167,'Tax Class','MODULE_SHIPPING_ITEM_TAX_CLASS','0','Use the following tax class on the shipping fee.',6,0,NULL,'2010-07-05 21:25:32','zen_get_tax_class_title','zen_cfg_pull_down_tax_classes('),(168,'Tax Basis','MODULE_SHIPPING_ITEM_TAX_BASIS','Shipping','On what basis is Shipping Tax calculated. Options are<br />Shipping - Based on customers Shipping Address<br />Billing Based on customers Billing address<br />Store - Based on Store address if Billing/Shipping Zone equals Store zone',6,0,NULL,'2010-07-05 21:25:32',NULL,'zen_cfg_select_option(array(\'Shipping\', \'Billing\', \'Store\'), '),(169,'Shipping Zone','MODULE_SHIPPING_ITEM_ZONE','0','If a zone is selected, only enable this shipping method for that zone.',6,0,NULL,'2010-07-05 21:25:32','zen_get_zone_class_title','zen_cfg_pull_down_zone_classes('),(170,'Sort Order','MODULE_SHIPPING_ITEM_SORT_ORDER','0','Sort order of display.',6,0,NULL,'2010-07-05 21:25:32',NULL,NULL),(171,'Enable Free Charge Module','MODULE_PAYMENT_FREECHARGER_STATUS','True','Do you want to accept Free Charge payments?',6,1,NULL,'2010-07-05 21:25:32',NULL,'zen_cfg_select_option(array(\'True\', \'False\'), '),(172,'Sort order of display.','MODULE_PAYMENT_FREECHARGER_SORT_ORDER','0','Sort order of display. Lowest is displayed first.',6,0,NULL,'2010-07-05 21:25:32',NULL,NULL),(173,'Payment Zone','MODULE_PAYMENT_FREECHARGER_ZONE','0','If a zone is selected, only enable this payment method for that zone.',6,2,NULL,'2010-07-05 21:25:32','zen_get_zone_class_title','zen_cfg_pull_down_zone_classes('),(174,'Set Order Status','MODULE_PAYMENT_FREECHARGER_ORDER_STATUS_ID','0','Set the status of orders made with this payment module to this value',6,0,NULL,'2010-07-05 21:25:32','zen_get_order_status_name','zen_cfg_pull_down_order_statuses('),(175,'Enable Check/Money Order Module','MODULE_PAYMENT_MONEYORDER_STATUS','True','Do you want to accept Check/Money Order payments?',6,1,NULL,'2010-07-05 21:25:32',NULL,'zen_cfg_select_option(array(\'True\', \'False\'), '),(176,'Make Payable to:','MODULE_PAYMENT_MONEYORDER_PAYTO','Kim Piedra','Who should payments be made payable to?',6,1,NULL,'2010-07-05 21:25:32',NULL,NULL),(177,'Sort order of display.','MODULE_PAYMENT_MONEYORDER_SORT_ORDER','0','Sort order of display. Lowest is displayed first.',6,0,NULL,'2010-07-05 21:25:32',NULL,NULL),(178,'Payment Zone','MODULE_PAYMENT_MONEYORDER_ZONE','0','If a zone is selected, only enable this payment method for that zone.',6,2,NULL,'2010-07-05 21:25:32','zen_get_zone_class_title','zen_cfg_pull_down_zone_classes('),(179,'Set Order Status','MODULE_PAYMENT_MONEYORDER_ORDER_STATUS_ID','0','Set the status of orders made with this payment module to this value',6,0,NULL,'2010-07-05 21:25:32','zen_get_order_status_name','zen_cfg_pull_down_order_statuses('),(180,'Include Tax','MODULE_ORDER_TOTAL_GROUP_PRICING_INC_TAX','false','Include Tax value in amount before discount calculation?',6,6,NULL,'2010-07-05 21:25:32',NULL,'zen_cfg_select_option(array(\'true\', \'false\'), '),(181,'This module is installed','MODULE_ORDER_TOTAL_GROUP_PRICING_STATUS','true','',6,1,NULL,'2010-07-05 21:25:32',NULL,'zen_cfg_select_option(array(\'true\'), '),(182,'Sort Order','MODULE_ORDER_TOTAL_GROUP_PRICING_SORT_ORDER','290','Sort order of display.',6,2,NULL,'2010-07-05 21:25:32',NULL,NULL),(183,'Include Shipping','MODULE_ORDER_TOTAL_GROUP_PRICING_INC_SHIPPING','false','Include Shipping value in amount before discount calculation?',6,5,NULL,'2010-07-05 21:25:32',NULL,'zen_cfg_select_option(array(\'true\', \'false\'), '),(184,'Re-calculate Tax','MODULE_ORDER_TOTAL_GROUP_PRICING_CALC_TAX','Standard','Re-Calculate Tax',6,7,NULL,'2010-07-05 21:25:32',NULL,'zen_cfg_select_option(array(\'None\', \'Standard\', \'Credit Note\'), '),(185,'Tax Class','MODULE_ORDER_TOTAL_GROUP_PRICING_TAX_CLASS','0','Use the following tax class when treating Group Discount as Credit Note.',6,0,NULL,'2010-07-05 21:25:32','zen_get_tax_class_title','zen_cfg_pull_down_tax_classes('),(186,'Enable Flat Shipping','MODULE_SHIPPING_FLAT_STATUS','True','Do you want to offer flat rate shipping?',6,0,NULL,'2010-07-05 21:25:32',NULL,'zen_cfg_select_option(array(\'True\', \'False\'), '),(187,'Shipping Cost','MODULE_SHIPPING_FLAT_COST','5.00','The shipping cost for all orders using this shipping method.',6,0,NULL,'2010-07-05 21:25:32',NULL,NULL),(188,'Tax Class','MODULE_SHIPPING_FLAT_TAX_CLASS','0','Use the following tax class on the shipping fee.',6,0,NULL,'2010-07-05 21:25:32','zen_get_tax_class_title','zen_cfg_pull_down_tax_classes('),(189,'Tax Basis','MODULE_SHIPPING_FLAT_TAX_BASIS','Shipping','On what basis is Shipping Tax calculated. Options are<br />Shipping - Based on customers Shipping Address<br />Billing Based on customers Billing address<br />Store - Based on Store address if Billing/Shipping Zone equals Store zone',6,0,NULL,'2010-07-05 21:25:32',NULL,'zen_cfg_select_option(array(\'Shipping\', \'Billing\', \'Store\'), '),(190,'Shipping Zone','MODULE_SHIPPING_FLAT_ZONE','0','If a zone is selected, only enable this shipping method for that zone.',6,0,NULL,'2010-07-05 21:25:32','zen_get_zone_class_title','zen_cfg_pull_down_zone_classes('),(191,'Sort Order','MODULE_SHIPPING_FLAT_SORT_ORDER','0','Sort order of display.',6,0,NULL,'2010-07-05 21:25:32',NULL,NULL),(192,'Default Currency','DEFAULT_CURRENCY','USD','Default Currency',6,0,NULL,'2010-07-05 21:25:32',NULL,NULL),(193,'Default Language','DEFAULT_LANGUAGE','en','Default Language',6,0,NULL,'2010-07-05 21:25:32',NULL,NULL),(194,'Default Order Status For New Orders','DEFAULT_ORDERS_STATUS_ID','1','When a new order is created, this order status will be assigned to it.',6,0,NULL,'2010-07-05 21:25:32',NULL,NULL),(195,'Admin configuration_key shows','ADMIN_CONFIGURATION_KEY_ON','0','Manually switch to value of 1 to see the configuration_key name in configuration displays',6,0,NULL,'2010-07-05 21:25:32',NULL,NULL),(196,'Country of Origin','SHIPPING_ORIGIN_COUNTRY','223','Select the country of origin to be used in shipping quotes.',7,1,NULL,'2010-07-05 21:25:32','zen_get_country_name','zen_cfg_pull_down_country_list('),(197,'Postal Code','SHIPPING_ORIGIN_ZIP','48451','Enter the Postal Code (ZIP) of the Store to be used in shipping quotes. NOTE: For USA zip codes, only use your 5 digit zip code.',7,2,'2010-07-06 22:05:47','2010-07-05 21:25:32',NULL,NULL),(198,'Enter the Maximum Package Weight you will ship','SHIPPING_MAX_WEIGHT','50','Carriers have a max weight limit for a single package. This is a common one for all.',7,3,NULL,'2010-07-05 21:25:32',NULL,NULL),(199,'Package Tare Small to Medium - added percentage:weight','SHIPPING_BOX_WEIGHT','0:3','What is the weight of typical packaging of small to medium packages?<br />Example: 10% + 1lb 10:1<br />10% + 0lbs 10:0<br />0% + 5lbs 0:5<br />0% + 0lbs 0:0',7,4,NULL,'2010-07-05 21:25:32',NULL,NULL),(200,'Larger packages - added packaging percentage:weight','SHIPPING_BOX_PADDING','10:0','What is the weight of typical packaging for Large packages?<br />Example: 10% + 1lb 10:1<br />10% + 0lbs 10:0<br />0% + 5lbs 0:5<br />0% + 0lbs 0:0',7,5,NULL,'2010-07-05 21:25:32',NULL,NULL),(201,'Display Number of Boxes and Weight Status','SHIPPING_BOX_WEIGHT_DISPLAY','3','Display Shipping Weight and Number of Boxes?<br /><br />0= off<br />1= Boxes Only<br />2= Weight Only<br />3= Both Boxes and Weight',7,15,NULL,'2010-07-05 21:25:32',NULL,'zen_cfg_select_option(array(\'0\', \'1\', \'2\', \'3\'), '),(202,'Shipping Estimator Display Settings for Shopping Cart','SHOW_SHIPPING_ESTIMATOR_BUTTON','0','<br />0= Off<br />1= Display as Button on Shopping Cart<br />2= Display as Listing on Shopping Cart Page',7,20,'2010-07-06 22:06:18','2010-07-05 21:25:32',NULL,'zen_cfg_select_option(array(\'0\', \'1\', \'2\'), '),(203,'Display Order Comments on Admin Invoice','ORDER_COMMENTS_INVOICE','1','Do you want to display the Order Comments on the Admin Invoice?<br />0= OFF<br />1= First Comment by Customer only<br />2= All Comments for the Order',7,25,NULL,'2010-07-05 21:25:32',NULL,'zen_cfg_select_option(array(\'0\', \'1\', \'2\'), '),(204,'Display Order Comments on Admin Packing Slip','ORDER_COMMENTS_PACKING_SLIP','1','Do you want to display the Order Comments on the Admin Packing Slip?<br />0= OFF<br />1= First Comment by Customer only<br />2= All Comments for the Order',7,26,NULL,'2010-07-05 21:25:32',NULL,'zen_cfg_select_option(array(\'0\', \'1\', \'2\'), '),(205,'Order Free Shipping 0 Weight Status','ORDER_WEIGHT_ZERO_STATUS','0','If there is no weight to the order, does the order have Free Shipping?<br />0= no<br />1= yes<br /><br />Note: When using Free Shipping, Enable the Free Shipping Module this will only show when shipping is free.',7,15,NULL,'2010-07-05 21:25:32',NULL,'zen_cfg_select_option(array(\'0\', \'1\'), '),(206,'Display Product Image','PRODUCT_LIST_IMAGE','0','Do you want to display the Product Image?',8,1,'2010-07-06 21:24:32','2010-07-05 21:25:32',NULL,NULL),(207,'Display Product Manufacturer Name','PRODUCT_LIST_MANUFACTURER','0','Do you want to display the Product Manufacturer Name?',8,2,NULL,'2010-07-05 21:25:32',NULL,NULL),(208,'Display Product Model','PRODUCT_LIST_MODEL','0','Do you want to display the Product Model?',8,3,NULL,'2010-07-05 21:25:32',NULL,NULL),(209,'Display Product Name','PRODUCT_LIST_NAME','2','Do you want to display the Product Name?',8,4,NULL,'2010-07-05 21:25:32',NULL,NULL),(210,'Display Product Price/Add to Cart','PRODUCT_LIST_PRICE','3','Do you want to display the Product Price/Add to Cart',8,5,NULL,'2010-07-05 21:25:32',NULL,NULL),(211,'Display Product Quantity','PRODUCT_LIST_QUANTITY','1','Do you want to display the Product Quantity?',8,6,'2010-07-06 16:10:01','2010-07-05 21:25:32',NULL,NULL),(212,'Display Product Weight','PRODUCT_LIST_WEIGHT','0','Do you want to display the Product Weight?',8,7,NULL,'2010-07-05 21:25:32',NULL,NULL),(213,'Display Product Price/Add to Cart Column Width','PRODUCTS_LIST_PRICE_WIDTH','125','Define the width of the Price/Add to Cart column<br />Default= 125',8,8,NULL,'2010-07-05 21:25:32',NULL,NULL),(214,'Display Category/Manufacturer Filter (0=off; 1=on)','PRODUCT_LIST_FILTER','1','Do you want to display the Category/Manufacturer Filter?',8,9,NULL,'2010-07-05 21:25:32',NULL,'zen_cfg_select_option(array(\'0\', \'1\'), '),(215,'Prev/Next Split Page Navigation (1-top, 2-bottom, 3-both)','PREV_NEXT_BAR_LOCATION','3','Sets the location of the Prev/Next Split Page Navigation',8,10,NULL,'2010-07-05 21:25:32',NULL,'zen_cfg_select_option(array(\'1\', \'2\', \'3\'), '),(216,'Display Product Listing Default Sort Order','PRODUCT_LISTING_DEFAULT_SORT_ORDER','','Product Listing Default sort order?<br />NOTE: Leave Blank for Product Sort Order. Sort the Product Listing in the order you wish for the default display to start in to get the sort order setting. Example: 2a',8,15,NULL,'2010-07-05 21:25:32',NULL,NULL),(217,'Display Product Add to Cart Button (0=off; 1=on; 2=on with Qty Box per Product)','PRODUCT_LIST_PRICE_BUY_NOW','1','Do you want to display the Add to Cart Button?<br /><br /><strong>NOTE:</strong> Turn OFF Display Multiple Products Qty Box Status to use Option 2 on with Qty Box per Product',8,20,NULL,'2010-07-05 21:25:32',NULL,'zen_cfg_select_option(array(\'0\', \'1\', \'2\'), '),(218,'Display Multiple Products Qty Box Status and Set Button Location','PRODUCT_LISTING_MULTIPLE_ADD_TO_CART','3','Do you want to display Add Multiple Products Qty Box and Set Button Location?<br />0= off<br />1= Top<br />2= Bottom<br />3= Both',8,25,NULL,'2010-07-05 21:25:32',NULL,'zen_cfg_select_option(array(\'0\', \'1\', \'2\', \'3\'), '),(219,'Display Product Description','PRODUCT_LIST_DESCRIPTION','150','Do you want to display the Product Description?<br /><br />0= OFF<br />150= Suggested Length, or enter the maximum number of characters to display',8,30,NULL,'2010-07-05 21:25:32',NULL,NULL),(220,'Product Listing Ascending Sort Order','PRODUCT_LIST_SORT_ORDER_ASCENDING','+','What do you want to use to indicate Sort Order Ascending?<br />Default = +',8,40,NULL,'2010-07-05 21:25:32',NULL,'zen_cfg_textarea_small('),(221,'Product Listing Descending Sort Order','PRODUCT_LIST_SORT_ORDER_DESCENDING','-','What do you want to use to indicate Sort Order Descending?<br />Default = -',8,41,NULL,'2010-07-05 21:25:32',NULL,'zen_cfg_textarea_small('),(222,'Include Product Listing Alpha Sorter Dropdown','PRODUCT_LIST_ALPHA_SORTER','true','Do you want to include an Alpha Filter dropdown on the Product Listing?',8,50,NULL,'2010-07-05 21:25:32',NULL,'zen_cfg_select_option(array(\'true\', \'false\'), '),(223,'Include Product Listing Sub Categories Image','PRODUCT_LIST_CATEGORIES_IMAGE_STATUS','true','Do you want to include the Sub Categories Image on the Product Listing?',8,52,NULL,'2010-07-05 21:25:32',NULL,'zen_cfg_select_option(array(\'true\', \'false\'), '),(224,'Include Product Listing Top Categories Image','PRODUCT_LIST_CATEGORIES_IMAGE_STATUS_TOP','true','Do you want to include the Top Categories Image on the Product Listing?',8,53,NULL,'2010-07-05 21:25:32',NULL,'zen_cfg_select_option(array(\'true\', \'false\'), '),(225,'Show SubCategories on Main Page while navigating','PRODUCT_LIST_CATEGORY_ROW_STATUS','1','Show Sub-Categories on Main Page while navigating through Categories<br /><br />0= off<br />1= on',8,60,NULL,'2010-07-05 21:25:32',NULL,'zen_cfg_select_option(array(\'0\', \'1\'), '),(226,'Check stock level','STOCK_CHECK','true','Check to see if sufficent stock is available',9,1,NULL,'2010-07-05 21:25:32',NULL,'zen_cfg_select_option(array(\'true\', \'false\'), '),(227,'Subtract stock','STOCK_LIMITED','true','Subtract product in stock by product orders',9,2,NULL,'2010-07-05 21:25:32',NULL,'zen_cfg_select_option(array(\'true\', \'false\'), '),(228,'Allow Checkout','STOCK_ALLOW_CHECKOUT','true','Allow customer to checkout even if there is insufficient stock',9,3,NULL,'2010-07-05 21:25:32',NULL,'zen_cfg_select_option(array(\'true\', \'false\'), '),(229,'Mark product out of stock','STOCK_MARK_PRODUCT_OUT_OF_STOCK','***','Display something on screen so customer can see which product has insufficient stock',9,4,NULL,'2010-07-05 21:25:32',NULL,NULL),(230,'Stock Re-order level','STOCK_REORDER_LEVEL','5','Define when stock needs to be re-ordered',9,5,NULL,'2010-07-05 21:25:32',NULL,NULL),(231,'Products status in Catalog when out of stock should be set to','SHOW_PRODUCTS_SOLD_OUT','0','Show Products when out of stock<br /><br />0= set product status to OFF<br />1= leave product status ON',9,10,NULL,'2010-07-05 21:25:32',NULL,'zen_cfg_select_option(array(\'0\', \'1\'), '),(232,'Show Sold Out Image in place of Add to Cart','SHOW_PRODUCTS_SOLD_OUT_IMAGE','1','Show Sold Out Image instead of Add to Cart Button<br /><br />0= off<br />1= on',9,11,NULL,'2010-07-05 21:25:32',NULL,'zen_cfg_select_option(array(\'0\', \'1\'), '),(233,'Product Quantity Decimals','QUANTITY_DECIMALS','0','Allow how many decimals on Quantity<br /><br />0= off',9,15,NULL,'2010-07-05 21:25:32',NULL,'zen_cfg_select_option(array(\'0\', \'1\', \'2\', \'3\'), '),(234,'Show Shopping Cart - Delete Checkboxes or Delete Button','SHOW_SHOPPING_CART_DELETE','3','Show on Shopping Cart Delete Button and/or Checkboxes<br /><br />1= Delete Button Only<br />2= Checkbox Only<br />3= Both Delete Button and Checkbox',9,20,NULL,'2010-07-05 21:25:32',NULL,'zen_cfg_select_option(array(\'1\', \'2\', \'3\'), '),(235,'Show Shopping Cart - Update Cart Button Location','SHOW_SHOPPING_CART_UPDATE','3','Show on Shopping Cart Update Cart Button Location as:<br /><br />1= Next to each Qty Box<br />2= Below all Products<br />3= Both Next to each Qty Box and Below all Products',9,22,NULL,'2010-07-05 21:25:32',NULL,'zen_cfg_select_option(array(\'1\', \'2\', \'3\'), '),(236,'Show New Products on empty Shopping Cart Page','SHOW_SHOPPING_CART_EMPTY_NEW_PRODUCTS','1','Show New Products on empty Shopping Cart Page<br />0= off or set the sort order',9,30,NULL,'2010-07-05 21:25:32',NULL,'zen_cfg_select_option(array(\'0\', \'1\', \'2\', \'3\', \'4\'), '),(237,'Show Featured Products on empty Shopping Cart Page','SHOW_SHOPPING_CART_EMPTY_FEATURED_PRODUCTS','2','Show Featured Products on empty Shopping Cart Page<br />0= off or set the sort order',9,31,NULL,'2010-07-05 21:25:32',NULL,'zen_cfg_select_option(array(\'0\', \'1\', \'2\', \'3\', \'4\'), '),(238,'Show Special Products on empty Shopping Cart Page','SHOW_SHOPPING_CART_EMPTY_SPECIALS_PRODUCTS','3','Show Special Products on empty Shopping Cart Page<br />0= off or set the sort order',9,32,NULL,'2010-07-05 21:25:32',NULL,'zen_cfg_select_option(array(\'0\', \'1\', \'2\', \'3\', \'4\'), '),(239,'Show Upcoming Products on empty Shopping Cart Page','SHOW_SHOPPING_CART_EMPTY_UPCOMING','4','Show Upcoming Products on empty Shopping Cart Page<br />0= off or set the sort order',9,33,NULL,'2010-07-05 21:25:32',NULL,'zen_cfg_select_option(array(\'0\', \'1\', \'2\', \'3\', \'4\'), '),(240,'Show Notice of Combining Shopping Cart on Login','SHOW_SHOPPING_CART_COMBINED','1','When a customer logs in and has a previously stored shopping cart, the products are combined with the existing shopping cart.<br /><br />Do you wish to display a Notice to the customer?<br /><br />0= OFF, do not display a notice<br />1= Yes show notice and go to shopping cart<br />2= Yes show notice, but do not go to shopping cart',9,35,NULL,'2010-07-05 21:25:32',NULL,'zen_cfg_select_option(array(\'0\', \'1\', \'2\'), '),(241,'Store Page Parse Time','STORE_PAGE_PARSE_TIME','false','Store the time it takes to parse a page',10,1,NULL,'2010-07-05 21:25:32',NULL,'zen_cfg_select_option(array(\'true\', \'false\'), '),(242,'Log Destination','STORE_PAGE_PARSE_TIME_LOG','/home/jhbrake1/public_html/kimscoop/cache/page_parse_time.log','Directory and filename of the page parse time log',10,2,NULL,'2010-07-05 21:25:32',NULL,NULL),(243,'Log Date Format','STORE_PARSE_DATE_TIME_FORMAT','%d/%m/%Y %H:%M:%S','The date format',10,3,NULL,'2010-07-05 21:25:32',NULL,NULL),(244,'Display The Page Parse Time','DISPLAY_PAGE_PARSE_TIME','false','Display the page parse time on the bottom of each page<br />You do not need to store the times to display them in the Catalog',10,4,NULL,'2010-07-05 21:25:32',NULL,'zen_cfg_select_option(array(\'true\', \'false\'), '),(245,'Store Database Queries','STORE_DB_TRANSACTIONS','false','Store the database queries in the page parse time log (PHP4 only)',10,5,NULL,'2010-07-05 21:25:32',NULL,'zen_cfg_select_option(array(\'true\', \'false\'), '),(246,'E-Mail Transport Method','EMAIL_TRANSPORT','PHP','Defines the method for sending mail.<br /><strong>PHP</strong> is the default, and uses built-in PHP wrappers for processing.<br />Servers running on Windows and MacOS should change this setting to <strong>SMTP</strong>.<br /><br /><strong>SMTPAUTH</strong> should only be used if your server requires SMTP authorization to send messages. You must also configure your SMTPAUTH settings in the appropriate fields in this admin section.<br /><br /><strong>sendmail</strong> is for linux/unix hosts using the sendmail program on the server<br /><strong>\"sendmail-f\"</strong> is only for servers which require the use of the -f parameter to send mail. This is a security setting often used to prevent spoofing. Will cause errors if your host mailserver is not configured to use it.<br /><br /><strong>Qmail</strong> is used for linux/unix hosts running Qmail as sendmail wrapper at /var/qmail/bin/sendmail.',12,1,NULL,'2010-07-05 21:25:32',NULL,'zen_cfg_select_option(array(\'PHP\', \'sendmail\', \'sendmail-f\', \'smtp\', \'smtpauth\', \'Qmail\'),'),(247,'SMTP Email Account Mailbox','EMAIL_SMTPAUTH_MAILBOX','kim@kimscoop.mycbay.com','Enter the mailbox account name (me@mydomain.com) supplied by your host. This is the account name that your host requires for SMTP authentication.<br />Only required if using SMTP Authentication for email.',12,101,'2010-07-11 08:53:48','2010-07-05 21:25:32',NULL,NULL),(248,'SMTP Email Account Password','EMAIL_SMTPAUTH_PASSWORD','YourPasswordHere','Enter the password for your SMTP mailbox. <br />Only required if using SMTP Authentication for email.',12,101,NULL,'2010-07-05 21:25:32','zen_cfg_password_display',NULL),(249,'SMTP Email Mail Host','EMAIL_SMTPAUTH_MAIL_SERVER','mail.kimscoop.mycbay.com','Enter the DNS name of your SMTP mail server.<br />ie: mail.mydomain.com<br />or 55.66.77.88<br />Only required if using SMTP Authentication for email.',12,101,'2010-07-11 08:54:09','2010-07-05 21:25:32',NULL,NULL),(250,'SMTP Email Mail Server Port','EMAIL_SMTPAUTH_MAIL_SERVER_PORT','26','Enter the IP port number that your SMTP mailserver operates on.<br />Only required if using SMTP Authentication for email.',12,101,'2010-07-11 08:54:23','2010-07-05 21:25:32',NULL,NULL),(251,'Convert currencies for Text emails','CURRENCIES_TRANSLATIONS','&pound;,','What currency conversions do you need for Text emails?<br />Default = &amp;pound;,',12,120,NULL,'2003-11-21 00:00:00',NULL,'zen_cfg_textarea_small('),(252,'E-Mail Linefeeds','EMAIL_LINEFEED','LF','Defines the character sequence used to separate mail headers.',12,2,NULL,'2010-07-05 21:25:32',NULL,'zen_cfg_select_option(array(\'LF\', \'CRLF\'),'),(253,'Use MIME HTML When Sending Emails','EMAIL_USE_HTML','false','Send e-mails in HTML format',12,3,NULL,'2010-07-05 21:25:32',NULL,'zen_cfg_select_option(array(\'true\', \'false\'),'),(254,'Verify E-Mail Addresses Through DNS','ENTRY_EMAIL_ADDRESS_CHECK','false','Verify e-mail address through a DNS server',6,6,NULL,'2010-07-05 21:25:32',NULL,'zen_cfg_select_option(array(\'true\', \'false\'), '),(255,'Send E-Mails','SEND_EMAILS','true','Send out e-mails',12,5,NULL,'2010-07-05 21:25:32',NULL,'zen_cfg_select_option(array(\'true\', \'false\'), '),(256,'Email Archiving Active?','EMAIL_ARCHIVE','false','If you wish to have email messages archived/stored when sent, set this to \"true\".',12,6,NULL,'2010-07-05 21:25:32',NULL,'zen_cfg_select_option(array(\'true\', \'false\'),'),(257,'E-Mail Friendly-Errors','EMAIL_FRIENDLY_ERRORS','false','Do you want to display friendly errors if emails fail?  Setting this to false will display PHP errors and likely cause the script to fail. Only set to false while troubleshooting, and true for a live shop.',12,7,NULL,'2010-07-05 21:25:32',NULL,'zen_cfg_select_option(array(\'true\', \'false\'),'),(258,'Email Address (Displayed to Contact you)','STORE_OWNER_EMAIL_ADDRESS','kim@kimscoop.mycbay.com','Email address of Store Owner.  Used as \"display only\" when informing customers of how to contact you.',12,10,'2010-07-11 08:51:21','2010-07-05 21:25:32',NULL,NULL),(259,'Email Address (sent FROM)','EMAIL_FROM','kim@kimscoop.mycbay.com','Address from which email messages will be \"sent\" by default. Can be over-ridden at compose-time in admin modules.',12,11,'2010-07-11 08:51:34','2010-07-05 21:25:32',NULL,NULL),(260,'Emails must send from known domain?','EMAIL_SEND_MUST_BE_STORE','Yes','Does your mailserver require that all outgoing emails have their \"from\" address match a known domain that exists on your webserver?<br /><br />This is often required in order to prevent spoofing and spam broadcasts.  If set to Yes, this will cause the email address (sent FROM) to be used as the \"from\" address on all outgoing mail.',12,11,NULL,'0001-01-01 00:00:00',NULL,'zen_cfg_select_option(array(\'No\', \'Yes\'), '),(261,'Email Admin Format?','ADMIN_EXTRA_EMAIL_FORMAT','TEXT','Please select the Admin extra email format',12,12,NULL,'0001-01-01 00:00:00',NULL,'zen_cfg_select_option(array(\'TEXT\', \'HTML\'), '),(262,'Send Copy of Order Confirmation Emails To','SEND_EXTRA_ORDER_EMAILS_TO','kim@kimscoop.mycbay.com','Send COPIES of order confirmation emails to the following email addresses, in this format: Name 1 &lt;email@address1&gt;, Name 2 &lt;email@address2&gt;',12,12,'2010-07-11 08:51:45','2010-07-05 21:25:32',NULL,NULL),(263,'Send Copy of Create Account Emails To - Status','SEND_EXTRA_CREATE_ACCOUNT_EMAILS_TO_STATUS','0','Send copy of Create Account Status<br />0= off 1= on',12,13,NULL,'2010-07-05 21:25:32',NULL,'zen_cfg_select_option(array(\'0\', \'1\'),'),(264,'Send Copy of Create Account Emails To','SEND_EXTRA_CREATE_ACCOUNT_EMAILS_TO','kim@kimscoop.mycbay.com','Send copy of Create Account emails to the following email addresses, in this format: Name 1 &lt;email@address1&gt;, Name 2 &lt;email@address2&gt;',12,14,'2010-07-11 08:51:54','2010-07-05 21:25:32',NULL,NULL),(265,'Send Copy of Tell a Friend Emails To - Status','SEND_EXTRA_TELL_A_FRIEND_EMAILS_TO_STATUS','0','Send copy of Tell a Friend Status<br />0= off 1= on',12,15,NULL,'2010-07-05 21:25:32',NULL,'zen_cfg_select_option(array(\'0\', \'1\'),'),(266,'Send Copy of Tell a Friend Emails To','SEND_EXTRA_TELL_A_FRIEND_EMAILS_TO','kim@kimscoop.mycbay.com','Send copy of Tell a Friend emails to the following email addresses, in this format: Name 1 &lt;email@address1&gt;, Name 2 &lt;email@address2&gt;',12,16,'2010-07-11 08:52:06','2010-07-05 21:25:32',NULL,NULL),(267,'Send Copy of Customer GV Send Emails To - Status','SEND_EXTRA_GV_CUSTOMER_EMAILS_TO_STATUS','0','Send copy of Customer GV Send Status<br />0= off 1= on',12,17,NULL,'2010-07-05 21:25:32',NULL,'zen_cfg_select_option(array(\'0\', \'1\'),'),(268,'Send Copy of Customer GV Send Emails To','SEND_EXTRA_GV_CUSTOMER_EMAILS_TO','kim@kimscoop.mycbay.com','Send copy of Customer GV Send emails to the following email addresses, in this format: Name 1 &lt;email@address1&gt;, Name 2 &lt;email@address2&gt;',12,18,'2010-07-11 08:52:14','2010-07-05 21:25:32',NULL,NULL),(269,'Send Copy of Admin GV Mail Emails To - Status','SEND_EXTRA_GV_ADMIN_EMAILS_TO_STATUS','0','Send copy of Admin GV Mail Status<br />0= off 1= on',12,19,NULL,'2010-07-05 21:25:32',NULL,'zen_cfg_select_option(array(\'0\', \'1\'),'),(270,'Send Copy of Customer Admin GV Mail Emails To','SEND_EXTRA_GV_ADMIN_EMAILS_TO','kim@kimscoop.mycbay.com','Send copy of Admin GV Mail emails to the following email addresses, in this format: Name 1 &lt;email@address1&gt;, Name 2 &lt;email@address2&gt;',12,20,'2010-07-11 08:52:24','2010-07-05 21:25:32',NULL,NULL),(271,'Send Copy of Admin Discount Coupon Mail Emails To - Status','SEND_EXTRA_DISCOUNT_COUPON_ADMIN_EMAILS_TO_STATUS','0','Send copy of Admin Discount Coupon Mail Status<br />0= off 1= on',12,21,NULL,'2010-07-05 21:25:32',NULL,'zen_cfg_select_option(array(\'0\', \'1\'),'),(272,'Send Copy of Customer Admin Discount Coupon Mail Emails To','SEND_EXTRA_DISCOUNT_COUPON_ADMIN_EMAILS_TO','kim@kimscoop.mycbay.com','Send copy of Admin Discount Coupon Mail emails to the following email addresses, in this format: Name 1 &lt;email@address1&gt;, Name 2 &lt;email@address2&gt;',12,22,'2010-07-11 08:52:34','2010-07-05 21:25:32',NULL,NULL),(273,'Send Copy of Admin Orders Status Emails To - Status','SEND_EXTRA_ORDERS_STATUS_ADMIN_EMAILS_TO_STATUS','0','Send copy of Admin Orders Status Status<br />0= off 1= on',12,23,NULL,'2010-07-05 21:25:32',NULL,'zen_cfg_select_option(array(\'0\', \'1\'),'),(274,'Send Copy of Admin Orders Status Emails To','SEND_EXTRA_ORDERS_STATUS_ADMIN_EMAILS_TO','kim@kimscoop.mycbay.com','Send copy of Admin Orders Status emails to the following email addresses, in this format: Name 1 &lt;email@address1&gt;, Name 2 &lt;email@address2&gt;',12,24,'2010-07-11 08:52:47','2010-07-05 21:25:32',NULL,NULL),(275,'Send Notice of Pending Reviews Emails To - Status','SEND_EXTRA_REVIEW_NOTIFICATION_EMAILS_TO_STATUS','0','Send copy of Pending Reviews Status<br />0= off 1= on',12,25,NULL,'2010-07-05 21:25:32',NULL,'zen_cfg_select_option(array(\'0\', \'1\'),'),(276,'Send Notice of Pending Reviews Emails To','SEND_EXTRA_REVIEW_NOTIFICATION_EMAILS_TO','kim@kimscoop.mycbay.com','Send copy of Pending Reviews emails to the following email addresses, in this format: Name 1 &lt;email@address1&gt;, Name 2 &lt;email@address2&gt;',12,26,'2010-07-11 08:52:57','2010-07-05 21:25:32',NULL,NULL),(277,'Set \"Contact Us\" Email Dropdown List','CONTACT_US_LIST','','On the \"Contact Us\" Page, set the list of email addresses , in this format: Name 1 &lt;email@address1&gt;, Name 2 &lt;email@address2&gt;',12,40,NULL,'2010-07-05 21:25:32',NULL,'zen_cfg_textarea('),(278,'Allow Guest To Tell A Friend','ALLOW_GUEST_TO_TELL_A_FRIEND','false','Allow guests to tell a friend about a product. <br />If set to [false], then tell-a-friend will prompt for login if user is not already logged in.',12,50,NULL,'2010-07-05 21:25:32',NULL,'zen_cfg_select_option(array(\'true\', \'false\'), '),(279,'Contact Us - Show Store Name and Address','CONTACT_US_STORE_NAME_ADDRESS','1','Include Store Name and Address<br />0= off 1= on',12,50,NULL,'2010-07-05 21:25:32',NULL,'zen_cfg_select_option(array(\'0\', \'1\'), '),(280,'Send Low Stock Emails','SEND_LOWSTOCK_EMAIL','0','When stock level is at or below low stock level send an email<br />0= off<br />1= on',12,60,'2010-07-05 21:25:32','2010-07-05 21:25:32',NULL,'zen_cfg_select_option(array(\'0\', \'1\'),'),(281,'Send Low Stock Emails To','SEND_EXTRA_LOW_STOCK_EMAILS_TO','kim@kimscoop.mycbay.com','When stock level is at or below low stock level send an email to this address, in this format: Name 1 &lt;email@address1&gt;, Name 2 &lt;email@address2&gt;',12,61,'2010-07-11 08:53:07','2010-07-05 21:25:32',NULL,NULL),(282,'Display \"Newsletter Unsubscribe\" Link?','SHOW_NEWSLETTER_UNSUBSCRIBE_LINK','true','Show \"Newsletter Unsubscribe\" link in the \"Information\" side-box?',12,70,NULL,'2010-07-05 21:25:32',NULL,'zen_cfg_select_option(array(\'true\', \'false\'),'),(283,'Audience-Select Count Display','AUDIENCE_SELECT_DISPLAY_COUNTS','true','When displaying lists of available audiences/recipients, should the recipients-count be included? <br /><em>(This may make things slower if you have a lot of customers or complex audience queries)</em>',12,90,NULL,'2010-07-05 21:25:32',NULL,'zen_cfg_select_option(array(\'true\', \'false\'),'),(284,'Enable Downloads','DOWNLOAD_ENABLED','true','Enable the products download functions.',13,1,NULL,'2010-07-05 21:25:32',NULL,'zen_cfg_select_option(array(\'true\', \'false\'), '),(285,'Download by Redirect','DOWNLOAD_BY_REDIRECT','true','Use browser redirection for download. Disable on non-Unix systems.<br /><br />Note: Set /pub to 777 when redirect is true',13,2,NULL,'2010-07-05 21:25:32',NULL,'zen_cfg_select_option(array(\'true\', \'false\'), '),(286,'Download by streaming','DOWNLOAD_IN_CHUNKS','false','If download-by-redirect is disabled, and your PHP memory_limit setting is under 8 MB, you might need to enable this setting so that files are streamed in smaller segments to the browser.<br /><br />Has no effect if Download By Redirect is enabled.',13,2,NULL,'2010-07-05 21:25:32',NULL,'zen_cfg_select_option(array(\'true\', \'false\'), '),(287,'Download Expiration (Number of Days)','DOWNLOAD_MAX_DAYS','7','Set number of days before the download link expires. 0 means no limit.',13,3,NULL,'2010-07-05 21:25:32',NULL,''),(288,'Number of Downloads Allowed - Per Product','DOWNLOAD_MAX_COUNT','5','Set the maximum number of downloads. 0 means no download authorized.',13,4,NULL,'2010-07-05 21:25:32',NULL,''),(289,'Downloads Controller Update Status Value','DOWNLOADS_ORDERS_STATUS_UPDATED_VALUE','4','What orders_status resets the Download days and Max Downloads - Default is 4',13,10,'2010-07-05 21:25:32','2010-07-05 21:25:32',NULL,NULL),(290,'Downloads Controller Order Status Value >= lower value','DOWNLOADS_CONTROLLER_ORDERS_STATUS','2','Downloads Controller Order Status Value - Default >= 2<br /><br />Downloads are available for checkout based on the orders status. Orders with orders status greater than this value will be available for download. The orders status is set for an order by the Payment Modules. Set the lower range for this range.',13,12,'2010-07-05 21:25:32','2010-07-05 21:25:32',NULL,NULL),(291,'Downloads Controller Order Status Value <= upper value','DOWNLOADS_CONTROLLER_ORDERS_STATUS_END','4','Downloads Controller Order Status Value - Default <= 4<br /><br />Downloads are available for checkout based on the orders status. Orders with orders status less than this value will be available for download. The orders status is set for an order by the Payment Modules.  Set the upper range for this range.',13,13,'2010-07-05 21:25:32','2010-07-05 21:25:32',NULL,NULL),(292,'Enable Price Factor','ATTRIBUTES_ENABLED_PRICE_FACTOR','true','Enable the Attributes Price Factor.',13,25,NULL,'2010-07-05 21:25:32',NULL,'zen_cfg_select_option(array(\'true\', \'false\'), '),(293,'Enable Qty Price Discount','ATTRIBUTES_ENABLED_QTY_PRICES','true','Enable the Attributes Quantity Price Discounts.',13,26,NULL,'2010-07-05 21:25:32',NULL,'zen_cfg_select_option(array(\'true\', \'false\'), '),(294,'Enable Attribute Images','ATTRIBUTES_ENABLED_IMAGES','true','Enable the Attributes Images.',13,28,NULL,'2010-07-05 21:25:32',NULL,'zen_cfg_select_option(array(\'true\', \'false\'), '),(295,'Enable Text Pricing by word or letter','ATTRIBUTES_ENABLED_TEXT_PRICES','true','Enable the Attributes Text Pricing by word or letter.',13,35,NULL,'2010-07-05 21:25:32',NULL,'zen_cfg_select_option(array(\'true\', \'false\'), '),(296,'Text Pricing - Spaces are Free','TEXT_SPACES_FREE','1','On Text pricing Spaces are Free<br /><br />0= off 1= on',13,36,NULL,'2010-07-05 21:25:32',NULL,'zen_cfg_select_option(array(\'0\', \'1\'), '),(297,'Read Only option type - Ignore for Add to Cart','PRODUCTS_OPTIONS_TYPE_READONLY_IGNORED','1','When a Product only uses READONLY attributes, should the Add to Cart button be On or Off?<br />0= OFF<br />1= ON',13,37,NULL,'2010-07-05 21:25:32',NULL,'zen_cfg_select_option(array(\'0\', \'1\'), '),(298,'Enable GZip Compression','GZIP_LEVEL','0','0= off 1= on',14,1,NULL,'2010-07-05 21:25:32',NULL,'zen_cfg_select_option(array(\'0\', \'1\'),'),(299,'Session Directory','SESSION_WRITE_DIRECTORY','/home/jhbrake1/public_html/kimscoop/cache','If sessions are file based, store them in this directory.',15,1,NULL,'2010-07-05 21:25:32',NULL,NULL),(300,'Cookie Domain','SESSION_USE_FQDN','True','If True the full domain name will be used to store the cookie, e.g. www.mydomain.com. If False only a partial domain name will be used, e.g. mydomain.com. If you are unsure about this, always leave set to true.',15,2,NULL,'2010-07-05 21:25:32',NULL,'zen_cfg_select_option(array(\'True\', \'False\'), '),(301,'Force Cookie Use','SESSION_FORCE_COOKIE_USE','False','Force the use of sessions when cookies are only enabled.',15,2,NULL,'2010-07-05 21:25:32',NULL,'zen_cfg_select_option(array(\'True\', \'False\'), '),(302,'Check SSL Session ID','SESSION_CHECK_SSL_SESSION_ID','False','Validate the SSL_SESSION_ID on every secure HTTPS page request.',15,3,NULL,'2010-07-05 21:25:32',NULL,'zen_cfg_select_option(array(\'True\', \'False\'), '),(303,'Check User Agent','SESSION_CHECK_USER_AGENT','False','Validate the clients browser user agent on every page request.',15,4,NULL,'2010-07-05 21:25:32',NULL,'zen_cfg_select_option(array(\'True\', \'False\'), '),(304,'Check IP Address','SESSION_CHECK_IP_ADDRESS','False','Validate the clients IP address on every page request.',15,5,NULL,'2010-07-05 21:25:32',NULL,'zen_cfg_select_option(array(\'True\', \'False\'), '),(305,'Prevent Spider Sessions','SESSION_BLOCK_SPIDERS','True','Prevent known spiders from starting a session.',15,6,NULL,'2010-07-05 21:25:32',NULL,'zen_cfg_select_option(array(\'True\', \'False\'), '),(306,'Recreate Session','SESSION_RECREATE','True','Recreate the session to generate a new session ID when the customer logs on or creates an account (PHP >=4.1 needed).',15,7,NULL,'2010-07-05 21:25:32',NULL,'zen_cfg_select_option(array(\'True\', \'False\'), '),(307,'IP to Host Conversion Status','SESSION_IP_TO_HOST_ADDRESS','true','Convert IP Address to Host Address<br /><br />Note: on some servers this can slow down the initial start of a session or execution of Emails',15,10,NULL,'2010-07-05 21:25:32',NULL,'zen_cfg_select_option(array(\'true\', \'false\'), '),(308,'Length of the redeem code','SECURITY_CODE_LENGTH','10','Enter the length of the redeem code<br />The longer the more secure',16,1,NULL,'2010-07-05 21:25:32',NULL,NULL),(309,'Default Order Status For Zero Balance Orders','DEFAULT_ZERO_BALANCE_ORDERS_STATUS_ID','2','When an order\'s balance is zero, this order status will be assigned to it.',16,0,NULL,'2010-07-05 21:25:32','zen_get_order_status_name','zen_cfg_pull_down_order_statuses('),(310,'New Signup Discount Coupon ID#','NEW_SIGNUP_DISCOUNT_COUPON','','Select the coupon<br />',16,75,NULL,'2010-07-05 21:25:32',NULL,'zen_cfg_select_coupon_id('),(311,'New Signup Gift Voucher Amount','NEW_SIGNUP_GIFT_VOUCHER_AMOUNT','','Leave blank for none<br />Or enter an amount ie. 10 for $10.00',16,76,NULL,'2010-07-05 21:25:32',NULL,NULL),(312,'Maximum Discount Coupons Per Page','MAX_DISPLAY_SEARCH_RESULTS_DISCOUNT_COUPONS','20','Number of Discount Coupons to list per Page',16,81,NULL,'2010-07-05 21:25:32',NULL,NULL),(313,'Maximum Discount Coupon Report Results Per Page','MAX_DISPLAY_SEARCH_RESULTS_DISCOUNT_COUPONS_REPORTS','20','Number of Discount Coupons to list on Reports Page',16,81,NULL,'2010-07-05 21:25:32',NULL,NULL),(314,'Credit Card Enable Status - VISA','CC_ENABLED_VISA','1','Accept VISA 0= off 1= on',17,1,NULL,'2010-07-05 21:25:32',NULL,'zen_cfg_select_option(array(\'0\', \'1\'), '),(315,'Credit Card Enable Status - MasterCard','CC_ENABLED_MC','1','Accept MasterCard 0= off 1= on',17,2,NULL,'2010-07-05 21:25:32',NULL,'zen_cfg_select_option(array(\'0\', \'1\'), '),(316,'Credit Card Enable Status - AmericanExpress','CC_ENABLED_AMEX','0','Accept AmericanExpress 0= off 1= on',17,3,NULL,'2010-07-05 21:25:32',NULL,'zen_cfg_select_option(array(\'0\', \'1\'), '),(317,'Credit Card Enable Status - Diners Club','CC_ENABLED_DINERS_CLUB','0','Accept Diners Club 0= off 1= on',17,4,NULL,'2010-07-05 21:25:32',NULL,'zen_cfg_select_option(array(\'0\', \'1\'), '),(318,'Credit Card Enable Status - Discover Card','CC_ENABLED_DISCOVER','0','Accept Discover Card 0= off 1= on',17,5,NULL,'2010-07-05 21:25:32',NULL,'zen_cfg_select_option(array(\'0\', \'1\'), '),(319,'Credit Card Enable Status - JCB','CC_ENABLED_JCB','0','Accept JCB 0= off 1= on',17,6,NULL,'2010-07-05 21:25:32',NULL,'zen_cfg_select_option(array(\'0\', \'1\'), '),(320,'Credit Card Enable Status - AUSTRALIAN BANKCARD','CC_ENABLED_AUSTRALIAN_BANKCARD','0','Accept AUSTRALIAN BANKCARD 0= off 1= on',17,7,NULL,'2010-07-05 21:25:32',NULL,'zen_cfg_select_option(array(\'0\', \'1\'), '),(321,'Credit Card Enable Status - SOLO','CC_ENABLED_SOLO','0','Accept SOLO Card 0= off 1= on',17,8,NULL,'2010-07-05 21:25:32',NULL,'zen_cfg_select_option(array(\'0\', \'1\'), '),(322,'Credit Card Enable Status - Switch','CC_ENABLED_SWITCH','0','Accept SWITCH Card 0= off 1= on',17,9,NULL,'2010-07-05 21:25:32',NULL,'zen_cfg_select_option(array(\'0\', \'1\'), '),(323,'Credit Card Enable Status - Maestro','CC_ENABLED_MAESTRO','0','Accept MAESTRO Card 0= off 1= on',17,10,NULL,'2010-07-05 21:25:32',NULL,'zen_cfg_select_option(array(\'0\', \'1\'), '),(324,'Credit Card Enabled - Show on Payment','SHOW_ACCEPTED_CREDIT_CARDS','0','Show accepted credit cards on Payment page?<br />0= off<br />1= As Text<br />2= As Images<br /><br />Note: images and text must be defined in both the database and language file for specific credit card types.',17,50,NULL,'2010-07-05 21:25:32',NULL,'zen_cfg_select_option(array(\'0\', \'1\', \'2\'), '),(325,'This module is installed','MODULE_ORDER_TOTAL_GV_STATUS','true','',6,1,NULL,'2003-10-30 22:16:40',NULL,'zen_cfg_select_option(array(\'true\'),'),(326,'Sort Order','MODULE_ORDER_TOTAL_GV_SORT_ORDER','840','Sort order of display.',6,2,NULL,'2003-10-30 22:16:40',NULL,NULL),(327,'Queue Purchases','MODULE_ORDER_TOTAL_GV_QUEUE','true','Do you want to queue purchases of the Gift Voucher?',6,3,NULL,'2003-10-30 22:16:40',NULL,'zen_cfg_select_option(array(\'true\', \'false\'),'),(328,'Include Shipping','MODULE_ORDER_TOTAL_GV_INC_SHIPPING','true','Include Shipping in calculation',6,5,NULL,'2003-10-30 22:16:40',NULL,'zen_cfg_select_option(array(\'true\', \'false\'),'),(329,'Include Tax','MODULE_ORDER_TOTAL_GV_INC_TAX','true','Include Tax in calculation.',6,6,NULL,'2003-10-30 22:16:40',NULL,'zen_cfg_select_option(array(\'true\', \'false\'),'),(330,'Re-calculate Tax','MODULE_ORDER_TOTAL_GV_CALC_TAX','None','Re-Calculate Tax',6,7,NULL,'2003-10-30 22:16:40',NULL,'zen_cfg_select_option(array(\'None\', \'Standard\', \'Credit Note\'),'),(331,'Tax Class','MODULE_ORDER_TOTAL_GV_TAX_CLASS','0','Use the following tax class when treating Gift Voucher as Credit Note.',6,0,NULL,'2003-10-30 22:16:40','zen_get_tax_class_title','zen_cfg_pull_down_tax_classes('),(332,'Credit including Tax','MODULE_ORDER_TOTAL_GV_CREDIT_TAX','false','Add tax to purchased Gift Voucher when crediting to Account',6,8,NULL,'2003-10-30 22:16:40',NULL,'zen_cfg_select_option(array(\'true\', \'false\'),'),(333,'Set Order Status','MODULE_ORDER_TOTAL_GV_ORDER_STATUS_ID','0','Set the status of orders made where GV covers full payment',6,0,NULL,'2010-07-05 21:25:32','zen_get_order_status_name','zen_cfg_pull_down_order_statuses('),(334,'This module is installed','MODULE_ORDER_TOTAL_LOWORDERFEE_STATUS','true','',6,1,NULL,'2003-10-30 22:16:43',NULL,'zen_cfg_select_option(array(\'true\'),'),(335,'Sort Order','MODULE_ORDER_TOTAL_LOWORDERFEE_SORT_ORDER','400','Sort order of display.',6,2,NULL,'2003-10-30 22:16:43',NULL,NULL),(336,'Allow Low Order Fee','MODULE_ORDER_TOTAL_LOWORDERFEE_LOW_ORDER_FEE','false','Do you want to allow low order fees?',6,3,NULL,'2003-10-30 22:16:43',NULL,'zen_cfg_select_option(array(\'true\', \'false\'),'),(337,'Order Fee For Orders Under','MODULE_ORDER_TOTAL_LOWORDERFEE_ORDER_UNDER','50','Add the low order fee to orders under this amount.',6,4,NULL,'2003-10-30 22:16:43','currencies->format',NULL),(338,'Order Fee','MODULE_ORDER_TOTAL_LOWORDERFEE_FEE','5','For Percentage Calculation - include a % Example: 10%<br />For a flat amount just enter the amount - Example: 5 for $5.00',6,5,NULL,'2003-10-30 22:16:43','',NULL),(339,'Attach Low Order Fee On Orders Made','MODULE_ORDER_TOTAL_LOWORDERFEE_DESTINATION','both','Attach low order fee for orders sent to the set destination.',6,6,NULL,'2003-10-30 22:16:43',NULL,'zen_cfg_select_option(array(\'national\', \'international\', \'both\'),'),(340,'Tax Class','MODULE_ORDER_TOTAL_LOWORDERFEE_TAX_CLASS','0','Use the following tax class on the low order fee.',6,7,NULL,'2003-10-30 22:16:43','zen_get_tax_class_title','zen_cfg_pull_down_tax_classes('),(341,'No Low Order Fee on Virtual Products','MODULE_ORDER_TOTAL_LOWORDERFEE_VIRTUAL','false','Do not charge Low Order Fee when cart is Virtual Products Only',6,8,NULL,'2004-04-20 22:16:43',NULL,'zen_cfg_select_option(array(\'true\', \'false\'),'),(342,'No Low Order Fee on Gift Vouchers','MODULE_ORDER_TOTAL_LOWORDERFEE_GV','false','Do not charge Low Order Fee when cart is Gift Vouchers Only',6,9,NULL,'2004-04-20 22:16:43',NULL,'zen_cfg_select_option(array(\'true\', \'false\'),'),(343,'This module is installed','MODULE_ORDER_TOTAL_SHIPPING_STATUS','true','',6,1,NULL,'2003-10-30 22:16:46',NULL,'zen_cfg_select_option(array(\'true\'),'),(344,'Sort Order','MODULE_ORDER_TOTAL_SHIPPING_SORT_ORDER','200','Sort order of display.',6,2,NULL,'2003-10-30 22:16:46',NULL,NULL),(345,'Allow Free Shipping','MODULE_ORDER_TOTAL_SHIPPING_FREE_SHIPPING','false','Do you want to allow free shipping?',6,3,NULL,'2003-10-30 22:16:46',NULL,'zen_cfg_select_option(array(\'true\', \'false\'),'),(346,'Free Shipping For Orders Over','MODULE_ORDER_TOTAL_SHIPPING_FREE_SHIPPING_OVER','50','Provide free shipping for orders over the set amount.',6,4,NULL,'2003-10-30 22:16:46','currencies->format',NULL),(347,'Provide Free Shipping For Orders Made','MODULE_ORDER_TOTAL_SHIPPING_DESTINATION','national','Provide free shipping for orders sent to the set destination.',6,5,NULL,'2003-10-30 22:16:46',NULL,'zen_cfg_select_option(array(\'national\', \'international\', \'both\'),'),(348,'This module is installed','MODULE_ORDER_TOTAL_SUBTOTAL_STATUS','true','',6,1,NULL,'2003-10-30 22:16:49',NULL,'zen_cfg_select_option(array(\'true\'),'),(349,'Sort Order','MODULE_ORDER_TOTAL_SUBTOTAL_SORT_ORDER','100','Sort order of display.',6,2,NULL,'2003-10-30 22:16:49',NULL,NULL),(350,'This module is installed','MODULE_ORDER_TOTAL_TAX_STATUS','true','',6,1,NULL,'2003-10-30 22:16:52',NULL,'zen_cfg_select_option(array(\'true\'),'),(351,'Sort Order','MODULE_ORDER_TOTAL_TAX_SORT_ORDER','300','Sort order of display.',6,2,NULL,'2003-10-30 22:16:52',NULL,NULL),(352,'This module is installed','MODULE_ORDER_TOTAL_TOTAL_STATUS','true','',6,1,NULL,'2003-10-30 22:16:55',NULL,'zen_cfg_select_option(array(\'true\'),'),(353,'Sort Order','MODULE_ORDER_TOTAL_TOTAL_SORT_ORDER','999','Sort order of display.',6,2,NULL,'2003-10-30 22:16:55',NULL,NULL),(538,'Telephone - Customer Service','STORE_TELEPHONE_CUSTSERVICE','','Enter a telephone number for customers to reach your Customer Service department. This number may be sent as part of payment transaction details.',1,7,NULL,'2012-06-16 22:34:22',NULL,NULL),(539,'login mode https','SSLPWSTATUSCHECK','','System setting. Do not edit.',6,99,NULL,'2012-06-16 22:34:22',NULL,NULL),(360,'Admin Demo Status','ADMIN_DEMO','0','Admin Demo should be on?<br />0= off 1= on',6,0,NULL,'2010-07-05 21:25:32',NULL,'zen_cfg_select_option(array(\'0\', \'1\'), '),(361,'Product option type Select','PRODUCTS_OPTIONS_TYPE_SELECT','0','The number representing the Select type of product option.',0,NULL,'2010-07-05 21:25:32','2010-07-05 21:25:32',NULL,NULL),(362,'Text product option type','PRODUCTS_OPTIONS_TYPE_TEXT','1','Numeric value of the text product option type',6,NULL,'2010-07-05 21:25:32','2010-07-05 21:25:32',NULL,NULL),(363,'Radio button product option type','PRODUCTS_OPTIONS_TYPE_RADIO','2','Numeric value of the radio button product option type',6,NULL,'2010-07-05 21:25:32','2010-07-05 21:25:32',NULL,NULL),(364,'Check box product option type','PRODUCTS_OPTIONS_TYPE_CHECKBOX','3','Numeric value of the check box product option type',6,NULL,'2010-07-05 21:25:32','2010-07-05 21:25:32',NULL,NULL),(365,'File product option type','PRODUCTS_OPTIONS_TYPE_FILE','4','Numeric value of the file product option type',6,NULL,'2010-07-05 21:25:32','2010-07-05 21:25:32',NULL,NULL),(366,'ID for text and file products options values','PRODUCTS_OPTIONS_VALUES_TEXT_ID','0','Numeric value of the products_options_values_id used by the text and file attributes.',6,NULL,'2010-07-05 21:25:32','2010-07-05 21:25:32',NULL,NULL),(367,'Upload prefix','UPLOAD_PREFIX','upload_','Prefix used to differentiate between upload options and other options',0,NULL,'2010-07-05 21:25:32','2010-07-05 21:25:32',NULL,NULL),(368,'Text prefix','TEXT_PREFIX','txt_','Prefix used to differentiate between text option values and other option values',0,NULL,'2010-07-05 21:25:32','2010-07-05 21:25:32',NULL,NULL),(369,'Read Only option type','PRODUCTS_OPTIONS_TYPE_READONLY','5','Numeric value of the file product option type',6,NULL,'2010-07-05 21:25:32','2010-07-05 21:25:32',NULL,NULL),(370,'Products Info - Products Option Name Sort Order','PRODUCTS_OPTIONS_SORT_ORDER','0','Sort order of Option Names for Products Info<br />0= Sort Order, Option Name<br />1= Option Name',18,35,'2010-07-05 21:25:32','2010-07-05 21:25:32',NULL,'zen_cfg_select_option(array(\'0\', \'1\'),'),(371,'Products Info - Product Option Value of Attributes Sort Order','PRODUCTS_OPTIONS_SORT_BY_PRICE','1','Sort order of Product Option Values of Attributes for Products Info<br />0= Sort Order, Price<br />1= Sort Order, Option Value Name',18,36,'2010-07-05 21:25:32','2010-07-05 21:25:32',NULL,'zen_cfg_select_option(array(\'0\', \'1\'),'),(372,'Product Info - Show Option Values Name Below Attributes Image','PRODUCT_IMAGES_ATTRIBUTES_NAMES','1','Product Info - Show the name of the Option Value beneath the Attribute Image?<br />0= off 1= on',18,41,NULL,'2010-07-05 21:25:32',NULL,'zen_cfg_select_option(array(\'0\', \'1\'), '),(373,'Product Info - Show Sales Discount Savings Status','SHOW_SALE_DISCOUNT_STATUS','1','Product Info - Show the amount of discount savings?<br />0= off 1= on',18,45,NULL,'2010-07-05 21:25:32',NULL,'zen_cfg_select_option(array(\'0\', \'1\'), '),(374,'Product Info - Show Sales Discount Savings Dollars or Percentage','SHOW_SALE_DISCOUNT','1','Product Info - Show the amount of discount savings display as:<br />1= % off 2= $amount off',18,46,NULL,'2010-07-05 21:25:32',NULL,'zen_cfg_select_option(array(\'1\', \'2\'), '),(375,'Product Info - Show Sales Discount Savings Percentage Decimals','SHOW_SALE_DISCOUNT_DECIMALS','0','Product Info - Show discount savings display as a Percentage with how many decimals?:<br />Default= 0',18,47,NULL,'2010-07-05 21:25:32',NULL,NULL),(376,'Product Info - Price is Free Image or Text Status','OTHER_IMAGE_PRICE_IS_FREE_ON','1','Product Info - Show the Price is Free Image or Text on Displayed Price<br />0= Text<br />1= Image',18,50,NULL,'2010-07-05 21:25:32',NULL,'zen_cfg_select_option(array(\'0\', \'1\'), '),(377,'Product Info - Price is Call for Price Image or Text Status','PRODUCTS_PRICE_IS_CALL_IMAGE_ON','1','Product Info - Show the Price is Call for Price Image or Text on Displayed Price<br />0= Text<br />1= Image',18,51,NULL,'2010-07-05 21:25:32',NULL,'zen_cfg_select_option(array(\'0\', \'1\'), '),(378,'Product Quantity Box Status - Adding New Products','PRODUCTS_QTY_BOX_STATUS','1','What should the Default Quantity Box Status be set to when adding New Products?<br /><br />0= off<br />1= on<br />NOTE: This will show a Qty Box when ON and default the Add to Cart to 1',18,55,NULL,'2010-07-05 21:25:32',NULL,'zen_cfg_select_option(array(\'0\', \'1\'), '),(379,'Product Reviews Require Approval','REVIEWS_APPROVAL','1','Do product reviews require approval?<br /><br />Note: When Review Status is off, it will also not show<br /><br />0= off 1= on',18,62,NULL,'2010-07-05 21:25:32',NULL,'zen_cfg_select_option(array(\'0\', \'1\'), '),(380,'Meta Tags - Include Product Model in Title','META_TAG_INCLUDE_MODEL','1','Do you want to include the Product Model in the Meta Tag Title?<br /><br />0= off 1= on',18,69,NULL,'2010-07-05 21:25:32',NULL,'zen_cfg_select_option(array(\'0\', \'1\'), '),(381,'Meta Tags - Include Product Price in Title','META_TAG_INCLUDE_PRICE','1','Do you want to include the Product Price in the Meta Tag Title?<br /><br />0= off 1= on',18,70,NULL,'2010-07-05 21:25:32',NULL,'zen_cfg_select_option(array(\'0\', \'1\'), '),(382,'Meta Tags Generated Description Maximum Length?','MAX_META_TAG_DESCRIPTION_LENGTH','50','Set Generated Meta Tag Description Maximum Length to (words) Default 50:',18,71,NULL,'2010-07-05 21:25:32','',''),(383,'Also Purchased Products Columns per Row','SHOW_PRODUCT_INFO_COLUMNS_ALSO_PURCHASED_PRODUCTS','3','Also Purchased Products Columns per Row<br />0= off or set the sort order',18,72,NULL,'2010-07-05 21:25:32',NULL,'zen_cfg_select_option(array(\'0\', \'1\', \'2\', \'3\', \'4\', \'5\', \'6\', \'7\', \'8\', \'9\', \'10\', \'11\', \'12\'), '),(384,'Previous Next - Navigation Bar Position','PRODUCT_INFO_PREVIOUS_NEXT','1','Location of Previous/Next Navigation Bar<br />0= off<br />1= Top of Page<br />2= Bottom of Page<br />3= Both Top and Bottom of Page',18,21,'2010-07-05 21:25:32','2010-07-05 21:25:32',NULL,'zen_cfg_select_drop_down(array(array(\'id\'=>\'0\', \'text\'=>\'Off\'), array(\'id\'=>\'1\', \'text\'=>\'Top of Page\'), array(\'id\'=>\'2\', \'text\'=>\'Bottom of Page\'), array(\'id\'=>\'3\', \'text\'=>\'Both Top & Bottom of Page\')),'),(385,'Previous Next - Sort Order','PRODUCT_INFO_PREVIOUS_NEXT_SORT','1','Products Display Order by<br />0= Product ID<br />1= Product Name<br />2= Model<br />3= Price, Product Name<br />4= Price, Model<br />5= Product Name, Model<br />6= Product Sort Order',18,22,'2010-07-05 21:25:32','2010-07-05 21:25:32',NULL,'zen_cfg_select_drop_down(array(array(\'id\'=>\'0\', \'text\'=>\'Product ID\'), array(\'id\'=>\'1\', \'text\'=>\'Name\'), array(\'id\'=>\'2\', \'text\'=>\'Product Model\'), array(\'id\'=>\'3\', \'text\'=>\'Product Price - Name\'), array(\'id\'=>\'4\', \'text\'=>\'Product Price - Model\'), array(\'id\'=>\'5\', \'text\'=>\'Product Name - Model\'), array(\'id\'=>\'6\', \'text\'=>\'Product Sort Order\')),'),(386,'Previous Next - Button and Image Status','SHOW_PREVIOUS_NEXT_STATUS','0','Button and Product Image status settings are:<br />0= Off<br />1= On',18,20,'2010-07-05 21:25:32','2010-07-05 21:25:32',NULL,'zen_cfg_select_drop_down(array(array(\'id\'=>\'0\', \'text\'=>\'Off\'), array(\'id\'=>\'1\', \'text\'=>\'On\')),'),(387,'Previous Next - Button and Image Settings','SHOW_PREVIOUS_NEXT_IMAGES','0','Show Previous/Next Button and Product Image Settings<br />0= Button Only<br />1= Button and Product Image<br />2= Product Image Only',18,21,'2010-07-05 21:25:32','2010-07-05 21:25:32',NULL,'zen_cfg_select_drop_down(array(array(\'id\'=>\'0\', \'text\'=>\'Button Only\'), array(\'id\'=>\'1\', \'text\'=>\'Button and Product Image\'), array(\'id\'=>\'2\', \'text\'=>\'Product Image Only\')),'),(388,'Previous Next - Image Width?','PREVIOUS_NEXT_IMAGE_WIDTH','50','Previous/Next Image Width?',18,22,NULL,'2010-07-05 21:25:32','',''),(389,'Previous Next - Image Height?','PREVIOUS_NEXT_IMAGE_HEIGHT','40','Previous/Next Image Height?',18,23,NULL,'2010-07-05 21:25:32','',''),(390,'Previous Next - Navigation Includes Category Position','PRODUCT_INFO_CATEGORIES','1','Product\'s Category Image and Name Alignment Above Previous/Next Navigation Bar<br />0= off<br />1= Align Left<br />2= Align Center<br />3= Align Right',18,20,'2010-07-05 21:25:32','2010-07-05 21:25:32',NULL,'zen_cfg_select_drop_down(array(array(\'id\'=>\'0\', \'text\'=>\'Off\'), array(\'id\'=>\'1\', \'text\'=>\'Align Left\'), array(\'id\'=>\'2\', \'text\'=>\'Align Center\'), array(\'id\'=>\'3\', \'text\'=>\'Align Right\')),'),(391,'Previous Next - Navigation Includes Category Name and Image Status','PRODUCT_INFO_CATEGORIES_IMAGE_STATUS','2','Product\'s Category Image and Name Status<br />0= Category Name and Image always shows<br />1= Category Name only<br />2= Category Name and Image when not blank',18,20,'2010-07-05 21:25:32','2010-07-05 21:25:32',NULL,'zen_cfg_select_drop_down(array(array(\'id\'=>\'0\', \'text\'=>\'Category Name and Image Always\'), array(\'id\'=>\'1\', \'text\'=>\'Category Name only\'), array(\'id\'=>\'2\', \'text\'=>\'Category Name and Image when not blank\')),'),(392,'Column Width - Left Boxes','BOX_WIDTH_LEFT','150px','Width of the Left Column Boxes<br />px may be included<br />Default = 150px',19,1,NULL,'2003-11-21 22:16:36',NULL,NULL),(393,'Column Width - Right Boxes','BOX_WIDTH_RIGHT','150px','Width of the Right Column Boxes<br />px may be included<br />Default = 150px',19,2,NULL,'2003-11-21 22:16:36',NULL,NULL),(394,'Bread Crumbs Navigation Separator','BREAD_CRUMBS_SEPARATOR','&nbsp;::&nbsp;','Enter the separator symbol to appear between the Navigation Bread Crumb trail<br />Note: Include spaces with the &amp;nbsp; symbol if you want them part of the separator.<br />Default = &amp;nbsp;::&amp;nbsp;',19,3,NULL,'2003-11-21 22:16:36',NULL,'zen_cfg_textarea_small('),(395,'Define Breadcrumb Status','DEFINE_BREADCRUMB_STATUS','1','Enable the Breadcrumb Trail Links?<br />0= OFF<br />1= ON<br />2= Off for Home Page Only',19,4,NULL,'2010-07-05 21:25:32',NULL,'zen_cfg_select_option(array(\'0\', \'1\', \'2\'), '),(396,'Bestsellers - Number Padding','BEST_SELLERS_FILLER','&nbsp;','What do you want to Pad the numbers with?<br />Default = &amp;nbsp;',19,5,NULL,'2003-11-21 22:16:36',NULL,'zen_cfg_textarea_small('),(397,'Bestsellers - Truncate Product Names','BEST_SELLERS_TRUNCATE','35','What size do you want to truncate the Product Names?<br />Default = 35',19,6,NULL,'2003-11-21 22:16:36',NULL,NULL),(398,'Bestsellers - Truncate Product Names followed by ...','BEST_SELLERS_TRUNCATE_MORE','true','When truncated Product Names follow with ...<br />Default = true',19,7,'2003-03-21 13:08:25','2003-03-21 11:42:47',NULL,'zen_cfg_select_option(array(\'true\', \'false\'),'),(399,'Categories Box - Show Specials Link','SHOW_CATEGORIES_BOX_SPECIALS','true','Show Specials Link in the Categories Box',19,8,'2003-03-21 13:08:25','2003-03-21 11:42:47',NULL,'zen_cfg_select_option(array(\'true\', \'false\'),'),(400,'Categories Box - Show Products New Link','SHOW_CATEGORIES_BOX_PRODUCTS_NEW','true','Show Products New Link in the Categories Box',19,9,'2003-03-21 13:08:25','2003-03-21 11:42:47',NULL,'zen_cfg_select_option(array(\'true\', \'false\'),'),(401,'Shopping Cart Box Status','SHOW_SHOPPING_CART_BOX_STATUS','1','Shopping Cart Shows<br />0= Always<br />1= Only when full<br />2= Only when full but not when viewing the Shopping Cart',19,10,NULL,'2010-07-05 21:25:32',NULL,'zen_cfg_select_option(array(\'0\', \'1\', \'2\'), '),(402,'Categories Box - Show Featured Products Link','SHOW_CATEGORIES_BOX_FEATURED_PRODUCTS','true','Show Featured Products Link in the Categories Box',19,11,'2003-03-21 13:08:25','2003-03-21 11:42:47',NULL,'zen_cfg_select_option(array(\'true\', \'false\'),'),(403,'Categories Box - Show Products All Link','SHOW_CATEGORIES_BOX_PRODUCTS_ALL','true','Show Products All Link in the Categories Box',19,12,'2003-03-21 13:08:25','2003-03-21 11:42:47',NULL,'zen_cfg_select_option(array(\'true\', \'false\'),'),(404,'Column Left Status - Global','COLUMN_LEFT_STATUS','1','Show Column Left, unless page override exists?<br />0= Column Left is always off<br />1= Column Left is on, unless page override',19,15,NULL,'2010-07-05 21:25:32',NULL,'zen_cfg_select_option(array(\'0\', \'1\'), '),(405,'Column Right Status - Global','COLUMN_RIGHT_STATUS','1','Show Column Right, unless page override exists?<br />0= Column Right is always off<br />1= Column Right is on, unless page override',19,16,NULL,'2010-07-05 21:25:32',NULL,'zen_cfg_select_option(array(\'0\', \'1\'), '),(406,'Column Width - Left','COLUMN_WIDTH_LEFT','150px','Width of the Left Column<br />px may be included<br />Default = 150px',19,20,NULL,'2003-11-21 22:16:36',NULL,NULL),(407,'Column Width - Right','COLUMN_WIDTH_RIGHT','150px','Width of the Right Column<br />px may be included<br />Default = 150px',19,21,NULL,'2003-11-21 22:16:36',NULL,NULL),(408,'Categories Separator between links Status','SHOW_CATEGORIES_SEPARATOR_LINK','1','Show Category Separator between Category Names and Links?<br />0= off<br />1= on',19,24,NULL,'2010-07-05 21:25:32',NULL,'zen_cfg_select_option(array(\'0\', \'1\'), '),(409,'Categories Separator between the Category Name and Count','CATEGORIES_SEPARATOR','-&gt;','What separator do you want between the Category name and the count?<br />Default = -&amp;gt;',19,25,NULL,'2003-11-21 22:16:36',NULL,'zen_cfg_textarea_small('),(410,'Categories Separator between the Category Name and Sub Categories','CATEGORIES_SEPARATOR_SUBS','|_&nbsp;','What separator do you want between the Category name and Sub Category Name?<br />Default = |_&amp;nbsp;',19,26,NULL,'2004-03-25 22:16:36',NULL,'zen_cfg_textarea_small('),(411,'Categories Count Prefix','CATEGORIES_COUNT_PREFIX','&nbsp;(','What do you want to Prefix the count with?<br />Default= (',19,27,NULL,'2003-01-21 22:16:36',NULL,'zen_cfg_textarea_small('),(412,'Categories Count Suffix','CATEGORIES_COUNT_SUFFIX',')','What do you want as a Suffix to the count?<br />Default= )',19,28,NULL,'2003-01-21 22:16:36',NULL,'zen_cfg_textarea_small('),(413,'Categories SubCategories Indent','CATEGORIES_SUBCATEGORIES_INDENT','&nbsp;&nbsp;','What do you want to use as the subcategories indent?<br />Default= &nbsp;&nbsp;',19,29,NULL,'2004-06-24 22:16:36',NULL,'zen_cfg_textarea_small('),(414,'Categories with 0 Products Status','CATEGORIES_COUNT_ZERO','0','Show Category Count for 0 Products?<br />0= off<br />1= on',19,30,NULL,'2010-07-05 21:25:32',NULL,'zen_cfg_select_option(array(\'0\', \'1\'), '),(415,'Split Categories Box','CATEGORIES_SPLIT_DISPLAY','True','Split the categories box display by product type',19,31,NULL,'2010-07-05 21:25:32',NULL,'zen_cfg_select_option(array(\'True\', \'False\'), '),(416,'Shopping Cart - Show Totals','SHOW_TOTALS_IN_CART','1','Show Totals Above Shopping Cart?<br />0= off<br />1= on: Items Weight Amount<br />2= on: Items Weight Amount, but no weight when 0<br />3= on: Items Amount',19,31,NULL,'2010-07-05 21:25:32',NULL,'zen_cfg_select_option(array(\'0\', \'1\', \'2\', \'3\'), '),(417,'Customer Greeting - Show on Index Page','SHOW_CUSTOMER_GREETING','1','Always Show Customer Greeting on Index?<br />0= off<br />1= on',19,40,NULL,'2010-07-05 21:25:32',NULL,'zen_cfg_select_option(array(\'0\', \'1\'), '),(418,'Categories - Always Show on Main Page','SHOW_CATEGORIES_ALWAYS','1','Always Show Categories on Main Page<br />0= off<br />1= on<br />Default category can be set to Top Level or a Specific Top Level',19,45,'2010-07-06 16:11:59','2010-07-05 21:25:32',NULL,'zen_cfg_select_option(array(\'0\', \'1\'), '),(419,'Main Page - Opens with Category','CATEGORIES_START_MAIN','0','0= Top Level Categories<br />Or enter the Category ID#<br />Note: Sub Categories can also be used Example: 3_10',19,46,'2010-07-07 18:11:21','2010-07-05 21:25:32','',''),(420,'Categories - Always Open to Show SubCategories','SHOW_CATEGORIES_SUBCATEGORIES_ALWAYS','1','Always Show Categories and SubCategories<br />0= off, just show Top Categories<br />1= on, Always show Categories and SubCategories when selected',19,47,NULL,'2010-07-05 21:25:32',NULL,'zen_cfg_select_option(array(\'0\', \'1\'), '),(421,'Banner Display Groups - Header Position 1','SHOW_BANNERS_GROUP_SET1','','The Banner Display Groups can be from 1 Banner Group or Multiple Banner Groups<br /><br />For Multiple Banner Groups enter the Banner Group Name separated by a colon <strong>:</strong><br /><br />Example: Wide-Banners:SideBox-Banners<br /><br />What Banner Group(s) do you want to use in the Header Position 1?<br />Leave blank for none',19,55,NULL,'2010-07-05 21:25:32','',''),(422,'Banner Display Groups - Header Position 2','SHOW_BANNERS_GROUP_SET2','','The Banner Display Groups can be from 1 Banner Group or Multiple Banner Groups<br /><br />For Multiple Banner Groups enter the Banner Group Name separated by a colon <strong>:</strong><br /><br />Example: Wide-Banners:SideBox-Banners<br /><br />What Banner Group(s) do you want to use in the Header Position 2?<br />Leave blank for none',19,56,NULL,'2010-07-05 21:25:32','',''),(423,'Banner Display Groups - Header Position 3','SHOW_BANNERS_GROUP_SET3','','The Banner Display Groups can be from 1 Banner Group or Multiple Banner Groups<br /><br />For Multiple Banner Groups enter the Banner Group Name separated by a colon <strong>:</strong><br /><br />Example: Wide-Banners:SideBox-Banners<br /><br />What Banner Group(s) do you want to use in the Header Position 3?<br />Leave blank for none',19,57,NULL,'2010-07-05 21:25:32','',''),(424,'Banner Display Groups - Footer Position 1','SHOW_BANNERS_GROUP_SET4','','The Banner Display Groups can be from 1 Banner Group or Multiple Banner Groups<br /><br />For Multiple Banner Groups enter the Banner Group Name separated by a colon <strong>:</strong><br /><br />Example: Wide-Banners:SideBox-Banners<br /><br />What Banner Group(s) do you want to use in the Footer Position 1?<br />Leave blank for none',19,65,NULL,'2010-07-05 21:25:32','',''),(425,'Banner Display Groups - Footer Position 2','SHOW_BANNERS_GROUP_SET5','','The Banner Display Groups can be from 1 Banner Group or Multiple Banner Groups<br /><br />For Multiple Banner Groups enter the Banner Group Name separated by a colon <strong>:</strong><br /><br />Example: Wide-Banners:SideBox-Banners<br /><br />What Banner Group(s) do you want to use in the Footer Position 2?<br />Leave blank for none',19,66,NULL,'2010-07-05 21:25:32','',''),(426,'Banner Display Groups - Footer Position 3','SHOW_BANNERS_GROUP_SET6','Wide-Banners','The Banner Display Groups can be from 1 Banner Group or Multiple Banner Groups<br /><br />For Multiple Banner Groups enter the Banner Group Name separated by a colon <strong>:</strong><br /><br />Example: Wide-Banners:SideBox-Banners<br /><br />Default Group is Wide-Banners<br /><br />What Banner Group(s) do you want to use in the Footer Position 3?<br />Leave blank for none',19,67,NULL,'2010-07-05 21:25:32','',''),(427,'Banner Display Groups - Side Box banner_box','SHOW_BANNERS_GROUP_SET7','SideBox-Banners','The Banner Display Groups can be from 1 Banner Group or Multiple Banner Groups<br /><br />For Multiple Banner Groups enter the Banner Group Name separated by a colon <strong>:</strong><br /><br />Example: Wide-Banners:SideBox-Banners<br />Default Group is SideBox-Banners<br /><br />What Banner Group(s) do you want to use in the Side Box - banner_box?<br />Leave blank for none',19,70,NULL,'2010-07-05 21:25:32','',''),(428,'Banner Display Groups - Side Box banner_box2','SHOW_BANNERS_GROUP_SET8','SideBox-Banners','The Banner Display Groups can be from 1 Banner Group or Multiple Banner Groups<br /><br />For Multiple Banner Groups enter the Banner Group Name separated by a colon <strong>:</strong><br /><br />Example: Wide-Banners:SideBox-Banners<br />Default Group is SideBox-Banners<br /><br />What Banner Group(s) do you want to use in the Side Box - banner_box2?<br />Leave blank for none',19,71,NULL,'2010-07-05 21:25:32','',''),(429,'Banner Display Group - Side Box banner_box_all','SHOW_BANNERS_GROUP_SET_ALL','BannersAll','The Banner Display Group may only be from one (1) Banner Group for the Banner All sidebox<br /><br />Default Group is BannersAll<br /><br />What Banner Group do you want to use in the Side Box - banner_box_all?<br />Leave blank for none',19,72,NULL,'2010-07-05 21:25:32','',''),(430,'Footer - Show IP Address status','SHOW_FOOTER_IP','1','Show Customer IP Address in the Footer<br />0= off<br />1= on<br />Should the Customer IP Address show in the footer?',19,80,NULL,'2010-07-05 21:25:32',NULL,'zen_cfg_select_option(array(\'0\', \'1\'), '),(431,'Product Discount Quantities - Add how many blank discounts?','DISCOUNT_QTY_ADD','5','How many blank discount quantities should be added for Product Pricing?',19,90,NULL,'2010-07-05 21:25:32','',''),(432,'Product Discount Quantities - Display how many per row?','DISCOUNT_QUANTITY_PRICES_COLUMN','5','How many discount quantities should show per row on Product Info Pages?',19,95,NULL,'2010-07-05 21:25:32','',''),(433,'Categories/Products Display Sort Order','CATEGORIES_PRODUCTS_SORT_ORDER','0','Categories/Products Display Sort Order<br />0= Categories/Products Sort Order/Name<br />1= Categories/Products Name<br />2= Products Model<br />3= Products Qty+, Products Name<br />4= Products Qty-, Products Name<br />5= Products Price+, Products Name<br />6= Products Price-, Products Name',19,100,NULL,'2010-07-05 21:25:32',NULL,'zen_cfg_select_option(array(\'0\', \'1\', \'2\', \'3\', \'4\', \'5\', \'6\'), '),(434,'Option Names and Values Global Add, Copy and Delete Features Status','OPTION_NAMES_VALUES_GLOBAL_STATUS','1','Option Names and Values Global Add, Copy and Delete Features Status<br />0= Hide Features<br />1= Show Features<br />(Default=1)',19,110,NULL,'2010-07-05 21:25:32',NULL,'zen_cfg_select_option(array(\'0\', \'1\'), '),(435,'Categories-Tabs Menu ON/OFF','CATEGORIES_TABS_STATUS','1','Categories-Tabs<br />This enables the display of your store\'s categories as a menu across the top of your header. There are many potential creative uses for this.<br />0= Hide Categories Tabs<br />1= Show Categories Tabs',19,112,NULL,'2010-07-05 21:25:32',NULL,'zen_cfg_select_option(array(\'0\', \'1\'), '),(436,'Site Map - include My Account Links?','SHOW_ACCOUNT_LINKS_ON_SITE_MAP','No','Should the links to My Account show up on the site-map?<br />Note: Spiders will try to index this page, and likely should not be sent to secure pages, since there is no benefit in indexing a login page.<br /><br />Default: false',19,115,NULL,'2010-07-05 21:25:32',NULL,'zen_cfg_select_option(array(\'Yes\', \'No\'), '),(437,'Skip 1-prod Categories','SKIP_SINGLE_PRODUCT_CATEGORIES','True','Skip single-product categories<br />If this option is set to True, then if the customer clicks on a link to a category which only contains a single item, then Zen Cart will take them directly to that product-page, rather than present them with another link to click in order to see the product.<br />Default: True',19,120,'2010-07-06 22:18:01','2010-07-05 21:25:32',NULL,'zen_cfg_select_option(array(\'True\', \'False\'), '),(438,'Use split-login page','USE_SPLIT_LOGIN_MODE','False','The login page can be displayed in two modes: Split or Vertical.<br />In Split mode, the create-account options are accessed by clicking a button to get to the create-account page.  In Vertical mode, the create-account input fields are all displayed inline, below the login field, making one less click for the customer to create their account.<br />Default: False',19,121,NULL,'2010-07-05 21:25:32',NULL,'zen_cfg_select_option(array(\'True\', \'False\'), '),(439,'CSS Buttons','IMAGE_USE_CSS_BUTTONS','No','CSS Buttons<br />Use CSS buttons instead of images (GIF/JPG)?<br />Button styles must be configured in the stylesheet if you enable this option.',19,147,NULL,'2010-07-05 21:25:32',NULL,'zen_cfg_select_option(array(\'No\', \'Yes\'), '),(440,'<strong>Down for Maintenance: ON/OFF</strong>','DOWN_FOR_MAINTENANCE','false','Down for Maintenance <br />(true=on false=off)',20,1,NULL,'2010-07-05 21:25:32',NULL,'zen_cfg_select_option(array(\'true\', \'false\'), '),(441,'Down for Maintenance: filename','DOWN_FOR_MAINTENANCE_FILENAME','down_for_maintenance','Down for Maintenance filename<br />Note: Do not include the extension<br />Default=down_for_maintenance',20,2,NULL,'2010-07-05 21:25:32',NULL,''),(442,'Down for Maintenance: Hide Header','DOWN_FOR_MAINTENANCE_HEADER_OFF','false','Down for Maintenance: Hide Header <br />(true=hide false=show)',20,3,NULL,'2010-07-05 21:25:32',NULL,'zen_cfg_select_option(array(\'true\', \'false\'), '),(443,'Down for Maintenance: Hide Column Left','DOWN_FOR_MAINTENANCE_COLUMN_LEFT_OFF','false','Down for Maintenance: Hide Column Left <br />(true=hide false=show)',20,4,NULL,'2010-07-05 21:25:32',NULL,'zen_cfg_select_option(array(\'true\', \'false\'), '),(444,'Down for Maintenance: Hide Column Right','DOWN_FOR_MAINTENANCE_COLUMN_RIGHT_OFF','false','Down for Maintenance: Hide Column Right <br />(true=hide false=show)',20,5,NULL,'2010-07-05 21:25:32',NULL,'zen_cfg_select_option(array(\'true\', \'false\'), '),(445,'Down for Maintenance: Hide Footer','DOWN_FOR_MAINTENANCE_FOOTER_OFF','false','Down for Maintenance: Hide Footer <br />(true=hide false=show)',20,6,NULL,'2010-07-05 21:25:32',NULL,'zen_cfg_select_option(array(\'true\', \'false\'), '),(446,'Down for Maintenance: Hide Prices','DOWN_FOR_MAINTENANCE_PRICES_OFF','false','Down for Maintenance: Hide Prices <br />(true=hide false=show)',20,7,NULL,'2010-07-05 21:25:32',NULL,'zen_cfg_select_option(array(\'true\', \'false\'), '),(447,'Down For Maintenance (exclude this IP-Address)','EXCLUDE_ADMIN_IP_FOR_MAINTENANCE','your IP (ADMIN)','This IP Address is able to access the website while it is Down For Maintenance (like webmaster)<br />To enter multiple IP Addresses, separate with a comma. If you do not know your IP Address, check in the Footer of your Shop.',20,8,'2003-03-21 13:43:22','2003-03-21 21:20:07',NULL,NULL),(448,'NOTICE PUBLIC Before going Down for Maintenance: ON/OFF','WARN_BEFORE_DOWN_FOR_MAINTENANCE','false','Give a WARNING some time before you put your website Down for Maintenance<br />(true=on false=off)<br />If you set the \'Down For Maintenance: ON/OFF\' to true this will automaticly be updated to false',20,9,'2003-03-21 13:08:25','2003-03-21 11:42:47',NULL,'zen_cfg_select_option(array(\'true\', \'false\'),'),(449,'Date and hours for notice before maintenance','PERIOD_BEFORE_DOWN_FOR_MAINTENANCE','15/05/2003  2-3 PM','Date and hours for notice before maintenance website, enter date and hours for maintenance website',20,10,'2003-03-21 13:08:25','2003-03-21 11:42:47',NULL,NULL),(450,'Display when webmaster has enabled maintenance','DISPLAY_MAINTENANCE_TIME','false','Display when Webmaster has enabled maintenance <br />(true=on false=off)<br />',20,11,'2003-03-21 13:08:25','2003-03-21 11:42:47',NULL,'zen_cfg_select_option(array(\'true\', \'false\'),'),(451,'Display website maintenance period','DISPLAY_MAINTENANCE_PERIOD','false','Display Website maintenance period <br />(true=on false=off)<br />',20,12,'2003-03-21 13:08:25','2003-03-21 11:42:47',NULL,'zen_cfg_select_option(array(\'true\', \'false\'),'),(452,'Website maintenance period','TEXT_MAINTENANCE_PERIOD_TIME','2h00','Enter Website Maintenance period (hh:mm)',20,13,'2003-03-21 13:08:25','2003-03-21 11:42:47',NULL,NULL),(453,'Confirm Terms and Conditions During Checkout Procedure','DISPLAY_CONDITIONS_ON_CHECKOUT','false','Show the Terms and Conditions during the checkout procedure which the customer must agree to.',11,1,NULL,'2010-07-05 21:25:32',NULL,'zen_cfg_select_option(array(\'true\', \'false\'), '),(454,'Confirm Privacy Notice During Account Creation Procedure','DISPLAY_PRIVACY_CONDITIONS','false','Show the Privacy Notice during the account creation procedure which the customer must agree to.',11,2,NULL,'2010-07-05 21:25:32',NULL,'zen_cfg_select_option(array(\'true\', \'false\'), '),(455,'Display Product Image','PRODUCT_NEW_LIST_IMAGE','1102','Do you want to display the Product Image?<br /><br />0= off<br />1st digit Left or Right<br />2nd and 3rd digit Sort Order<br />4th digit number of breaks after<br />',21,1,NULL,'2010-07-05 21:25:32',NULL,NULL),(456,'Display Product Quantity','PRODUCT_NEW_LIST_QUANTITY','1202','Do you want to display the Product Quantity?<br /><br />0= off<br />1st digit Left or Right<br />2nd and 3rd digit Sort Order<br />4th digit number of breaks after<br />',21,2,NULL,'2010-07-05 21:25:32',NULL,NULL),(457,'Display Product Buy Now Button','PRODUCT_NEW_BUY_NOW','1300','Do you want to display the Product Buy Now Button<br /><br />0= off<br />1st digit Left or Right<br />2nd and 3rd digit Sort Order<br />4th digit number of breaks after<br />',21,3,NULL,'2010-07-05 21:25:32',NULL,NULL),(458,'Display Product Name','PRODUCT_NEW_LIST_NAME','2101','Do you want to display the Product Name?<br /><br />0= off<br />1st digit Left or Right<br />2nd and 3rd digit Sort Order<br />4th digit number of breaks after<br />',21,4,NULL,'2010-07-05 21:25:32',NULL,NULL),(459,'Display Product Model','PRODUCT_NEW_LIST_MODEL','2201','Do you want to display the Product Model?<br /><br />0= off<br />1st digit Left or Right<br />2nd and 3rd digit Sort Order<br />4th digit number of breaks after<br />',21,5,NULL,'2010-07-05 21:25:32',NULL,NULL),(460,'Display Product Manufacturer Name','PRODUCT_NEW_LIST_MANUFACTURER','2302','Do you want to display the Product Manufacturer Name?<br /><br />0= off<br />1st digit Left or Right<br />2nd and 3rd digit Sort Order<br />4th digit number of breaks after<br />',21,6,NULL,'2010-07-05 21:25:32',NULL,NULL),(461,'Display Product Price','PRODUCT_NEW_LIST_PRICE','2402','Do you want to display the Product Price<br /><br />0= off<br />1st digit Left or Right<br />2nd and 3rd digit Sort Order<br />4th digit number of breaks after<br />',21,7,NULL,'2010-07-05 21:25:32',NULL,NULL),(462,'Display Product Weight','PRODUCT_NEW_LIST_WEIGHT','2502','Do you want to display the Product Weight?<br /><br />0= off<br />1st digit Left or Right<br />2nd and 3rd digit Sort Order<br />4th digit number of breaks after<br />',21,8,NULL,'2010-07-05 21:25:32',NULL,NULL),(463,'Display Product Date Added','PRODUCT_NEW_LIST_DATE_ADDED','2601','Do you want to display the Product Date Added?<br /><br />0= off<br />1st digit Left or Right<br />2nd and 3rd digit Sort Order<br />4th digit number of breaks after<br />',21,9,NULL,'2010-07-05 21:25:32',NULL,NULL),(464,'Display Product Description','PRODUCT_NEW_LIST_DESCRIPTION','150','How many characters do you want to display of the Product Description?<br /><br />0= OFF<br />150= Suggested Length, or enter the maximum number of characters to display',21,10,NULL,'2010-07-05 21:25:32',NULL,NULL),(465,'Display Product Display - Default Sort Order','PRODUCT_NEW_LIST_SORT_DEFAULT','6','What Sort Order Default should be used for New Products Display?<br />Default= 6 for Date New to Old<br /><br />1= Products Name<br />2= Products Name Desc<br />3= Price low to high, Products Name<br />4= Price high to low, Products Name<br />5= Model<br />6= Date Added desc<br />7= Date Added<br />8= Product Sort Order',21,11,NULL,'2010-07-05 21:25:32',NULL,'zen_cfg_select_option(array(\'1\', \'2\', \'3\', \'4\', \'5\', \'6\', \'7\', \'8\'), '),(466,'Default Products New Group ID','PRODUCT_NEW_LIST_GROUP_ID','21','Warning: Only change this if your Products New Group ID has changed from the default of 21<br />What is the configuration_group_id for New Products Listings?',21,12,NULL,'2010-07-05 21:25:32',NULL,NULL),(467,'Display Multiple Products Qty Box Status and Set Button Location','PRODUCT_NEW_LISTING_MULTIPLE_ADD_TO_CART','3','Do you want to display Add Multiple Products Qty Box and Set Button Location?<br />0= off<br />1= Top<br />2= Bottom<br />3= Both',21,25,NULL,'2010-07-05 21:25:32',NULL,'zen_cfg_select_option(array(\'0\', \'1\', \'2\', \'3\'), '),(468,'Mask Upcoming Products from being include as New Products','SHOW_NEW_PRODUCTS_UPCOMING_MASKED','0','Do you want to mask Upcoming Products from being included as New Products in Listing, Sideboxes and Centerbox?<br />0= off<br />1= on',21,30,NULL,'2010-07-05 21:25:32',NULL,'zen_cfg_select_option(array(\'0\', \'1\'), '),(469,'Display Product Image','PRODUCT_FEATURED_LIST_IMAGE','1102','Do you want to display the Product Image?<br /><br />0= off<br />1st digit Left or Right<br />2nd and 3rd digit Sort Order<br />4th digit number of breaks after<br />',22,1,NULL,'2010-07-05 21:25:32',NULL,NULL),(470,'Display Product Quantity','PRODUCT_FEATURED_LIST_QUANTITY','1202','Do you want to display the Product Quantity?<br /><br />0= off<br />1st digit Left or Right<br />2nd and 3rd digit Sort Order<br />4th digit number of breaks after<br />',22,2,NULL,'2010-07-05 21:25:32',NULL,NULL),(471,'Display Product Buy Now Button','PRODUCT_FEATURED_BUY_NOW','1300','Do you want to display the Product Buy Now Button<br /><br />0= off<br />1st digit Left or Right<br />2nd and 3rd digit Sort Order<br />4th digit number of breaks after<br />',22,3,NULL,'2010-07-05 21:25:32',NULL,NULL),(472,'Display Product Name','PRODUCT_FEATURED_LIST_NAME','2101','Do you want to display the Product Name?<br /><br />0= off<br />1st digit Left or Right<br />2nd and 3rd digit Sort Order<br />4th digit number of breaks after<br />',22,4,NULL,'2010-07-05 21:25:32',NULL,NULL),(473,'Display Product Model','PRODUCT_FEATURED_LIST_MODEL','2201','Do you want to display the Product Model?<br /><br />0= off<br />1st digit Left or Right<br />2nd and 3rd digit Sort Order<br />4th digit number of breaks after<br />',22,5,NULL,'2010-07-05 21:25:32',NULL,NULL),(474,'Display Product Manufacturer Name','PRODUCT_FEATURED_LIST_MANUFACTURER','2302','Do you want to display the Product Manufacturer Name?<br /><br />0= off<br />1st digit Left or Right<br />2nd and 3rd digit Sort Order<br />4th digit number of breaks after<br />',22,6,NULL,'2010-07-05 21:25:32',NULL,NULL),(475,'Display Product Price','PRODUCT_FEATURED_LIST_PRICE','2402','Do you want to display the Product Price<br /><br />0= off<br />1st digit Left or Right<br />2nd and 3rd digit Sort Order<br />4th digit number of breaks after<br />',22,7,NULL,'2010-07-05 21:25:32',NULL,NULL),(476,'Display Product Weight','PRODUCT_FEATURED_LIST_WEIGHT','2502','Do you want to display the Product Weight?<br /><br />0= off<br />1st digit Left or Right<br />2nd and 3rd digit Sort Order<br />4th digit number of breaks after<br />',22,8,NULL,'2010-07-05 21:25:32',NULL,NULL),(477,'Display Product Date Added','PRODUCT_FEATURED_LIST_DATE_ADDED','2601','Do you want to display the Product Date Added?<br /><br />0= off<br />1st digit Left or Right<br />2nd and 3rd digit Sort Order<br />4th digit number of breaks after<br />',22,9,NULL,'2010-07-05 21:25:32',NULL,NULL),(478,'Display Product Description','PRODUCT_FEATURED_LIST_DESCRIPTION','150','How many characters do you want to display of the Product Description?<br /><br />0= OFF<br />150= Suggested Length, or enter the maximum number of characters to display',22,10,NULL,'2010-07-05 21:25:32',NULL,NULL),(479,'Display Product Display - Default Sort Order','PRODUCT_FEATURED_LIST_SORT_DEFAULT','1','What Sort Order Default should be used for Featured Product Display?<br />Default= 1 for Product Name<br /><br />1= Products Name<br />2= Products Name Desc<br />3= Price low to high, Products Name<br />4= Price high to low, Products Name<br />5= Model<br />6= Date Added desc<br />7= Date Added<br />8= Product Sort Order',22,11,NULL,'2010-07-05 21:25:32',NULL,'zen_cfg_select_option(array(\'1\', \'2\', \'3\', \'4\', \'5\', \'6\', \'7\', \'8\'), '),(480,'Default Featured Products Group ID','PRODUCT_FEATURED_LIST_GROUP_ID','22','Warning: Only change this if your Featured Products Group ID has changed from the default of 22<br />What is the configuration_group_id for Featured Products Listings?',22,12,NULL,'2010-07-05 21:25:32',NULL,NULL),(481,'Display Multiple Products Qty Box Status and Set Button Location','PRODUCT_FEATURED_LISTING_MULTIPLE_ADD_TO_CART','3','Do you want to display Add Multiple Products Qty Box and Set Button Location?<br />0= off<br />1= Top<br />2= Bottom<br />3= Both',22,25,NULL,'2010-07-05 21:25:32',NULL,'zen_cfg_select_option(array(\'0\', \'1\', \'2\', \'3\'), '),(482,'Display Product Image','PRODUCT_ALL_LIST_IMAGE','1102','Do you want to display the Product Image?<br /><br />0= off<br />1st digit Left or Right<br />2nd and 3rd digit Sort Order<br />4th digit number of breaks after<br />',23,1,NULL,'2010-07-05 21:25:32',NULL,NULL),(483,'Display Product Quantity','PRODUCT_ALL_LIST_QUANTITY','1202','Do you want to display the Product Quantity?<br /><br />0= off<br />1st digit Left or Right<br />2nd and 3rd digit Sort Order<br />4th digit number of breaks after<br />',23,2,NULL,'2010-07-05 21:25:32',NULL,NULL),(484,'Display Product Buy Now Button','PRODUCT_ALL_BUY_NOW','1300','Do you want to display the Product Buy Now Button<br /><br />0= off<br />1st digit Left or Right<br />2nd and 3rd digit Sort Order<br />4th digit number of breaks after<br />',23,3,NULL,'2010-07-05 21:25:32',NULL,NULL),(485,'Display Product Name','PRODUCT_ALL_LIST_NAME','2101','Do you want to display the Product Name?<br /><br />0= off<br />1st digit Left or Right<br />2nd and 3rd digit Sort Order<br />4th digit number of breaks after<br />',23,4,NULL,'2010-07-05 21:25:32',NULL,NULL),(486,'Display Product Model','PRODUCT_ALL_LIST_MODEL','2201','Do you want to display the Product Model?<br /><br />0= off<br />1st digit Left or Right<br />2nd and 3rd digit Sort Order<br />4th digit number of breaks after<br />',23,5,NULL,'2010-07-05 21:25:32',NULL,NULL),(487,'Display Product Manufacturer Name','PRODUCT_ALL_LIST_MANUFACTURER','2302','Do you want to display the Product Manufacturer Name?<br /><br />0= off<br />1st digit Left or Right<br />2nd and 3rd digit Sort Order<br />4th digit number of breaks after<br />',23,6,NULL,'2010-07-05 21:25:32',NULL,NULL),(488,'Display Product Price','PRODUCT_ALL_LIST_PRICE','2402','Do you want to display the Product Price<br /><br />0= off<br />1st digit Left or Right<br />2nd and 3rd digit Sort Order<br />4th digit number of breaks after<br />',23,7,NULL,'2010-07-05 21:25:32',NULL,NULL),(489,'Display Product Weight','PRODUCT_ALL_LIST_WEIGHT','2502','Do you want to display the Product Weight?<br /><br />0= off<br />1st digit Left or Right<br />2nd and 3rd digit Sort Order<br />4th digit number of breaks after<br />',23,8,NULL,'2010-07-05 21:25:32',NULL,NULL),(490,'Display Product Date Added','PRODUCT_ALL_LIST_DATE_ADDED','2601','Do you want to display the Product Date Added?<br /><br />0= off<br />1st digit Left or Right<br />2nd and 3rd digit Sort Order<br />4th digit number of breaks after<br />',23,9,NULL,'2010-07-05 21:25:32',NULL,NULL),(491,'Display Product Description','PRODUCT_ALL_LIST_DESCRIPTION','150','How many characters do you want to display of the Product Description?<br /><br />0= OFF<br />150= Suggested Length, or enter the maximum number of characters to display',23,10,NULL,'2010-07-05 21:25:32',NULL,NULL),(492,'Display Product Display - Default Sort Order','PRODUCT_ALL_LIST_SORT_DEFAULT','1','What Sort Order Default should be used for All Products Display?<br />Default= 1 for Product Name<br /><br />1= Products Name<br />2= Products Name Desc<br />3= Price low to high, Products Name<br />4= Price high to low, Products Name<br />5= Model<br />6= Date Added desc<br />7= Date Added<br />8= Product Sort Order',23,11,NULL,'2010-07-05 21:25:32',NULL,'zen_cfg_select_option(array(\'1\', \'2\', \'3\', \'4\', \'5\', \'6\', \'7\', \'8\'), '),(493,'Default Products All Group ID','PRODUCT_ALL_LIST_GROUP_ID','23','Warning: Only change this if your Products All Group ID has changed from the default of 23<br />What is the configuration_group_id for Products All Listings?',23,12,NULL,'2010-07-05 21:25:32',NULL,NULL),(494,'Display Multiple Products Qty Box Status and Set Button Location','PRODUCT_ALL_LISTING_MULTIPLE_ADD_TO_CART','3','Do you want to display Add Multiple Products Qty Box and Set Button Location?<br />0= off<br />1= Top<br />2= Bottom<br />3= Both',23,25,NULL,'2010-07-05 21:25:32',NULL,'zen_cfg_select_option(array(\'0\', \'1\', \'2\', \'3\'), '),(495,'Show New Products on Main Page','SHOW_PRODUCT_INFO_MAIN_NEW_PRODUCTS','1','Show New Products on Main Page<br />0= off or set the sort order',24,65,NULL,'2010-07-05 21:25:32',NULL,'zen_cfg_select_option(array(\'0\', \'1\', \'2\', \'3\', \'4\'), '),(496,'Show Featured Products on Main Page','SHOW_PRODUCT_INFO_MAIN_FEATURED_PRODUCTS','2','Show Featured Products on Main Page<br />0= off or set the sort order',24,66,NULL,'2010-07-05 21:25:32',NULL,'zen_cfg_select_option(array(\'0\', \'1\', \'2\', \'3\', \'4\'), '),(497,'Show Special Products on Main Page','SHOW_PRODUCT_INFO_MAIN_SPECIALS_PRODUCTS','3','Show Special Products on Main Page<br />0= off or set the sort order',24,67,NULL,'2010-07-05 21:25:32',NULL,'zen_cfg_select_option(array(\'0\', \'1\', \'2\', \'3\', \'4\'), '),(498,'Show Upcoming Products on Main Page','SHOW_PRODUCT_INFO_MAIN_UPCOMING','4','Show Upcoming Products on Main Page<br />0= off or set the sort order',24,68,NULL,'2010-07-05 21:25:32',NULL,'zen_cfg_select_option(array(\'0\', \'1\', \'2\', \'3\', \'4\'), '),(499,'Show New Products on Main Page - Category with SubCategories','SHOW_PRODUCT_INFO_CATEGORY_NEW_PRODUCTS','1','Show New Products on Main Page - Category with SubCategories<br />0= off or set the sort order',24,70,NULL,'2010-07-05 21:25:32',NULL,'zen_cfg_select_option(array(\'0\', \'1\', \'2\', \'3\', \'4\'), '),(500,'Show Featured Products on Main Page - Category with SubCategories','SHOW_PRODUCT_INFO_CATEGORY_FEATURED_PRODUCTS','2','Show Featured Products on Main Page - Category with SubCategories<br />0= off or set the sort order',24,71,NULL,'2010-07-05 21:25:32',NULL,'zen_cfg_select_option(array(\'0\', \'1\', \'2\', \'3\', \'4\'), '),(501,'Show Special Products on Main Page - Category with SubCategories','SHOW_PRODUCT_INFO_CATEGORY_SPECIALS_PRODUCTS','3','Show Special Products on Main Page - Category with SubCategories<br />0= off or set the sort order',24,72,NULL,'2010-07-05 21:25:32',NULL,'zen_cfg_select_option(array(\'0\', \'1\', \'2\', \'3\', \'4\'), '),(502,'Show Upcoming Products on Main Page - Category with SubCategories','SHOW_PRODUCT_INFO_CATEGORY_UPCOMING','4','Show Upcoming Products on Main Page - Category with SubCategories<br />0= off or set the sort order',24,73,NULL,'2010-07-05 21:25:32',NULL,'zen_cfg_select_option(array(\'0\', \'1\', \'2\', \'3\', \'4\'), '),(503,'Show New Products on Main Page - Errors and Missing Products Page','SHOW_PRODUCT_INFO_MISSING_NEW_PRODUCTS','1','Show New Products on Main Page - Errors and Missing Product<br />0= off or set the sort order',24,75,NULL,'2010-07-05 21:25:32',NULL,'zen_cfg_select_option(array(\'0\', \'1\', \'2\', \'3\', \'4\'), '),(504,'Show Featured Products on Main Page - Errors and Missing Products Page','SHOW_PRODUCT_INFO_MISSING_FEATURED_PRODUCTS','2','Show Featured Products on Main Page - Errors and Missing Product<br />0= off or set the sort order',24,76,NULL,'2010-07-05 21:25:32',NULL,'zen_cfg_select_option(array(\'0\', \'1\', \'2\', \'3\', \'4\'), '),(505,'Show Special Products on Main Page - Errors and Missing Products Page','SHOW_PRODUCT_INFO_MISSING_SPECIALS_PRODUCTS','3','Show Special Products on Main Page - Errors and Missing Product<br />0= off or set the sort order',24,77,NULL,'2010-07-05 21:25:32',NULL,'zen_cfg_select_option(array(\'0\', \'1\', \'2\', \'3\', \'4\'), '),(506,'Show Upcoming Products on Main Page - Errors and Missing Products Page','SHOW_PRODUCT_INFO_MISSING_UPCOMING','4','Show Upcoming Products on Main Page - Errors and Missing Product<br />0= off or set the sort order',24,78,NULL,'2010-07-05 21:25:32',NULL,'zen_cfg_select_option(array(\'0\', \'1\', \'2\', \'3\', \'4\'), '),(507,'Show New Products - below Product Listing','SHOW_PRODUCT_INFO_LISTING_BELOW_NEW_PRODUCTS','1','Show New Products below Product Listing<br />0= off or set the sort order',24,85,NULL,'2010-07-05 21:25:32',NULL,'zen_cfg_select_option(array(\'0\', \'1\', \'2\', \'3\', \'4\'), '),(508,'Show Featured Products - below Product Listing','SHOW_PRODUCT_INFO_LISTING_BELOW_FEATURED_PRODUCTS','2','Show Featured Products below Product Listing<br />0= off or set the sort order',24,86,NULL,'2010-07-05 21:25:32',NULL,'zen_cfg_select_option(array(\'0\', \'1\', \'2\', \'3\', \'4\'), '),(509,'Show Special Products - below Product Listing','SHOW_PRODUCT_INFO_LISTING_BELOW_SPECIALS_PRODUCTS','3','Show Special Products below Product Listing<br />0= off or set the sort order',24,87,NULL,'2010-07-05 21:25:32',NULL,'zen_cfg_select_option(array(\'0\', \'1\', \'2\', \'3\', \'4\'), '),(510,'Show Upcoming Products - below Product Listing','SHOW_PRODUCT_INFO_LISTING_BELOW_UPCOMING','4','Show Upcoming Products below Product Listing<br />0= off or set the sort order',24,88,NULL,'2010-07-05 21:25:32',NULL,'zen_cfg_select_option(array(\'0\', \'1\', \'2\', \'3\', \'4\'), '),(511,'New Products Columns per Row','SHOW_PRODUCT_INFO_COLUMNS_NEW_PRODUCTS','3','New Products Columns per Row',24,95,NULL,'2010-07-05 21:25:32',NULL,'zen_cfg_select_option(array(\'1\', \'2\', \'3\', \'4\', \'5\', \'6\', \'7\', \'8\', \'9\', \'10\', \'11\', \'12\'), '),(512,'Featured Products Columns per Row','SHOW_PRODUCT_INFO_COLUMNS_FEATURED_PRODUCTS','3','Featured Products Columns per Row',24,96,NULL,'2010-07-05 21:25:32',NULL,'zen_cfg_select_option(array(\'1\', \'2\', \'3\', \'4\', \'5\', \'6\', \'7\', \'8\', \'9\', \'10\', \'11\', \'12\'), '),(513,'Special Products Columns per Row','SHOW_PRODUCT_INFO_COLUMNS_SPECIALS_PRODUCTS','3','Special Products Columns per Row',24,97,NULL,'2010-07-05 21:25:32',NULL,'zen_cfg_select_option(array(\'1\', \'2\', \'3\', \'4\', \'5\', \'6\', \'7\', \'8\', \'9\', \'10\', \'11\', \'12\'), '),(514,'Filter Product Listing for Current Top Level Category When Enabled','SHOW_PRODUCT_INFO_ALL_PRODUCTS','1','Filter the products when Product Listing is enabled for current Main Category or show products from all categories?<br />0= Filter Off 1=Filter On ',24,100,NULL,'2010-07-05 21:25:32',NULL,'zen_cfg_select_option(array(\'0\', \'1\'), '),(515,'Define Main Page Status','DEFINE_MAIN_PAGE_STATUS','1','Enable the Defined Main Page Link/Text?<br />0= Link ON, Define Text OFF<br />1= Link ON, Define Text ON<br />2= Link OFF, Define Text ON<br />3= Link OFF, Define Text OFF',25,60,'2010-07-05 21:25:32','2010-07-05 21:25:32',NULL,'zen_cfg_select_option(array(\'0\', \'1\', \'2\', \'3\'),'),(516,'Define Contact Us Status','DEFINE_CONTACT_US_STATUS','1','Enable the Defined Contact Us Link/Text?<br />0= Link ON, Define Text OFF<br />1= Link ON, Define Text ON<br />2= Link OFF, Define Text ON<br />3= Link OFF, Define Text OFF',25,61,'2010-07-05 21:25:32','2010-07-05 21:25:32',NULL,'zen_cfg_select_option(array(\'0\', \'1\', \'2\', \'3\'),'),(517,'Define Privacy Status','DEFINE_PRIVACY_STATUS','1','Enable the Defined Privacy Link/Text?<br />0= Link ON, Define Text OFF<br />1= Link ON, Define Text ON<br />2= Link OFF, Define Text ON<br />3= Link OFF, Define Text OFF',25,62,'2010-07-05 21:25:32','2010-07-05 21:25:32',NULL,'zen_cfg_select_option(array(\'0\', \'1\', \'2\', \'3\'),'),(518,'Define Shipping & Returns','DEFINE_SHIPPINGINFO_STATUS','1','Enable the Defined Shipping & Returns Link/Text?<br />0= Link ON, Define Text OFF<br />1= Link ON, Define Text ON<br />2= Link OFF, Define Text ON<br />3= Link OFF, Define Text OFF',25,63,'2010-07-05 21:25:32','2010-07-05 21:25:32',NULL,'zen_cfg_select_option(array(\'0\', \'1\', \'2\', \'3\'),'),(519,'Define Conditions of Use','DEFINE_CONDITIONS_STATUS','1','Enable the Defined Conditions of Use Link/Text?<br />0= Link ON, Define Text OFF<br />1= Link ON, Define Text ON<br />2= Link OFF, Define Text ON<br />3= Link OFF, Define Text OFF',25,64,'2010-07-05 21:25:32','2010-07-05 21:25:32',NULL,'zen_cfg_select_option(array(\'0\', \'1\', \'2\', \'3\'),'),(520,'Define Checkout Success','DEFINE_CHECKOUT_SUCCESS_STATUS','1','Enable the Defined Checkout Success Link/Text?<br />0= Link ON, Define Text OFF<br />1= Link ON, Define Text ON<br />2= Link OFF, Define Text ON<br />3= Link OFF, Define Text OFF',25,65,'2010-07-05 21:25:32','2010-07-05 21:25:32',NULL,'zen_cfg_select_option(array(\'0\', \'1\', \'2\', \'3\'),'),(521,'Define Discount Coupon','DEFINE_DISCOUNT_COUPON_STATUS','1','Enable the Defined Discount Coupon Link/Text?<br />0= Link ON, Define Text OFF<br />1= Link ON, Define Text ON<br />2= Link OFF, Define Text ON<br />3= Link OFF, Define Text OFF',25,66,'2010-07-05 21:25:32','2010-07-05 21:25:32',NULL,'zen_cfg_select_option(array(\'0\', \'1\', \'2\', \'3\'),'),(522,'Define Site Map Status','DEFINE_SITE_MAP_STATUS','1','Enable the Defined Site Map Link/Text?<br />0= Link ON, Define Text OFF<br />1= Link ON, Define Text ON<br />2= Link OFF, Define Text ON<br />3= Link OFF, Define Text OFF',25,67,'2010-07-05 21:25:32','2010-07-05 21:25:32',NULL,'zen_cfg_select_option(array(\'0\', \'1\', \'2\', \'3\'),'),(523,'Define Page-Not-Found Status','DEFINE_PAGE_NOT_FOUND_STATUS','1','Enable the Defined Page-Not-Found Text from define-pages?<br />0= Define Text OFF<br />1= Define Text ON',25,67,'2010-07-05 21:25:32','2010-07-05 21:25:32',NULL,'zen_cfg_select_option(array(\'0\', \'1\'),'),(524,'Define Page 2','DEFINE_PAGE_2_STATUS','1','Enable the Defined Page 2 Link/Text?<br />0= Link ON, Define Text OFF<br />1= Link ON, Define Text ON<br />2= Link OFF, Define Text ON<br />3= Link OFF, Define Text OFF',25,82,'2010-07-05 21:25:32','2010-07-05 21:25:32',NULL,'zen_cfg_select_option(array(\'0\', \'1\', \'2\', \'3\'),'),(525,'Define Page 3','DEFINE_PAGE_3_STATUS','1','Enable the Defined Page 3 Link/Text?<br />0= Link ON, Define Text OFF<br />1= Link ON, Define Text ON<br />2= Link OFF, Define Text ON<br />3= Link OFF, Define Text OFF',25,83,'2010-07-05 21:25:32','2010-07-05 21:25:32',NULL,'zen_cfg_select_option(array(\'0\', \'1\', \'2\', \'3\'),'),(526,'Define Page 4','DEFINE_PAGE_4_STATUS','1','Enable the Defined Page 4 Link/Text?<br />0= Link ON, Define Text OFF<br />1= Link ON, Define Text ON<br />2= Link OFF, Define Text ON<br />3= Link OFF, Define Text OFF',25,84,'2010-07-05 21:25:32','2010-07-05 21:25:32',NULL,'zen_cfg_select_option(array(\'0\', \'1\', \'2\', \'3\'),'),(527,'EZ-Pages Display Status - HeaderBar','EZPAGES_STATUS_HEADER','1','Display of EZ-Pages content can be Globally enabled/disabled for the Header Bar<br />0 = Off<br />1 = On<br />2= On ADMIN IP ONLY located in Website Maintenance<br />NOTE: Warning only shows to the Admin and not to the public',30,10,NULL,'2010-07-05 21:25:32',NULL,'zen_cfg_select_option(array(\'0\', \'1\', \'2\'), '),(528,'EZ-Pages Display Status - FooterBar','EZPAGES_STATUS_FOOTER','1','Display of EZ-Pages content can be Globally enabled/disabled for the Footer Bar<br />0 = Off<br />1 = On<br />2= On ADMIN IP ONLY located in Website Maintenance<br />NOTE: Warning only shows to the Admin and not to the public',30,11,NULL,'2010-07-05 21:25:32',NULL,'zen_cfg_select_option(array(\'0\', \'1\', \'2\'), '),(529,'EZ-Pages Display Status - Sidebox','EZPAGES_STATUS_SIDEBOX','1','Display of EZ-Pages content can be Globally enabled/disabled for the Sidebox<br />0 = Off<br />1 = On<br />2= On ADMIN IP ONLY located in Website Maintenance<br />NOTE: Warning only shows to the Admin and not to the public',30,12,NULL,'2010-07-05 21:25:32',NULL,'zen_cfg_select_option(array(\'0\', \'1\', \'2\'), '),(530,'EZ-Pages Header Link Separator','EZPAGES_SEPARATOR_HEADER','&nbsp;::&nbsp;','EZ-Pages Header Link Separator<br />Default = &amp;nbsp;::&amp;nbsp;',30,20,NULL,'2010-07-05 21:25:32',NULL,'zen_cfg_textarea_small('),(531,'EZ-Pages Footer Link Separator','EZPAGES_SEPARATOR_FOOTER','&nbsp;::&nbsp;','EZ-Pages Footer Link Separator<br />Default = &amp;nbsp;::&amp;nbsp;',30,21,NULL,'2010-07-05 21:25:32',NULL,'zen_cfg_textarea_small('),(532,'EZ-Pages Prev/Next Buttons','EZPAGES_SHOW_PREV_NEXT_BUTTONS','2','Display Prev/Continue/Next buttons on EZ-Pages pages?<br />0=OFF (no buttons)<br />1=\"Continue\"<br />2=\"Prev/Continue/Next\"<br /><br />Default setting: 2.',30,30,NULL,'2010-07-05 21:25:32',NULL,'zen_cfg_select_option(array(\'0\', \'1\', \'2\'), '),(533,'EZ-Pages Table of Contents for Chapters Status','EZPAGES_SHOW_TABLE_CONTENTS','1','Enable EZ-Pages Table of Contents for Chapters?<br />0= OFF<br />1= ON',30,35,'2010-07-05 21:25:32','2010-07-05 21:25:32',NULL,'zen_cfg_select_option(array(\'0\', \'1\'),'),(534,'EZ-Pages Pages to disable headers','EZPAGES_DISABLE_HEADER_DISPLAY_LIST','','EZ-Pages \"pages\" on which to NOT display the normal \"header\" for your site.<br />Simply list page ID numbers separated by commas with no spaces.<br />Page ID numbers can be obtained from the EZ-Pages screen under Admin->Tools.<br />ie: 1,5,2<br />or leave blank.',30,40,NULL,'2010-07-05 21:25:32',NULL,'zen_cfg_textarea_small('),(535,'EZ-Pages Pages to disable footers','EZPAGES_DISABLE_FOOTER_DISPLAY_LIST','','EZ-Pages \"pages\" on which to NOT display the normal \"footer\" for your site.<br />Simply list page ID numbers separated by commas with no spaces.<br />Page ID numbers can be obtained from the EZ-Pages screen under Admin->Tools.<br />ie: 3,7<br />or leave blank.',30,41,NULL,'2010-07-05 21:25:32',NULL,'zen_cfg_textarea_small('),(536,'EZ-Pages Pages to disable left-column','EZPAGES_DISABLE_LEFTCOLUMN_DISPLAY_LIST','','EZ-Pages \"pages\" on which to NOT display the normal \"left\" column (of sideboxes) for your site.<br />Simply list page ID numbers separated by commas with no spaces.<br />Page ID numbers can be obtained from the EZ-Pages screen under Admin->Tools.<br />ie: 21<br />or leave blank.',30,42,NULL,'2010-07-05 21:25:32',NULL,'zen_cfg_textarea_small('),(537,'EZ-Pages Pages to disable right-column','EZPAGES_DISABLE_RIGHTCOLUMN_DISPLAY_LIST','','EZ-Pages \"pages\" on which to NOT display the normal \"right\" column (of sideboxes) for your site.<br />Simply list page ID numbers separated by commas with no spaces.<br />Page ID numbers can be obtained from the EZ-Pages screen under Admin->Tools.<br />ie: 3,82,13<br />or leave blank.',30,43,NULL,'2010-07-05 21:25:32',NULL,'zen_cfg_textarea_small(');

--
-- Table structure for table `zen_configuration_group`
--

CREATE TABLE `zen_configuration_group` (
  `configuration_group_id` int(11) NOT NULL AUTO_INCREMENT,
  `configuration_group_title` varchar(64) COLLATE utf8_unicode_ci NOT NULL DEFAULT '',
  `configuration_group_description` varchar(255) COLLATE utf8_unicode_ci NOT NULL DEFAULT '',
  `sort_order` int(5) DEFAULT NULL,
  `visible` int(1) DEFAULT '1',
  PRIMARY KEY (`configuration_group_id`),
  KEY `idx_visible_zen` (`visible`)
) ENGINE=MyISAM AUTO_INCREMENT=31 DEFAULT CHARSET=utf8 COLLATE=utf8_unicode_ci;

--
-- Dumping data for table `zen_configuration_group`
--

INSERT INTO `zen_configuration_group` VALUES (1,'My Store','General information about my store',1,1),(2,'Minimum Values','The minimum values for functions / data',2,1),(3,'Maximum Values','The maximum values for functions / data',3,1),(4,'Images','Image parameters',4,1),(5,'Customer Details','Customer account configuration',5,1),(6,'Module Options','Hidden from configuration',6,0),(7,'Shipping/Packaging','Shipping options available at my store',7,1),(8,'Product Listing','Product Listing configuration options',8,1),(9,'Stock','Stock configuration options',9,1),(10,'Logging','Logging configuration options',10,1),(11,'Regulations','Regulation options',16,1),(12,'E-Mail Options','General settings for E-Mail transport and HTML E-Mails',12,1),(13,'Attribute Settings','Configure products attributes settings',13,1),(14,'GZip Compression','GZip compression options',14,1),(15,'Sessions','Session options',15,1),(16,'GV Coupons','Gift Vouchers and Coupons',16,1),(17,'Credit Cards','Credit Cards Accepted',17,1),(18,'Product Info','Product Info Display Options',18,1),(19,'Layout Settings','Layout Options',19,1),(20,'Website Maintenance','Website Maintenance Options',20,1),(21,'New Listing','New Products Listing',21,1),(22,'Featured Listing','Featured Products Listing',22,1),(23,'All Listing','All Products Listing',23,1),(24,'Index Listing','Index Products Listing',24,1),(25,'Define Page Status','Define Main Pages and HTMLArea Options',25,1),(30,'EZ-Pages Settings','EZ-Pages Settings',30,1);

--
-- Table structure for table `zen_counter`
--

CREATE TABLE `zen_counter` (
  `startdate` char(8) COLLATE utf8_unicode_ci DEFAULT NULL,
  `counter` int(12) DEFAULT NULL
) ENGINE=MyISAM DEFAULT CHARSET=utf8 COLLATE=utf8_unicode_ci;

--
-- Dumping data for table `zen_counter`
--

INSERT INTO `zen_counter` VALUES ('20100514',26358);

--
-- Table structure for table `zen_counter_history`
--

CREATE TABLE `zen_counter_history` (
  `startdate` char(8) COLLATE utf8_unicode_ci NOT NULL DEFAULT '',
  `counter` int(12) DEFAULT NULL,
  `session_counter` int(12) DEFAULT NULL,
  PRIMARY KEY (`startdate`)
) ENGINE=MyISAM DEFAULT CHARSET=utf8 COLLATE=utf8_unicode_ci;

--
-- Dumping data for table `zen_counter_history`
--

INSERT INTO `zen_counter_history` VALUES ('20100514',2,1),('20100705',13,2),('20100706',164,8),('20100707',55,4),('20100708',46,5),('20100709',81,7),('20100710',172,8),('20100711',277,19),('20100712',15,3),('20100714',1,1),('20100715',8,4),('20100720',23,2),('20100724',5,1),('20100725',6,1),('20100726',4,2),('20100730',5,1),('20100802',5,1),('20100806',18,6),('20100811',23,1),('20100814',5,2),('20100819',5,3),('20101120',4,3),('20101218',4,3),('20120105',5,2),('20120117',2,2),('20120120',1,1),('20120121',1,1),('20120122',1,1),('20120127',2,2),('20120129',3,3),('20120130',1,1),('20120204',1,1),('20120214',1,1),('20120216',1,1),('20120220',1,1),('20120224',1,1),('20120307',5,2),('20120312',2,2),('20120313',5,2),('20120314',1,1),('20120315',44,3),('20120320',1,1),('20120322',1,1),('20120324',1,1),('20120325',12,1),('20120326',64,4),('20120327',1,1),('20120329',1,1),('20120330',1,1),('20120331',7,3),('20120402',7,3),('20120405',1,1),('20120406',7,2),('20120419',1,1),('20120426',1,1),('20120504',1,1),('20120505',1,1),('20120506',10,2),('20120515',1,1),('20120517',2,2),('20120518',1,1),('20120523',1,1),('20120524',1,1),('20120525',1,1),('20120526',37,1),('20120527',10,3),('20120528',1,1),('20120530',4,1),('20120601',28,2),('20120604',2,2),('20120608',1,1),('20120615',1,1),('20120616',9,1),('20120617',1,1),('20120621',1,1),('20120622',4,1),('20120629',1,1),('20120630',1,1),('20120703',1,1),('20120707',1,1),('20120709',1,1),('20120716',2,2),('20120717',4,4),('20120730',2,2),('20120805',4,2),('20120806',3,1),('20120807',1,1),('20120820',1,1),('20120911',1,1),('20121008',3,1),('20121016',3,1),('20121208',1,1),('20121222',26,2),('20121223',2,2),('20121224',1,1),('20130112',2,2),('20130119',2,2),('20130125',1,1),('20130213',1,1),('20130214',1,1),('20130215',1,1),('20130217',1,1),('20130222',2,2),('20130227',2,1),('20130304',2,1),('20130308',1,1),('20130311',1,1),('20130312',11,1),('20130314',2,2),('20130315',12,1),('20130316',1,1),('20130318',11,1),('20130321',11,1),('20130323',12,1),('20130325',12,1),('20130328',13,2),('20130329',2,1),('20130331',13,3),('20130401',2,1),('20130402',6,1),('20130404',7,1),('20130405',2,1),('20130406',2,1),('20130408',1,1),('20130409',31,3),('20130412',26,3),('20130413',8,2),('20130415',6,1),('20130416',32,3),('20130419',26,2),('20130420',6,1),('20130421',3,2),('20130423',31,3),('20130428',6,1),('20130430',1,1),('20130503',4,4),('20130504',1,1),('20130505',1,1),('20130506',25,2),('20130509',7,1),('20130513',4,1),('20130516',1,1),('20130521',1,1),('20130525',8,1),('20130601',6,1),('20130609',6,1),('20130610',1,1),('20130614',1,1),('20130615',1,1),('20130616',2,1),('20130620',6,1),('20130625',31,3),('20130628',1,1),('20130629',6,1),('20130701',6,1),('20130707',4,3),('20130709',38,3),('20130716',6,1),('20130720',2,2),('20130721',6,1),('20130722',1,1),('20130723',2,2),('20130724',1,1),('20130725',7,1),('20130730',6,1),('20130731',1,1),('20130802',1,1),('20130804',1,1),('20130805',9,3),('20130806',1,1),('20130810',1,1),('20130811',1,1),('20130814',2,2),('20130816',1,1),('20130817',1,1),('20130821',1,1),('20130824',2,1),('20130829',45,3),('20130830',37,4),('20130831',14,4),('20130905',4,4),('20130909',2,2),('20130910',1,1),('20130914',1,1),('20130915',1,1),('20130920',2,1),('20130923',1,1),('20130925',25,2),('20130926',13,2),('20130927',6,1),('20130928',2,2),('20130930',1,1),('20131005',7,2),('20131006',8,3),('20131011',8,2),('20131014',31,3),('20131015',1,1),('20131018',6,1),('20131021',6,1),('20131023',1,1),('20131024',1,1),('20131025',6,1),('20131026',7,2),('20131028',1,1),('20131029',1,1),('20131030',1,1),('20131103',1,1),('20131111',2,1),('20131116',8,3),('20131118',6,1),('20131119',25,2),('20131121',6,1),('20131123',8,3),('20131124',1,1),('20131125',13,2),('20131127',6,1),('20131129',6,1),('20131130',1,1),('20131202',7,2),('20131205',1,1),('20131206',17,12),('20131207',9,9),('20131208',6,6),('20131209',7,7),('20131210',8,8),('20131211',6,6),('20131212',7,7),('20131213',5,5),('20131214',7,7),('20131215',9,9),('20131216',8,8),('20131217',13,13),('20131218',6,6),('20131219',6,6),('20131220',18,13),('20131221',16,16),('20131222',18,18),('20131223',7,7),('20131224',7,7),('20131226',1,1),('20131227',9,4),('20131228',7,7),('20131229',7,7),('20131230',8,8),('20131231',2,2),('20140101',18,13),('20140102',7,7),('20140103',9,9),('20140104',15,15),('20140105',1,1),('20140106',3,3),('20140107',12,7),('20140108',15,15),('20140109',9,9),('20140110',9,9),('20140111',9,9),('20140112',7,7),('20140113',16,6),('20140114',10,10),('20140115',5,5),('20140116',8,8),('20140117',4,4),('20140118',13,13),('20140119',8,8),('20140120',8,3),('20140121',9,8),('20140122',13,13),('20140123',10,10),('20140124',9,9),('20140125',7,7),('20140126',14,9),('20140127',11,11),('20140128',8,8),('20140129',9,9),('20140130',12,12),('20140131',6,6),('20140201',7,7),('20140202',11,6),('20140203',9,9),('20140204',8,8),('20140205',5,5),('20140206',12,12),('20140207',2,2),('20140208',13,8),('20140209',13,13),('20140210',9,9),('20140211',6,6),('20140212',10,10),('20140213',11,6),('20140214',10,10),('20140215',7,7),('20140216',4,4),('20140217',5,5),('20140218',8,8),('20140219',12,7),('20140220',14,9),('20140221',7,7),('20140222',6,6),('20140223',10,10),('20140224',6,6),('20140225',13,13),('20140226',18,10),('20140227',8,8),('20140228',9,9),('20140301',6,6),('20140302',12,12),('20140303',9,7),('20140304',12,7),('20140305',7,7),('20140306',7,7),('20140307',11,11),('20140308',9,9),('20140309',3,3),('20140310',8,8),('20140311',6,6),('20140312',11,11),('20140313',14,14),('20140314',9,9),('20140315',6,6),('20140316',35,11),('20140317',6,6),('20140318',13,13),('20140319',6,6),('20140320',15,5),('20140321',17,10),('20140322',10,9),('20140323',37,13),('20140324',32,9),('20140325',10,8),('20140326',11,10),('20140327',14,4),('20140328',20,15),('20140329',7,6),('20140330',6,6),('20140331',6,6),('20140401',7,7),('20140402',16,6),('20140403',8,8),('20140404',11,6),('20140405',9,9),('20140406',10,8),('20140407',8,8),('20140408',36,10),('20140409',25,13),('20140410',24,13),('20140411',21,11),('20140412',24,9),('20140413',11,11),('20140414',6,5),('20140415',6,1),('20140417',6,1),('20140421',6,1),('20140426',9,2),('20140427',6,1),('20140430',1,1),('20140501',9,6),('20140502',6,1),('20140503',6,1),('20140508',8,3),('20140509',6,1),('20140513',1,1),('20140515',6,1),('20140520',8,3),('20140522',7,2),('20140524',7,2),('20140528',6,1),('20140530',6,1),('20140603',6,1),('20140604',6,1),('20140607',1,1),('20140609',16,6),('20140614',7,1),('20140615',6,1),('20140616',1,1),('20140617',1,1),('20140619',6,1),('20140621',6,1),('20140625',6,1),('20140627',6,1),('20140630',6,1),('20140703',7,2),('20140705',6,1),('20140706',1,1),('20140711',14,4),('20140712',1,1),('20140714',5,4),('20140718',7,2),('20140719',6,1),('20140720',3,3),('20140722',1,1),('20140723',7,2),('20140725',6,1),('20140726',2,2),('20140728',6,1),('20140729',1,1),('20140730',26,2),('20140731',6,1),('20140802',6,1),('20140805',2,1),('20140808',12,2),('20140814',12,2),('20140819',6,1),('20140824',2,2),('20140826',6,1),('20140829',2,2),('20140831',6,1),('20140902',1,1),('20140905',6,1),('20140906',2,2),('20140908',2,1),('20140909',1,1),('20140912',2,2),('20140914',1,1),('20140918',2,2),('20140921',2,1),('20141002',2,2),('20141004',25,2),('20141022',4,4),('20141031',9,8),('20141123',2,2),('20141130',4,4),('20141207',2,2),('20141209',6,4),('20141215',4,4),('20141217',4,2),('20141220',2,2),('20150105',1,1),('20150124',1,1),('20150126',1,1),('20150203',1,1),('20150208',1,1),('20150223',2,2),('20150309',100,1),('20150322',1,1),('20150323',1,1),('20150326',5,5),('20150404',4,4),('20150405',2,2),('20150406',1,1),('20150416',6,3),('20150419',2,2),('20150424',26,3),('20150501',2,2),('20150504',219,1),('20150518',1,1),('20150527',5,5),('20150601',1,1),('20150603',2,2),('20150615',1,1),('20150619',5,5),('20150620',3,3),('20150622',1,1),('20150629',1,1),('20150713',1,1),('20150727',1,1),('20150810',1,1),('20150821',1,1),('20150823',1,1),('20150825',1,1),('20150826',3,3),('20150906',1,1),('20150919',1,1),('20150921',1,1),('20150926',5,5),('20150927',5,5),('20151004',1,1),('20151016',2,1),('20151019',1,1),('20151021',1,1),('20151022',2,2),('20151024',25,2),('20151030',1,1),('20151031',1,1),('20151102',1,1),('20151116',216,1),('20151120',1,1),('20151125',2,2),('20151130',218,1),('20151204',1,1),('20151205',2,2),('20151206',3,3),('20151207',5,5),('20151208',2,1),('20151212',2,1),('20151213',216,2),('20151214',2,2),('20151228',215,1),('20160104',218,1),('20160116',1,1),('20160117',217,1),('20160124',1,1),('20160129',75,6),('20160130',50,4),('20160131',25,2),('20160201',315,9),('20160202',25,2),('20160203',25,2),('20160209',16,5),('20160210',25,2),('20160212',1,1),('20160215',216,1),('20160217',15,4),('20160229',218,1),('20160312',4,4),('20160314',216,1),('20160327',215,1),('20160410',216,1),('20160415',1,1),('20160424',219,1),('20160504',1,1),('20160505',1,1),('20160508',215,1),('20160511',1,1),('20160514',19,4),('20160521',3,3),('20160522',216,1),('20160606',216,1),('20160608',1,1),('20160613',1,1),('20160620',217,1),('20160703',217,1),('20160704',1,1),('20160718',216,1),('20160731',219,1),('20160803',2,2),('20160814',1,1),('20160815',216,1),('20160822',18,6),('20160828',216,1),('20160905',36,33),('20160910',16,2),('20160912',216,1),('20160916',1,1),('20160921',3,3),('20160926',216,1),('20161009',219,1),('20161017',1,1),('20161024',216,1),('20161106',217,2),('20161121',219,1),('20161128',1,1),('20161205',216,1),('20161207',1,1),('20161209',1,1),('20161218',87,2),('20161219',132,2),('20161226',1,1),('20170102',219,1),('20170116',219,1),('20170128',1,1),('20170130',216,1),('20170203',1,1),('20170204',1,1),('20170210',4,4),('20170213',216,1),('20170227',216,1),('20170308',1,1),('20170313',219,1),('20170319',45,2),('20170326',219,1),('20170409',219,1),('20170418',3,3),('20170424',216,1),('20170430',50,50),('20170507',216,1),('20170508',7,1),('20170509',1,1),('20170521',215,1),('20170527',2,2),('20170530',1,1),('20170605',215,1),('20170614',1,1),('20170616',2,2),('20170617',2,2),('20170619',5,2),('20170629',3,3),('20170703',215,1),('20170714',1,1),('20170717',215,1),('20170718',1,1),('20170725',2,2),('20170726',1,1),('20170730',216,1),('20170813',1,1),('20170822',1,1),('20170826',2,1),('20170828',220,2),('20170909',11,1),('20170910',218,1),('20170917',1,1),('20170928',1,1),('20170929',1,1),('20171004',1,1),('20171009',220,2),('20171016',2,2),('20171022',215,1),('20171105',218,1),('20171110',3,3),('20171118',4,4),('20171119',216,1),('20171121',1,1),('20171122',1,1),('20171204',216,1),('20171206',1,1),('20171218',218,1),('20171226',2,2),('20171227',2,2),('20171231',216,1),('20180102',2,2),('20180114',219,1),('20180128',216,1),('20180203',1,1),('20180212',215,1),('20180215',1,1),('20180225',215,1),('20180312',219,1),('20180320',1,1),('20180326',215,1),('20180409',216,1),('20180411',1,1),('20180415',2,2),('20180423',218,1),('20180428',1,1),('20180507',215,1),('20180508',1,1),('20180512',1,1),('20180521',219,1),('20180601',2,2),('20180604',216,1),('20180608',2,2),('20180615',1,1),('20180617',72,1),('20180618',147,1),('20180622',2,2),('20180701',242,27),('20180704',2,2),('20180707',1,1),('20180709',2,2),('20180715',242,25),('20180718',19,19),('20180720',4,4),('20180722',1,1),('20180726',1,1),('20180728',19,19),('20180730',220,3),('20180801',1,1),('20180808',1,1),('20180811',2,2),('20180813',216,1),('20180816',1,1),('20180824',1,1),('20180827',216,2),('20180902',1,1),('20180904',1,1),('20180909',2,2),('20180910',220,2),('20180915',20,20),('20180916',4,4),('20180918',1,1),('20180923',217,1),('20180927',2,2),('20181002',20,20),('20181003',19,19),('20181006',1,1),('20181008',221,6),('20181016',3,3),('20181018',1,1),('20181022',214,1),('20181031',1,1),('20181104',1,1),('20181105',215,1),('20181107',2,2),('20181112',19,19),('20181118',26,26),('20181119',217,1),('20181121',1,1),('20181125',1,1),('20181203',2,2),('20181213',2,1),('20181216',1,1),('20181217',215,1),('20181218',2,2),('20181219',1,1),('20181224',1,1),('20181227',4,4),('20181228',5,5),('20181231',218,1),('20190103',4,4),('20190104',1,1),('20190105',5,5),('20190106',1,1),('20190107',4,4),('20190108',1,1),('20190110',4,4),('20190113',7,1),('20190114',216,1),('20190115',41,4),('20190117',1,1),('20190118',1,1),('20190119',3,3),('20190121',4,4),('20190123',2,2),('20190128',222,5),('20190131',4,4),('20190201',2,2),('20190205',4,4),('20190207',4,4),('20190211',219,1),('20190212',4,4),('20190214',23,23),('20190215',1,1),('20190219',17,17),('20190221',4,4),('20190225',219,1),('20190226',4,4),('20190227',2,2),('20190301',5,5),('20190304',1,1),('20190311',218,1),('20190312',4,4),('20190313',1,1),('20190317',4,4),('20190319',4,4),('20190323',2,2),('20190324',9,9),('20190325',218,2),('20190326',4,4),('20190331',4,4),('20190402',3,3),('20190407',222,5),('20190409',4,4),('20190410',1,1),('20190412',1,1),('20190413',1,1),('20190414',4,4),('20190415',26,26),('20190416',58,57),('20190418',1,1),('20190419',3,3),('20190421',221,5),('20190424',6,6),('20190426',1,1),('20190428',6,5),('20190501',6,6),('20190504',1,1),('20190506',220,4),('20190510',1,1),('20190513',1,1),('20190514',4,4),('20190516',4,4),('20190517',2,2),('20190520',3,3),('20190522',4,4),('20190523',1,1),('20190526',1,1),('20190531',2,2),('20190602',3,3),('20190603',2,2),('20190605',2,2),('20190609',1,1),('20190614',2,1),('20190615',2,2),('20190616',2,1),('20190617',2,2),('20190619',3,3),('20190620',3,2),('20190626',1,1),('20190701',1,1),('20190703',2,2),('20190704',2,2),('20190706',2,2),('20190707',47,4),('20190709',2,2),('20190711',2,2),('20190713',2,2),('20190714',2,2),('20190717',2,2),('20190718',4,4),('20190720',2,2),('20190721',2,2),('20190722',2,2),('20190723',2,2),('20190727',2,2),('20190728',2,1),('20190729',2,2),('20190731',4,2),('20190801',3,2),('20190802',2,2),('20190803',1,1),('20190804',4,3),('20190805',1,1),('20190809',4,3),('20190811',2,2),('20190813',1,1),('20190816',2,2),('20190817',5,5),('20190819',5,5),('20190821',1,1),('20190822',2,2),('20190824',2,2),('20190903',1,1),('20190906',2,2),('20190908',4,4),('20190911',1,1),('20190912',3,3),('20190915',2,1),('20190916',2,2),('20190917',1,1),('20190919',4,4),('20190920',1,1),('20190921',1,1),('20190924',19,19),('20190926',1,1),('20190928',1,1),('20190930',1,1),('20191007',2,2),('20191009',1,1),('20191011',1,1),('20191012',5,5),('20191014',1,1),('20191019',3,3),('20191020',8,8),('20191021',1,1),('20191027',1,1),('20191028',1,1),('20191101',1,1),('20191104',2,2),('20191106',1,1),('20191107',1,1),('20191108',1,1),('20191111',1,1),('20191113',1,1),('20191114',2,2),('20191116',3,2),('20191117',1,1),('20191118',1,1),('20191119',1,1),('20191120',6,4),('20191121',1,1),('20191122',1,1),('20191123',1,1),('20191124',1,1),('20191125',1,1),('20191126',5,5),('20191130',1,1),('20191201',2,2),('20191202',1,1),('20191204',1,1),('20191205',5,5),('20191213',2,2),('20191214',1,1),('20191215',1,1),('20191218',1,1),('20191219',5,5),('20191220',3,3),('20191221',2,2),('20191222',3,3),('20191223',3,3),('20191224',1,1),('20191225',2,2),('20191226',2,2),('20191227',1,1),('20191228',2,2),('20191231',2,2),('20200102',20,1),('20200103',1,1),('20200104',2,2),('20200106',2,2),('20200107',2,2),('20200109',5,3),('20200110',4,4),('20200111',1,1),('20200112',4,1),('20200114',2,2),('20200115',3,3),('20200116',1,1),('20200117',1,1),('20200118',2,2),('20200119',1,1),('20200121',1,1),('20200201',1,1),('20200202',3,3),('20200204',1,1),('20200205',1,1),('20200209',1,1),('20200210',2,2),('20200211',1,1),('20200212',2,2),('20200213',1,1),('20200214',2,2),('20200215',2,2),('20200216',2,2),('20200217',2,2),('20200218',5,5),('20200221',2,2),('20200224',4,4),('20200225',1,1),('20200226',1,1),('20200228',1,1),('20200229',3,2),('20200302',1,1),('20200304',1,1),('20200305',1,1),('20200307',2,2),('20200309',39,35),('20200310',3,3),('20200311',2,2),('20200313',49,45),('20200314',1,1),('20200316',2,2),('20200318',1,1),('20200320',1,1),('20200321',20,1),('20200324',2,2),('20200326',1,1),('20200328',1,1),('20200330',2,2),('20200331',1,1),('20200401',1,1),('20200404',1,1),('20200405',2,2),('20200407',1,1),('20200408',32,32),('20200409',45,2),('20200415',2,2),('20200418',3,3),('20200419',3,3),('20200420',4,4),('20200421',3,3),('20200422',1,1),('20200423',1,1),('20200425',2,2),('20200430',2,2),('20200501',1,1),('20200503',29,3),('20200511',1,1),('20200512',2,2),('20200514',1,1),('20200526',1,1),('20200529',1,1),('20200530',1,1),('20200531',1,1),('20200601',3,3),('20200604',21,2),('20200605',2,2),('20200609',4,4),('20200610',20,2),('20200611',1,1),('20200613',1,1),('20200614',1,1),('20200616',9,3),('20200617',1,1),('20200618',4,4),('20200619',44,30),('20200620',12,4),('20200621',4,1),('20200622',8,2),('20200624',9,3),('20200625',20,2),('20200627',12,6),('20200630',2,2),('20200701',2,2),('20200709',8,2),('20200711',16,4),('20200713',8,2),('20200714',2,1),('20200716',4,4),('20200717',20,2),('20200718',2,2),('20200720',2,2),('20200722',1,1),('20200724',2,2),('20200726',2,2),('20200803',1,1),('20200804',4,1),('20200806',2,2),('20200807',1,1),('20200811',20,2),('20200813',2,2),('20200815',8,2),('20200816',1,1),('20200818',7,7),('20200819',1,1),('20200822',1,1),('20200823',2,2),('20200824',2,2),('20200829',1,1),('20200830',1,1),('20200903',1,1),('20200904',1,1),('20200905',4,1),('20200906',4,4),('20200909',9,2),('20200910',3,2),('20200911',3,3),('20200912',1,1),('20200917',2,1),('20200918',2,2),('20200921',2,2),('20200923',2,2),('20200925',1,1),('20200926',1,1),('20200927',1,1),('20200930',9,2),('20201001',2,2),('20201002',1,1),('20201003',2,2),('20201008',1,1),('20201009',1,1),('20201010',1,1),('20201015',8,3),('20201016',1,1),('20201017',1,1),('20201018',3,3),('20201019',2,2),('20201020',4,4),('20201021',5,2),('20201022',4,3),('20201023',10,6),('20201024',2,2),('20201025',9,6),('20201026',5,2),('20201027',10,6),('20201028',5,4),('20201029',2,2),('20201030',8,6),('20201031',9,5),('20201101',1,1),('20201105',2,2),('20201106',2,2),('20201107',1,1),('20201109',1,1),('20201112',1,1),('20201113',2,2),('20201116',6,2),('20201117',6,2),('20201118',45,2),('20201119',1,1),('20201120',1,1),('20201122',10,4),('20201123',2,2),('20201124',5,2),('20201126',8,2),('20201127',1,1),('20201129',5,1),('20201201',11,3),('20201202',5,2),('20201203',2,2),('20201204',2,2),('20201206',1,1),('20201207',2,1),('20201208',1,1),('20201210',1,1),('20201211',1,1),('20201212',2,1),('20201214',2,2),('20201215',4,1),('20201216',2,2),('20201217',18,2),('20201218',2,2),('20201219',2,2),('20201220',11,7),('20201221',3,2),('20201223',3,2),('20201224',1,1),('20201225',1,1),('20201227',6,5),('20201228',22,2),('20201229',5,4),('20201230',3,2),('20201231',4,4),('20210101',23,23),('20210102',10,6),('20210103',2,2),('20210104',6,6),('20210105',4,4),('20210106',17,5),('20210107',3,3),('20210108',23,23),('20210109',13,9),('20210110',4,4),('20210111',4,4),('20210112',3,3),('20210113',3,3),('20210114',8,8),('20210115',23,22),('20210116',6,6),('20210117',5,5),('20210118',4,4),('20210119',8,6),('20210120',3,3),('20210121',3,3),('20210122',8,6),('20210123',2,2),('20210124',4,4),('20210125',3,3),('20210126',5,4),('20210127',3,3),('20210128',4,4),('20210129',17,12),('20210130',4,4),('20210131',3,3),('20210201',3,3),('20210202',4,4),('20210203',2,2),('20210204',8,8),('20210205',15,6),('20210206',3,3),('20210207',1,1);

--
-- Table structure for table `zen_countries`
--

CREATE TABLE `zen_countries` (
  `countries_id` int(11) NOT NULL AUTO_INCREMENT,
  `countries_name` varchar(64) COLLATE utf8_unicode_ci NOT NULL DEFAULT '',
  `countries_iso_code_2` char(2) COLLATE utf8_unicode_ci NOT NULL DEFAULT '',
  `countries_iso_code_3` char(3) COLLATE utf8_unicode_ci NOT NULL DEFAULT '',
  `address_format_id` int(11) NOT NULL DEFAULT '0',
  PRIMARY KEY (`countries_id`),
  KEY `idx_countries_name_zen` (`countries_name`),
  KEY `idx_address_format_id_zen` (`address_format_id`),
  KEY `idx_iso_2_zen` (`countries_iso_code_2`),
  KEY `idx_iso_3_zen` (`countries_iso_code_3`)
) ENGINE=MyISAM AUTO_INCREMENT=246 DEFAULT CHARSET=utf8 COLLATE=utf8_unicode_ci;

--
-- Dumping data for table `zen_countries`
--

INSERT INTO `zen_countries` VALUES (240,'Aaland Islands','AX','ALA',1),(1,'Afghanistan','AF','AFG',1),(2,'Albania','AL','ALB',1),(3,'Algeria','DZ','DZA',1),(4,'American Samoa','AS','ASM',1),(5,'Andorra','AD','AND',1),(6,'Angola','AO','AGO',1),(7,'Anguilla','AI','AIA',1),(8,'Antarctica','AQ','ATA',1),(9,'Antigua and Barbuda','AG','ATG',1),(10,'Argentina','AR','ARG',1),(11,'Armenia','AM','ARM',1),(12,'Aruba','AW','ABW',1),(13,'Australia','AU','AUS',1),(14,'Austria','AT','AUT',5),(15,'Azerbaijan','AZ','AZE',1),(16,'Bahamas','BS','BHS',1),(17,'Bahrain','BH','BHR',1),(18,'Bangladesh','BD','BGD',1),(19,'Barbados','BB','BRB',1),(20,'Belarus','BY','BLR',1),(21,'Belgium','BE','BEL',1),(22,'Belize','BZ','BLZ',1),(23,'Benin','BJ','BEN',1),(24,'Bermuda','BM','BMU',1),(25,'Bhutan','BT','BTN',1),(26,'Bolivia','BO','BOL',1),(27,'Bosnia and Herzegowina','BA','BIH',1),(28,'Botswana','BW','BWA',1),(29,'Bouvet Island','BV','BVT',1),(30,'Brazil','BR','BRA',1),(31,'British Indian Ocean Territory','IO','IOT',1),(32,'Brunei Darussalam','BN','BRN',1),(33,'Bulgaria','BG','BGR',1),(34,'Burkina Faso','BF','BFA',1),(35,'Burundi','BI','BDI',1),(36,'Cambodia','KH','KHM',1),(37,'Cameroon','CM','CMR',1),(38,'Canada','CA','CAN',2),(39,'Cape Verde','CV','CPV',1),(40,'Cayman Islands','KY','CYM',1),(41,'Central African Republic','CF','CAF',1),(42,'Chad','TD','TCD',1),(43,'Chile','CL','CHL',1),(44,'China','CN','CHN',1),(45,'Christmas Island','CX','CXR',1),(46,'Cocos (Keeling) Islands','CC','CCK',1),(47,'Colombia','CO','COL',1),(48,'Comoros','KM','COM',1),(49,'Congo','CG','COG',1),(50,'Cook Islands','CK','COK',1),(51,'Costa Rica','CR','CRI',1),(52,'Cote D\'Ivoire','CI','CIV',1),(53,'Croatia','HR','HRV',1),(54,'Cuba','CU','CUB',1),(55,'Cyprus','CY','CYP',1),(56,'Czech Republic','CZ','CZE',1),(57,'Denmark','DK','DNK',1),(58,'Djibouti','DJ','DJI',1),(59,'Dominica','DM','DMA',1),(60,'Dominican Republic','DO','DOM',1),(61,'Timor-Leste','TL','TLS',1),(62,'Ecuador','EC','ECU',1),(63,'Egypt','EG','EGY',1),(64,'El Salvador','SV','SLV',1),(65,'Equatorial Guinea','GQ','GNQ',1),(66,'Eritrea','ER','ERI',1),(67,'Estonia','EE','EST',1),(68,'Ethiopia','ET','ETH',1),(69,'Falkland Islands (Malvinas)','FK','FLK',1),(70,'Faroe Islands','FO','FRO',1),(71,'Fiji','FJ','FJI',1),(72,'Finland','FI','FIN',1),(73,'France','FR','FRA',1),(75,'French Guiana','GF','GUF',1),(76,'French Polynesia','PF','PYF',1),(77,'French Southern Territories','TF','ATF',1),(78,'Gabon','GA','GAB',1),(79,'Gambia','GM','GMB',1),(80,'Georgia','GE','GEO',1),(81,'Germany','DE','DEU',5),(82,'Ghana','GH','GHA',1),(83,'Gibraltar','GI','GIB',1),(84,'Greece','GR','GRC',1),(85,'Greenland','GL','GRL',1),(86,'Grenada','GD','GRD',1),(87,'Guadeloupe','GP','GLP',1),(88,'Guam','GU','GUM',1),(89,'Guatemala','GT','GTM',1),(90,'Guinea','GN','GIN',1),(91,'Guinea-bissau','GW','GNB',1),(92,'Guyana','GY','GUY',1),(93,'Haiti','HT','HTI',1),(94,'Heard and Mc Donald Islands','HM','HMD',1),(95,'Honduras','HN','HND',1),(96,'Hong Kong','HK','HKG',1),(97,'Hungary','HU','HUN',1),(98,'Iceland','IS','ISL',1),(99,'India','IN','IND',1),(100,'Indonesia','ID','IDN',1),(101,'Iran (Islamic Republic of)','IR','IRN',1),(102,'Iraq','IQ','IRQ',1),(103,'Ireland','IE','IRL',1),(104,'Israel','IL','ISR',1),(105,'Italy','IT','ITA',1),(106,'Jamaica','JM','JAM',1),(107,'Japan','JP','JPN',1),(108,'Jordan','JO','JOR',1),(109,'Kazakhstan','KZ','KAZ',1),(110,'Kenya','KE','KEN',1),(111,'Kiribati','KI','KIR',1),(112,'Korea, Democratic People\'s Republic of','KP','PRK',1),(113,'Korea, Republic of','KR','KOR',1),(114,'Kuwait','KW','KWT',1),(115,'Kyrgyzstan','KG','KGZ',1),(116,'Lao People\'s Democratic Republic','LA','LAO',1),(117,'Latvia','LV','LVA',1),(118,'Lebanon','LB','LBN',1),(119,'Lesotho','LS','LSO',1),(120,'Liberia','LR','LBR',1),(121,'Libyan Arab Jamahiriya','LY','LBY',1),(122,'Liechtenstein','LI','LIE',1),(123,'Lithuania','LT','LTU',1),(124,'Luxembourg','LU','LUX',1),(125,'Macao','MO','MAC',1),(126,'Macedonia, The Former Yugoslav Republic of','MK','MKD',1),(127,'Madagascar','MG','MDG',1),(128,'Malawi','MW','MWI',1),(129,'Malaysia','MY','MYS',1),(130,'Maldives','MV','MDV',1),(131,'Mali','ML','MLI',1),(132,'Malta','MT','MLT',1),(133,'Marshall Islands','MH','MHL',1),(134,'Martinique','MQ','MTQ',1),(135,'Mauritania','MR','MRT',1),(136,'Mauritius','MU','MUS',1),(137,'Mayotte','YT','MYT',1),(138,'Mexico','MX','MEX',1),(139,'Micronesia, Federated States of','FM','FSM',1),(140,'Moldova','MD','MDA',1),(141,'Monaco','MC','MCO',1),(142,'Mongolia','MN','MNG',1),(143,'Montserrat','MS','MSR',1),(144,'Morocco','MA','MAR',1),(145,'Mozambique','MZ','MOZ',1),(146,'Myanmar','MM','MMR',1),(147,'Namibia','NA','NAM',1),(148,'Nauru','NR','NRU',1),(149,'Nepal','NP','NPL',1),(150,'Netherlands','NL','NLD',1),(151,'Netherlands Antilles','AN','ANT',1),(152,'New Caledonia','NC','NCL',1),(153,'New Zealand','NZ','NZL',1),(154,'Nicaragua','NI','NIC',1),(155,'Niger','NE','NER',1),(156,'Nigeria','NG','NGA',1),(157,'Niue','NU','NIU',1),(158,'Norfolk Island','NF','NFK',1),(159,'Northern Mariana Islands','MP','MNP',1),(160,'Norway','NO','NOR',1),(161,'Oman','OM','OMN',1),(162,'Pakistan','PK','PAK',1),(163,'Palau','PW','PLW',1),(164,'Panama','PA','PAN',1),(165,'Papua New Guinea','PG','PNG',1),(166,'Paraguay','PY','PRY',1),(167,'Peru','PE','PER',1),(168,'Philippines','PH','PHL',1),(169,'Pitcairn','PN','PCN',1),(170,'Poland','PL','POL',1),(171,'Portugal','PT','PRT',1),(172,'Puerto Rico','PR','PRI',1),(173,'Qatar','QA','QAT',1),(174,'Reunion','RE','REU',1),(175,'Romania','RO','ROU',1),(176,'Russian Federation','RU','RUS',1),(177,'Rwanda','RW','RWA',1),(178,'Saint Kitts and Nevis','KN','KNA',1),(179,'Saint Lucia','LC','LCA',1),(180,'Saint Vincent and the Grenadines','VC','VCT',1),(181,'Samoa','WS','WSM',1),(182,'San Marino','SM','SMR',1),(183,'Sao Tome and Principe','ST','STP',1),(184,'Saudi Arabia','SA','SAU',1),(185,'Senegal','SN','SEN',1),(186,'Seychelles','SC','SYC',1),(187,'Sierra Leone','SL','SLE',1),(188,'Singapore','SG','SGP',4),(189,'Slovakia (Slovak Republic)','SK','SVK',1),(190,'Slovenia','SI','SVN',1),(191,'Solomon Islands','SB','SLB',1),(192,'Somalia','SO','SOM',1),(193,'South Africa','ZA','ZAF',1),(194,'South Georgia and the South Sandwich Islands','GS','SGS',1),(195,'Spain','ES','ESP',3),(196,'Sri Lanka','LK','LKA',1),(197,'St. Helena','SH','SHN',1),(198,'St. Pierre and Miquelon','PM','SPM',1),(199,'Sudan','SD','SDN',1),(200,'Suriname','SR','SUR',1),(201,'Svalbard and Jan Mayen Islands','SJ','SJM',1),(202,'Swaziland','SZ','SWZ',1),(203,'Sweden','SE','SWE',1),(204,'Switzerland','CH','CHE',1),(205,'Syrian Arab Republic','SY','SYR',1),(206,'Taiwan','TW','TWN',1),(207,'Tajikistan','TJ','TJK',1),(208,'Tanzania, United Republic of','TZ','TZA',1),(209,'Thailand','TH','THA',1),(210,'Togo','TG','TGO',1),(211,'Tokelau','TK','TKL',1),(212,'Tonga','TO','TON',1),(213,'Trinidad and Tobago','TT','TTO',1),(214,'Tunisia','TN','TUN',1),(215,'Turkey','TR','TUR',1),(216,'Turkmenistan','TM','TKM',1),(217,'Turks and Caicos Islands','TC','TCA',1),(218,'Tuvalu','TV','TUV',1),(219,'Uganda','UG','UGA',1),(220,'Ukraine','UA','UKR',1),(221,'United Arab Emirates','AE','ARE',1),(222,'United Kingdom','GB','GBR',6),(223,'United States','US','USA',2),(224,'United States Minor Outlying Islands','UM','UMI',1),(225,'Uruguay','UY','URY',1),(226,'Uzbekistan','UZ','UZB',1),(227,'Vanuatu','VU','VUT',1),(228,'Vatican City State (Holy See)','VA','VAT',1),(229,'Venezuela','VE','VEN',1),(230,'Viet Nam','VN','VNM',1),(231,'Virgin Islands (British)','VG','VGB',1),(232,'Virgin Islands (U.S.)','VI','VIR',1),(233,'Wallis and Futuna Islands','WF','WLF',1),(234,'Western Sahara','EH','ESH',1),(235,'Yemen','YE','YEM',1),(236,'Serbia','RS','SRB',1),(238,'Zambia','ZM','ZMB',1),(239,'Zimbabwe','ZW','ZWE',1),(241,'Palestinian Territory','PS','PSE',1),(242,'Montenegro','ME','MNE',1),(243,'Guernsey','GG','GGY',1),(244,'Isle of Man','IM','IMN',1),(245,'Jersey','JE','JEY',1);

--
-- Table structure for table `zen_coupon_email_track`
--

CREATE TABLE `zen_coupon_email_track` (
  `unique_id` int(11) NOT NULL AUTO_INCREMENT,
  `coupon_id` int(11) NOT NULL DEFAULT '0',
  `customer_id_sent` int(11) NOT NULL DEFAULT '0',
  `sent_firstname` varchar(32) COLLATE utf8_unicode_ci DEFAULT NULL,
  `sent_lastname` varchar(32) COLLATE utf8_unicode_ci DEFAULT NULL,
  `emailed_to` varchar(32) COLLATE utf8_unicode_ci DEFAULT NULL,
  `date_sent` datetime NOT NULL DEFAULT '0001-01-01 00:00:00',
  PRIMARY KEY (`unique_id`),
  KEY `idx_coupon_id_zen` (`coupon_id`)
) ENGINE=MyISAM DEFAULT CHARSET=utf8 COLLATE=utf8_unicode_ci;

--
-- Dumping data for table `zen_coupon_email_track`
--


--
-- Table structure for table `zen_coupon_gv_customer`
--

CREATE TABLE `zen_coupon_gv_customer` (
  `customer_id` int(5) NOT NULL DEFAULT '0',
  `amount` decimal(15,4) NOT NULL DEFAULT '0.0000',
  PRIMARY KEY (`customer_id`)
) ENGINE=MyISAM DEFAULT CHARSET=utf8 COLLATE=utf8_unicode_ci;

--
-- Dumping data for table `zen_coupon_gv_customer`
--


--
-- Table structure for table `zen_coupon_gv_queue`
--

CREATE TABLE `zen_coupon_gv_queue` (
  `unique_id` int(5) NOT NULL AUTO_INCREMENT,
  `customer_id` int(5) NOT NULL DEFAULT '0',
  `order_id` int(5) NOT NULL DEFAULT '0',
  `amount` decimal(15,4) NOT NULL DEFAULT '0.0000',
  `date_created` datetime NOT NULL DEFAULT '0001-01-01 00:00:00',
  `ipaddr` varchar(32) COLLATE utf8_unicode_ci NOT NULL DEFAULT '',
  `release_flag` char(1) COLLATE utf8_unicode_ci NOT NULL DEFAULT 'N',
  PRIMARY KEY (`unique_id`),
  KEY `idx_cust_id_order_id_zen` (`customer_id`,`order_id`),
  KEY `idx_release_flag_zen` (`release_flag`)
) ENGINE=MyISAM DEFAULT CHARSET=utf8 COLLATE=utf8_unicode_ci;

--
-- Dumping data for table `zen_coupon_gv_queue`
--


--
-- Table structure for table `zen_coupon_redeem_track`
--

CREATE TABLE `zen_coupon_redeem_track` (
  `unique_id` int(11) NOT NULL AUTO_INCREMENT,
  `coupon_id` int(11) NOT NULL DEFAULT '0',
  `customer_id` int(11) NOT NULL DEFAULT '0',
  `redeem_date` datetime NOT NULL DEFAULT '0001-01-01 00:00:00',
  `redeem_ip` varchar(32) COLLATE utf8_unicode_ci NOT NULL DEFAULT '',
  `order_id` int(11) NOT NULL DEFAULT '0',
  PRIMARY KEY (`unique_id`),
  KEY `idx_coupon_id_zen` (`coupon_id`)
) ENGINE=MyISAM DEFAULT CHARSET=utf8 COLLATE=utf8_unicode_ci;

--
-- Dumping data for table `zen_coupon_redeem_track`
--


--
-- Table structure for table `zen_coupon_restrict`
--

CREATE TABLE `zen_coupon_restrict` (
  `restrict_id` int(11) NOT NULL AUTO_INCREMENT,
  `coupon_id` int(11) NOT NULL DEFAULT '0',
  `product_id` int(11) NOT NULL DEFAULT '0',
  `category_id` int(11) NOT NULL DEFAULT '0',
  `coupon_restrict` char(1) COLLATE utf8_unicode_ci NOT NULL DEFAULT 'N',
  PRIMARY KEY (`restrict_id`),
  KEY `idx_coup_id_prod_id_zen` (`coupon_id`,`product_id`)
) ENGINE=MyISAM DEFAULT CHARSET=utf8 COLLATE=utf8_unicode_ci;

--
-- Dumping data for table `zen_coupon_restrict`
--


--
-- Table structure for table `zen_coupons`
--

CREATE TABLE `zen_coupons` (
  `coupon_id` int(11) NOT NULL AUTO_INCREMENT,
  `coupon_type` char(1) COLLATE utf8_unicode_ci NOT NULL DEFAULT 'F',
  `coupon_code` varchar(32) COLLATE utf8_unicode_ci NOT NULL DEFAULT '',
  `coupon_amount` decimal(15,4) NOT NULL DEFAULT '0.0000',
  `coupon_minimum_order` decimal(15,4) NOT NULL DEFAULT '0.0000',
  `coupon_start_date` datetime NOT NULL DEFAULT '0001-01-01 00:00:00',
  `coupon_expire_date` datetime NOT NULL DEFAULT '0001-01-01 00:00:00',
  `uses_per_coupon` int(5) NOT NULL DEFAULT '1',
  `uses_per_user` int(5) NOT NULL DEFAULT '0',
  `restrict_to_products` varchar(255) COLLATE utf8_unicode_ci DEFAULT NULL,
  `restrict_to_categories` varchar(255) COLLATE utf8_unicode_ci DEFAULT NULL,
  `restrict_to_customers` text COLLATE utf8_unicode_ci,
  `coupon_active` char(1) COLLATE utf8_unicode_ci NOT NULL DEFAULT 'Y',
  `date_created` datetime NOT NULL DEFAULT '0001-01-01 00:00:00',
  `date_modified` datetime NOT NULL DEFAULT '0001-01-01 00:00:00',
  `coupon_zone_restriction` int(11) NOT NULL DEFAULT '0',
  PRIMARY KEY (`coupon_id`),
  KEY `idx_active_type_zen` (`coupon_active`,`coupon_type`),
  KEY `idx_coupon_code_zen` (`coupon_code`),
  KEY `idx_coupon_type_zen` (`coupon_type`)
) ENGINE=MyISAM DEFAULT CHARSET=utf8 COLLATE=utf8_unicode_ci;

--
-- Dumping data for table `zen_coupons`
--


--
-- Table structure for table `zen_coupons_description`
--

CREATE TABLE `zen_coupons_description` (
  `coupon_id` int(11) NOT NULL DEFAULT '0',
  `language_id` int(11) NOT NULL DEFAULT '0',
  `coupon_name` varchar(32) COLLATE utf8_unicode_ci NOT NULL DEFAULT '',
  `coupon_description` text COLLATE utf8_unicode_ci,
  PRIMARY KEY (`coupon_id`,`language_id`)
) ENGINE=MyISAM DEFAULT CHARSET=utf8 COLLATE=utf8_unicode_ci;

--
-- Dumping data for table `zen_coupons_description`
--


--
-- Table structure for table `zen_currencies`
--

CREATE TABLE `zen_currencies` (
  `currencies_id` int(11) NOT NULL AUTO_INCREMENT,
  `title` varchar(32) COLLATE utf8_unicode_ci NOT NULL DEFAULT '',
  `code` char(3) COLLATE utf8_unicode_ci NOT NULL DEFAULT '',
  `symbol_left` varchar(24) COLLATE utf8_unicode_ci DEFAULT NULL,
  `symbol_right` varchar(24) COLLATE utf8_unicode_ci DEFAULT NULL,
  `decimal_point` char(1) COLLATE utf8_unicode_ci DEFAULT NULL,
  `thousands_point` char(1) COLLATE utf8_unicode_ci DEFAULT NULL,
  `decimal_places` char(1) COLLATE utf8_unicode_ci DEFAULT NULL,
  `value` float(13,8) DEFAULT NULL,
  `last_updated` datetime DEFAULT NULL,
  PRIMARY KEY (`currencies_id`)
) ENGINE=MyISAM AUTO_INCREMENT=6 DEFAULT CHARSET=utf8 COLLATE=utf8_unicode_ci;

--
-- Dumping data for table `zen_currencies`
--

INSERT INTO `zen_currencies` VALUES (1,'US Dollar','USD','$','','.',',','2',1.00000000,'2010-07-05 21:25:33'),(2,'Euro','EUR','&euro;','','.',',','2',0.77300000,'2010-07-05 21:25:33'),(3,'GB Pound','GBP','&pound;','','.',',','2',0.67259997,'2010-07-05 21:25:33'),(4,'Canadian Dollar','CAD','$','','.',',','2',1.10420001,'2010-07-05 21:25:33'),(5,'Australian Dollar','AUD','$','','.',',','2',1.17890000,'2010-07-05 21:25:33');

--
-- Table structure for table `zen_customers`
--

CREATE TABLE `zen_customers` (
  `customers_id` int(11) NOT NULL AUTO_INCREMENT,
  `customers_gender` char(1) COLLATE utf8_unicode_ci NOT NULL DEFAULT '',
  `customers_firstname` varchar(32) COLLATE utf8_unicode_ci NOT NULL DEFAULT '',
  `customers_lastname` varchar(32) COLLATE utf8_unicode_ci NOT NULL DEFAULT '',
  `customers_dob` datetime NOT NULL DEFAULT '0001-01-01 00:00:00',
  `customers_email_address` varchar(96) COLLATE utf8_unicode_ci NOT NULL DEFAULT '',
  `customers_nick` varchar(96) COLLATE utf8_unicode_ci NOT NULL DEFAULT '',
  `customers_default_address_id` int(11) NOT NULL DEFAULT '0',
  `customers_telephone` varchar(32) COLLATE utf8_unicode_ci NOT NULL DEFAULT '',
  `customers_fax` varchar(32) COLLATE utf8_unicode_ci DEFAULT NULL,
  `customers_password` varchar(40) COLLATE utf8_unicode_ci NOT NULL DEFAULT '',
  `customers_newsletter` char(1) COLLATE utf8_unicode_ci DEFAULT NULL,
  `customers_group_pricing` int(11) NOT NULL DEFAULT '0',
  `customers_email_format` varchar(4) COLLATE utf8_unicode_ci NOT NULL DEFAULT 'TEXT',
  `customers_authorization` int(1) NOT NULL DEFAULT '0',
  `customers_referral` varchar(32) COLLATE utf8_unicode_ci NOT NULL DEFAULT '',
  `customers_paypal_payerid` varchar(20) COLLATE utf8_unicode_ci NOT NULL DEFAULT '',
  `customers_paypal_ec` tinyint(1) unsigned NOT NULL DEFAULT '0',
  PRIMARY KEY (`customers_id`),
  KEY `idx_email_address_zen` (`customers_email_address`),
  KEY `idx_referral_zen` (`customers_referral`(10)),
  KEY `idx_grp_pricing_zen` (`customers_group_pricing`),
  KEY `idx_nick_zen` (`customers_nick`),
  KEY `idx_newsletter_zen` (`customers_newsletter`)
) ENGINE=MyISAM AUTO_INCREMENT=8 DEFAULT CHARSET=utf8 COLLATE=utf8_unicode_ci;

--
-- Dumping data for table `zen_customers`
--

INSERT INTO `zen_customers` VALUES (1,'f','Greta','Spendalot','1960-05-29 00:00:00','jhbrake@comcast.net','',1,'212-896-9874','','f0853e876227af912f342f9120a20ba9:75','1',0,'HTML',0,'','',0),(2,'f','Kim','Cochran','0001-01-01 00:00:00','cochranx4@comcast.net','',2,'5179181934','','e270471ad113afe19800c1c339379a93:1e','1',0,'HTML',0,'','',0),(3,'f','Laura','Tabony','0001-01-01 00:00:00','ltabony@austin.rr.com','',3,'512 280-4080','','1b0c81dfcea4a065d3f2159496958259:70','0',0,'TEXT',0,'','',0),(4,'m','Mike','Cudecki','0001-01-01 00:00:00','hawk7131@gmail.com','',4,'7082444329','','f11329e9b44950d7282fbbcdc5d8e6a9:42','0',0,'TEXT',0,'','',0),(5,'m','cristian','guzman','0001-01-01 00:00:00','gorry8062@gmail.com','',5,'014451228907','','50e3fe4d5e76ecafddbe2b2529ade1fe:ce','0',0,'TEXT',0,'','',0),(6,'m','Charles','Upshaw','0001-01-01 00:00:00','C3Upshaw@aol.com','',6,'(908) 447-9903','','07d283e3d898e5eb1f068d40e23d2e5f:0e','0',0,'TEXT',0,'','',0),(7,'f','Dorris','Fay','0001-01-01 00:00:00','jazlyn.bosco51@tooolz.com','',7,'7492886157','7492886157','4d6b3a21a0c44e8a1865f7ac7163b432:16','1',0,'TEXT',0,'','',0);

--
-- Table structure for table `zen_customers_basket`
--

CREATE TABLE `zen_customers_basket` (
  `customers_basket_id` int(11) NOT NULL AUTO_INCREMENT,
  `customers_id` int(11) NOT NULL DEFAULT '0',
  `products_id` tinytext COLLATE utf8_unicode_ci NOT NULL,
  `customers_basket_quantity` float NOT NULL DEFAULT '0',
  `final_price` decimal(15,4) NOT NULL DEFAULT '0.0000',
  `customers_basket_date_added` varchar(8) COLLATE utf8_unicode_ci DEFAULT NULL,
  PRIMARY KEY (`customers_basket_id`),
  KEY `idx_customers_id_zen` (`customers_id`)
) ENGINE=MyISAM AUTO_INCREMENT=9 DEFAULT CHARSET=utf8 COLLATE=utf8_unicode_ci;

--
-- Dumping data for table `zen_customers_basket`
--

INSERT INTO `zen_customers_basket` VALUES (7,5,'80',4,0.0000,'20170909');

--
-- Table structure for table `zen_customers_basket_attributes`
--

CREATE TABLE `zen_customers_basket_attributes` (
  `customers_basket_attributes_id` int(11) NOT NULL AUTO_INCREMENT,
  `customers_id` int(11) NOT NULL DEFAULT '0',
  `products_id` tinytext COLLATE utf8_unicode_ci NOT NULL,
  `products_options_id` varchar(64) COLLATE utf8_unicode_ci NOT NULL DEFAULT '0',
  `products_options_value_id` int(11) NOT NULL DEFAULT '0',
  `products_options_value_text` blob,
  `products_options_sort_order` text COLLATE utf8_unicode_ci NOT NULL,
  PRIMARY KEY (`customers_basket_attributes_id`),
  KEY `idx_cust_id_prod_id_zen` (`customers_id`,`products_id`(36))
) ENGINE=MyISAM DEFAULT CHARSET=utf8 COLLATE=utf8_unicode_ci;

--
-- Dumping data for table `zen_customers_basket_attributes`
--


--
-- Table structure for table `zen_customers_info`
--

CREATE TABLE `zen_customers_info` (
  `customers_info_id` int(11) NOT NULL DEFAULT '0',
  `customers_info_date_of_last_logon` datetime DEFAULT NULL,
  `customers_info_number_of_logons` int(5) DEFAULT NULL,
  `customers_info_date_account_created` datetime DEFAULT NULL,
  `customers_info_date_account_last_modified` datetime DEFAULT NULL,
  `global_product_notifications` int(1) DEFAULT '0',
  PRIMARY KEY (`customers_info_id`)
) ENGINE=MyISAM DEFAULT CHARSET=utf8 COLLATE=utf8_unicode_ci;

--
-- Dumping data for table `zen_customers_info`
--

INSERT INTO `zen_customers_info` VALUES (1,'2010-07-10 15:20:53',7,'2010-07-06 21:00:42',NULL,0),(2,'2010-08-11 14:12:01',1,'2010-08-11 14:12:01',NULL,0),(3,'2012-05-27 17:39:35',2,'2012-05-26 23:11:13',NULL,0),(4,'2013-11-25 09:41:49',1,'2013-11-25 09:41:49',NULL,0),(5,'2017-09-09 12:23:17',1,'2017-09-09 12:23:17',NULL,0),(6,'2019-01-15 16:21:43',4,'2019-01-15 04:39:47',NULL,0),(7,'2020-06-19 00:28:18',1,'2020-06-19 00:28:18',NULL,0);

--
-- Table structure for table `zen_customers_wishlist`
--

CREATE TABLE `zen_customers_wishlist` (
  `products_id` int(13) NOT NULL DEFAULT '0',
  `customers_id` int(13) NOT NULL DEFAULT '0',
  `products_model` varchar(13) COLLATE utf8_unicode_ci DEFAULT NULL,
  `products_name` varchar(64) COLLATE utf8_unicode_ci NOT NULL DEFAULT '',
  `products_price` decimal(8,2) NOT NULL DEFAULT '0.00',
  `final_price` decimal(8,2) NOT NULL DEFAULT '0.00',
  `products_quantity` int(2) NOT NULL DEFAULT '0',
  `wishlist_name` varchar(64) COLLATE utf8_unicode_ci DEFAULT NULL
) ENGINE=MyISAM DEFAULT CHARSET=utf8 COLLATE=utf8_unicode_ci;

--
-- Dumping data for table `zen_customers_wishlist`
--


--
-- Table structure for table `zen_db_cache`
--

CREATE TABLE `zen_db_cache` (
  `cache_entry_name` varchar(64) COLLATE utf8_unicode_ci NOT NULL DEFAULT '',
  `cache_data` mediumblob,
  `cache_entry_created` int(15) DEFAULT NULL,
  PRIMARY KEY (`cache_entry_name`)
) ENGINE=MyISAM DEFAULT CHARSET=utf8 COLLATE=utf8_unicode_ci;

--
-- Dumping data for table `zen_db_cache`
--


--
-- Table structure for table `zen_email_archive`
--

CREATE TABLE `zen_email_archive` (
  `archive_id` int(11) NOT NULL AUTO_INCREMENT,
  `email_to_name` varchar(96) COLLATE utf8_unicode_ci NOT NULL DEFAULT '',
  `email_to_address` varchar(96) COLLATE utf8_unicode_ci NOT NULL DEFAULT '',
  `email_from_name` varchar(96) COLLATE utf8_unicode_ci NOT NULL DEFAULT '',
  `email_from_address` varchar(96) COLLATE utf8_unicode_ci NOT NULL DEFAULT '',
  `email_subject` varchar(255) COLLATE utf8_unicode_ci NOT NULL DEFAULT '',
  `email_html` text COLLATE utf8_unicode_ci NOT NULL,
  `email_text` text COLLATE utf8_unicode_ci NOT NULL,
  `date_sent` datetime NOT NULL DEFAULT '0001-01-01 00:00:00',
  `module` varchar(64) COLLATE utf8_unicode_ci NOT NULL DEFAULT '',
  PRIMARY KEY (`archive_id`),
  KEY `idx_email_to_address_zen` (`email_to_address`),
  KEY `idx_module_zen` (`module`)
) ENGINE=MyISAM DEFAULT CHARSET=utf8 COLLATE=utf8_unicode_ci;

--
-- Dumping data for table `zen_email_archive`
--


--
-- Table structure for table `zen_ezpages`
--

CREATE TABLE `zen_ezpages` (
  `pages_id` int(11) NOT NULL AUTO_INCREMENT,
  `languages_id` int(11) NOT NULL DEFAULT '1',
  `pages_title` varchar(64) COLLATE utf8_unicode_ci NOT NULL DEFAULT '',
  `alt_url` varchar(255) COLLATE utf8_unicode_ci NOT NULL DEFAULT '',
  `alt_url_external` varchar(255) COLLATE utf8_unicode_ci NOT NULL DEFAULT '',
  `pages_html_text` mediumtext COLLATE utf8_unicode_ci,
  `status_header` int(1) NOT NULL DEFAULT '1',
  `status_sidebox` int(1) NOT NULL DEFAULT '1',
  `status_footer` int(1) NOT NULL DEFAULT '1',
  `status_toc` int(1) NOT NULL DEFAULT '1',
  `header_sort_order` int(3) NOT NULL DEFAULT '0',
  `sidebox_sort_order` int(3) NOT NULL DEFAULT '0',
  `footer_sort_order` int(3) NOT NULL DEFAULT '0',
  `toc_sort_order` int(3) NOT NULL DEFAULT '0',
  `page_open_new_window` int(1) NOT NULL DEFAULT '0',
  `page_is_ssl` int(1) NOT NULL DEFAULT '0',
  `toc_chapter` int(11) NOT NULL DEFAULT '0',
  PRIMARY KEY (`pages_id`),
  KEY `idx_lang_id_zen` (`languages_id`),
  KEY `idx_ezp_status_header_zen` (`status_header`),
  KEY `idx_ezp_status_sidebox_zen` (`status_sidebox`),
  KEY `idx_ezp_status_footer_zen` (`status_footer`),
  KEY `idx_ezp_status_toc_zen` (`status_toc`)
) ENGINE=MyISAM DEFAULT CHARSET=utf8 COLLATE=utf8_unicode_ci;

--
-- Dumping data for table `zen_ezpages`
--


--
-- Table structure for table `zen_featured`
--

CREATE TABLE `zen_featured` (
  `featured_id` int(11) NOT NULL AUTO_INCREMENT,
  `products_id` int(11) NOT NULL DEFAULT '0',
  `featured_date_added` datetime DEFAULT NULL,
  `featured_last_modified` datetime DEFAULT NULL,
  `expires_date` date NOT NULL DEFAULT '0001-01-01',
  `date_status_change` datetime DEFAULT NULL,
  `status` int(1) NOT NULL DEFAULT '1',
  `featured_date_available` date NOT NULL DEFAULT '0001-01-01',
  PRIMARY KEY (`featured_id`),
  KEY `idx_status_zen` (`status`),
  KEY `idx_products_id_zen` (`products_id`),
  KEY `idx_date_avail_zen` (`featured_date_available`),
  KEY `idx_expires_date_zen` (`expires_date`)
) ENGINE=MyISAM DEFAULT CHARSET=utf8 COLLATE=utf8_unicode_ci;

--
-- Dumping data for table `zen_featured`
--


--
-- Table structure for table `zen_files_uploaded`
--

CREATE TABLE `zen_files_uploaded` (
  `files_uploaded_id` int(11) NOT NULL AUTO_INCREMENT,
  `sesskey` varchar(32) COLLATE utf8_unicode_ci DEFAULT NULL,
  `customers_id` int(11) DEFAULT NULL,
  `files_uploaded_name` varchar(64) COLLATE utf8_unicode_ci NOT NULL DEFAULT '',
  PRIMARY KEY (`files_uploaded_id`),
  KEY `idx_customers_id_zen` (`customers_id`)
) ENGINE=MyISAM DEFAULT CHARSET=utf8 COLLATE=utf8_unicode_ci;

--
-- Dumping data for table `zen_files_uploaded`
--


--
-- Table structure for table `zen_geo_zones`
--

CREATE TABLE `zen_geo_zones` (
  `geo_zone_id` int(11) NOT NULL AUTO_INCREMENT,
  `geo_zone_name` varchar(32) COLLATE utf8_unicode_ci NOT NULL DEFAULT '',
  `geo_zone_description` varchar(255) COLLATE utf8_unicode_ci NOT NULL DEFAULT '',
  `last_modified` datetime DEFAULT NULL,
  `date_added` datetime NOT NULL DEFAULT '0001-01-01 00:00:00',
  PRIMARY KEY (`geo_zone_id`)
) ENGINE=MyISAM AUTO_INCREMENT=2 DEFAULT CHARSET=utf8 COLLATE=utf8_unicode_ci;

--
-- Dumping data for table `zen_geo_zones`
--

INSERT INTO `zen_geo_zones` VALUES (1,'Florida','Florida local sales tax zone',NULL,'2010-07-05 21:25:33');

--
-- Table structure for table `zen_get_terms_to_filter`
--

CREATE TABLE `zen_get_terms_to_filter` (
  `get_term_name` varchar(255) COLLATE utf8_unicode_ci NOT NULL DEFAULT '',
  `get_term_table` varchar(64) COLLATE utf8_unicode_ci NOT NULL,
  `get_term_name_field` varchar(64) COLLATE utf8_unicode_ci NOT NULL,
  PRIMARY KEY (`get_term_name`)
) ENGINE=MyISAM DEFAULT CHARSET=utf8 COLLATE=utf8_unicode_ci;

--
-- Dumping data for table `zen_get_terms_to_filter`
--

INSERT INTO `zen_get_terms_to_filter` VALUES ('manufacturers_id','TABLE_MANUFACTURERS','manufacturers_name'),('music_genre_id','TABLE_MUSIC_GENRE','music_genre_name'),('record_company_id','TABLE_RECORD_COMPANY','record_company_name');

--
-- Table structure for table `zen_group_pricing`
--

CREATE TABLE `zen_group_pricing` (
  `group_id` int(11) NOT NULL AUTO_INCREMENT,
  `group_name` varchar(32) COLLATE utf8_unicode_ci NOT NULL DEFAULT '',
  `group_percentage` decimal(5,2) NOT NULL DEFAULT '0.00',
  `last_modified` datetime DEFAULT NULL,
  `date_added` datetime NOT NULL DEFAULT '0001-01-01 00:00:00',
  PRIMARY KEY (`group_id`)
) ENGINE=MyISAM DEFAULT CHARSET=utf8 COLLATE=utf8_unicode_ci;

--
-- Dumping data for table `zen_group_pricing`
--


--
-- Table structure for table `zen_languages`
--

CREATE TABLE `zen_languages` (
  `languages_id` int(11) NOT NULL AUTO_INCREMENT,
  `name` varchar(32) COLLATE utf8_unicode_ci NOT NULL DEFAULT '',
  `code` char(2) COLLATE utf8_unicode_ci NOT NULL DEFAULT '',
  `image` varchar(64) COLLATE utf8_unicode_ci DEFAULT NULL,
  `directory` varchar(32) COLLATE utf8_unicode_ci DEFAULT NULL,
  `sort_order` int(3) DEFAULT NULL,
  PRIMARY KEY (`languages_id`),
  KEY `idx_languages_name_zen` (`name`)
) ENGINE=MyISAM AUTO_INCREMENT=2 DEFAULT CHARSET=utf8 COLLATE=utf8_unicode_ci;

--
-- Dumping data for table `zen_languages`
--

INSERT INTO `zen_languages` VALUES (1,'English','en','icon.gif','english',1);

--
-- Table structure for table `zen_layout_boxes`
--

CREATE TABLE `zen_layout_boxes` (
  `layout_id` int(11) NOT NULL AUTO_INCREMENT,
  `layout_template` varchar(64) COLLATE utf8_unicode_ci NOT NULL DEFAULT '',
  `layout_box_name` varchar(64) COLLATE utf8_unicode_ci NOT NULL DEFAULT '',
  `layout_box_status` tinyint(1) NOT NULL DEFAULT '0',
  `layout_box_location` tinyint(1) NOT NULL DEFAULT '0',
  `layout_box_sort_order` int(11) NOT NULL DEFAULT '0',
  `layout_box_sort_order_single` int(11) NOT NULL DEFAULT '0',
  `layout_box_status_single` tinyint(4) NOT NULL DEFAULT '0',
  PRIMARY KEY (`layout_id`),
  KEY `idx_name_template_zen` (`layout_template`,`layout_box_name`),
  KEY `idx_layout_box_status_zen` (`layout_box_status`),
  KEY `idx_layout_box_sort_order_zen` (`layout_box_sort_order`)
) ENGINE=MyISAM AUTO_INCREMENT=103 DEFAULT CHARSET=utf8 COLLATE=utf8_unicode_ci;

--
-- Dumping data for table `zen_layout_boxes`
--

INSERT INTO `zen_layout_boxes` VALUES (1,'default_template_settings','banner_box_all.php',1,1,5,0,0),(2,'default_template_settings','banner_box.php',1,0,300,1,127),(3,'default_template_settings','banner_box2.php',1,1,15,1,15),(4,'default_template_settings','best_sellers.php',1,1,30,70,1),(5,'default_template_settings','categories.php',1,0,10,10,1),(6,'default_template_settings','currencies.php',1,1,80,60,1),(7,'default_template_settings','document_categories.php',1,0,0,0,0),(8,'default_template_settings','ezpages.php',1,1,-1,2,1),(9,'default_template_settings','featured.php',1,0,45,0,0),(10,'default_template_settings','information.php',1,0,50,40,1),(11,'default_template_settings','languages.php',1,1,70,50,1),(12,'default_template_settings','manufacturers.php',1,0,30,20,1),(13,'default_template_settings','manufacturer_info.php',1,1,35,95,1),(14,'default_template_settings','more_information.php',1,0,200,200,1),(15,'default_template_settings','music_genres.php',1,1,0,0,0),(16,'default_template_settings','order_history.php',1,1,0,0,0),(17,'default_template_settings','product_notifications.php',1,1,55,85,1),(18,'default_template_settings','record_companies.php',1,1,0,0,0),(19,'default_template_settings','reviews.php',1,0,40,0,0),(20,'default_template_settings','search.php',1,1,10,0,0),(21,'default_template_settings','search_header.php',0,0,0,0,1),(22,'default_template_settings','shopping_cart.php',1,1,20,30,1),(23,'default_template_settings','specials.php',1,1,45,0,0),(24,'default_template_settings','tell_a_friend.php',1,1,65,0,0),(25,'default_template_settings','whats_new.php',1,0,20,0,0),(26,'default_template_settings','whos_online.php',1,1,200,200,1),(27,'template_default','banner_box_all.php',1,1,5,0,0),(28,'template_default','banner_box.php',1,0,300,1,127),(29,'template_default','banner_box2.php',1,1,15,1,15),(30,'template_default','best_sellers.php',1,1,30,70,1),(31,'template_default','categories.php',1,0,10,10,1),(32,'template_default','currencies.php',1,1,80,60,1),(33,'template_default','ezpages.php',1,1,-1,2,1),(34,'template_default','featured.php',1,0,45,0,0),(35,'template_default','information.php',1,0,50,40,1),(36,'template_default','languages.php',1,1,70,50,1),(37,'template_default','manufacturers.php',1,0,30,20,1),(38,'template_default','manufacturer_info.php',1,1,35,95,1),(39,'template_default','more_information.php',1,0,200,200,1),(40,'template_default','my_broken_box.php',1,0,0,0,0),(41,'template_default','order_history.php',1,1,0,0,0),(42,'template_default','product_notifications.php',1,1,55,85,1),(43,'template_default','reviews.php',1,0,40,0,0),(44,'template_default','search.php',1,1,10,0,0),(45,'template_default','search_header.php',0,0,0,0,1),(46,'template_default','shopping_cart.php',1,1,20,30,1),(47,'template_default','specials.php',1,1,45,0,0),(48,'template_default','tell_a_friend.php',1,1,65,0,0),(49,'template_default','whats_new.php',1,0,20,0,0),(50,'template_default','whos_online.php',1,1,200,200,1),(51,'classic','banner_box.php',1,0,300,1,127),(52,'classic','banner_box2.php',1,1,15,1,15),(53,'classic','banner_box_all.php',1,1,5,0,0),(54,'classic','best_sellers.php',1,1,30,70,1),(55,'classic','categories.php',1,0,10,10,1),(56,'classic','currencies.php',1,1,80,60,1),(57,'classic','document_categories.php',1,0,0,0,0),(58,'classic','ezpages.php',1,1,-1,2,1),(59,'classic','featured.php',1,0,45,0,0),(60,'classic','information.php',1,0,50,40,1),(61,'classic','languages.php',1,1,70,50,1),(62,'classic','manufacturers.php',1,0,30,20,1),(63,'classic','manufacturer_info.php',1,1,35,95,1),(64,'classic','more_information.php',1,0,200,200,1),(65,'classic','music_genres.php',1,1,0,0,0),(66,'classic','order_history.php',1,1,0,0,0),(67,'classic','product_notifications.php',1,1,55,85,1),(68,'classic','record_companies.php',1,1,0,0,0),(69,'classic','reviews.php',1,0,40,0,0),(70,'classic','search.php',1,1,10,0,0),(71,'classic','search_header.php',0,0,0,0,1),(72,'classic','shopping_cart.php',1,1,20,30,1),(73,'classic','specials.php',1,1,45,0,0),(74,'classic','tell_a_friend.php',1,1,65,0,0),(75,'classic','whats_new.php',1,0,20,0,0),(76,'classic','whos_online.php',1,1,200,200,1),(77,'kc','banner_box.php',1,0,300,1,127),(78,'kc','banner_box2.php',0,1,15,1,0),(79,'kc','banner_box_all.php',1,1,5,0,0),(80,'kc','best_sellers.php',1,0,30,70,1),(81,'kc','categories.php',1,0,0,0,1),(82,'kc','currencies.php',0,1,80,60,0),(83,'kc','document_categories.php',1,0,0,0,0),(84,'kc','ezpages.php',0,1,-1,2,0),(85,'kc','featured.php',1,0,45,0,0),(86,'kc','information.php',1,0,50,40,1),(87,'kc','languages.php',0,1,70,50,0),(88,'kc','manufacturer_info.php',0,1,35,95,0),(89,'kc','manufacturers.php',1,0,30,20,1),(90,'kc','more_information.php',0,0,200,200,0),(91,'kc','music_genres.php',1,1,0,0,0),(92,'kc','order_history.php',1,0,3,3,0),(93,'kc','product_notifications.php',1,0,55,85,1),(94,'kc','record_companies.php',1,1,0,0,0),(95,'kc','reviews.php',0,0,40,0,0),(96,'kc','search.php',0,1,10,0,0),(97,'kc','search_header.php',0,0,0,0,1),(98,'kc','shopping_cart.php',1,0,20,30,1),(99,'kc','specials.php',1,0,45,0,1),(100,'kc','tell_a_friend.php',1,0,65,0,1),(101,'kc','whats_new.php',1,0,2,2,0),(102,'kc','whos_online.php',0,1,200,200,0);

--
-- Table structure for table `zen_manufacturers`
--

CREATE TABLE `zen_manufacturers` (
  `manufacturers_id` int(11) NOT NULL AUTO_INCREMENT,
  `manufacturers_name` varchar(32) COLLATE utf8_unicode_ci NOT NULL DEFAULT '',
  `manufacturers_image` varchar(64) COLLATE utf8_unicode_ci DEFAULT NULL,
  `date_added` datetime DEFAULT NULL,
  `last_modified` datetime DEFAULT NULL,
  PRIMARY KEY (`manufacturers_id`),
  KEY `idx_mfg_name_zen` (`manufacturers_name`)
) ENGINE=MyISAM DEFAULT CHARSET=utf8 COLLATE=utf8_unicode_ci;

--
-- Dumping data for table `zen_manufacturers`
--


--
-- Table structure for table `zen_manufacturers_info`
--

CREATE TABLE `zen_manufacturers_info` (
  `manufacturers_id` int(11) NOT NULL DEFAULT '0',
  `languages_id` int(11) NOT NULL DEFAULT '0',
  `manufacturers_url` varchar(255) COLLATE utf8_unicode_ci NOT NULL DEFAULT '',
  `url_clicked` int(5) NOT NULL DEFAULT '0',
  `date_last_click` datetime DEFAULT NULL,
  PRIMARY KEY (`manufacturers_id`,`languages_id`)
) ENGINE=MyISAM DEFAULT CHARSET=utf8 COLLATE=utf8_unicode_ci;

--
-- Dumping data for table `zen_manufacturers_info`
--


--
-- Table structure for table `zen_media_clips`
--

CREATE TABLE `zen_media_clips` (
  `clip_id` int(11) NOT NULL AUTO_INCREMENT,
  `media_id` int(11) NOT NULL DEFAULT '0',
  `clip_type` smallint(6) NOT NULL DEFAULT '0',
  `clip_filename` text COLLATE utf8_unicode_ci NOT NULL,
  `date_added` datetime NOT NULL DEFAULT '0001-01-01 00:00:00',
  `last_modified` datetime NOT NULL DEFAULT '0001-01-01 00:00:00',
  PRIMARY KEY (`clip_id`),
  KEY `idx_media_id_zen` (`media_id`),
  KEY `idx_clip_type_zen` (`clip_type`)
) ENGINE=MyISAM DEFAULT CHARSET=utf8 COLLATE=utf8_unicode_ci;

--
-- Dumping data for table `zen_media_clips`
--


--
-- Table structure for table `zen_media_manager`
--

CREATE TABLE `zen_media_manager` (
  `media_id` int(11) NOT NULL AUTO_INCREMENT,
  `media_name` varchar(255) COLLATE utf8_unicode_ci NOT NULL DEFAULT '',
  `last_modified` datetime NOT NULL DEFAULT '0001-01-01 00:00:00',
  `date_added` datetime NOT NULL DEFAULT '0001-01-01 00:00:00',
  PRIMARY KEY (`media_id`),
  KEY `idx_media_name_zen` (`media_name`)
) ENGINE=MyISAM DEFAULT CHARSET=utf8 COLLATE=utf8_unicode_ci;

--
-- Dumping data for table `zen_media_manager`
--


--
-- Table structure for table `zen_media_to_products`
--

CREATE TABLE `zen_media_to_products` (
  `media_id` int(11) NOT NULL DEFAULT '0',
  `product_id` int(11) NOT NULL DEFAULT '0',
  KEY `idx_media_product_zen` (`media_id`,`product_id`)
) ENGINE=MyISAM DEFAULT CHARSET=utf8 COLLATE=utf8_unicode_ci;

--
-- Dumping data for table `zen_media_to_products`
--


--
-- Table structure for table `zen_media_types`
--

CREATE TABLE `zen_media_types` (
  `type_id` int(11) NOT NULL AUTO_INCREMENT,
  `type_name` varchar(64) COLLATE utf8_unicode_ci NOT NULL DEFAULT '',
  `type_ext` varchar(8) COLLATE utf8_unicode_ci NOT NULL DEFAULT '',
  PRIMARY KEY (`type_id`),
  KEY `idx_type_name_zen` (`type_name`)
) ENGINE=MyISAM AUTO_INCREMENT=2 DEFAULT CHARSET=utf8 COLLATE=utf8_unicode_ci;

--
-- Dumping data for table `zen_media_types`
--

INSERT INTO `zen_media_types` VALUES (1,'MP3','.mp3');

--
-- Table structure for table `zen_meta_tags_categories_description`
--

CREATE TABLE `zen_meta_tags_categories_description` (
  `categories_id` int(11) NOT NULL,
  `language_id` int(11) NOT NULL DEFAULT '1',
  `metatags_title` varchar(255) COLLATE utf8_unicode_ci NOT NULL DEFAULT '',
  `metatags_keywords` text COLLATE utf8_unicode_ci,
  `metatags_description` text COLLATE utf8_unicode_ci,
  PRIMARY KEY (`categories_id`,`language_id`)
) ENGINE=MyISAM DEFAULT CHARSET=utf8 COLLATE=utf8_unicode_ci;

--
-- Dumping data for table `zen_meta_tags_categories_description`
--


--
-- Table structure for table `zen_meta_tags_products_description`
--

CREATE TABLE `zen_meta_tags_products_description` (
  `products_id` int(11) NOT NULL,
  `language_id` int(11) NOT NULL DEFAULT '1',
  `metatags_title` varchar(255) COLLATE utf8_unicode_ci NOT NULL DEFAULT '',
  `metatags_keywords` text COLLATE utf8_unicode_ci,
  `metatags_description` text COLLATE utf8_unicode_ci,
  PRIMARY KEY (`products_id`,`language_id`)
) ENGINE=MyISAM DEFAULT CHARSET=utf8 COLLATE=utf8_unicode_ci;

--
-- Dumping data for table `zen_meta_tags_products_description`
--


--
-- Table structure for table `zen_music_genre`
--

CREATE TABLE `zen_music_genre` (
  `music_genre_id` int(11) NOT NULL AUTO_INCREMENT,
  `music_genre_name` varchar(32) COLLATE utf8_unicode_ci NOT NULL DEFAULT '',
  `date_added` datetime DEFAULT NULL,
  `last_modified` datetime DEFAULT NULL,
  PRIMARY KEY (`music_genre_id`),
  KEY `idx_music_genre_name_zen` (`music_genre_name`)
) ENGINE=MyISAM DEFAULT CHARSET=utf8 COLLATE=utf8_unicode_ci;

--
-- Dumping data for table `zen_music_genre`
--


--
-- Table structure for table `zen_newsletters`
--

CREATE TABLE `zen_newsletters` (
  `newsletters_id` int(11) NOT NULL AUTO_INCREMENT,
  `title` varchar(255) COLLATE utf8_unicode_ci NOT NULL DEFAULT '',
  `content` text COLLATE utf8_unicode_ci NOT NULL,
  `content_html` text COLLATE utf8_unicode_ci NOT NULL,
  `module` varchar(255) COLLATE utf8_unicode_ci NOT NULL DEFAULT '',
  `date_added` datetime NOT NULL DEFAULT '0001-01-01 00:00:00',
  `date_sent` datetime DEFAULT NULL,
  `status` int(1) DEFAULT NULL,
  `locked` int(1) DEFAULT '0',
  PRIMARY KEY (`newsletters_id`)
) ENGINE=MyISAM DEFAULT CHARSET=utf8 COLLATE=utf8_unicode_ci;

--
-- Dumping data for table `zen_newsletters`
--


--
-- Table structure for table `zen_orders`
--

CREATE TABLE `zen_orders` (
  `orders_id` int(11) NOT NULL AUTO_INCREMENT,
  `customers_id` int(11) NOT NULL DEFAULT '0',
  `customers_name` varchar(64) COLLATE utf8_unicode_ci NOT NULL DEFAULT '',
  `customers_company` varchar(64) COLLATE utf8_unicode_ci DEFAULT NULL,
  `customers_street_address` varchar(64) COLLATE utf8_unicode_ci NOT NULL DEFAULT '',
  `customers_suburb` varchar(32) COLLATE utf8_unicode_ci DEFAULT NULL,
  `customers_city` varchar(32) COLLATE utf8_unicode_ci NOT NULL DEFAULT '',
  `customers_postcode` varchar(10) COLLATE utf8_unicode_ci NOT NULL DEFAULT '',
  `customers_state` varchar(32) COLLATE utf8_unicode_ci DEFAULT NULL,
  `customers_country` varchar(32) COLLATE utf8_unicode_ci NOT NULL DEFAULT '',
  `customers_telephone` varchar(32) COLLATE utf8_unicode_ci NOT NULL DEFAULT '',
  `customers_email_address` varchar(96) COLLATE utf8_unicode_ci NOT NULL DEFAULT '',
  `customers_address_format_id` int(5) NOT NULL DEFAULT '0',
  `delivery_name` varchar(64) COLLATE utf8_unicode_ci NOT NULL DEFAULT '',
  `delivery_company` varchar(64) COLLATE utf8_unicode_ci DEFAULT NULL,
  `delivery_street_address` varchar(64) COLLATE utf8_unicode_ci NOT NULL DEFAULT '',
  `delivery_suburb` varchar(32) COLLATE utf8_unicode_ci DEFAULT NULL,
  `delivery_city` varchar(32) COLLATE utf8_unicode_ci NOT NULL DEFAULT '',
  `delivery_postcode` varchar(10) COLLATE utf8_unicode_ci NOT NULL DEFAULT '',
  `delivery_state` varchar(32) COLLATE utf8_unicode_ci DEFAULT NULL,
  `delivery_country` varchar(32) COLLATE utf8_unicode_ci NOT NULL DEFAULT '',
  `delivery_address_format_id` int(5) NOT NULL DEFAULT '0',
  `billing_name` varchar(64) COLLATE utf8_unicode_ci NOT NULL DEFAULT '',
  `billing_company` varchar(64) COLLATE utf8_unicode_ci DEFAULT NULL,
  `billing_street_address` varchar(64) COLLATE utf8_unicode_ci NOT NULL DEFAULT '',
  `billing_suburb` varchar(32) COLLATE utf8_unicode_ci DEFAULT NULL,
  `billing_city` varchar(32) COLLATE utf8_unicode_ci NOT NULL DEFAULT '',
  `billing_postcode` varchar(10) COLLATE utf8_unicode_ci NOT NULL DEFAULT '',
  `billing_state` varchar(32) COLLATE utf8_unicode_ci DEFAULT NULL,
  `billing_country` varchar(32) COLLATE utf8_unicode_ci NOT NULL DEFAULT '',
  `billing_address_format_id` int(5) NOT NULL DEFAULT '0',
  `payment_method` varchar(128) COLLATE utf8_unicode_ci NOT NULL DEFAULT '',
  `payment_module_code` varchar(32) COLLATE utf8_unicode_ci NOT NULL DEFAULT '',
  `shipping_method` varchar(128) COLLATE utf8_unicode_ci NOT NULL DEFAULT '',
  `shipping_module_code` varchar(32) COLLATE utf8_unicode_ci NOT NULL DEFAULT '',
  `coupon_code` varchar(32) COLLATE utf8_unicode_ci NOT NULL DEFAULT '',
  `cc_type` varchar(20) COLLATE utf8_unicode_ci DEFAULT NULL,
  `cc_owner` varchar(64) COLLATE utf8_unicode_ci DEFAULT NULL,
  `cc_number` varchar(32) COLLATE utf8_unicode_ci DEFAULT NULL,
  `cc_expires` varchar(4) COLLATE utf8_unicode_ci DEFAULT NULL,
  `cc_cvv` blob,
  `last_modified` datetime DEFAULT NULL,
  `date_purchased` datetime DEFAULT NULL,
  `orders_status` int(5) NOT NULL DEFAULT '0',
  `orders_date_finished` datetime DEFAULT NULL,
  `currency` char(3) COLLATE utf8_unicode_ci DEFAULT NULL,
  `currency_value` decimal(14,6) DEFAULT NULL,
  `order_total` decimal(14,2) DEFAULT NULL,
  `order_tax` decimal(14,2) DEFAULT NULL,
  `paypal_ipn_id` int(11) NOT NULL DEFAULT '0',
  `ip_address` varchar(96) COLLATE utf8_unicode_ci NOT NULL DEFAULT '',
  PRIMARY KEY (`orders_id`),
  KEY `idx_status_orders_cust_zen` (`orders_status`,`orders_id`,`customers_id`),
  KEY `idx_date_purchased_zen` (`date_purchased`),
  KEY `idx_cust_id_orders_id_zen` (`customers_id`,`orders_id`)
) ENGINE=MyISAM AUTO_INCREMENT=8 DEFAULT CHARSET=utf8 COLLATE=utf8_unicode_ci;

--
-- Dumping data for table `zen_orders`
--

INSERT INTO `zen_orders` VALUES (1,1,'Greta Spendalot','','1234 E West Street','','Lake Wobegone','65897','Minnesota','United States','212-896-9874','jhbrake@comcast.net',2,' ','','','','','','','',0,'Greta Spendalot','','1234 E West Street','','Lake Wobegone','65897','Minnesota','United States',2,'Check/Money Order','moneyorder','Free Shipping','free','','','','','',NULL,NULL,'2010-07-06 21:09:43',1,NULL,'USD',1.000000,4.25,0.00,0,'67.142.161.24 - 67.142.161.24'),(2,1,'Greta Spendalot','','1234 E West Street','','Lake Wobegone','65897','Minnesota','United States','212-896-9874','jhbrake@comcast.net',2,' ','','','','','','','',0,'Greta Spendalot','','1234 E West Street','','Lake Wobegone','65897','Minnesota','United States',2,'Check/Money Order','moneyorder','Free Shipping','free','','','','','',NULL,NULL,'2010-07-06 22:12:06',1,NULL,'USD',1.000000,2.12,0.00,0,'67.142.161.24 - 67.142.161.24'),(3,1,'Greta Spendalot','','1234 E West Street','','Lake Wobegone','65897','Minnesota','United States','212-896-9874','jhbrake@comcast.net',2,' ','','','','','','','',0,'Greta Spendalot','','1234 E West Street','','Lake Wobegone','65897','Minnesota','United States',2,'Check/Money Order','moneyorder','Free Shipping','free','','','','','',NULL,NULL,'2010-07-07 06:08:38',1,NULL,'USD',1.000000,8.50,0.00,0,'67.142.161.21 - 67.142.161.21'),(4,1,'Greta Spendalot','','1234 E West Street','','Lake Wobegone','65897','Minnesota','United States','212-896-9874','jhbrake@comcast.net',2,'Greta Spendalot','','1234 E West Street','','Lake Wobegone','65897','Minnesota','United States',2,'Greta Spendalot','','1234 E West Street','','Lake Wobegone','65897','Minnesota','United States',2,'Check/Money Order','moneyorder','Per Item (Best Way)','item','','','','','',NULL,NULL,'2010-07-07 18:18:30',1,NULL,'USD',1.000000,6.00,0.00,0,'67.142.161.27 - 67.142.161.27'),(5,3,'Laura Tabony','','2403 Vassal Dr','','Austin','78748','Texas','United States','512 280-4080','ltabony@austin.rr.com',2,'Laura Tabony','','2403 Vassal Dr','','Austin','78748','Texas','United States',2,'Laura Tabony','','2403 Vassal Dr','','Austin','78748','Texas','United States',2,'Check/Money Order','moneyorder','Flat Rate (Best Way)','flat','','','','','',NULL,NULL,'2012-05-26 23:17:23',1,NULL,'USD',1.000000,10.98,0.00,0,'72.179.8.151 - 72.179.8.151'),(6,4,'Mike Cudecki','','3659 W. 112th Place','','Chicago','60655','Illinois','United States','7082444329','hawk7131@gmail.com',2,'Mike Cudecki','','3659 W. 112th Place','','Chicago','60655','Illinois','United States',2,'Mike Cudecki','','3659 W. 112th Place','','Chicago','60655','Illinois','United States',2,'Check/Money Order','moneyorder','Flat Rate (Best Way)','flat','','','','','',NULL,NULL,'2013-11-25 09:42:54',1,NULL,'USD',1.000000,18.60,0.00,0,'166.147.104.144 - 166.147.104.144'),(7,6,'Charles Upshaw','','1002 Ridge Drive','','Union','07083','New Jersey','United States','(908) 447-9903','C3Upshaw@aol.com',2,'Charles Upshaw','','1002 Ridge Drive','','Union','07083','New Jersey','United States',2,'Charles Upshaw','','1002 Ridge Drive','','Union','07083','New Jersey','United States',2,'Check/Money Order','moneyorder','Per Item (Best Way)','item','','','','','',NULL,NULL,'2019-01-15 16:14:56',1,NULL,'USD',1.000000,6.19,0.00,0,'76.117.37.233 - 76.117.37.233');

--
-- Table structure for table `zen_orders_products`
--

CREATE TABLE `zen_orders_products` (
  `orders_products_id` int(11) NOT NULL AUTO_INCREMENT,
  `orders_id` int(11) NOT NULL DEFAULT '0',
  `products_id` int(11) NOT NULL DEFAULT '0',
  `products_model` varchar(32) COLLATE utf8_unicode_ci DEFAULT NULL,
  `products_name` varchar(64) COLLATE utf8_unicode_ci NOT NULL DEFAULT '',
  `products_price` decimal(15,4) NOT NULL DEFAULT '0.0000',
  `final_price` decimal(15,4) NOT NULL DEFAULT '0.0000',
  `products_tax` decimal(7,4) NOT NULL DEFAULT '0.0000',
  `products_quantity` float NOT NULL DEFAULT '0',
  `onetime_charges` decimal(15,4) NOT NULL DEFAULT '0.0000',
  `products_priced_by_attribute` tinyint(1) NOT NULL DEFAULT '0',
  `product_is_free` tinyint(1) NOT NULL DEFAULT '0',
  `products_discount_type` tinyint(1) NOT NULL DEFAULT '0',
  `products_discount_type_from` tinyint(1) NOT NULL DEFAULT '0',
  `products_prid` tinytext COLLATE utf8_unicode_ci NOT NULL,
  PRIMARY KEY (`orders_products_id`),
  KEY `idx_orders_id_prod_id_zen` (`orders_id`,`products_id`),
  KEY `idx_prod_id_orders_id_zen` (`products_id`,`orders_id`)
) ENGINE=MyISAM AUTO_INCREMENT=8 DEFAULT CHARSET=utf8 COLLATE=utf8_unicode_ci;

--
-- Dumping data for table `zen_orders_products`
--

INSERT INTO `zen_orders_products` VALUES (1,1,1,'','Tide Mountain Green',4.2500,4.2500,0.0000,1,0.0000,0,0,0,0,'1'),(2,2,2,'','Rice',2.1200,2.1200,0.0000,1,0.0000,0,0,0,0,'2'),(3,3,1,'','Tide Mountain Green',4.2500,4.2500,0.0000,2,0.0000,0,0,0,0,'1'),(4,4,4,'','Oil of Olay Total Effects Body Wash',3.5000,3.5000,0.0000,1,0.0000,0,0,0,0,'4'),(5,5,42,'13.5 oz','St Ives Body Wash Soy Milk & Lotus Blossom',2.9900,2.9900,0.0000,2,0.0000,0,0,0,0,'42'),(6,6,48,'6 oz','Crest Expressions Toothpaste Wintergreen Ice',2.7200,2.7200,0.0000,5,0.0000,0,0,0,0,'48'),(7,7,62,'Soft','Aquafresh Toothbrush Gel Flex (Soft)',3.6900,3.6900,0.0000,1,0.0000,0,0,0,0,'62');

--
-- Table structure for table `zen_orders_products_attributes`
--

CREATE TABLE `zen_orders_products_attributes` (
  `orders_products_attributes_id` int(11) NOT NULL AUTO_INCREMENT,
  `orders_id` int(11) NOT NULL DEFAULT '0',
  `orders_products_id` int(11) NOT NULL DEFAULT '0',
  `products_options` varchar(32) COLLATE utf8_unicode_ci NOT NULL DEFAULT '',
  `products_options_values` text COLLATE utf8_unicode_ci NOT NULL,
  `options_values_price` decimal(15,4) NOT NULL DEFAULT '0.0000',
  `price_prefix` char(1) COLLATE utf8_unicode_ci NOT NULL DEFAULT '',
  `product_attribute_is_free` tinyint(1) NOT NULL DEFAULT '0',
  `products_attributes_weight` float NOT NULL DEFAULT '0',
  `products_attributes_weight_prefix` char(1) COLLATE utf8_unicode_ci NOT NULL DEFAULT '',
  `attributes_discounted` tinyint(1) NOT NULL DEFAULT '1',
  `attributes_price_base_included` tinyint(1) NOT NULL DEFAULT '1',
  `attributes_price_onetime` decimal(15,4) NOT NULL DEFAULT '0.0000',
  `attributes_price_factor` decimal(15,4) NOT NULL DEFAULT '0.0000',
  `attributes_price_factor_offset` decimal(15,4) NOT NULL DEFAULT '0.0000',
  `attributes_price_factor_onetime` decimal(15,4) NOT NULL DEFAULT '0.0000',
  `attributes_price_factor_onetime_offset` decimal(15,4) NOT NULL DEFAULT '0.0000',
  `attributes_qty_prices` text COLLATE utf8_unicode_ci,
  `attributes_qty_prices_onetime` text COLLATE utf8_unicode_ci,
  `attributes_price_words` decimal(15,4) NOT NULL DEFAULT '0.0000',
  `attributes_price_words_free` int(4) NOT NULL DEFAULT '0',
  `attributes_price_letters` decimal(15,4) NOT NULL DEFAULT '0.0000',
  `attributes_price_letters_free` int(4) NOT NULL DEFAULT '0',
  `products_options_id` int(11) NOT NULL DEFAULT '0',
  `products_options_values_id` int(11) NOT NULL DEFAULT '0',
  `products_prid` tinytext COLLATE utf8_unicode_ci NOT NULL,
  PRIMARY KEY (`orders_products_attributes_id`),
  KEY `idx_orders_id_prod_id_zen` (`orders_id`,`orders_products_id`)
) ENGINE=MyISAM DEFAULT CHARSET=utf8 COLLATE=utf8_unicode_ci;

--
-- Dumping data for table `zen_orders_products_attributes`
--


--
-- Table structure for table `zen_orders_products_download`
--

CREATE TABLE `zen_orders_products_download` (
  `orders_products_download_id` int(11) NOT NULL AUTO_INCREMENT,
  `orders_id` int(11) NOT NULL DEFAULT '0',
  `orders_products_id` int(11) NOT NULL DEFAULT '0',
  `orders_products_filename` varchar(255) COLLATE utf8_unicode_ci NOT NULL DEFAULT '',
  `download_maxdays` int(2) NOT NULL DEFAULT '0',
  `download_count` int(2) NOT NULL DEFAULT '0',
  `products_prid` tinytext COLLATE utf8_unicode_ci NOT NULL,
  PRIMARY KEY (`orders_products_download_id`),
  KEY `idx_orders_id_zen` (`orders_id`),
  KEY `idx_orders_products_id_zen` (`orders_products_id`)
) ENGINE=MyISAM DEFAULT CHARSET=utf8 COLLATE=utf8_unicode_ci;

--
-- Dumping data for table `zen_orders_products_download`
--


--
-- Table structure for table `zen_orders_status`
--

CREATE TABLE `zen_orders_status` (
  `orders_status_id` int(11) NOT NULL DEFAULT '0',
  `language_id` int(11) NOT NULL DEFAULT '1',
  `orders_status_name` varchar(32) COLLATE utf8_unicode_ci NOT NULL DEFAULT '',
  PRIMARY KEY (`orders_status_id`,`language_id`),
  KEY `idx_orders_status_name_zen` (`orders_status_name`)
) ENGINE=MyISAM DEFAULT CHARSET=utf8 COLLATE=utf8_unicode_ci;

--
-- Dumping data for table `zen_orders_status`
--

INSERT INTO `zen_orders_status` VALUES (1,1,'Pending'),(2,1,'Processing'),(3,1,'Delivered'),(4,1,'Update');

--
-- Table structure for table `zen_orders_status_history`
--

CREATE TABLE `zen_orders_status_history` (
  `orders_status_history_id` int(11) NOT NULL AUTO_INCREMENT,
  `orders_id` int(11) NOT NULL DEFAULT '0',
  `orders_status_id` int(5) NOT NULL DEFAULT '0',
  `date_added` datetime NOT NULL DEFAULT '0001-01-01 00:00:00',
  `customer_notified` int(1) DEFAULT '0',
  `comments` text COLLATE utf8_unicode_ci,
  PRIMARY KEY (`orders_status_history_id`),
  KEY `idx_orders_id_status_id_zen` (`orders_id`,`orders_status_id`)
) ENGINE=MyISAM AUTO_INCREMENT=8 DEFAULT CHARSET=utf8 COLLATE=utf8_unicode_ci;

--
-- Dumping data for table `zen_orders_status_history`
--

INSERT INTO `zen_orders_status_history` VALUES (1,1,1,'2010-07-06 21:09:43',1,''),(2,2,1,'2010-07-06 22:12:06',1,''),(3,3,1,'2010-07-07 06:08:38',1,''),(4,4,1,'2010-07-07 18:18:30',1,''),(5,5,1,'2012-05-26 23:17:23',1,''),(6,6,1,'2013-11-25 09:42:54',1,''),(7,7,1,'2019-01-15 16:14:57',1,'');

--
-- Table structure for table `zen_orders_total`
--

CREATE TABLE `zen_orders_total` (
  `orders_total_id` int(10) unsigned NOT NULL AUTO_INCREMENT,
  `orders_id` int(11) NOT NULL DEFAULT '0',
  `title` varchar(255) COLLATE utf8_unicode_ci NOT NULL DEFAULT '',
  `text` varchar(255) COLLATE utf8_unicode_ci NOT NULL DEFAULT '',
  `value` decimal(15,4) NOT NULL DEFAULT '0.0000',
  `class` varchar(32) COLLATE utf8_unicode_ci NOT NULL DEFAULT '',
  `sort_order` int(11) NOT NULL DEFAULT '0',
  PRIMARY KEY (`orders_total_id`),
  KEY `idx_ot_orders_id_zen` (`orders_id`),
  KEY `idx_ot_class_zen` (`class`)
) ENGINE=MyISAM AUTO_INCREMENT=22 DEFAULT CHARSET=utf8 COLLATE=utf8_unicode_ci;

--
-- Dumping data for table `zen_orders_total`
--

INSERT INTO `zen_orders_total` VALUES (1,1,'Sub-Total:','$4.25',4.2500,'ot_subtotal',100),(2,1,'Free Shipping:','$0.00',0.0000,'ot_shipping',200),(3,1,'Total:','$4.25',4.2500,'ot_total',999),(4,2,'Sub-Total:','$2.12',2.1200,'ot_subtotal',100),(5,2,'Free Shipping:','$0.00',0.0000,'ot_shipping',200),(6,2,'Total:','$2.12',2.1200,'ot_total',999),(7,3,'Sub-Total:','$8.50',8.5000,'ot_subtotal',100),(8,3,'Free Shipping:','$0.00',0.0000,'ot_shipping',200),(9,3,'Total:','$8.50',8.5000,'ot_total',999),(10,4,'Sub-Total:','$3.50',3.5000,'ot_subtotal',100),(11,4,'Per Item (Best Way):','$2.50',2.5000,'ot_shipping',200),(12,4,'Total:','$6.00',6.0000,'ot_total',999),(13,5,'Sub-Total:','$5.98',5.9800,'ot_subtotal',100),(14,5,'Flat Rate (Best Way):','$5.00',5.0000,'ot_shipping',200),(15,5,'Total:','$10.98',10.9800,'ot_total',999),(16,6,'Sub-Total:','$13.60',13.6000,'ot_subtotal',100),(17,6,'Flat Rate (Best Way):','$5.00',5.0000,'ot_shipping',200),(18,6,'Total:','$18.60',18.6000,'ot_total',999),(19,7,'Sub-Total:','$3.69',3.6900,'ot_subtotal',100),(20,7,'Per Item (Best Way):','$2.50',2.5000,'ot_shipping',200),(21,7,'Total:','$6.19',6.1900,'ot_total',999);

--
-- Table structure for table `zen_paypal`
--

CREATE TABLE `zen_paypal` (
  `paypal_ipn_id` int(11) unsigned NOT NULL AUTO_INCREMENT,
  `order_id` int(11) unsigned NOT NULL DEFAULT '0',
  `txn_type` varchar(40) COLLATE utf8_unicode_ci NOT NULL DEFAULT '',
  `module_name` varchar(40) COLLATE utf8_unicode_ci NOT NULL DEFAULT '',
  `module_mode` varchar(40) COLLATE utf8_unicode_ci NOT NULL DEFAULT '',
  `reason_code` varchar(40) COLLATE utf8_unicode_ci DEFAULT NULL,
  `payment_type` varchar(40) COLLATE utf8_unicode_ci NOT NULL DEFAULT '',
  `payment_status` varchar(32) COLLATE utf8_unicode_ci NOT NULL DEFAULT '',
  `pending_reason` varchar(32) COLLATE utf8_unicode_ci DEFAULT NULL,
  `invoice` varchar(128) COLLATE utf8_unicode_ci DEFAULT NULL,
  `mc_currency` char(3) COLLATE utf8_unicode_ci NOT NULL DEFAULT '',
  `first_name` varchar(32) COLLATE utf8_unicode_ci NOT NULL DEFAULT '',
  `last_name` varchar(32) COLLATE utf8_unicode_ci NOT NULL DEFAULT '',
  `payer_business_name` varchar(128) COLLATE utf8_unicode_ci DEFAULT NULL,
  `address_name` varchar(64) COLLATE utf8_unicode_ci DEFAULT NULL,
  `address_street` varchar(254) COLLATE utf8_unicode_ci DEFAULT NULL,
  `address_city` varchar(120) COLLATE utf8_unicode_ci DEFAULT NULL,
  `address_state` varchar(120) COLLATE utf8_unicode_ci DEFAULT NULL,
  `address_zip` varchar(10) COLLATE utf8_unicode_ci DEFAULT NULL,
  `address_country` varchar(64) COLLATE utf8_unicode_ci DEFAULT NULL,
  `address_status` varchar(11) COLLATE utf8_unicode_ci DEFAULT NULL,
  `payer_email` varchar(128) COLLATE utf8_unicode_ci NOT NULL DEFAULT '',
  `payer_id` varchar(32) COLLATE utf8_unicode_ci NOT NULL DEFAULT '',
  `payer_status` varchar(10) COLLATE utf8_unicode_ci NOT NULL DEFAULT '',
  `payment_date` datetime NOT NULL DEFAULT '0001-01-01 00:00:00',
  `business` varchar(128) COLLATE utf8_unicode_ci NOT NULL DEFAULT '',
  `receiver_email` varchar(128) COLLATE utf8_unicode_ci NOT NULL DEFAULT '',
  `receiver_id` varchar(32) COLLATE utf8_unicode_ci NOT NULL DEFAULT '',
  `txn_id` varchar(20) COLLATE utf8_unicode_ci NOT NULL DEFAULT '',
  `parent_txn_id` varchar(20) COLLATE utf8_unicode_ci DEFAULT NULL,
  `num_cart_items` tinyint(4) unsigned NOT NULL DEFAULT '1',
  `mc_gross` decimal(7,2) NOT NULL DEFAULT '0.00',
  `mc_fee` decimal(7,2) NOT NULL DEFAULT '0.00',
  `payment_gross` decimal(7,2) DEFAULT NULL,
  `payment_fee` decimal(7,2) DEFAULT NULL,
  `settle_amount` decimal(7,2) DEFAULT NULL,
  `settle_currency` char(3) COLLATE utf8_unicode_ci DEFAULT NULL,
  `exchange_rate` decimal(4,2) DEFAULT NULL,
  `notify_version` varchar(6) COLLATE utf8_unicode_ci NOT NULL DEFAULT '',
  `verify_sign` varchar(128) COLLATE utf8_unicode_ci NOT NULL DEFAULT '',
  `last_modified` datetime NOT NULL DEFAULT '0001-01-01 00:00:00',
  `date_added` datetime NOT NULL DEFAULT '0001-01-01 00:00:00',
  `memo` text COLLATE utf8_unicode_ci,
  PRIMARY KEY (`paypal_ipn_id`,`txn_id`),
  KEY `idx_order_id_zen` (`order_id`)
) ENGINE=MyISAM DEFAULT CHARSET=utf8 COLLATE=utf8_unicode_ci;

--
-- Dumping data for table `zen_paypal`
--


--
-- Table structure for table `zen_paypal_payment_status`
--

CREATE TABLE `zen_paypal_payment_status` (
  `payment_status_id` int(11) NOT NULL AUTO_INCREMENT,
  `payment_status_name` varchar(64) COLLATE utf8_unicode_ci NOT NULL DEFAULT '',
  PRIMARY KEY (`payment_status_id`)
) ENGINE=MyISAM AUTO_INCREMENT=8 DEFAULT CHARSET=utf8 COLLATE=utf8_unicode_ci;

--
-- Dumping data for table `zen_paypal_payment_status`
--

INSERT INTO `zen_paypal_payment_status` VALUES (1,'Completed'),(2,'Pending'),(3,'Failed'),(4,'Denied'),(5,'Refunded'),(6,'Canceled_Reversal'),(7,'Reversed');

--
-- Table structure for table `zen_paypal_payment_status_history`
--

CREATE TABLE `zen_paypal_payment_status_history` (
  `payment_status_history_id` int(11) NOT NULL AUTO_INCREMENT,
  `paypal_ipn_id` int(11) NOT NULL DEFAULT '0',
  `txn_id` varchar(64) COLLATE utf8_unicode_ci NOT NULL DEFAULT '',
  `parent_txn_id` varchar(64) COLLATE utf8_unicode_ci NOT NULL DEFAULT '',
  `payment_status` varchar(17) COLLATE utf8_unicode_ci NOT NULL DEFAULT '',
  `pending_reason` varchar(14) COLLATE utf8_unicode_ci DEFAULT NULL,
  `date_added` datetime NOT NULL DEFAULT '0001-01-01 00:00:00',
  PRIMARY KEY (`payment_status_history_id`),
  KEY `idx_paypal_ipn_id_zen` (`paypal_ipn_id`)
) ENGINE=MyISAM DEFAULT CHARSET=utf8 COLLATE=utf8_unicode_ci;

--
-- Dumping data for table `zen_paypal_payment_status_history`
--


--
-- Table structure for table `zen_paypal_session`
--

CREATE TABLE `zen_paypal_session` (
  `unique_id` int(11) NOT NULL AUTO_INCREMENT,
  `session_id` text COLLATE utf8_unicode_ci NOT NULL,
  `saved_session` mediumblob NOT NULL,
  `expiry` int(17) NOT NULL DEFAULT '0',
  PRIMARY KEY (`unique_id`),
  KEY `idx_session_id_zen` (`session_id`(36))
) ENGINE=MyISAM DEFAULT CHARSET=utf8 COLLATE=utf8_unicode_ci;

--
-- Dumping data for table `zen_paypal_session`
--


--
-- Table structure for table `zen_paypal_testing`
--

CREATE TABLE `zen_paypal_testing` (
  `paypal_ipn_id` int(11) unsigned NOT NULL AUTO_INCREMENT,
  `order_id` int(11) unsigned NOT NULL DEFAULT '0',
  `custom` varchar(255) COLLATE utf8_unicode_ci NOT NULL DEFAULT '',
  `txn_type` varchar(40) COLLATE utf8_unicode_ci NOT NULL DEFAULT '',
  `module_name` varchar(40) COLLATE utf8_unicode_ci NOT NULL DEFAULT '',
  `module_mode` varchar(40) COLLATE utf8_unicode_ci NOT NULL DEFAULT '',
  `reason_code` varchar(40) COLLATE utf8_unicode_ci DEFAULT NULL,
  `payment_type` varchar(40) COLLATE utf8_unicode_ci NOT NULL DEFAULT '',
  `payment_status` varchar(32) COLLATE utf8_unicode_ci NOT NULL DEFAULT '',
  `pending_reason` varchar(32) COLLATE utf8_unicode_ci DEFAULT NULL,
  `invoice` varchar(128) COLLATE utf8_unicode_ci DEFAULT NULL,
  `mc_currency` char(3) COLLATE utf8_unicode_ci NOT NULL DEFAULT '',
  `first_name` varchar(32) COLLATE utf8_unicode_ci NOT NULL DEFAULT '',
  `last_name` varchar(32) COLLATE utf8_unicode_ci NOT NULL DEFAULT '',
  `payer_business_name` varchar(128) COLLATE utf8_unicode_ci DEFAULT NULL,
  `address_name` varchar(64) COLLATE utf8_unicode_ci DEFAULT NULL,
  `address_street` varchar(254) COLLATE utf8_unicode_ci DEFAULT NULL,
  `address_city` varchar(120) COLLATE utf8_unicode_ci DEFAULT NULL,
  `address_state` varchar(120) COLLATE utf8_unicode_ci DEFAULT NULL,
  `address_zip` varchar(10) COLLATE utf8_unicode_ci DEFAULT NULL,
  `address_country` varchar(64) COLLATE utf8_unicode_ci DEFAULT NULL,
  `address_status` varchar(11) COLLATE utf8_unicode_ci DEFAULT NULL,
  `payer_email` varchar(128) COLLATE utf8_unicode_ci NOT NULL DEFAULT '',
  `payer_id` varchar(32) COLLATE utf8_unicode_ci NOT NULL DEFAULT '',
  `payer_status` varchar(10) COLLATE utf8_unicode_ci NOT NULL DEFAULT '',
  `payment_date` datetime NOT NULL DEFAULT '0001-01-01 00:00:00',
  `business` varchar(128) COLLATE utf8_unicode_ci NOT NULL DEFAULT '',
  `receiver_email` varchar(128) COLLATE utf8_unicode_ci NOT NULL DEFAULT '',
  `receiver_id` varchar(32) COLLATE utf8_unicode_ci NOT NULL DEFAULT '',
  `txn_id` varchar(20) COLLATE utf8_unicode_ci NOT NULL DEFAULT '',
  `parent_txn_id` varchar(20) COLLATE utf8_unicode_ci DEFAULT NULL,
  `num_cart_items` tinyint(4) unsigned NOT NULL DEFAULT '1',
  `mc_gross` decimal(7,2) NOT NULL DEFAULT '0.00',
  `mc_fee` decimal(7,2) NOT NULL DEFAULT '0.00',
  `payment_gross` decimal(7,2) DEFAULT NULL,
  `payment_fee` decimal(7,2) DEFAULT NULL,
  `settle_amount` decimal(7,2) DEFAULT NULL,
  `settle_currency` char(3) COLLATE utf8_unicode_ci DEFAULT NULL,
  `exchange_rate` decimal(4,2) DEFAULT NULL,
  `notify_version` decimal(2,1) NOT NULL DEFAULT '0.0',
  `verify_sign` varchar(128) COLLATE utf8_unicode_ci NOT NULL DEFAULT '',
  `last_modified` datetime NOT NULL DEFAULT '0001-01-01 00:00:00',
  `date_added` datetime NOT NULL DEFAULT '0001-01-01 00:00:00',
  `memo` text COLLATE utf8_unicode_ci,
  PRIMARY KEY (`paypal_ipn_id`,`txn_id`),
  KEY `idx_order_id_zen` (`order_id`)
) ENGINE=MyISAM DEFAULT CHARSET=utf8 COLLATE=utf8_unicode_ci;

--
-- Dumping data for table `zen_paypal_testing`
--


--
-- Table structure for table `zen_product_music_extra`
--

CREATE TABLE `zen_product_music_extra` (
  `products_id` int(11) NOT NULL DEFAULT '0',
  `artists_id` int(11) NOT NULL DEFAULT '0',
  `record_company_id` int(11) NOT NULL DEFAULT '0',
  `music_genre_id` int(11) NOT NULL DEFAULT '0',
  PRIMARY KEY (`products_id`),
  KEY `idx_music_genre_id_zen` (`music_genre_id`),
  KEY `idx_artists_id_zen` (`artists_id`),
  KEY `idx_record_company_id_zen` (`record_company_id`)
) ENGINE=MyISAM DEFAULT CHARSET=utf8 COLLATE=utf8_unicode_ci;

--
-- Dumping data for table `zen_product_music_extra`
--


--
-- Table structure for table `zen_product_type_layout`
--

CREATE TABLE `zen_product_type_layout` (
  `configuration_id` int(11) NOT NULL AUTO_INCREMENT,
  `configuration_title` text COLLATE utf8_unicode_ci NOT NULL,
  `configuration_key` varchar(255) COLLATE utf8_unicode_ci NOT NULL DEFAULT '',
  `configuration_value` text COLLATE utf8_unicode_ci NOT NULL,
  `configuration_description` text COLLATE utf8_unicode_ci NOT NULL,
  `product_type_id` int(11) NOT NULL DEFAULT '0',
  `sort_order` int(5) DEFAULT NULL,
  `last_modified` datetime DEFAULT NULL,
  `date_added` datetime NOT NULL DEFAULT '0001-01-01 00:00:00',
  `use_function` text COLLATE utf8_unicode_ci,
  `set_function` text COLLATE utf8_unicode_ci,
  PRIMARY KEY (`configuration_id`),
  UNIQUE KEY `unq_config_key_zen` (`configuration_key`),
  KEY `idx_key_value_zen` (`configuration_key`,`configuration_value`(10)),
  KEY `idx_type_id_sort_order_zen` (`product_type_id`,`sort_order`)
) ENGINE=MyISAM AUTO_INCREMENT=144 DEFAULT CHARSET=utf8 COLLATE=utf8_unicode_ci;

--
-- Dumping data for table `zen_product_type_layout`
--

INSERT INTO `zen_product_type_layout` VALUES (1,'Show Model Number','SHOW_PRODUCT_INFO_MODEL','1','Display Model Number on Product Info 0= off 1= on',1,1,NULL,'2010-07-05 21:25:33',NULL,'zen_cfg_select_drop_down(array(array(\'id\'=>\'1\', \'text\'=>\'True\'), array(\'id\'=>\'0\', \'text\'=>\'False\')), '),(2,'Show Weight','SHOW_PRODUCT_INFO_WEIGHT','1','Display Weight on Product Info 0= off 1= on',1,2,NULL,'2010-07-05 21:25:33',NULL,'zen_cfg_select_drop_down(array(array(\'id\'=>\'1\', \'text\'=>\'True\'), array(\'id\'=>\'0\', \'text\'=>\'False\')), '),(3,'Show Attribute Weight','SHOW_PRODUCT_INFO_WEIGHT_ATTRIBUTES','1','Display Attribute Weight on Product Info 0= off 1= on',1,3,NULL,'2010-07-05 21:25:33',NULL,'zen_cfg_select_drop_down(array(array(\'id\'=>\'1\', \'text\'=>\'True\'), array(\'id\'=>\'0\', \'text\'=>\'False\')), '),(4,'Show Manufacturer','SHOW_PRODUCT_INFO_MANUFACTURER','1','Display Manufacturer Name on Product Info 0= off 1= on',1,4,NULL,'2010-07-05 21:25:33',NULL,'zen_cfg_select_drop_down(array(array(\'id\'=>\'1\', \'text\'=>\'True\'), array(\'id\'=>\'0\', \'text\'=>\'False\')), '),(5,'Show Quantity in Shopping Cart','SHOW_PRODUCT_INFO_IN_CART_QTY','1','Display Quantity in Current Shopping Cart on Product Info 0= off 1= on',1,5,NULL,'2010-07-05 21:25:33',NULL,'zen_cfg_select_drop_down(array(array(\'id\'=>\'1\', \'text\'=>\'True\'), array(\'id\'=>\'0\', \'text\'=>\'False\')), '),(6,'Show Quantity in Stock','SHOW_PRODUCT_INFO_QUANTITY','1','Display Quantity in Stock on Product Info 0= off 1= on',1,6,NULL,'2010-07-05 21:25:33',NULL,'zen_cfg_select_drop_down(array(array(\'id\'=>\'1\', \'text\'=>\'True\'), array(\'id\'=>\'0\', \'text\'=>\'False\')), '),(7,'Show Product Reviews Count','SHOW_PRODUCT_INFO_REVIEWS_COUNT','1','Display Product Reviews Count on Product Info 0= off 1= on',1,7,NULL,'2010-07-05 21:25:33',NULL,'zen_cfg_select_drop_down(array(array(\'id\'=>\'1\', \'text\'=>\'True\'), array(\'id\'=>\'0\', \'text\'=>\'False\')), '),(8,'Show Product Reviews Button','SHOW_PRODUCT_INFO_REVIEWS','1','Display Product Reviews Button on Product Info 0= off 1= on',1,8,NULL,'2010-07-05 21:25:33',NULL,'zen_cfg_select_drop_down(array(array(\'id\'=>\'1\', \'text\'=>\'True\'), array(\'id\'=>\'0\', \'text\'=>\'False\')), '),(9,'Show Date Available','SHOW_PRODUCT_INFO_DATE_AVAILABLE','1','Display Date Available on Product Info 0= off 1= on',1,9,NULL,'2010-07-05 21:25:33',NULL,'zen_cfg_select_drop_down(array(array(\'id\'=>\'1\', \'text\'=>\'True\'), array(\'id\'=>\'0\', \'text\'=>\'False\')), '),(10,'Show Date Added','SHOW_PRODUCT_INFO_DATE_ADDED','1','Display Date Added on Product Info 0= off 1= on',1,10,NULL,'2010-07-05 21:25:33',NULL,'zen_cfg_select_drop_down(array(array(\'id\'=>\'1\', \'text\'=>\'True\'), array(\'id\'=>\'0\', \'text\'=>\'False\')), '),(11,'Show Product URL','SHOW_PRODUCT_INFO_URL','1','Display URL on Product Info 0= off 1= on',1,11,NULL,'2010-07-05 21:25:33',NULL,'zen_cfg_select_drop_down(array(array(\'id\'=>\'1\', \'text\'=>\'True\'), array(\'id\'=>\'0\', \'text\'=>\'False\')), '),(12,'Show Product Additional Images','SHOW_PRODUCT_INFO_ADDITIONAL_IMAGES','1','Display Additional Images on Product Info 0= off 1= on',1,13,NULL,'2010-07-05 21:25:33',NULL,'zen_cfg_select_drop_down(array(array(\'id\'=>\'1\', \'text\'=>\'True\'), array(\'id\'=>\'0\', \'text\'=>\'False\')), '),(13,'Show Starting At text on Price','SHOW_PRODUCT_INFO_STARTING_AT','1','Display Starting At text on products with attributes Product Info 0= off 1= on',1,12,NULL,'2010-07-05 21:25:33',NULL,'zen_cfg_select_drop_down(array(array(\'id\'=>\'1\', \'text\'=>\'True\'), array(\'id\'=>\'0\', \'text\'=>\'False\')), '),(14,'Show Product Tell a Friend button','SHOW_PRODUCT_INFO_TELL_A_FRIEND','1','Display the Tell a Friend button on Product Info<br /><br />Note: Turning this setting off does not affect the Tell a Friend box in the columns and turning off the Tell a Friend box does not affect the button<br />0= off 1= on',1,15,NULL,'2010-07-05 21:25:33',NULL,'zen_cfg_select_drop_down(array(array(\'id\'=>\'1\', \'text\'=>\'True\'), array(\'id\'=>\'0\', \'text\'=>\'False\')), '),(15,'Product Free Shipping Image Status - Catalog','SHOW_PRODUCT_INFO_ALWAYS_FREE_SHIPPING_IMAGE_SWITCH','0','Show the Free Shipping image/text in the catalog?',1,16,NULL,'2010-07-05 21:25:33',NULL,'zen_cfg_select_drop_down(array(array(\'id\'=>\'1\', \'text\'=>\'Yes\'), array(\'id\'=>\'0\', \'text\'=>\'No\')), '),(16,'Product Price Tax Class Default - When adding new products?','DEFAULT_PRODUCT_TAX_CLASS_ID','0','What should the Product Price Tax Class Default ID be when adding new products?',1,100,NULL,'2010-07-05 21:25:33','',''),(17,'Product Virtual Default Status - Skip Shipping Address - When adding new products?','DEFAULT_PRODUCT_PRODUCTS_VIRTUAL','0','Default Virtual Product status to be ON when adding new products?',1,101,NULL,'2010-07-05 21:25:33',NULL,'zen_cfg_select_drop_down(array(array(\'id\'=>\'1\', \'text\'=>\'True\'), array(\'id\'=>\'0\', \'text\'=>\'False\')), '),(18,'Product Free Shipping Default Status - Normal Shipping Rules - When adding new products?','DEFAULT_PRODUCT_PRODUCTS_IS_ALWAYS_FREE_SHIPPING','0','What should the Default Free Shipping status be when adding new products?<br />Yes, Always Free Shipping ON<br />No, Always Free Shipping OFF<br />Special, Product/Download Requires Shipping',1,102,NULL,'2010-07-05 21:25:33',NULL,'zen_cfg_select_drop_down(array(array(\'id\'=>\'1\', \'text\'=>\'Yes, Always ON\'), array(\'id\'=>\'0\', \'text\'=>\'No, Always OFF\'), array(\'id\'=>\'2\', \'text\'=>\'Special\')), '),(19,'Show Model Number','SHOW_PRODUCT_MUSIC_INFO_MODEL','1','Display Model Number on Product Info 0= off 1= on',2,1,NULL,'2010-07-05 21:25:33',NULL,'zen_cfg_select_drop_down(array(array(\'id\'=>\'1\', \'text\'=>\'True\'), array(\'id\'=>\'0\', \'text\'=>\'False\')), '),(20,'Show Weight','SHOW_PRODUCT_MUSIC_INFO_WEIGHT','0','Display Weight on Product Info 0= off 1= on',2,2,NULL,'2010-07-05 21:25:33',NULL,'zen_cfg_select_drop_down(array(array(\'id\'=>\'1\', \'text\'=>\'True\'), array(\'id\'=>\'0\', \'text\'=>\'False\')), '),(21,'Show Attribute Weight','SHOW_PRODUCT_MUSIC_INFO_WEIGHT_ATTRIBUTES','1','Display Attribute Weight on Product Info 0= off 1= on',2,3,NULL,'2010-07-05 21:25:33',NULL,'zen_cfg_select_drop_down(array(array(\'id\'=>\'1\', \'text\'=>\'True\'), array(\'id\'=>\'0\', \'text\'=>\'False\')), '),(22,'Show Artist','SHOW_PRODUCT_MUSIC_INFO_ARTIST','1','Display Artists Name on Product Info 0= off 1= on',2,4,NULL,'2010-07-05 21:25:33',NULL,'zen_cfg_select_drop_down(array(array(\'id\'=>\'1\', \'text\'=>\'True\'), array(\'id\'=>\'0\', \'text\'=>\'False\')), '),(23,'Show Music Genre','SHOW_PRODUCT_MUSIC_INFO_GENRE','1','Display Music Genre on Product Info 0= off 1= on',2,4,NULL,'2010-07-05 21:25:33',NULL,'zen_cfg_select_drop_down(array(array(\'id\'=>\'1\', \'text\'=>\'True\'), array(\'id\'=>\'0\', \'text\'=>\'False\')), '),(24,'Show Record Company','SHOW_PRODUCT_MUSIC_INFO_RECORD_COMPANY','1','Display Record Company on Product Info 0= off 1= on',2,4,NULL,'2010-07-05 21:25:33',NULL,'zen_cfg_select_drop_down(array(array(\'id\'=>\'1\', \'text\'=>\'True\'), array(\'id\'=>\'0\', \'text\'=>\'False\')), '),(25,'Show Quantity in Shopping Cart','SHOW_PRODUCT_MUSIC_INFO_IN_CART_QTY','1','Display Quantity in Current Shopping Cart on Product Info 0= off 1= on',2,5,NULL,'2010-07-05 21:25:33',NULL,'zen_cfg_select_drop_down(array(array(\'id\'=>\'1\', \'text\'=>\'True\'), array(\'id\'=>\'0\', \'text\'=>\'False\')), '),(26,'Show Quantity in Stock','SHOW_PRODUCT_MUSIC_INFO_QUANTITY','0','Display Quantity in Stock on Product Info 0= off 1= on',2,6,NULL,'2010-07-05 21:25:33',NULL,'zen_cfg_select_drop_down(array(array(\'id\'=>\'1\', \'text\'=>\'True\'), array(\'id\'=>\'0\', \'text\'=>\'False\')), '),(27,'Show Product Reviews Count','SHOW_PRODUCT_MUSIC_INFO_REVIEWS_COUNT','1','Display Product Reviews Count on Product Info 0= off 1= on',2,7,NULL,'2010-07-05 21:25:33',NULL,'zen_cfg_select_drop_down(array(array(\'id\'=>\'1\', \'text\'=>\'True\'), array(\'id\'=>\'0\', \'text\'=>\'False\')), '),(28,'Show Product Reviews Button','SHOW_PRODUCT_MUSIC_INFO_REVIEWS','1','Display Product Reviews Button on Product Info 0= off 1= on',2,8,NULL,'2010-07-05 21:25:33',NULL,'zen_cfg_select_drop_down(array(array(\'id\'=>\'1\', \'text\'=>\'True\'), array(\'id\'=>\'0\', \'text\'=>\'False\')), '),(29,'Show Date Available','SHOW_PRODUCT_MUSIC_INFO_DATE_AVAILABLE','1','Display Date Available on Product Info 0= off 1= on',2,9,NULL,'2010-07-05 21:25:33',NULL,'zen_cfg_select_drop_down(array(array(\'id\'=>\'1\', \'text\'=>\'True\'), array(\'id\'=>\'0\', \'text\'=>\'False\')), '),(30,'Show Date Added','SHOW_PRODUCT_MUSIC_INFO_DATE_ADDED','1','Display Date Added on Product Info 0= off 1= on',2,10,NULL,'2010-07-05 21:25:33',NULL,'zen_cfg_select_drop_down(array(array(\'id\'=>\'1\', \'text\'=>\'True\'), array(\'id\'=>\'0\', \'text\'=>\'False\')), '),(31,'Show Starting At text on Price','SHOW_PRODUCT_MUSIC_INFO_STARTING_AT','1','Display Starting At text on products with attributes Product Info 0= off 1= on',2,12,NULL,'2010-07-05 21:25:33',NULL,'zen_cfg_select_drop_down(array(array(\'id\'=>\'1\', \'text\'=>\'True\'), array(\'id\'=>\'0\', \'text\'=>\'False\')), '),(32,'Show Product Additional Images','SHOW_PRODUCT_MUSIC_INFO_ADDITIONAL_IMAGES','1','Display Additional Images on Product Info 0= off 1= on',2,13,NULL,'2010-07-05 21:25:33',NULL,'zen_cfg_select_drop_down(array(array(\'id\'=>\'1\', \'text\'=>\'True\'), array(\'id\'=>\'0\', \'text\'=>\'False\')), '),(33,'Show Product Tell a Friend button','SHOW_PRODUCT_MUSIC_INFO_TELL_A_FRIEND','1','Display the Tell a Friend button on Product Info<br /><br />Note: Turning this setting off does not affect the Tell a Friend box in the columns and turning off the Tell a Friend box does not affect the button<br />0= off 1= on',2,15,NULL,'2010-07-05 21:25:33',NULL,'zen_cfg_select_drop_down(array(array(\'id\'=>\'1\', \'text\'=>\'True\'), array(\'id\'=>\'0\', \'text\'=>\'False\')), '),(34,'Product Free Shipping Image Status - Catalog','SHOW_PRODUCT_MUSIC_INFO_ALWAYS_FREE_SHIPPING_IMAGE_SWITCH','0','Show the Free Shipping image/text in the catalog?',2,16,NULL,'2010-07-05 21:25:33',NULL,'zen_cfg_select_drop_down(array(array(\'id\'=>\'1\', \'text\'=>\'Yes\'), array(\'id\'=>\'0\', \'text\'=>\'No\')), '),(35,'Product Price Tax Class Default - When adding new products?','DEFAULT_PRODUCT_MUSIC_TAX_CLASS_ID','0','What should the Product Price Tax Class Default ID be when adding new products?',2,100,NULL,'2010-07-05 21:25:33','',''),(36,'Product Virtual Default Status - Skip Shipping Address - When adding new products?','DEFAULT_PRODUCT_MUSIC_PRODUCTS_VIRTUAL','0','Default Virtual Product status to be ON when adding new products?',2,101,NULL,'2010-07-05 21:25:33',NULL,'zen_cfg_select_drop_down(array(array(\'id\'=>\'1\', \'text\'=>\'True\'), array(\'id\'=>\'0\', \'text\'=>\'False\')), '),(37,'Product Free Shipping Default Status - Normal Shipping Rules - When adding new products?','DEFAULT_PRODUCT_MUSIC_PRODUCTS_IS_ALWAYS_FREE_SHIPPING','0','What should the Default Free Shipping status be when adding new products?<br />Yes, Always Free Shipping ON<br />No, Always Free Shipping OFF<br />Special, Product/Download Requires Shipping',2,102,NULL,'2010-07-05 21:25:33',NULL,'zen_cfg_select_drop_down(array(array(\'id\'=>\'1\', \'text\'=>\'Yes, Always ON\'), array(\'id\'=>\'0\', \'text\'=>\'No, Always OFF\'), array(\'id\'=>\'2\', \'text\'=>\'Special\')), '),(38,'Show Product Reviews Count','SHOW_DOCUMENT_GENERAL_INFO_REVIEWS_COUNT','1','Display Product Reviews Count on Product Info 0= off 1= on',3,7,NULL,'2010-07-05 21:25:33',NULL,'zen_cfg_select_drop_down(array(array(\'id\'=>\'1\', \'text\'=>\'True\'), array(\'id\'=>\'0\', \'text\'=>\'False\')), '),(39,'Show Product Reviews Button','SHOW_DOCUMENT_GENERAL_INFO_REVIEWS','1','Display Product Reviews Button on Product Info 0= off 1= on',3,8,NULL,'2010-07-05 21:25:33',NULL,'zen_cfg_select_drop_down(array(array(\'id\'=>\'1\', \'text\'=>\'True\'), array(\'id\'=>\'0\', \'text\'=>\'False\')), '),(40,'Show Date Available','SHOW_DOCUMENT_GENERAL_INFO_DATE_AVAILABLE','1','Display Date Available on Product Info 0= off 1= on',3,9,NULL,'2010-07-05 21:25:33',NULL,'zen_cfg_select_drop_down(array(array(\'id\'=>\'1\', \'text\'=>\'True\'), array(\'id\'=>\'0\', \'text\'=>\'False\')), '),(41,'Show Date Added','SHOW_DOCUMENT_GENERAL_INFO_DATE_ADDED','1','Display Date Added on Product Info 0= off 1= on',3,10,NULL,'2010-07-05 21:25:33',NULL,'zen_cfg_select_drop_down(array(array(\'id\'=>\'1\', \'text\'=>\'True\'), array(\'id\'=>\'0\', \'text\'=>\'False\')), '),(42,'Show Product Tell a Friend button','SHOW_DOCUMENT_GENERAL_INFO_TELL_A_FRIEND','1','Display the Tell a Friend button on Product Info<br /><br />Note: Turning this setting off does not affect the Tell a Friend box in the columns and turning off the Tell a Friend box does not affect the button<br />0= off 1= on',3,15,NULL,'2010-07-05 21:25:33',NULL,'zen_cfg_select_drop_down(array(array(\'id\'=>\'1\', \'text\'=>\'True\'), array(\'id\'=>\'0\', \'text\'=>\'False\')), '),(43,'Show Product URL','SHOW_DOCUMENT_GENERAL_INFO_URL','1','Display URL on Product Info 0= off 1= on',3,11,NULL,'2010-07-05 21:25:33',NULL,'zen_cfg_select_drop_down(array(array(\'id\'=>\'1\', \'text\'=>\'True\'), array(\'id\'=>\'0\', \'text\'=>\'False\')), '),(44,'Show Product Additional Images','SHOW_DOCUMENT_GENERAL_INFO_ADDITIONAL_IMAGES','1','Display Additional Images on Product Info 0= off 1= on',3,13,NULL,'2010-07-05 21:25:33',NULL,'zen_cfg_select_drop_down(array(array(\'id\'=>\'1\', \'text\'=>\'True\'), array(\'id\'=>\'0\', \'text\'=>\'False\')), '),(45,'Show Model Number','SHOW_DOCUMENT_PRODUCT_INFO_MODEL','1','Display Model Number on Product Info 0= off 1= on',4,1,NULL,'2010-07-05 21:25:33',NULL,'zen_cfg_select_drop_down(array(array(\'id\'=>\'1\', \'text\'=>\'True\'), array(\'id\'=>\'0\', \'text\'=>\'False\')), '),(46,'Show Weight','SHOW_DOCUMENT_PRODUCT_INFO_WEIGHT','0','Display Weight on Product Info 0= off 1= on',4,2,NULL,'2010-07-05 21:25:33',NULL,'zen_cfg_select_drop_down(array(array(\'id\'=>\'1\', \'text\'=>\'True\'), array(\'id\'=>\'0\', \'text\'=>\'False\')), '),(47,'Show Attribute Weight','SHOW_DOCUMENT_PRODUCT_INFO_WEIGHT_ATTRIBUTES','1','Display Attribute Weight on Product Info 0= off 1= on',4,3,NULL,'2010-07-05 21:25:33',NULL,'zen_cfg_select_drop_down(array(array(\'id\'=>\'1\', \'text\'=>\'True\'), array(\'id\'=>\'0\', \'text\'=>\'False\')), '),(48,'Show Manufacturer','SHOW_DOCUMENT_PRODUCT_INFO_MANUFACTURER','1','Display Manufacturer Name on Product Info 0= off 1= on',4,4,NULL,'2010-07-05 21:25:33',NULL,'zen_cfg_select_drop_down(array(array(\'id\'=>\'1\', \'text\'=>\'True\'), array(\'id\'=>\'0\', \'text\'=>\'False\')), '),(49,'Show Quantity in Shopping Cart','SHOW_DOCUMENT_PRODUCT_INFO_IN_CART_QTY','1','Display Quantity in Current Shopping Cart on Product Info 0= off 1= on',4,5,NULL,'2010-07-05 21:25:33',NULL,'zen_cfg_select_drop_down(array(array(\'id\'=>\'1\', \'text\'=>\'True\'), array(\'id\'=>\'0\', \'text\'=>\'False\')), '),(50,'Show Quantity in Stock','SHOW_DOCUMENT_PRODUCT_INFO_QUANTITY','0','Display Quantity in Stock on Product Info 0= off 1= on',4,6,NULL,'2010-07-05 21:25:33',NULL,'zen_cfg_select_drop_down(array(array(\'id\'=>\'1\', \'text\'=>\'True\'), array(\'id\'=>\'0\', \'text\'=>\'False\')), '),(51,'Show Product Reviews Count','SHOW_DOCUMENT_PRODUCT_INFO_REVIEWS_COUNT','1','Display Product Reviews Count on Product Info 0= off 1= on',4,7,NULL,'2010-07-05 21:25:33',NULL,'zen_cfg_select_drop_down(array(array(\'id\'=>\'1\', \'text\'=>\'True\'), array(\'id\'=>\'0\', \'text\'=>\'False\')), '),(52,'Show Product Reviews Button','SHOW_DOCUMENT_PRODUCT_INFO_REVIEWS','1','Display Product Reviews Button on Product Info 0= off 1= on',4,8,NULL,'2010-07-05 21:25:33',NULL,'zen_cfg_select_drop_down(array(array(\'id\'=>\'1\', \'text\'=>\'True\'), array(\'id\'=>\'0\', \'text\'=>\'False\')), '),(53,'Show Date Available','SHOW_DOCUMENT_PRODUCT_INFO_DATE_AVAILABLE','1','Display Date Available on Product Info 0= off 1= on',4,9,NULL,'2010-07-05 21:25:33',NULL,'zen_cfg_select_drop_down(array(array(\'id\'=>\'1\', \'text\'=>\'True\'), array(\'id\'=>\'0\', \'text\'=>\'False\')), '),(54,'Show Date Added','SHOW_DOCUMENT_PRODUCT_INFO_DATE_ADDED','1','Display Date Added on Product Info 0= off 1= on',4,10,NULL,'2010-07-05 21:25:33',NULL,'zen_cfg_select_drop_down(array(array(\'id\'=>\'1\', \'text\'=>\'True\'), array(\'id\'=>\'0\', \'text\'=>\'False\')), '),(55,'Show Product URL','SHOW_DOCUMENT_PRODUCT_INFO_URL','1','Display URL on Product Info 0= off 1= on',4,11,NULL,'2010-07-05 21:25:33',NULL,'zen_cfg_select_drop_down(array(array(\'id\'=>\'1\', \'text\'=>\'True\'), array(\'id\'=>\'0\', \'text\'=>\'False\')), '),(56,'Show Product Additional Images','SHOW_DOCUMENT_PRODUCT_INFO_ADDITIONAL_IMAGES','1','Display Additional Images on Product Info 0= off 1= on',4,13,NULL,'2010-07-05 21:25:33',NULL,'zen_cfg_select_drop_down(array(array(\'id\'=>\'1\', \'text\'=>\'True\'), array(\'id\'=>\'0\', \'text\'=>\'False\')), '),(57,'Show Starting At text on Price','SHOW_DOCUMENT_PRODUCT_INFO_STARTING_AT','1','Display Starting At text on products with attributes Product Info 0= off 1= on',4,12,NULL,'2010-07-05 21:25:33',NULL,'zen_cfg_select_drop_down(array(array(\'id\'=>\'1\', \'text\'=>\'True\'), array(\'id\'=>\'0\', \'text\'=>\'False\')), '),(58,'Show Product Tell a Friend button','SHOW_DOCUMENT_PRODUCT_INFO_TELL_A_FRIEND','1','Display the Tell a Friend button on Product Info<br /><br />Note: Turning this setting off does not affect the Tell a Friend box in the columns and turning off the Tell a Friend box does not affect the button<br />0= off 1= on',4,15,NULL,'2010-07-05 21:25:33',NULL,'zen_cfg_select_drop_down(array(array(\'id\'=>\'1\', \'text\'=>\'True\'), array(\'id\'=>\'0\', \'text\'=>\'False\')), '),(59,'Product Free Shipping Image Status - Catalog','SHOW_DOCUMENT_PRODUCT_INFO_ALWAYS_FREE_SHIPPING_IMAGE_SWITCH','0','Show the Free Shipping image/text in the catalog?',4,16,NULL,'2010-07-05 21:25:33',NULL,'zen_cfg_select_drop_down(array(array(\'id\'=>\'1\', \'text\'=>\'Yes\'), array(\'id\'=>\'0\', \'text\'=>\'No\')), '),(60,'Product Price Tax Class Default - When adding new products?','DEFAULT_DOCUMENT_PRODUCT_TAX_CLASS_ID','0','What should the Product Price Tax Class Default ID be when adding new products?',4,100,NULL,'2010-07-05 21:25:33','',''),(61,'Product Virtual Default Status - Skip Shipping Address - When adding new products?','DEFAULT_DOCUMENT_PRODUCT_PRODUCTS_VIRTUAL','0','Default Virtual Product status to be ON when adding new products?',4,101,NULL,'2010-07-05 21:25:33',NULL,'zen_cfg_select_drop_down(array(array(\'id\'=>\'1\', \'text\'=>\'True\'), array(\'id\'=>\'0\', \'text\'=>\'False\')), '),(62,'Product Free Shipping Default Status - Normal Shipping Rules - When adding new products?','DEFAULT_DOCUMENT_PRODUCT_PRODUCTS_IS_ALWAYS_FREE_SHIPPING','0','What should the Default Free Shipping status be when adding new products?<br />Yes, Always Free Shipping ON<br />No, Always Free Shipping OFF<br />Special, Product/Download Requires Shipping',4,102,NULL,'2010-07-05 21:25:33',NULL,'zen_cfg_select_drop_down(array(array(\'id\'=>\'1\', \'text\'=>\'Yes, Always ON\'), array(\'id\'=>\'0\', \'text\'=>\'No, Always OFF\'), array(\'id\'=>\'2\', \'text\'=>\'Special\')), '),(63,'Show Model Number','SHOW_PRODUCT_FREE_SHIPPING_INFO_MODEL','1','Display Model Number on Product Info 0= off 1= on',5,1,NULL,'2010-07-05 21:25:33',NULL,'zen_cfg_select_drop_down(array(array(\'id\'=>\'1\', \'text\'=>\'True\'), array(\'id\'=>\'0\', \'text\'=>\'False\')), '),(64,'Show Weight','SHOW_PRODUCT_FREE_SHIPPING_INFO_WEIGHT','0','Display Weight on Product Info 0= off 1= on',5,2,NULL,'2010-07-05 21:25:33',NULL,'zen_cfg_select_drop_down(array(array(\'id\'=>\'1\', \'text\'=>\'True\'), array(\'id\'=>\'0\', \'text\'=>\'False\')), '),(65,'Show Attribute Weight','SHOW_PRODUCT_FREE_SHIPPING_INFO_WEIGHT_ATTRIBUTES','1','Display Attribute Weight on Product Info 0= off 1= on',5,3,NULL,'2010-07-05 21:25:33',NULL,'zen_cfg_select_drop_down(array(array(\'id\'=>\'1\', \'text\'=>\'True\'), array(\'id\'=>\'0\', \'text\'=>\'False\')), '),(66,'Show Manufacturer','SHOW_PRODUCT_FREE_SHIPPING_INFO_MANUFACTURER','1','Display Manufacturer Name on Product Info 0= off 1= on',5,4,NULL,'2010-07-05 21:25:33',NULL,'zen_cfg_select_drop_down(array(array(\'id\'=>\'1\', \'text\'=>\'True\'), array(\'id\'=>\'0\', \'text\'=>\'False\')), '),(67,'Show Quantity in Shopping Cart','SHOW_PRODUCT_FREE_SHIPPING_INFO_IN_CART_QTY','1','Display Quantity in Current Shopping Cart on Product Info 0= off 1= on',5,5,NULL,'2010-07-05 21:25:33',NULL,'zen_cfg_select_drop_down(array(array(\'id\'=>\'1\', \'text\'=>\'True\'), array(\'id\'=>\'0\', \'text\'=>\'False\')), '),(68,'Show Quantity in Stock','SHOW_PRODUCT_FREE_SHIPPING_INFO_QUANTITY','1','Display Quantity in Stock on Product Info 0= off 1= on',5,6,NULL,'2010-07-05 21:25:33',NULL,'zen_cfg_select_drop_down(array(array(\'id\'=>\'1\', \'text\'=>\'True\'), array(\'id\'=>\'0\', \'text\'=>\'False\')), '),(69,'Show Product Reviews Count','SHOW_PRODUCT_FREE_SHIPPING_INFO_REVIEWS_COUNT','1','Display Product Reviews Count on Product Info 0= off 1= on',5,7,NULL,'2010-07-05 21:25:33',NULL,'zen_cfg_select_drop_down(array(array(\'id\'=>\'1\', \'text\'=>\'True\'), array(\'id\'=>\'0\', \'text\'=>\'False\')), '),(70,'Show Product Reviews Button','SHOW_PRODUCT_FREE_SHIPPING_INFO_REVIEWS','1','Display Product Reviews Button on Product Info 0= off 1= on',5,8,NULL,'2010-07-05 21:25:33',NULL,'zen_cfg_select_drop_down(array(array(\'id\'=>\'1\', \'text\'=>\'True\'), array(\'id\'=>\'0\', \'text\'=>\'False\')), '),(71,'Show Date Available','SHOW_PRODUCT_FREE_SHIPPING_INFO_DATE_AVAILABLE','0','Display Date Available on Product Info 0= off 1= on',5,9,NULL,'2010-07-05 21:25:33',NULL,'zen_cfg_select_drop_down(array(array(\'id\'=>\'1\', \'text\'=>\'True\'), array(\'id\'=>\'0\', \'text\'=>\'False\')), '),(72,'Show Date Added','SHOW_PRODUCT_FREE_SHIPPING_INFO_DATE_ADDED','1','Display Date Added on Product Info 0= off 1= on',5,10,NULL,'2010-07-05 21:25:33',NULL,'zen_cfg_select_drop_down(array(array(\'id\'=>\'1\', \'text\'=>\'True\'), array(\'id\'=>\'0\', \'text\'=>\'False\')), '),(73,'Show Product URL','SHOW_PRODUCT_FREE_SHIPPING_INFO_URL','1','Display URL on Product Info 0= off 1= on',5,11,NULL,'2010-07-05 21:25:33',NULL,'zen_cfg_select_drop_down(array(array(\'id\'=>\'1\', \'text\'=>\'True\'), array(\'id\'=>\'0\', \'text\'=>\'False\')), '),(74,'Show Product Additional Images','SHOW_PRODUCT_FREE_SHIPPING_INFO_ADDITIONAL_IMAGES','1','Display Additional Images on Product Info 0= off 1= on',5,13,NULL,'2010-07-05 21:25:33',NULL,'zen_cfg_select_drop_down(array(array(\'id\'=>\'1\', \'text\'=>\'True\'), array(\'id\'=>\'0\', \'text\'=>\'False\')), '),(75,'Show Starting At text on Price','SHOW_PRODUCT_FREE_SHIPPING_INFO_STARTING_AT','1','Display Starting At text on products with attributes Product Info 0= off 1= on',5,12,NULL,'2010-07-05 21:25:33',NULL,'zen_cfg_select_drop_down(array(array(\'id\'=>\'1\', \'text\'=>\'True\'), array(\'id\'=>\'0\', \'text\'=>\'False\')), '),(76,'Show Product Tell a Friend button','SHOW_PRODUCT_FREE_SHIPPING_INFO_TELL_A_FRIEND','1','Display the Tell a Friend button on Product Info<br /><br />Note: Turning this setting off does not affect the Tell a Friend box in the columns and turning off the Tell a Friend box does not affect the button<br />0= off 1= on',5,15,NULL,'2010-07-05 21:25:33',NULL,'zen_cfg_select_drop_down(array(array(\'id\'=>\'1\', \'text\'=>\'True\'), array(\'id\'=>\'0\', \'text\'=>\'False\')), '),(77,'Product Free Shipping Image Status - Catalog','SHOW_PRODUCT_FREE_SHIPPING_INFO_ALWAYS_FREE_SHIPPING_IMAGE_SWITCH','1','Show the Free Shipping image/text in the catalog?',5,16,NULL,'2010-07-05 21:25:33',NULL,'zen_cfg_select_drop_down(array(array(\'id\'=>\'1\', \'text\'=>\'Yes\'), array(\'id\'=>\'0\', \'text\'=>\'No\')), '),(78,'Product Price Tax Class Default - When adding new products?','DEFAULT_PRODUCT_FREE_SHIPPING_TAX_CLASS_ID','0','What should the Product Price Tax Class Default ID be when adding new products?',5,100,NULL,'2010-07-05 21:25:33','',''),(79,'Product Virtual Default Status - Skip Shipping Address - When adding new products?','DEFAULT_PRODUCT_FREE_SHIPPING_PRODUCTS_VIRTUAL','0','Default Virtual Product status to be ON when adding new products?',5,101,NULL,'2010-07-05 21:25:33',NULL,'zen_cfg_select_drop_down(array(array(\'id\'=>\'1\', \'text\'=>\'True\'), array(\'id\'=>\'0\', \'text\'=>\'False\')), '),(80,'Product Free Shipping Default Status - Normal Shipping Rules - When adding new products?','DEFAULT_PRODUCT_FREE_SHIPPING_PRODUCTS_IS_ALWAYS_FREE_SHIPPING','1','What should the Default Free Shipping status be when adding new products?<br />Yes, Always Free Shipping ON<br />No, Always Free Shipping OFF<br />Special, Product/Download Requires Shipping',5,102,NULL,'2010-07-05 21:25:33',NULL,'zen_cfg_select_drop_down(array(array(\'id\'=>\'1\', \'text\'=>\'Yes, Always ON\'), array(\'id\'=>\'0\', \'text\'=>\'No, Always OFF\'), array(\'id\'=>\'2\', \'text\'=>\'Special\')), '),(81,'Show Metatags Title Default - Product Title','SHOW_PRODUCT_INFO_METATAGS_TITLE_STATUS','1','Display Product Title in Meta Tags Title 0= off 1= on',1,50,NULL,'2010-07-05 21:25:33',NULL,'zen_cfg_select_drop_down(array(array(\'id\'=>\'1\', \'text\'=>\'True\'), array(\'id\'=>\'0\', \'text\'=>\'False\')), '),(82,'Show Metatags Title Default - Product Name','SHOW_PRODUCT_INFO_METATAGS_PRODUCTS_NAME_STATUS','1','Display Product Name in Meta Tags Title 0= off 1= on',1,51,NULL,'2010-07-05 21:25:33',NULL,'zen_cfg_select_drop_down(array(array(\'id\'=>\'1\', \'text\'=>\'True\'), array(\'id\'=>\'0\', \'text\'=>\'False\')), '),(83,'Show Metatags Title Default - Product Model','SHOW_PRODUCT_INFO_METATAGS_MODEL_STATUS','1','Display Product Model in Meta Tags Title 0= off 1= on',1,52,NULL,'2010-07-05 21:25:33',NULL,'zen_cfg_select_drop_down(array(array(\'id\'=>\'1\', \'text\'=>\'True\'), array(\'id\'=>\'0\', \'text\'=>\'False\')), '),(84,'Show Metatags Title Default - Product Price','SHOW_PRODUCT_INFO_METATAGS_PRICE_STATUS','1','Display Product Price in Meta Tags Title 0= off 1= on',1,53,NULL,'2010-07-05 21:25:33',NULL,'zen_cfg_select_drop_down(array(array(\'id\'=>\'1\', \'text\'=>\'True\'), array(\'id\'=>\'0\', \'text\'=>\'False\')), '),(85,'Show Metatags Title Default - Product Tagline','SHOW_PRODUCT_INFO_METATAGS_TITLE_TAGLINE_STATUS','1','Display Product Tagline in Meta Tags Title 0= off 1= on',1,54,NULL,'2010-07-05 21:25:33',NULL,'zen_cfg_select_drop_down(array(array(\'id\'=>\'1\', \'text\'=>\'True\'), array(\'id\'=>\'0\', \'text\'=>\'False\')), '),(86,'Show Metatags Title Default - Product Title','SHOW_PRODUCT_MUSIC_INFO_METATAGS_TITLE_STATUS','1','Display Product Title in Meta Tags Title 0= off 1= on',2,50,NULL,'2010-07-05 21:25:33',NULL,'zen_cfg_select_drop_down(array(array(\'id\'=>\'1\', \'text\'=>\'True\'), array(\'id\'=>\'0\', \'text\'=>\'False\')), '),(87,'Show Metatags Title Default - Product Name','SHOW_PRODUCT_MUSIC_INFO_METATAGS_PRODUCTS_NAME_STATUS','1','Display Product Name in Meta Tags Title 0= off 1= on',2,51,NULL,'2010-07-05 21:25:33',NULL,'zen_cfg_select_drop_down(array(array(\'id\'=>\'1\', \'text\'=>\'True\'), array(\'id\'=>\'0\', \'text\'=>\'False\')), '),(88,'Show Metatags Title Default - Product Model','SHOW_PRODUCT_MUSIC_INFO_METATAGS_MODEL_STATUS','1','Display Product Model in Meta Tags Title 0= off 1= on',2,52,NULL,'2010-07-05 21:25:33',NULL,'zen_cfg_select_drop_down(array(array(\'id\'=>\'1\', \'text\'=>\'True\'), array(\'id\'=>\'0\', \'text\'=>\'False\')), '),(89,'Show Metatags Title Default - Product Price','SHOW_PRODUCT_MUSIC_INFO_METATAGS_PRICE_STATUS','1','Display Product Price in Meta Tags Title 0= off 1= on',2,53,NULL,'2010-07-05 21:25:33',NULL,'zen_cfg_select_drop_down(array(array(\'id\'=>\'1\', \'text\'=>\'True\'), array(\'id\'=>\'0\', \'text\'=>\'False\')), '),(90,'Show Metatags Title Default - Product Tagline','SHOW_PRODUCT_MUSIC_INFO_METATAGS_TITLE_TAGLINE_STATUS','1','Display Product Tagline in Meta Tags Title 0= off 1= on',2,54,NULL,'2010-07-05 21:25:33',NULL,'zen_cfg_select_drop_down(array(array(\'id\'=>\'1\', \'text\'=>\'True\'), array(\'id\'=>\'0\', \'text\'=>\'False\')), '),(91,'Show Metatags Title Default - Document Title','SHOW_DOCUMENT_GENERAL_INFO_METATAGS_TITLE_STATUS','1','Display Document Title in Meta Tags Title 0= off 1= on',3,50,NULL,'2010-07-05 21:25:33',NULL,'zen_cfg_select_drop_down(array(array(\'id\'=>\'1\', \'text\'=>\'True\'), array(\'id\'=>\'0\', \'text\'=>\'False\')), '),(92,'Show Metatags Title Default - Document Name','SHOW_DOCUMENT_GENERAL_INFO_METATAGS_PRODUCTS_NAME_STATUS','1','Display Document Name in Meta Tags Title 0= off 1= on',3,51,NULL,'2010-07-05 21:25:33',NULL,'zen_cfg_select_drop_down(array(array(\'id\'=>\'1\', \'text\'=>\'True\'), array(\'id\'=>\'0\', \'text\'=>\'False\')), '),(93,'Show Metatags Title Default - Document Tagline','SHOW_DOCUMENT_GENERAL_INFO_METATAGS_TITLE_TAGLINE_STATUS','1','Display Document Tagline in Meta Tags Title 0= off 1= on',3,54,NULL,'2010-07-05 21:25:33',NULL,'zen_cfg_select_drop_down(array(array(\'id\'=>\'1\', \'text\'=>\'True\'), array(\'id\'=>\'0\', \'text\'=>\'False\')), '),(94,'Show Metatags Title Default - Document Title','SHOW_DOCUMENT_PRODUCT_INFO_METATAGS_TITLE_STATUS','1','Display Document Title in Meta Tags Title 0= off 1= on',4,50,NULL,'2010-07-05 21:25:33',NULL,'zen_cfg_select_drop_down(array(array(\'id\'=>\'1\', \'text\'=>\'True\'), array(\'id\'=>\'0\', \'text\'=>\'False\')), '),(95,'Show Metatags Title Default - Document Name','SHOW_DOCUMENT_PRODUCT_INFO_METATAGS_PRODUCTS_NAME_STATUS','1','Display Document Name in Meta Tags Title 0= off 1= on',4,51,NULL,'2010-07-05 21:25:33',NULL,'zen_cfg_select_drop_down(array(array(\'id\'=>\'1\', \'text\'=>\'True\'), array(\'id\'=>\'0\', \'text\'=>\'False\')), '),(96,'Show Metatags Title Default - Document Model','SHOW_DOCUMENT_PRODUCT_INFO_METATAGS_MODEL_STATUS','1','Display Document Model in Meta Tags Title 0= off 1= on',4,52,NULL,'2010-07-05 21:25:33',NULL,'zen_cfg_select_drop_down(array(array(\'id\'=>\'1\', \'text\'=>\'True\'), array(\'id\'=>\'0\', \'text\'=>\'False\')), '),(97,'Show Metatags Title Default - Document Price','SHOW_DOCUMENT_PRODUCT_INFO_METATAGS_PRICE_STATUS','1','Display Document Price in Meta Tags Title 0= off 1= on',4,53,NULL,'2010-07-05 21:25:33',NULL,'zen_cfg_select_drop_down(array(array(\'id\'=>\'1\', \'text\'=>\'True\'), array(\'id\'=>\'0\', \'text\'=>\'False\')), '),(98,'Show Metatags Title Default - Document Tagline','SHOW_DOCUMENT_PRODUCT_INFO_METATAGS_TITLE_TAGLINE_STATUS','1','Display Document Tagline in Meta Tags Title 0= off 1= on',4,54,NULL,'2010-07-05 21:25:33',NULL,'zen_cfg_select_drop_down(array(array(\'id\'=>\'1\', \'text\'=>\'True\'), array(\'id\'=>\'0\', \'text\'=>\'False\')), '),(99,'Show Metatags Title Default - Product Title','SHOW_PRODUCT_FREE_SHIPPING_INFO_METATAGS_TITLE_STATUS','1','Display Product Title in Meta Tags Title 0= off 1= on',5,50,NULL,'2010-07-05 21:25:33',NULL,'zen_cfg_select_drop_down(array(array(\'id\'=>\'1\', \'text\'=>\'True\'), array(\'id\'=>\'0\', \'text\'=>\'False\')), '),(100,'Show Metatags Title Default - Product Name','SHOW_PRODUCT_FREE_SHIPPING_INFO_METATAGS_PRODUCTS_NAME_STATUS','1','Display Product Name in Meta Tags Title 0= off 1= on',5,51,NULL,'2010-07-05 21:25:33',NULL,'zen_cfg_select_drop_down(array(array(\'id\'=>\'1\', \'text\'=>\'True\'), array(\'id\'=>\'0\', \'text\'=>\'False\')), '),(101,'Show Metatags Title Default - Product Model','SHOW_PRODUCT_FREE_SHIPPING_INFO_METATAGS_MODEL_STATUS','1','Display Product Model in Meta Tags Title 0= off 1= on',5,52,NULL,'2010-07-05 21:25:33',NULL,'zen_cfg_select_drop_down(array(array(\'id\'=>\'1\', \'text\'=>\'True\'), array(\'id\'=>\'0\', \'text\'=>\'False\')), '),(102,'Show Metatags Title Default - Product Price','SHOW_PRODUCT_FREE_SHIPPING_INFO_METATAGS_PRICE_STATUS','1','Display Product Price in Meta Tags Title 0= off 1= on',5,53,NULL,'2010-07-05 21:25:33',NULL,'zen_cfg_select_drop_down(array(array(\'id\'=>\'1\', \'text\'=>\'True\'), array(\'id\'=>\'0\', \'text\'=>\'False\')), '),(103,'Show Metatags Title Default - Product Tagline','SHOW_PRODUCT_FREE_SHIPPING_INFO_METATAGS_TITLE_TAGLINE_STATUS','1','Display Product Tagline in Meta Tags Title 0= off 1= on',5,54,NULL,'2010-07-05 21:25:33',NULL,'zen_cfg_select_drop_down(array(array(\'id\'=>\'1\', \'text\'=>\'True\'), array(\'id\'=>\'0\', \'text\'=>\'False\')), '),(104,'PRODUCT Attribute is Display Only - Default','DEFAULT_PRODUCT_ATTRIBUTES_DISPLAY_ONLY','0','PRODUCT Attribute is Display Only<br />Used For Display Purposes Only<br />0= No 1= Yes',1,200,NULL,'2010-07-05 21:25:33',NULL,'zen_cfg_select_drop_down(array(array(\'id\'=>\'1\', \'text\'=>\'Yes\'), array(\'id\'=>\'0\', \'text\'=>\'No\')), '),(105,'PRODUCT Attribute is Free - Default','DEFAULT_PRODUCT_ATTRIBUTE_IS_FREE','1','PRODUCT Attribute is Free<br />Attribute is Free When Product is Free<br />0= No 1= Yes',1,201,NULL,'2010-07-05 21:25:33',NULL,'zen_cfg_select_drop_down(array(array(\'id\'=>\'1\', \'text\'=>\'Yes\'), array(\'id\'=>\'0\', \'text\'=>\'No\')), '),(106,'PRODUCT Attribute is Default - Default','DEFAULT_PRODUCT_ATTRIBUTES_DEFAULT','0','PRODUCT Attribute is Default<br />Default Attribute to be Marked Selected<br />0= No 1= Yes',1,202,NULL,'2010-07-05 21:25:33',NULL,'zen_cfg_select_drop_down(array(array(\'id\'=>\'1\', \'text\'=>\'Yes\'), array(\'id\'=>\'0\', \'text\'=>\'No\')), '),(107,'PRODUCT Attribute is Discounted - Default','DEFAULT_PRODUCT_ATTRIBUTES_DISCOUNTED','1','PRODUCT Attribute is Discounted<br />Apply Discounts Used by Product Special/Sale<br />0= No 1= Yes',1,203,NULL,'2010-07-05 21:25:33',NULL,'zen_cfg_select_drop_down(array(array(\'id\'=>\'1\', \'text\'=>\'Yes\'), array(\'id\'=>\'0\', \'text\'=>\'No\')), '),(108,'PRODUCT Attribute is Included in Base Price - Default','DEFAULT_PRODUCT_ATTRIBUTES_PRICE_BASE_INCLUDED','1','PRODUCT Attribute is Included in Base Price<br />Include in Base Price When Priced by Attributes<br />0= No 1= Yes',1,204,NULL,'2010-07-05 21:25:33',NULL,'zen_cfg_select_drop_down(array(array(\'id\'=>\'1\', \'text\'=>\'Yes\'), array(\'id\'=>\'0\', \'text\'=>\'No\')), '),(109,'PRODUCT Attribute is Required - Default','DEFAULT_PRODUCT_ATTRIBUTES_REQUIRED','0','PRODUCT Attribute is Required<br />Attribute Required for Text<br />0= No 1= Yes',1,205,NULL,'2010-07-05 21:25:33',NULL,'zen_cfg_select_drop_down(array(array(\'id\'=>\'1\', \'text\'=>\'Yes\'), array(\'id\'=>\'0\', \'text\'=>\'No\')), '),(110,'PRODUCT Attribute Price Prefix - Default','DEFAULT_PRODUCT_PRICE_PREFIX','1','PRODUCT Attribute Price Prefix<br />Default Attribute Price Prefix for Adding<br />Blank, + or -',1,206,NULL,'2010-07-05 21:25:33',NULL,'zen_cfg_select_drop_down(array(array(\'id\'=>\'0\', \'text\'=>\'Blank\'), array(\'id\'=>\'1\', \'text\'=>\'+\'), array(\'id\'=>\'2\', \'text\'=>\'-\')), '),(111,'PRODUCT Attribute Weight Prefix - Default','DEFAULT_PRODUCT_PRODUCTS_ATTRIBUTES_WEIGHT_PREFIX','1','PRODUCT Attribute Weight Prefix<br />Default Attribute Weight Prefix<br />Blank, + or -',1,207,NULL,'2010-07-05 21:25:33',NULL,'zen_cfg_select_drop_down(array(array(\'id\'=>\'0\', \'text\'=>\'Blank\'), array(\'id\'=>\'1\', \'text\'=>\'+\'), array(\'id\'=>\'2\', \'text\'=>\'-\')), '),(112,'MUSIC Attribute is Display Only - Default','DEFAULT_PRODUCT_MUSIC_ATTRIBUTES_DISPLAY_ONLY','0','MUSIC Attribute is Display Only<br />Used For Display Purposes Only<br />0= No 1= Yes',2,200,NULL,'2010-07-05 21:25:33',NULL,'zen_cfg_select_drop_down(array(array(\'id\'=>\'1\', \'text\'=>\'Yes\'), array(\'id\'=>\'0\', \'text\'=>\'No\')), '),(113,'MUSIC Attribute is Free - Default','DEFAULT_PRODUCT_MUSIC_ATTRIBUTE_IS_FREE','1','MUSIC Attribute is Free<br />Attribute is Free When Product is Free<br />0= No 1= Yes',2,201,NULL,'2010-07-05 21:25:33',NULL,'zen_cfg_select_drop_down(array(array(\'id\'=>\'1\', \'text\'=>\'Yes\'), array(\'id\'=>\'0\', \'text\'=>\'No\')), '),(114,'MUSIC Attribute is Default - Default','DEFAULT_PRODUCT_MUSIC_ATTRIBUTES_DEFAULT','0','MUSIC Attribute is Default<br />Default Attribute to be Marked Selected<br />0= No 1= Yes',2,202,NULL,'2010-07-05 21:25:33',NULL,'zen_cfg_select_drop_down(array(array(\'id\'=>\'1\', \'text\'=>\'Yes\'), array(\'id\'=>\'0\', \'text\'=>\'No\')), '),(115,'MUSIC Attribute is Discounted - Default','DEFAULT_PRODUCT_MUSIC_ATTRIBUTES_DISCOUNTED','1','MUSIC Attribute is Discounted<br />Apply Discounts Used by Product Special/Sale<br />0= No 1= Yes',2,203,NULL,'2010-07-05 21:25:33',NULL,'zen_cfg_select_drop_down(array(array(\'id\'=>\'1\', \'text\'=>\'Yes\'), array(\'id\'=>\'0\', \'text\'=>\'No\')), '),(116,'MUSIC Attribute is Included in Base Price - Default','DEFAULT_PRODUCT_MUSIC_ATTRIBUTES_PRICE_BASE_INCLUDED','1','MUSIC Attribute is Included in Base Price<br />Include in Base Price When Priced by Attributes<br />0= No 1= Yes',2,204,NULL,'2010-07-05 21:25:33',NULL,'zen_cfg_select_drop_down(array(array(\'id\'=>\'1\', \'text\'=>\'Yes\'), array(\'id\'=>\'0\', \'text\'=>\'No\')), '),(117,'MUSIC Attribute is Required - Default','DEFAULT_PRODUCT_MUSIC_ATTRIBUTES_REQUIRED','0','MUSIC Attribute is Required<br />Attribute Required for Text<br />0= No 1= Yes',2,205,NULL,'2010-07-05 21:25:33',NULL,'zen_cfg_select_drop_down(array(array(\'id\'=>\'1\', \'text\'=>\'Yes\'), array(\'id\'=>\'0\', \'text\'=>\'No\')), '),(118,'MUSIC Attribute Price Prefix - Default','DEFAULT_PRODUCT_MUSIC_PRICE_PREFIX','1','MUSIC Attribute Price Prefix<br />Default Attribute Price Prefix for Adding<br />Blank, + or -',2,206,NULL,'2010-07-05 21:25:33',NULL,'zen_cfg_select_drop_down(array(array(\'id\'=>\'0\', \'text\'=>\'Blank\'), array(\'id\'=>\'1\', \'text\'=>\'+\'), array(\'id\'=>\'2\', \'text\'=>\'-\')), '),(119,'MUSIC Attribute Weight Prefix - Default','DEFAULT_PRODUCT_MUSIC_PRODUCTS_ATTRIBUTES_WEIGHT_PREFIX','1','MUSIC Attribute Weight Prefix<br />Default Attribute Weight Prefix<br />Blank, + or -',2,207,NULL,'2010-07-05 21:25:33',NULL,'zen_cfg_select_drop_down(array(array(\'id\'=>\'0\', \'text\'=>\'Blank\'), array(\'id\'=>\'1\', \'text\'=>\'+\'), array(\'id\'=>\'2\', \'text\'=>\'-\')), '),(120,'DOCUMENT GENERAL Attribute is Display Only - Default','DEFAULT_DOCUMENT_GENERAL_ATTRIBUTES_DISPLAY_ONLY','0','DOCUMENT GENERAL Attribute is Display Only<br />Used For Display Purposes Only<br />0= No 1= Yes',3,200,NULL,'2010-07-05 21:25:33',NULL,'zen_cfg_select_drop_down(array(array(\'id\'=>\'1\', \'text\'=>\'Yes\'), array(\'id\'=>\'0\', \'text\'=>\'No\')), '),(121,'DOCUMENT GENERAL Attribute is Free - Default','DEFAULT_DOCUMENT_GENERAL_ATTRIBUTE_IS_FREE','1','DOCUMENT GENERAL Attribute is Free<br />Attribute is Free When Product is Free<br />0= No 1= Yes',3,201,NULL,'2010-07-05 21:25:33',NULL,'zen_cfg_select_drop_down(array(array(\'id\'=>\'1\', \'text\'=>\'Yes\'), array(\'id\'=>\'0\', \'text\'=>\'No\')), '),(122,'DOCUMENT GENERAL Attribute is Default - Default','DEFAULT_DOCUMENT_GENERAL_ATTRIBUTES_DEFAULT','0','DOCUMENT GENERAL Attribute is Default<br />Default Attribute to be Marked Selected<br />0= No 1= Yes',3,202,NULL,'2010-07-05 21:25:33',NULL,'zen_cfg_select_drop_down(array(array(\'id\'=>\'1\', \'text\'=>\'Yes\'), array(\'id\'=>\'0\', \'text\'=>\'No\')), '),(123,'DOCUMENT GENERAL Attribute is Discounted - Default','DEFAULT_DOCUMENT_GENERAL_ATTRIBUTES_DISCOUNTED','1','DOCUMENT GENERAL Attribute is Discounted<br />Apply Discounts Used by Product Special/Sale<br />0= No 1= Yes',3,203,NULL,'2010-07-05 21:25:33',NULL,'zen_cfg_select_drop_down(array(array(\'id\'=>\'1\', \'text\'=>\'Yes\'), array(\'id\'=>\'0\', \'text\'=>\'No\')), '),(124,'DOCUMENT GENERAL Attribute is Included in Base Price - Default','DEFAULT_DOCUMENT_GENERAL_ATTRIBUTES_PRICE_BASE_INCLUDED','1','DOCUMENT GENERAL Attribute is Included in Base Price<br />Include in Base Price When Priced by Attributes<br />0= No 1= Yes',3,204,NULL,'2010-07-05 21:25:33',NULL,'zen_cfg_select_drop_down(array(array(\'id\'=>\'1\', \'text\'=>\'Yes\'), array(\'id\'=>\'0\', \'text\'=>\'No\')), '),(125,'DOCUMENT GENERAL Attribute is Required - Default','DEFAULT_DOCUMENT_GENERAL_ATTRIBUTES_REQUIRED','0','DOCUMENT GENERAL Attribute is Required<br />Attribute Required for Text<br />0= No 1= Yes',3,205,NULL,'2010-07-05 21:25:33',NULL,'zen_cfg_select_drop_down(array(array(\'id\'=>\'1\', \'text\'=>\'Yes\'), array(\'id\'=>\'0\', \'text\'=>\'No\')), '),(126,'DOCUMENT GENERAL Attribute Price Prefix - Default','DEFAULT_DOCUMENT_GENERAL_PRICE_PREFIX','1','DOCUMENT GENERAL Attribute Price Prefix<br />Default Attribute Price Prefix for Adding<br />Blank, + or -',3,206,NULL,'2010-07-05 21:25:33',NULL,'zen_cfg_select_drop_down(array(array(\'id\'=>\'0\', \'text\'=>\'Blank\'), array(\'id\'=>\'1\', \'text\'=>\'+\'), array(\'id\'=>\'2\', \'text\'=>\'-\')), '),(127,'DOCUMENT GENERAL Attribute Weight Prefix - Default','DEFAULT_DOCUMENT_GENERAL_PRODUCTS_ATTRIBUTES_WEIGHT_PREFIX','1','DOCUMENT GENERAL Attribute Weight Prefix<br />Default Attribute Weight Prefix<br />Blank, + or -',3,207,NULL,'2010-07-05 21:25:33',NULL,'zen_cfg_select_drop_down(array(array(\'id\'=>\'0\', \'text\'=>\'Blank\'), array(\'id\'=>\'1\', \'text\'=>\'+\'), array(\'id\'=>\'2\', \'text\'=>\'-\')), '),(128,'DOCUMENT PRODUCT Attribute is Display Only - Default','DEFAULT_DOCUMENT_PRODUCT_ATTRIBUTES_DISPLAY_ONLY','0','DOCUMENT PRODUCT Attribute is Display Only<br />Used For Display Purposes Only<br />0= No 1= Yes',4,200,NULL,'2010-07-05 21:25:33',NULL,'zen_cfg_select_drop_down(array(array(\'id\'=>\'1\', \'text\'=>\'Yes\'), array(\'id\'=>\'0\', \'text\'=>\'No\')), '),(129,'DOCUMENT PRODUCT Attribute is Free - Default','DEFAULT_DOCUMENT_PRODUCT_ATTRIBUTE_IS_FREE','1','DOCUMENT PRODUCT Attribute is Free<br />Attribute is Free When Product is Free<br />0= No 1= Yes',4,201,NULL,'2010-07-05 21:25:33',NULL,'zen_cfg_select_drop_down(array(array(\'id\'=>\'1\', \'text\'=>\'Yes\'), array(\'id\'=>\'0\', \'text\'=>\'No\')), '),(130,'DOCUMENT PRODUCT Attribute is Default - Default','DEFAULT_DOCUMENT_PRODUCT_ATTRIBUTES_DEFAULT','0','DOCUMENT PRODUCT Attribute is Default<br />Default Attribute to be Marked Selected<br />0= No 1= Yes',4,202,NULL,'2010-07-05 21:25:33',NULL,'zen_cfg_select_drop_down(array(array(\'id\'=>\'1\', \'text\'=>\'Yes\'), array(\'id\'=>\'0\', \'text\'=>\'No\')), '),(131,'DOCUMENT PRODUCT Attribute is Discounted - Default','DEFAULT_DOCUMENT_PRODUCT_ATTRIBUTES_DISCOUNTED','1','DOCUMENT PRODUCT Attribute is Discounted<br />Apply Discounts Used by Product Special/Sale<br />0= No 1= Yes',4,203,NULL,'2010-07-05 21:25:33',NULL,'zen_cfg_select_drop_down(array(array(\'id\'=>\'1\', \'text\'=>\'Yes\'), array(\'id\'=>\'0\', \'text\'=>\'No\')), '),(132,'DOCUMENT PRODUCT Attribute is Included in Base Price - Default','DEFAULT_DOCUMENT_PRODUCT_ATTRIBUTES_PRICE_BASE_INCLUDED','1','DOCUMENT PRODUCT Attribute is Included in Base Price<br />Include in Base Price When Priced by Attributes<br />0= No 1= Yes',4,204,NULL,'2010-07-05 21:25:33',NULL,'zen_cfg_select_drop_down(array(array(\'id\'=>\'1\', \'text\'=>\'Yes\'), array(\'id\'=>\'0\', \'text\'=>\'No\')), '),(133,'DOCUMENT PRODUCT Attribute is Required - Default','DEFAULT_DOCUMENT_PRODUCT_ATTRIBUTES_REQUIRED','0','DOCUMENT PRODUCT Attribute is Required<br />Attribute Required for Text<br />0= No 1= Yes',4,205,NULL,'2010-07-05 21:25:33',NULL,'zen_cfg_select_drop_down(array(array(\'id\'=>\'1\', \'text\'=>\'Yes\'), array(\'id\'=>\'0\', \'text\'=>\'No\')), '),(134,'DOCUMENT PRODUCT Attribute Price Prefix - Default','DEFAULT_DOCUMENT_PRODUCT_PRICE_PREFIX','1','DOCUMENT PRODUCT Attribute Price Prefix<br />Default Attribute Price Prefix for Adding<br />Blank, + or -',4,206,NULL,'2010-07-05 21:25:33',NULL,'zen_cfg_select_drop_down(array(array(\'id\'=>\'0\', \'text\'=>\'Blank\'), array(\'id\'=>\'1\', \'text\'=>\'+\'), array(\'id\'=>\'2\', \'text\'=>\'-\')), '),(135,'DOCUMENT PRODUCT Attribute Weight Prefix - Default','DEFAULT_DOCUMENT_PRODUCT_PRODUCTS_ATTRIBUTES_WEIGHT_PREFIX','1','DOCUMENT PRODUCT Attribute Weight Prefix<br />Default Attribute Weight Prefix<br />Blank, + or -',4,207,NULL,'2010-07-05 21:25:33',NULL,'zen_cfg_select_drop_down(array(array(\'id\'=>\'0\', \'text\'=>\'Blank\'), array(\'id\'=>\'1\', \'text\'=>\'+\'), array(\'id\'=>\'2\', \'text\'=>\'-\')), '),(136,'PRODUCT FREE SHIPPING Attribute is Display Only - Default','DEFAULT_PRODUCT_FREE_SHIPPING_ATTRIBUTES_DISPLAY_ONLY','0','PRODUCT FREE SHIPPING Attribute is Display Only<br />Used For Display Purposes Only<br />0= No 1= Yes',5,201,NULL,'2010-07-05 21:25:33',NULL,'zen_cfg_select_drop_down(array(array(\'id\'=>\'1\', \'text\'=>\'Yes\'), array(\'id\'=>\'0\', \'text\'=>\'No\')), '),(137,'PRODUCT FREE SHIPPING Attribute is Free - Default','DEFAULT_PRODUCT_FREE_SHIPPING_ATTRIBUTE_IS_FREE','1','PRODUCT FREE SHIPPING Attribute is Free<br />Attribute is Free When Product is Free<br />0= No 1= Yes',5,201,NULL,'2010-07-05 21:25:33',NULL,'zen_cfg_select_drop_down(array(array(\'id\'=>\'1\', \'text\'=>\'Yes\'), array(\'id\'=>\'0\', \'text\'=>\'No\')), '),(138,'PRODUCT FREE SHIPPING Attribute is Default - Default','DEFAULT_PRODUCT_FREE_SHIPPING_ATTRIBUTES_DEFAULT','0','PRODUCT FREE SHIPPING Attribute is Default<br />Default Attribute to be Marked Selected<br />0= No 1= Yes',5,202,NULL,'2010-07-05 21:25:33',NULL,'zen_cfg_select_drop_down(array(array(\'id\'=>\'1\', \'text\'=>\'Yes\'), array(\'id\'=>\'0\', \'text\'=>\'No\')), '),(139,'PRODUCT FREE SHIPPING Attribute is Discounted - Default','DEFAULT_PRODUCT_FREE_SHIPPING_ATTRIBUTES_DISCOUNTED','1','PRODUCT FREE SHIPPING Attribute is Discounted<br />Apply Discounts Used by Product Special/Sale<br />0= No 1= Yes',5,203,NULL,'2010-07-05 21:25:33',NULL,'zen_cfg_select_drop_down(array(array(\'id\'=>\'1\', \'text\'=>\'Yes\'), array(\'id\'=>\'0\', \'text\'=>\'No\')), '),(140,'PRODUCT FREE SHIPPING Attribute is Included in Base Price - Default','DEFAULT_PRODUCT_FREE_SHIPPING_ATTRIBUTES_PRICE_BASE_INCLUDED','1','PRODUCT FREE SHIPPING Attribute is Included in Base Price<br />Include in Base Price When Priced by Attributes<br />0= No 1= Yes',5,204,NULL,'2010-07-05 21:25:33',NULL,'zen_cfg_select_drop_down(array(array(\'id\'=>\'1\', \'text\'=>\'Yes\'), array(\'id\'=>\'0\', \'text\'=>\'No\')), '),(141,'PRODUCT FREE SHIPPING Attribute is Required - Default','DEFAULT_PRODUCT_FREE_SHIPPING_ATTRIBUTES_REQUIRED','0','PRODUCT FREE SHIPPING Attribute is Required<br />Attribute Required for Text<br />0= No 1= Yes',5,205,NULL,'2010-07-05 21:25:33',NULL,'zen_cfg_select_drop_down(array(array(\'id\'=>\'1\', \'text\'=>\'Yes\'), array(\'id\'=>\'0\', \'text\'=>\'No\')), '),(142,'PRODUCT FREE SHIPPING Attribute Price Prefix - Default','DEFAULT_PRODUCT_FREE_SHIPPING_PRICE_PREFIX','1','PRODUCT FREE SHIPPING Attribute Price Prefix<br />Default Attribute Price Prefix for Adding<br />Blank, + or -',5,206,NULL,'2010-07-05 21:25:33',NULL,'zen_cfg_select_drop_down(array(array(\'id\'=>\'0\', \'text\'=>\'Blank\'), array(\'id\'=>\'1\', \'text\'=>\'+\'), array(\'id\'=>\'2\', \'text\'=>\'-\')), '),(143,'PRODUCT FREE SHIPPING Attribute Weight Prefix - Default','DEFAULT_PRODUCT_FREE_SHIPPING_PRODUCTS_ATTRIBUTES_WEIGHT_PREFIX','1','PRODUCT FREE SHIPPING Attribute Weight Prefix<br />Default Attribute Weight Prefix<br />Blank, + or -',5,207,NULL,'2010-07-05 21:25:33',NULL,'zen_cfg_select_drop_down(array(array(\'id\'=>\'0\', \'text\'=>\'Blank\'), array(\'id\'=>\'1\', \'text\'=>\'+\'), array(\'id\'=>\'2\', \'text\'=>\'-\')), ');

--
-- Table structure for table `zen_product_types`
--

CREATE TABLE `zen_product_types` (
  `type_id` int(11) NOT NULL AUTO_INCREMENT,
  `type_name` varchar(255) COLLATE utf8_unicode_ci NOT NULL DEFAULT '',
  `type_handler` varchar(255) COLLATE utf8_unicode_ci NOT NULL DEFAULT '',
  `type_master_type` int(11) NOT NULL DEFAULT '1',
  `allow_add_to_cart` char(1) COLLATE utf8_unicode_ci NOT NULL DEFAULT 'Y',
  `default_image` varchar(255) COLLATE utf8_unicode_ci NOT NULL DEFAULT '',
  `date_added` datetime NOT NULL DEFAULT '0001-01-01 00:00:00',
  `last_modified` datetime NOT NULL DEFAULT '0001-01-01 00:00:00',
  PRIMARY KEY (`type_id`),
  KEY `idx_type_master_type_zen` (`type_master_type`)
) ENGINE=MyISAM AUTO_INCREMENT=6 DEFAULT CHARSET=utf8 COLLATE=utf8_unicode_ci;

--
-- Dumping data for table `zen_product_types`
--

INSERT INTO `zen_product_types` VALUES (1,'Product - General','product',1,'Y','','2010-07-05 21:25:33','2010-07-05 21:25:33'),(2,'Product - Music','product_music',1,'Y','','2010-07-05 21:25:33','2010-07-05 21:25:33'),(3,'Document - General','document_general',3,'N','','2010-07-05 21:25:33','2010-07-05 21:25:33'),(4,'Document - Product','document_product',3,'Y','','2010-07-05 21:25:33','2010-07-05 21:25:33'),(5,'Product - Free Shipping','product_free_shipping',1,'Y','','2010-07-05 21:25:33','2010-07-05 21:25:33');

--
-- Table structure for table `zen_product_types_to_category`
--

CREATE TABLE `zen_product_types_to_category` (
  `product_type_id` int(11) NOT NULL DEFAULT '0',
  `category_id` int(11) NOT NULL DEFAULT '0',
  KEY `idx_category_id_zen` (`category_id`),
  KEY `idx_product_type_id_zen` (`product_type_id`)
) ENGINE=MyISAM DEFAULT CHARSET=utf8 COLLATE=utf8_unicode_ci;

--
-- Dumping data for table `zen_product_types_to_category`
--


--
-- Table structure for table `zen_products`
--

CREATE TABLE `zen_products` (
  `products_id` int(11) NOT NULL AUTO_INCREMENT,
  `products_type` int(11) NOT NULL DEFAULT '1',
  `products_quantity` float NOT NULL DEFAULT '0',
  `products_model` varchar(32) COLLATE utf8_unicode_ci DEFAULT NULL,
  `products_image` varchar(64) COLLATE utf8_unicode_ci DEFAULT NULL,
  `products_price` decimal(15,4) NOT NULL DEFAULT '0.0000',
  `products_virtual` tinyint(1) NOT NULL DEFAULT '0',
  `products_date_added` datetime NOT NULL DEFAULT '0001-01-01 00:00:00',
  `products_last_modified` datetime DEFAULT NULL,
  `products_date_available` datetime DEFAULT NULL,
  `products_weight` float NOT NULL DEFAULT '0',
  `products_status` tinyint(1) NOT NULL DEFAULT '0',
  `products_tax_class_id` int(11) NOT NULL DEFAULT '0',
  `manufacturers_id` int(11) DEFAULT NULL,
  `products_ordered` float NOT NULL DEFAULT '0',
  `products_quantity_order_min` float NOT NULL DEFAULT '1',
  `products_quantity_order_units` float NOT NULL DEFAULT '1',
  `products_priced_by_attribute` tinyint(1) NOT NULL DEFAULT '0',
  `product_is_free` tinyint(1) NOT NULL DEFAULT '0',
  `product_is_call` tinyint(1) NOT NULL DEFAULT '0',
  `products_quantity_mixed` tinyint(1) NOT NULL DEFAULT '0',
  `product_is_always_free_shipping` tinyint(1) NOT NULL DEFAULT '0',
  `products_qty_box_status` tinyint(1) NOT NULL DEFAULT '1',
  `products_quantity_order_max` float NOT NULL DEFAULT '0',
  `products_sort_order` int(11) NOT NULL DEFAULT '0',
  `products_discount_type` tinyint(1) NOT NULL DEFAULT '0',
  `products_discount_type_from` tinyint(1) NOT NULL DEFAULT '0',
  `products_price_sorter` decimal(15,4) NOT NULL DEFAULT '0.0000',
  `master_categories_id` int(11) NOT NULL DEFAULT '0',
  `products_mixed_discount_quantity` tinyint(1) NOT NULL DEFAULT '1',
  `metatags_title_status` tinyint(1) NOT NULL DEFAULT '0',
  `metatags_products_name_status` tinyint(1) NOT NULL DEFAULT '0',
  `metatags_model_status` tinyint(1) NOT NULL DEFAULT '0',
  `metatags_price_status` tinyint(1) NOT NULL DEFAULT '0',
  `metatags_title_tagline_status` tinyint(1) NOT NULL DEFAULT '0',
  PRIMARY KEY (`products_id`),
  KEY `idx_products_date_added_zen` (`products_date_added`),
  KEY `idx_products_status_zen` (`products_status`),
  KEY `idx_products_date_available_zen` (`products_date_available`),
  KEY `idx_products_ordered_zen` (`products_ordered`),
  KEY `idx_products_model_zen` (`products_model`),
  KEY `idx_products_price_sorter_zen` (`products_price_sorter`),
  KEY `idx_master_categories_id_zen` (`master_categories_id`),
  KEY `idx_products_sort_order_zen` (`products_sort_order`),
  KEY `idx_manufacturers_id_zen` (`manufacturers_id`)
) ENGINE=MyISAM AUTO_INCREMENT=97 DEFAULT CHARSET=utf8 COLLATE=utf8_unicode_ci;

--
-- Dumping data for table `zen_products`
--

INSERT INTO `zen_products` VALUES (1,1,22,'','',4.2500,1,'2010-07-06 18:15:36','2010-07-06 18:16:39',NULL,0,1,0,0,3,1,1,0,0,0,1,1,1,0,0,0,0,4.2500,1,1,0,0,0,0,0),(2,1,19,'','',2.1200,1,'2010-07-06 22:10:58',NULL,NULL,0,1,0,0,1,1,1,0,0,0,1,1,1,0,0,0,0,1.0600,2,1,0,0,0,0,0),(3,1,3,'','',3.0000,0,'2010-07-07 17:49:13',NULL,NULL,0,1,0,0,0,1,1,0,0,0,1,0,1,0,0,0,0,3.0000,8,1,0,0,0,0,0),(4,1,1,'15 0z','',4.5000,0,'2010-07-07 17:50:37','2010-07-25 10:48:34',NULL,0,1,0,0,1,1,1,0,0,0,1,0,1,0,0,0,0,2.2500,5,1,0,0,0,0,0),(5,1,1,'18 OZ.','',3.9900,0,'2010-07-07 17:52:45','2010-07-25 10:51:52',NULL,0,1,0,0,0,1,1,0,0,0,1,0,1,0,0,0,0,1.9950,5,1,0,0,0,0,0),(6,1,1,'18 OZ','',3.9900,0,'2010-07-07 17:53:45','2010-07-25 10:50:35',NULL,0,1,0,0,0,1,1,0,0,0,1,0,1,0,0,0,0,1.9950,5,1,0,0,0,0,0),(7,1,3,'18 OZ','',4.5000,0,'2010-07-07 17:55:11','2010-07-25 10:47:58',NULL,0,1,0,0,0,1,1,0,0,0,1,0,1,0,0,0,0,2.2500,5,1,0,0,0,0,0),(8,1,1,'18 0z','',4.5000,0,'2010-07-07 17:56:07','2010-07-25 10:45:28',NULL,0,1,0,0,0,1,1,0,0,0,1,0,1,0,0,0,0,2.2500,5,1,0,0,0,0,0),(9,1,2,'16.9 0z','',6.9900,0,'2010-07-07 17:57:45','2010-07-25 10:43:54',NULL,0,1,0,0,0,1,1,0,0,0,1,0,1,0,0,0,0,3.4950,5,1,0,0,0,0,0),(10,1,1,'16.9 0z','',6.9900,0,'2010-07-07 17:59:20','2010-07-25 10:43:13',NULL,0,1,0,0,0,1,1,0,0,0,1,0,1,0,0,0,0,3.4950,5,1,0,0,0,0,0),(11,1,0,'','',1.2520,0,'2010-07-07 18:00:13',NULL,NULL,0,1,0,0,0,1,1,0,0,0,1,0,1,0,0,0,0,1.2520,7,1,0,0,0,0,0),(12,1,1,'','',1.2500,0,'2010-07-07 18:01:43',NULL,NULL,0,1,0,0,0,1,1,0,0,0,1,0,1,0,0,0,0,1.2500,7,1,0,0,0,0,0),(13,1,10,'32 count 81 mg','',2.4000,0,'2010-07-11 19:03:06','2010-07-25 12:12:36',NULL,0,1,0,0,0,1,1,0,0,0,1,0,1,0,0,0,0,1.2000,4,1,0,0,0,0,0),(14,1,1,'36 tablets 81 mg','',2.7900,0,'2010-07-11 19:07:40','2010-07-25 12:31:23',NULL,0,1,0,0,0,1,1,0,0,0,1,0,1,0,0,0,0,1.3950,4,1,0,0,0,0,0),(15,1,1,'50 caplets','',6.9900,0,'2010-07-11 19:16:47','2010-08-06 17:58:03',NULL,0,1,0,0,0,1,1,0,0,0,1,0,1,0,0,0,0,3.4950,4,1,0,0,0,0,0),(16,1,2,'24 tablets','',3.2700,0,'2010-07-11 19:18:42','2010-08-06 17:57:27',NULL,0,1,0,0,0,1,2,0,0,0,1,0,1,0,0,0,0,1.6350,4,1,0,0,0,0,0),(17,1,3,'8 oz','',6.9900,0,'2010-07-25 10:37:36','2010-07-25 10:42:29',NULL,0,1,0,0,0,1,3,0,0,0,1,0,1,0,0,0,0,3.4950,5,1,0,0,0,0,0),(18,1,3,'18 0z','',4.4900,0,'2010-07-25 10:41:06','2010-07-25 10:52:39',NULL,0,1,0,0,0,1,3,0,0,0,1,0,1,0,0,0,0,2.2450,5,1,0,0,0,0,0),(19,1,2,'16.9 0z','',6.9900,0,'2010-07-25 10:49:47','2010-07-25 10:52:57',NULL,0,1,0,0,0,1,1,0,0,0,1,0,1,0,0,0,0,3.4950,5,1,0,0,0,0,0),(20,1,1,'7.5 oz','',1.7900,0,'2010-07-25 10:55:18',NULL,NULL,0,1,0,0,0,1,1,0,0,0,1,0,1,0,0,0,0,0.8950,5,1,0,0,0,0,0),(21,1,1,'7.5 oz','',1.7900,0,'2010-07-25 10:56:29',NULL,NULL,0,1,0,0,0,1,1,0,0,0,1,0,1,0,0,0,0,0.8950,5,1,0,0,0,0,0),(22,1,1,'7.5 0z','',1.7900,0,'2010-07-25 10:57:30',NULL,NULL,0,1,0,0,0,1,1,0,0,0,1,0,1,0,0,0,0,0.8950,5,1,0,0,0,0,0),(23,1,1,'7.5 0z','',1.7900,0,'2010-07-25 10:58:44',NULL,NULL,0,1,0,0,0,1,1,0,0,0,1,0,1,0,0,0,0,0.8950,5,1,0,0,0,0,0),(24,1,1,'7.5 oz','',1.7900,0,'2010-07-25 11:00:43',NULL,NULL,0,1,0,0,0,1,1,0,0,0,1,0,1,0,0,0,0,0.8950,5,1,0,0,0,0,0),(25,1,2,'9.375 oz','',1.7900,0,'2010-07-25 11:02:26','2010-07-25 11:03:09',NULL,0,1,0,0,0,1,1,0,0,0,1,0,1,0,0,0,0,0.8950,5,1,0,0,0,0,0),(26,1,3,'2 pack','',2.1500,0,'2010-07-25 11:04:50',NULL,NULL,0,1,0,0,0,1,1,0,0,0,1,0,1,0,0,0,0,1.0750,5,1,0,0,0,0,0),(27,1,7,'3 pack','',1.8900,0,'2010-07-25 11:06:40',NULL,NULL,0,1,0,0,0,1,7,0,0,0,1,0,1,0,0,0,0,0.9450,5,1,0,0,0,0,0),(28,1,5,'2 pack','',2.9900,0,'2010-07-25 11:08:16',NULL,NULL,0,1,0,0,0,1,1,0,0,0,1,0,1,0,0,0,0,1.4950,5,1,0,0,0,0,0),(29,1,0,'','',0.0000,0,'2010-07-25 11:09:16',NULL,NULL,0,1,0,0,0,1,1,0,0,0,1,0,1,0,0,0,0,0.0000,5,1,0,0,0,0,0),(30,1,6,'12 oz','',1.9900,0,'2010-07-25 11:11:03','2010-07-25 11:13:06',NULL,0,1,0,0,0,1,6,0,0,0,1,0,1,0,0,0,0,0.9950,5,1,0,0,0,0,0),(31,1,6,'12 oz','',1.9900,0,'2010-07-25 11:12:50',NULL,NULL,0,1,0,0,0,1,6,0,0,0,1,0,1,0,0,0,0,0.9950,5,1,0,0,0,0,0),(32,1,1,'18 0z','',4.3700,0,'2010-07-25 11:14:48','2010-07-25 11:15:41',NULL,0,1,0,0,0,1,1,0,0,0,1,0,1,0,0,0,0,2.1850,5,1,0,0,0,0,0),(33,1,1,'18 oz','',4.3700,0,'2010-07-25 11:16:59',NULL,NULL,0,1,0,0,0,1,1,0,0,0,1,0,1,0,0,0,0,2.1850,5,1,0,0,0,0,0),(34,1,1,'13.5 OZ','',2.9900,0,'2010-07-25 11:18:17',NULL,NULL,0,1,0,0,0,1,1,0,0,0,1,0,1,0,0,0,0,1.4950,5,1,0,0,0,0,0),(35,1,2,'12 oz','',4.4900,0,'2010-07-25 11:20:04',NULL,NULL,0,1,0,0,0,1,2,0,0,0,1,0,1,0,0,0,0,2.2450,5,1,0,0,0,0,0),(36,1,7,'12 oz','',4.4900,0,'2010-07-25 11:21:22',NULL,NULL,0,1,0,0,0,1,7,0,0,0,1,0,1,0,0,0,0,2.2450,5,1,0,0,0,0,0),(37,1,1,'16.9 0z','',6.9900,0,'2010-07-25 11:23:06',NULL,NULL,0,1,0,0,0,1,1,0,0,0,1,0,1,0,0,0,0,3.4950,5,1,0,0,0,0,0),(38,1,3,'8.4 oz','',5.4700,0,'2010-07-25 11:24:06','2010-07-25 11:26:28',NULL,0,1,0,0,0,1,3,0,0,0,1,0,1,0,0,0,0,2.7350,5,1,0,0,0,0,0),(39,1,2,'8.4 oz','',5.4700,0,'2010-07-25 11:25:35',NULL,NULL,0,1,0,0,0,1,2,0,0,0,1,0,1,0,0,0,0,2.7350,5,1,0,0,0,0,0),(40,1,1,'12 oz','',2.1900,0,'2010-07-25 11:27:53',NULL,NULL,0,1,0,0,0,1,1,0,0,0,1,0,1,0,0,0,0,1.0950,5,1,0,0,0,0,0),(41,1,2,'12 oz','',3.9900,0,'2010-07-25 11:29:48',NULL,NULL,0,1,0,0,0,1,2,0,0,0,1,0,1,0,0,0,0,1.9950,5,1,0,0,0,0,0),(42,1,0,'13.5 oz','',2.9900,0,'2010-07-25 11:31:16',NULL,NULL,0,0,0,0,2,1,2,0,0,0,1,0,1,0,0,0,0,1.4950,5,1,0,0,0,0,0),(43,1,1,'13.5 oz','',2.9900,0,'2010-07-25 11:32:15',NULL,NULL,0,1,0,0,0,1,1,0,0,0,1,0,1,0,0,0,0,1.4950,5,1,0,0,0,0,0),(44,1,1,'12 oz','',2.1900,0,'2010-07-25 11:33:15',NULL,NULL,0,1,0,0,0,1,1,0,0,0,1,0,1,0,0,0,0,1.0950,5,1,0,0,0,0,0),(45,1,1,'12 oz','',2.1900,0,'2010-07-25 11:34:19',NULL,NULL,0,1,0,0,0,1,1,0,0,0,1,0,1,0,0,0,0,1.0950,5,1,0,0,0,0,0),(46,1,1,'6.4 oz','',2.3900,0,'2010-07-25 11:36:17',NULL,NULL,0,1,0,0,0,1,1,0,0,0,1,0,1,0,0,0,0,1.1950,6,1,0,0,0,0,0),(47,1,8,'6.4 oz','',2.3900,0,'2010-07-25 11:37:48',NULL,NULL,0,1,0,0,0,1,8,0,0,0,1,0,1,0,0,0,0,1.1950,6,1,0,0,0,0,0),(48,1,0,'6 oz','',2.7200,0,'2010-07-25 11:41:26',NULL,NULL,0,0,0,0,5,1,5,0,0,0,1,0,1,0,0,0,0,1.3600,6,1,0,0,0,0,0),(49,1,2,'6 oz','',2.7200,0,'2010-07-25 11:41:34','2010-07-25 11:42:41',NULL,0,1,0,0,0,1,2,0,0,0,1,0,1,0,0,0,0,1.3600,6,1,0,0,0,0,0),(50,1,1,'6.4 oz','',2.7000,0,'2010-07-25 11:41:58','2010-07-25 11:44:54',NULL,0,1,0,0,0,1,1,0,0,0,1,0,1,0,0,0,0,1.3500,6,1,0,0,0,0,0),(51,1,3,'6 oz','',2.7200,0,'2010-07-25 11:43:43',NULL,NULL,0,1,0,0,0,1,3,0,0,0,1,0,1,0,0,0,0,1.3600,6,1,0,0,0,0,0),(52,1,2,'4 oz','',3.1600,0,'2010-07-25 11:45:50','2010-07-25 11:47:52',NULL,0,1,0,0,0,1,2,0,0,0,1,0,1,0,0,0,0,1.5800,6,1,0,0,0,0,0),(53,1,6,'5.8 oz','',3.9700,0,'2010-07-25 11:47:25',NULL,NULL,0,1,0,0,0,1,6,0,0,0,1,0,1,0,0,0,0,1.9850,6,1,0,0,0,0,0),(54,1,1,'5.6 oz','',2.9900,0,'2010-07-25 11:48:58',NULL,NULL,0,1,0,0,0,1,1,0,0,0,1,0,1,0,0,0,0,1.4950,6,1,0,0,0,0,0),(55,1,3,'Soft','',2.6900,0,'2010-07-25 11:49:55','2010-07-25 11:52:01',NULL,0,1,0,0,0,1,3,0,0,0,1,0,1,0,0,0,0,1.3450,6,1,0,0,0,0,0),(56,1,3,'medium','',2.6900,0,'2010-07-25 11:51:13',NULL,NULL,0,1,0,0,0,1,3,0,0,0,1,0,1,0,0,0,0,1.3450,6,1,0,0,0,0,0),(57,1,14,'Soft','',2.0700,0,'2010-07-25 11:53:01','2010-07-25 11:54:18',NULL,0,1,0,0,0,1,14,0,0,0,1,0,1,0,0,0,0,1.0350,6,1,0,0,0,0,0),(58,1,7,'Firm','',2.0700,0,'2010-07-25 11:53:59',NULL,NULL,0,1,0,0,0,1,7,0,0,0,1,0,1,0,0,0,0,1.0350,6,1,0,0,0,0,0),(59,1,6,'Soft','',4.6900,0,'2010-07-25 11:56:46',NULL,NULL,0,1,0,0,0,1,6,0,0,0,1,0,1,0,0,0,0,2.3450,6,1,0,0,0,0,0),(60,1,2,'Medium','',3.6900,0,'2010-07-25 11:58:04',NULL,NULL,0,1,0,0,0,1,2,0,0,0,1,0,1,0,0,0,0,1.8450,6,1,0,0,0,0,0),(61,1,1,'Soft','',3.6900,0,'2010-07-25 11:59:28',NULL,NULL,0,1,0,0,0,1,1,0,0,0,1,0,1,0,0,0,0,1.8450,6,1,0,0,0,0,0),(62,1,0,'Soft','',3.6900,0,'2010-07-25 12:00:49',NULL,NULL,0,0,0,0,1,1,1,0,0,0,1,0,1,0,0,0,0,1.8450,6,1,0,0,0,0,0),(63,1,1,'Soft','',3.6900,0,'2010-07-25 12:01:48',NULL,NULL,0,1,0,0,0,1,1,0,0,0,1,0,1,0,0,0,0,1.8450,6,1,0,0,0,0,0),(64,1,15,'Mint','',1.4900,0,'2010-07-25 12:04:37',NULL,NULL,0,1,0,0,0,1,15,0,0,0,1,0,1,0,0,0,0,0.7450,6,1,0,0,0,0,0),(65,1,10,'36 count','',2.4000,0,'2010-07-25 12:06:57',NULL,NULL,0,1,0,0,0,1,10,0,0,0,1,0,1,0,0,0,0,1.2000,4,1,0,0,0,0,0),(66,1,4,'12 count','',3.9900,0,'2010-07-25 12:08:46',NULL,NULL,0,1,0,0,0,1,4,0,0,0,1,0,1,0,0,0,0,1.9950,4,1,0,0,0,0,0),(67,1,2,'24 caplets','',5.3800,0,'2010-07-25 12:11:44',NULL,NULL,0,1,0,0,0,1,2,0,0,0,1,0,1,0,0,0,0,2.6900,4,1,0,0,0,0,0),(68,1,4,'20 count','',6.4900,0,'2010-07-25 12:32:26',NULL,NULL,0,1,0,0,0,1,4,0,0,0,1,0,1,0,0,0,0,3.2450,4,1,0,0,0,0,0),(69,1,4,'20 count','',6.4900,0,'2010-07-25 12:32:27',NULL,NULL,0,1,0,0,0,1,4,0,0,0,1,0,1,0,0,0,0,3.2450,4,1,0,0,0,0,0),(70,1,3,'20 caplets','',5.9900,0,'2010-07-25 12:34:33',NULL,NULL,0,1,0,0,0,1,3,0,0,0,1,0,1,0,0,0,0,2.9950,4,1,0,0,0,0,0),(71,1,4,'18 chews','',2.1300,0,'2010-07-25 12:36:15',NULL,NULL,0,1,0,0,0,1,4,0,0,0,1,0,1,0,0,0,0,1.0650,4,1,0,0,0,0,0),(72,1,1,'24 count','',4.1800,0,'2010-07-25 12:39:01',NULL,NULL,0,1,0,0,0,1,1,0,0,0,1,0,1,0,0,0,0,2.0900,4,1,0,0,0,0,0),(73,1,5,'3 roll pack','',1.5800,0,'2010-07-25 12:40:47','2010-07-25 12:50:55',NULL,0,1,0,0,0,1,5,0,0,0,1,0,1,0,0,0,0,0.7900,4,1,0,0,0,0,0),(74,1,8,'4 pack','',2.1300,0,'2010-07-25 12:43:28','2010-07-25 12:45:00',NULL,0,1,0,0,0,1,8,0,0,0,1,0,1,0,0,0,0,1.0650,4,1,0,0,0,0,0),(75,1,2,'4 pack','',2.0000,0,'2010-07-25 12:44:25',NULL,NULL,0,1,0,0,0,1,2,0,0,0,1,0,1,0,0,0,0,1.0000,4,1,0,0,0,0,0),(76,1,4,'20 count','',4.3400,0,'2010-07-25 12:45:52',NULL,NULL,0,1,0,0,0,1,4,0,0,0,1,0,1,0,0,0,0,2.1700,4,1,0,0,0,0,0),(77,1,2,'24 tablets','',3.7900,0,'2010-07-25 12:46:46',NULL,NULL,0,1,0,0,0,1,2,0,0,0,1,0,1,0,0,0,0,1.8950,4,1,0,0,0,0,0),(78,1,4,'24 coated tablets','',4.9900,0,'2010-07-25 12:48:34',NULL,NULL,0,1,0,0,0,1,4,0,0,0,1,0,1,0,0,0,0,2.4950,4,1,0,0,0,0,0),(79,1,4,'24 coated tablets','',4.9900,0,'2010-07-25 12:48:35',NULL,NULL,0,1,0,0,0,1,4,0,0,0,1,0,1,0,0,0,0,2.4950,4,1,0,0,0,0,0),(80,1,4,'Sport','',2.6900,0,'2010-07-25 12:53:44',NULL,NULL,0,1,0,0,0,1,4,0,0,0,1,0,1,0,0,0,0,2.6900,11,1,0,0,0,0,0),(81,1,2,'Artic Fresh','',3.8200,0,'2010-07-25 12:55:05',NULL,NULL,0,1,0,0,0,1,2,0,0,0,1,0,1,0,0,0,0,3.8200,11,1,0,0,0,0,0),(82,1,1,'Make Moves','',2.5900,0,'2010-07-25 12:55:53',NULL,NULL,0,1,0,0,0,1,1,0,0,0,1,0,1,0,0,0,0,2.5900,11,1,0,0,0,0,0),(83,1,3,'Tropical Paradise 2.6 oz','',1.9800,0,'2010-07-25 12:56:44','2010-07-25 12:59:27',NULL,0,1,0,0,0,1,3,0,0,0,1,0,1,0,0,0,0,1.9800,11,1,0,0,0,0,0),(84,1,3,'Powder 2.6 oz','',1.9800,0,'2010-07-25 12:56:44','2010-07-25 12:59:56',NULL,0,1,0,0,0,1,3,0,0,0,1,0,1,0,0,0,0,1.9800,11,1,0,0,0,0,0),(85,1,3,'Powder','',1.9800,0,'2010-07-25 12:57:36',NULL,NULL,0,1,0,0,0,1,3,0,0,0,1,0,1,0,0,0,0,1.9800,11,1,0,0,0,0,0),(86,1,1,'Fresh 2.6 oz','',1.9800,0,'2010-07-25 12:58:33','2010-07-25 12:58:48',NULL,0,1,0,0,0,1,1,0,0,0,1,0,1,0,0,0,0,1.9800,11,1,0,0,0,0,0),(87,1,1,'Powder 2.6 oz','',2.3500,0,'2010-07-25 13:00:55','2010-07-25 13:02:31',NULL,0,1,0,0,0,1,1,0,0,0,1,0,1,0,0,0,0,2.3500,11,1,0,0,0,0,0),(88,1,1,'Fresh Scent 2.6 oz','',2.3500,0,'2010-07-25 13:02:12',NULL,NULL,0,1,0,0,0,1,1,0,0,0,1,0,1,0,0,0,0,2.3500,11,1,0,0,0,0,0),(89,1,6,'Mt. Frost 2.6 oz','',2.3500,0,'2010-07-25 13:03:33',NULL,NULL,0,1,0,0,0,1,6,0,0,0,1,0,1,0,0,0,0,2.3500,11,1,0,0,0,0,0),(90,1,9,'Unscented 2.6 oz','',2.3500,0,'2010-07-25 13:04:34',NULL,NULL,0,1,0,0,0,1,9,0,0,0,1,0,1,0,0,0,0,2.3500,11,1,0,0,0,0,0),(91,1,1,'Regular Scent 3.3 oz','',2.3500,0,'2010-07-25 13:05:44',NULL,NULL,0,1,0,0,0,1,1,0,0,0,1,0,1,0,0,0,0,2.3500,11,1,0,0,0,0,0),(92,1,1,'Citrus Escape 2.6 oz','',2.3500,0,'2010-07-25 13:06:44',NULL,NULL,0,1,0,0,0,1,1,0,0,0,1,0,1,0,0,0,0,2.3500,11,1,0,0,0,0,0),(93,1,2,'Unscented 3.3 oz','',2.3500,0,'2010-07-25 13:07:41',NULL,NULL,0,1,0,0,0,1,2,0,0,0,1,0,1,0,0,0,0,2.3500,11,1,0,0,0,0,0),(94,1,2,'Unscented 3.3 oz','',2.3500,0,'2010-07-25 13:07:42',NULL,NULL,0,1,0,0,0,1,2,0,0,0,1,0,1,0,0,0,0,2.3500,11,1,0,0,0,0,0),(95,1,1,'Shower Fresh 1.4 oz','',1.9900,0,'2010-07-25 13:08:33',NULL,NULL,0,1,0,0,0,1,1,0,0,0,1,0,1,0,0,0,0,1.9900,11,1,0,0,0,0,0),(96,1,5,'Original Scent 2.6 oz','',2.7200,0,'2010-07-25 13:09:24',NULL,NULL,0,1,0,0,0,1,5,0,0,0,1,0,1,0,0,0,0,2.7200,11,1,0,0,0,0,0);

--
-- Table structure for table `zen_products_attributes`
--

CREATE TABLE `zen_products_attributes` (
  `products_attributes_id` int(11) NOT NULL AUTO_INCREMENT,
  `products_id` int(11) NOT NULL DEFAULT '0',
  `options_id` int(11) NOT NULL DEFAULT '0',
  `options_values_id` int(11) NOT NULL DEFAULT '0',
  `options_values_price` decimal(15,4) NOT NULL DEFAULT '0.0000',
  `price_prefix` char(1) COLLATE utf8_unicode_ci NOT NULL DEFAULT '',
  `products_options_sort_order` int(11) NOT NULL DEFAULT '0',
  `product_attribute_is_free` tinyint(1) NOT NULL DEFAULT '0',
  `products_attributes_weight` float NOT NULL DEFAULT '0',
  `products_attributes_weight_prefix` char(1) COLLATE utf8_unicode_ci NOT NULL DEFAULT '',
  `attributes_display_only` tinyint(1) NOT NULL DEFAULT '0',
  `attributes_default` tinyint(1) NOT NULL DEFAULT '0',
  `attributes_discounted` tinyint(1) NOT NULL DEFAULT '1',
  `attributes_image` varchar(64) COLLATE utf8_unicode_ci DEFAULT NULL,
  `attributes_price_base_included` tinyint(1) NOT NULL DEFAULT '1',
  `attributes_price_onetime` decimal(15,4) NOT NULL DEFAULT '0.0000',
  `attributes_price_factor` decimal(15,4) NOT NULL DEFAULT '0.0000',
  `attributes_price_factor_offset` decimal(15,4) NOT NULL DEFAULT '0.0000',
  `attributes_price_factor_onetime` decimal(15,4) NOT NULL DEFAULT '0.0000',
  `attributes_price_factor_onetime_offset` decimal(15,4) NOT NULL DEFAULT '0.0000',
  `attributes_qty_prices` text COLLATE utf8_unicode_ci,
  `attributes_qty_prices_onetime` text COLLATE utf8_unicode_ci,
  `attributes_price_words` decimal(15,4) NOT NULL DEFAULT '0.0000',
  `attributes_price_words_free` int(4) NOT NULL DEFAULT '0',
  `attributes_price_letters` decimal(15,4) NOT NULL DEFAULT '0.0000',
  `attributes_price_letters_free` int(4) NOT NULL DEFAULT '0',
  `attributes_required` tinyint(1) NOT NULL DEFAULT '0',
  PRIMARY KEY (`products_attributes_id`),
  KEY `idx_id_options_id_values_zen` (`products_id`,`options_id`,`options_values_id`),
  KEY `idx_opt_sort_order_zen` (`products_options_sort_order`)
) ENGINE=MyISAM DEFAULT CHARSET=utf8 COLLATE=utf8_unicode_ci;

--
-- Dumping data for table `zen_products_attributes`
--


--
-- Table structure for table `zen_products_attributes_download`
--

CREATE TABLE `zen_products_attributes_download` (
  `products_attributes_id` int(11) NOT NULL DEFAULT '0',
  `products_attributes_filename` varchar(255) COLLATE utf8_unicode_ci NOT NULL DEFAULT '',
  `products_attributes_maxdays` int(2) DEFAULT '0',
  `products_attributes_maxcount` int(2) DEFAULT '0',
  PRIMARY KEY (`products_attributes_id`)
) ENGINE=MyISAM DEFAULT CHARSET=utf8 COLLATE=utf8_unicode_ci;

--
-- Dumping data for table `zen_products_attributes_download`
--


--
-- Table structure for table `zen_products_description`
--

CREATE TABLE `zen_products_description` (
  `products_id` int(11) NOT NULL AUTO_INCREMENT,
  `language_id` int(11) NOT NULL DEFAULT '1',
  `products_name` varchar(64) COLLATE utf8_unicode_ci NOT NULL DEFAULT '',
  `products_description` text COLLATE utf8_unicode_ci,
  `products_url` varchar(255) COLLATE utf8_unicode_ci DEFAULT NULL,
  `products_viewed` int(5) DEFAULT '0',
  PRIMARY KEY (`products_id`,`language_id`),
  KEY `idx_products_name_zen` (`products_name`)
) ENGINE=MyISAM AUTO_INCREMENT=97 DEFAULT CHARSET=utf8 COLLATE=utf8_unicode_ci;

--
-- Dumping data for table `zen_products_description`
--

INSERT INTO `zen_products_description` VALUES (1,1,'Tide Mountain Green','Tide Mountain Meadows Green 32 Oz. 64 load size.','',1457),(2,1,'Rice','Long grain brown rice','',1401),(3,1,'Dove Creme Oil Extra Dry Skin','','',1012),(4,1,'Softsoap Nutri Serum Body Wash','','',977),(5,1,'Old Spice High Endurance Body Wash','18 OZ','',445),(6,1,'Old Spice High Conditioning and Body Wash','18 OZ','',527),(7,1,'Dial Body Wash Cranberry and Mango','18 OZ','',1033),(8,1,'Dial Body Wash Lavender/Jasamine','Lavender/Jasmine 18 OZ','',1103),(9,1,'Nivea Touch of Happiness Body Wash','16.9 OZ','',1168),(10,1,'Nivea Touch Of Sparkle Creme Oil Body Wash','Diamond Calla Blossom','',1040),(11,1,'L.A. Looks Mega Mega Hair Gel','20 OZ','',526),(12,1,'L.A. Looks Mega Sport','20 OZ  (Regular Price 2.33)','',528),(13,1,'Bayer Aspirin Low Dose Safety Coated','32 count, 81 mg','',516),(14,1,'St. Joseph Aspirin Chewable','36 tabs.','',481),(15,1,'Excedrin PM','50 caplets','',485),(16,1,'Excedrin Extra Strength','24 tablets','',503),(17,1,'Oil of Olay Total Effects Body Wash','8 oz','',509),(18,1,'Softsoap Juicy Pomegranate & Mango Body Wash','18 0z','',475),(19,1,'Nivea Body Wash Tea Rose with Almond Oil','','',493),(20,1,'Dial Hand Soap Pump White Tea & Vitamin E','','',522),(21,1,'Dial Hand Soap Pump Nutri Skin Cherry Seed Oil','','',545),(22,1,'Dial Hand Soap Pump Aloe','','',504),(23,1,'Dial Hand Soap Pump Mt. Fresh','','',488),(24,1,'Dial Hand Soap Pump Spring Water','','',567),(25,1,'Dial Hand Soap Pump Gold Antibacterial','','',543),(26,1,'Lever Bar Soap Original','','',473),(27,1,'Ivory Bar Soap','','',501),(28,1,'Oil of Olay Bar Soap Ultra Moisture w/Shea Butter','','',564),(29,1,'','','',539),(30,1,'Ivory Body Wash Simply Aloe','','',532),(31,1,'Ivory Body Wash Simply Ivory','','',475),(32,1,'Dial Natural Radiance White Pearls','','',473),(33,1,'Dial Body Wash Daily Gnetle Care Exfoliant','','',500),(34,1,'St Ives Body Wash Exfoliating Apricot','','',514),(35,1,'Gillette Body Wash 16 hour Protection','','',498),(36,1,'Gillette Body Wash Hydrator','','',522),(37,1,'Nivea For Men Hair/Body Wash','','',503),(38,1,'Nivea Shower Gel Water Lily','','',483),(39,1,'Nivea Shower Gel Touch of Honeydew','','',477),(40,1,'Suave Naturals Body Wash Wild Cherry Blossom','','',472),(41,1,'Softsoap Body Wash Ultra Rich Shea Butter Cream','','',544),(42,1,'St Ives Body Wash Soy Milk & Lotus Blossom','','',15),(43,1,'St Ives Body Wash Swiss Vanilla','','',505),(44,1,'Suave Mens Body Wash Clean & Fresh','','',487),(45,1,'Suave Mens Body Wash Refreshing','','',492),(46,1,'Crest Toothpaste Tartar Control Regular','','',500),(47,1,'Crest Toothpaste Whitening w/Baking Soda & Peroxide Fresh Mint','','',579),(48,1,'Crest Expressions Toothpaste Wintergreen Ice','','',134),(49,1,'Crest Expressions Toothpaste Cinnamon Rush','','',467),(50,1,'Colgate Toothpaste Cavity Protection','','',501),(51,1,'Crest Expressions Toothpaste Extreme Herbal Mint','','',512),(52,1,'Colgate Toothpaste Total Enamel Strength','','',496),(53,1,'Colgate Toothpaste Total Enamel Strength','','',505),(54,1,'Aquafresh Toothpaste Sensitive','','',490),(55,1,'Oral B Toothbrush Indicator (Soft)','','',493),(56,1,'Oral B Toothbrush Indicator (medium)','','',498),(57,1,'Reach Toothbrush Advanced Design (Soft)','','',551),(58,1,'Reach Toothbrush Advanced Design (Firm)','','',562),(59,1,'Oral B Toothbrush Cross Action (Soft)','','',520),(60,1,'Oral B Toothbrush Advantage (Medium)','','',519),(61,1,'Oral B Toothbrush Advantage (Soft)','','',466),(62,1,'Aquafresh Toothbrush Gel Flex (Soft)','','',461),(63,1,'Reach Toothbrush Ultra Clean (Soft)','','',495),(64,1,'Reach Dental Floss Mint','','',504),(65,1,'Bayer Aspirin Children\'s Chewable 36ct','','',494),(66,1,'Sudafed PE Severe Cold Medicine','','',467),(67,1,'Sudafed PE Sinus Headache Medicine','','',464),(68,1,'Sudafed PE Cough and Cold','','',506),(69,1,'Sudafed PE Cough and Cold','','',453),(70,1,'Sudafed PE Nightime Cold','','',443),(71,1,'Rolaids Soft Chews Cherry','','',484),(72,1,'Advil Gelcaps','','',458),(73,1,'Rolaids 3 Roll Pack Fruit Flavor','','',472),(74,1,'Rolaids 4 Pack Fruit Favor','','',506),(75,1,'Rolaids 4 Pack Peppermint','','',526),(76,1,'Advil Liquid Gels','','',502),(77,1,'Aleve','','',544),(78,1,'Advil Tablets','','',487),(79,1,'Advil Tablets','','',520),(80,1,'Right Guard Men\'s 3-D Sport Solid','','',523),(81,1,'Right Guard Men\'s Total Defense','','',502),(82,1,'Tag Solid','','',562),(83,1,'Suave Women\'s 24 Hour Protection Solid','','',702),(84,1,'Suave Women\'s 24 Hour Protection Solid','','',519),(85,1,'Suave Women\'s 24 hour Protection','','',513),(86,1,'Suave Women\'s 24 Protection Solid','','',517),(87,1,'Sure Solid','','',522),(88,1,'Sure Solid','','',525),(89,1,'Sure Solid','','',515),(90,1,'Sure Solid','','',501),(91,1,'Sure Solid','','',479),(92,1,'Sure Solid','','',436),(93,1,'Sure Solid','','',454),(94,1,'Sure Solid','','',447),(95,1,'Lady Speed Stick Solid','','',491),(96,1,'Dove Solid','','',402);

--
-- Table structure for table `zen_products_discount_quantity`
--

CREATE TABLE `zen_products_discount_quantity` (
  `discount_id` int(4) NOT NULL DEFAULT '0',
  `products_id` int(11) NOT NULL DEFAULT '0',
  `discount_qty` float NOT NULL DEFAULT '0',
  `discount_price` decimal(15,4) NOT NULL DEFAULT '0.0000',
  KEY `idx_id_qty_zen` (`products_id`,`discount_qty`)
) ENGINE=MyISAM DEFAULT CHARSET=utf8 COLLATE=utf8_unicode_ci;

--
-- Dumping data for table `zen_products_discount_quantity`
--


--
-- Table structure for table `zen_products_notifications`
--

CREATE TABLE `zen_products_notifications` (
  `products_id` int(11) NOT NULL DEFAULT '0',
  `customers_id` int(11) NOT NULL DEFAULT '0',
  `date_added` datetime NOT NULL DEFAULT '0001-01-01 00:00:00',
  PRIMARY KEY (`products_id`,`customers_id`)
) ENGINE=MyISAM DEFAULT CHARSET=utf8 COLLATE=utf8_unicode_ci;

--
-- Dumping data for table `zen_products_notifications`
--


--
-- Table structure for table `zen_products_options`
--

CREATE TABLE `zen_products_options` (
  `products_options_id` int(11) NOT NULL DEFAULT '0',
  `language_id` int(11) NOT NULL DEFAULT '1',
  `products_options_name` varchar(32) COLLATE utf8_unicode_ci NOT NULL DEFAULT '',
  `products_options_sort_order` int(11) NOT NULL DEFAULT '0',
  `products_options_type` int(5) NOT NULL DEFAULT '0',
  `products_options_length` smallint(2) NOT NULL DEFAULT '32',
  `products_options_comment` varchar(64) COLLATE utf8_unicode_ci DEFAULT NULL,
  `products_options_size` smallint(2) NOT NULL DEFAULT '32',
  `products_options_images_per_row` int(2) DEFAULT '5',
  `products_options_images_style` int(1) DEFAULT '0',
  `products_options_rows` smallint(2) NOT NULL DEFAULT '1',
  PRIMARY KEY (`products_options_id`,`language_id`),
  KEY `idx_lang_id_zen` (`language_id`),
  KEY `idx_products_options_sort_order_zen` (`products_options_sort_order`),
  KEY `idx_products_options_name_zen` (`products_options_name`)
) ENGINE=MyISAM DEFAULT CHARSET=utf8 COLLATE=utf8_unicode_ci;

--
-- Dumping data for table `zen_products_options`
--


--
-- Table structure for table `zen_products_options_types`
--

CREATE TABLE `zen_products_options_types` (
  `products_options_types_id` int(11) NOT NULL DEFAULT '0',
  `products_options_types_name` varchar(32) COLLATE utf8_unicode_ci DEFAULT NULL,
  PRIMARY KEY (`products_options_types_id`)
) ENGINE=MyISAM DEFAULT CHARSET=utf8 COLLATE=utf8_unicode_ci;

--
-- Dumping data for table `zen_products_options_types`
--

INSERT INTO `zen_products_options_types` VALUES (0,'Dropdown'),(1,'Text'),(2,'Radio'),(3,'Checkbox'),(4,'File'),(5,'Read Only');

--
-- Table structure for table `zen_products_options_values`
--

CREATE TABLE `zen_products_options_values` (
  `products_options_values_id` int(11) NOT NULL DEFAULT '0',
  `language_id` int(11) NOT NULL DEFAULT '1',
  `products_options_values_name` varchar(64) COLLATE utf8_unicode_ci NOT NULL DEFAULT '',
  `products_options_values_sort_order` int(11) NOT NULL DEFAULT '0',
  PRIMARY KEY (`products_options_values_id`,`language_id`),
  KEY `idx_products_options_values_name_zen` (`products_options_values_name`),
  KEY `idx_products_options_values_sort_order_zen` (`products_options_values_sort_order`)
) ENGINE=MyISAM DEFAULT CHARSET=utf8 COLLATE=utf8_unicode_ci;

--
-- Dumping data for table `zen_products_options_values`
--

INSERT INTO `zen_products_options_values` VALUES (0,1,'TEXT',0);

--
-- Table structure for table `zen_products_options_values_to_products_options`
--

CREATE TABLE `zen_products_options_values_to_products_options` (
  `products_options_values_to_products_options_id` int(11) NOT NULL AUTO_INCREMENT,
  `products_options_id` int(11) NOT NULL DEFAULT '0',
  `products_options_values_id` int(11) NOT NULL DEFAULT '0',
  PRIMARY KEY (`products_options_values_to_products_options_id`),
  KEY `idx_products_options_id_zen` (`products_options_id`),
  KEY `idx_products_options_values_id_zen` (`products_options_values_id`)
) ENGINE=MyISAM DEFAULT CHARSET=utf8 COLLATE=utf8_unicode_ci;

--
-- Dumping data for table `zen_products_options_values_to_products_options`
--


--
-- Table structure for table `zen_products_to_categories`
--

CREATE TABLE `zen_products_to_categories` (
  `products_id` int(11) NOT NULL DEFAULT '0',
  `categories_id` int(11) NOT NULL DEFAULT '0',
  PRIMARY KEY (`products_id`,`categories_id`),
  KEY `idx_cat_prod_id_zen` (`categories_id`,`products_id`)
) ENGINE=MyISAM DEFAULT CHARSET=utf8 COLLATE=utf8_unicode_ci;

--
-- Dumping data for table `zen_products_to_categories`
--

INSERT INTO `zen_products_to_categories` VALUES (1,1),(2,2),(3,8),(4,5),(5,5),(6,5),(7,5),(8,5),(9,5),(10,5),(11,7),(12,7),(13,4),(14,4),(15,4),(16,4),(17,5),(18,5),(19,5),(20,5),(21,5),(22,5),(23,5),(24,5),(25,5),(26,5),(27,5),(28,5),(29,5),(30,5),(31,5),(32,5),(33,5),(34,5),(35,5),(36,5),(37,5),(38,5),(39,5),(40,5),(41,5),(42,5),(43,5),(44,5),(45,5),(46,6),(47,6),(48,6),(49,6),(50,6),(51,6),(52,6),(53,6),(54,6),(55,6),(56,6),(57,6),(58,6),(59,6),(60,6),(61,6),(62,6),(63,6),(64,6),(65,4),(66,4),(67,4),(68,4),(69,4),(70,4),(71,4),(72,4),(73,4),(74,4),(75,4),(76,4),(77,4),(78,4),(79,4),(80,11),(81,11),(82,11),(83,11),(84,11),(85,11),(86,11),(87,11),(88,11),(89,11),(90,11),(91,11),(92,11),(93,11),(94,11),(95,11),(96,11);

--
-- Table structure for table `zen_project_version`
--

CREATE TABLE `zen_project_version` (
  `project_version_id` tinyint(3) NOT NULL AUTO_INCREMENT,
  `project_version_key` varchar(40) COLLATE utf8_unicode_ci NOT NULL DEFAULT '',
  `project_version_major` varchar(20) COLLATE utf8_unicode_ci NOT NULL DEFAULT '',
  `project_version_minor` varchar(20) COLLATE utf8_unicode_ci NOT NULL DEFAULT '',
  `project_version_patch1` varchar(20) COLLATE utf8_unicode_ci NOT NULL DEFAULT '',
  `project_version_patch2` varchar(20) COLLATE utf8_unicode_ci NOT NULL DEFAULT '',
  `project_version_patch1_source` varchar(20) COLLATE utf8_unicode_ci NOT NULL DEFAULT '',
  `project_version_patch2_source` varchar(20) COLLATE utf8_unicode_ci NOT NULL DEFAULT '',
  `project_version_comment` varchar(250) COLLATE utf8_unicode_ci NOT NULL DEFAULT '',
  `project_version_date_applied` datetime NOT NULL DEFAULT '0001-01-01 01:01:01',
  PRIMARY KEY (`project_version_id`),
  UNIQUE KEY `idx_project_version_key_zen` (`project_version_key`)
) ENGINE=MyISAM AUTO_INCREMENT=3 DEFAULT CHARSET=utf8 COLLATE=utf8_unicode_ci;

--
-- Dumping data for table `zen_project_version`
--

INSERT INTO `zen_project_version` VALUES (1,'Zen-Cart Main','1','5.0','','','','','Version Update 1.3.9->1.5.0','2012-06-16 22:34:23'),(2,'Zen-Cart Database','1','5.0','','','','','Version Update 1.3.9->1.5.0','2012-06-16 22:34:23');

--
-- Table structure for table `zen_project_version_history`
--

CREATE TABLE `zen_project_version_history` (
  `project_version_id` tinyint(3) NOT NULL AUTO_INCREMENT,
  `project_version_key` varchar(40) COLLATE utf8_unicode_ci NOT NULL DEFAULT '',
  `project_version_major` varchar(20) COLLATE utf8_unicode_ci NOT NULL DEFAULT '',
  `project_version_minor` varchar(20) COLLATE utf8_unicode_ci NOT NULL DEFAULT '',
  `project_version_patch` varchar(20) COLLATE utf8_unicode_ci NOT NULL DEFAULT '',
  `project_version_comment` varchar(250) COLLATE utf8_unicode_ci NOT NULL DEFAULT '',
  `project_version_date_applied` datetime NOT NULL DEFAULT '0001-01-01 01:01:01',
  PRIMARY KEY (`project_version_id`)
) ENGINE=MyISAM AUTO_INCREMENT=11 DEFAULT CHARSET=utf8 COLLATE=utf8_unicode_ci;

--
-- Dumping data for table `zen_project_version_history`
--

INSERT INTO `zen_project_version_history` VALUES (1,'Zen-Cart Main','1','3.9b','','Fresh Installation','2010-07-05 21:25:33'),(2,'Zen-Cart Database','1','3.9b','','Fresh Installation','2010-07-05 21:25:33'),(3,'Zen-Cart Main','1','3.9b','','Fresh Installation','2010-07-05 21:25:33'),(4,'Zen-Cart Database','1','3.9b','','Fresh Installation','2010-07-05 21:25:33'),(5,'Zen-Cart Main','1','3.9d','','Version Update 1.3.8b->1.3.9d','2012-06-16 22:34:22'),(6,'Zen-Cart Database','1','3.9d','','Version Update 1.3.8b->1.3.9d','2012-06-16 22:34:22'),(7,'Zen-Cart Main','1','3.9g','','Version Update 1.3.8->1.3.9g','2012-06-16 22:34:22'),(8,'Zen-Cart Database','1','3.9g','','Version Update 1.3.8->1.3.9g','2012-06-16 22:34:22'),(9,'Zen-Cart Main','1','3.9h','','Version Update 1.3.8->1.3.9h','2012-06-16 22:34:22'),(10,'Zen-Cart Database','1','3.9h','','Version Update 1.3.8->1.3.9h','2012-06-16 22:34:22');

--
-- Table structure for table `zen_query_builder`
--

CREATE TABLE `zen_query_builder` (
  `query_id` int(11) NOT NULL AUTO_INCREMENT,
  `query_category` varchar(40) COLLATE utf8_unicode_ci NOT NULL DEFAULT '',
  `query_name` varchar(80) COLLATE utf8_unicode_ci NOT NULL DEFAULT '',
  `query_description` text COLLATE utf8_unicode_ci NOT NULL,
  `query_string` text COLLATE utf8_unicode_ci NOT NULL,
  `query_keys_list` text COLLATE utf8_unicode_ci NOT NULL,
  PRIMARY KEY (`query_id`),
  UNIQUE KEY `query_name` (`query_name`)
) ENGINE=MyISAM AUTO_INCREMENT=8 DEFAULT CHARSET=utf8 COLLATE=utf8_unicode_ci;

--
-- Dumping data for table `zen_query_builder`
--

INSERT INTO `zen_query_builder` VALUES (1,'email','All Customers','Returns all customers name and email address for sending mass emails (ie: for newsletters, coupons, GVs, messages, etc).','select customers_email_address, customers_firstname, customers_lastname from TABLE_CUSTOMERS order by customers_lastname, customers_firstname, customers_email_address',''),(2,'email,newsletters','All Newsletter Subscribers','Returns name and email address of newsletter subscribers','select customers_firstname, customers_lastname, customers_email_address from TABLE_CUSTOMERS where customers_newsletter = \'1\'',''),(3,'email,newsletters','Dormant Customers (>3months) (Subscribers)','Subscribers who HAVE purchased something, but have NOT purchased for at least three months.','select o.date_purchased, c.customers_email_address, c.customers_lastname, c.customers_firstname from TABLE_CUSTOMERS c, TABLE_ORDERS o WHERE c.customers_id = o.customers_id AND c.customers_newsletter = 1 GROUP BY c.customers_email_address HAVING max(o.date_purchased) <= subdate(now(),INTERVAL 3 MONTH) ORDER BY c.customers_lastname, c.customers_firstname ASC',''),(4,'email,newsletters','Active customers in past 3 months (Subscribers)','Newsletter subscribers who are also active customers (purchased something) in last 3 months.','select c.customers_email_address, c.customers_lastname, c.customers_firstname from TABLE_CUSTOMERS c, TABLE_ORDERS o where c.customers_newsletter = \'1\' AND c.customers_id = o.customers_id and o.date_purchased > subdate(now(),INTERVAL 3 MONTH) GROUP BY c.customers_email_address order by c.customers_lastname, c.customers_firstname ASC',''),(5,'email,newsletters','Active customers in past 3 months (Regardless of subscription status)','All active customers (purchased something) in last 3 months, ignoring newsletter-subscription status.','select c.customers_email_address, c.customers_lastname, c.customers_firstname from TABLE_CUSTOMERS c, TABLE_ORDERS o WHERE c.customers_id = o.customers_id and o.date_purchased > subdate(now(),INTERVAL 3 MONTH) GROUP BY c.customers_email_address order by c.customers_lastname, c.customers_firstname ASC',''),(6,'email,newsletters','Administrator','Just the email account of the current administrator','select \'ADMIN\' as customers_firstname, admin_name as customers_lastname, admin_email as customers_email_address from TABLE_ADMIN where admin_id = $SESSION:admin_id',''),(7,'email,newsletters','Customers who have never completed a purchase','For sending newsletter to all customers who registered but have never completed a purchase','SELECT DISTINCT c.customers_email_address as customers_email_address, c.customers_lastname as customers_lastname, c.customers_firstname as customers_firstname FROM TABLE_CUSTOMERS c LEFT JOIN  TABLE_ORDERS o ON c.customers_id=o.customers_id WHERE o.date_purchased IS NULL','');

--
-- Table structure for table `zen_record_artists`
--

CREATE TABLE `zen_record_artists` (
  `artists_id` int(11) NOT NULL AUTO_INCREMENT,
  `artists_name` varchar(32) COLLATE utf8_unicode_ci NOT NULL DEFAULT '',
  `artists_image` varchar(64) COLLATE utf8_unicode_ci DEFAULT NULL,
  `date_added` datetime DEFAULT NULL,
  `last_modified` datetime DEFAULT NULL,
  PRIMARY KEY (`artists_id`),
  KEY `idx_rec_artists_name_zen` (`artists_name`)
) ENGINE=MyISAM DEFAULT CHARSET=utf8 COLLATE=utf8_unicode_ci;

--
-- Dumping data for table `zen_record_artists`
--


--
-- Table structure for table `zen_record_artists_info`
--

CREATE TABLE `zen_record_artists_info` (
  `artists_id` int(11) NOT NULL DEFAULT '0',
  `languages_id` int(11) NOT NULL DEFAULT '0',
  `artists_url` varchar(255) COLLATE utf8_unicode_ci NOT NULL DEFAULT '',
  `url_clicked` int(5) NOT NULL DEFAULT '0',
  `date_last_click` datetime DEFAULT NULL,
  PRIMARY KEY (`artists_id`,`languages_id`)
) ENGINE=MyISAM DEFAULT CHARSET=utf8 COLLATE=utf8_unicode_ci;

--
-- Dumping data for table `zen_record_artists_info`
--


--
-- Table structure for table `zen_record_company`
--

CREATE TABLE `zen_record_company` (
  `record_company_id` int(11) NOT NULL AUTO_INCREMENT,
  `record_company_name` varchar(32) COLLATE utf8_unicode_ci NOT NULL DEFAULT '',
  `record_company_image` varchar(64) COLLATE utf8_unicode_ci DEFAULT NULL,
  `date_added` datetime DEFAULT NULL,
  `last_modified` datetime DEFAULT NULL,
  PRIMARY KEY (`record_company_id`),
  KEY `idx_rec_company_name_zen` (`record_company_name`)
) ENGINE=MyISAM DEFAULT CHARSET=utf8 COLLATE=utf8_unicode_ci;

--
-- Dumping data for table `zen_record_company`
--


--
-- Table structure for table `zen_record_company_info`
--

CREATE TABLE `zen_record_company_info` (
  `record_company_id` int(11) NOT NULL DEFAULT '0',
  `languages_id` int(11) NOT NULL DEFAULT '0',
  `record_company_url` varchar(255) COLLATE utf8_unicode_ci NOT NULL DEFAULT '',
  `url_clicked` int(5) NOT NULL DEFAULT '0',
  `date_last_click` datetime DEFAULT NULL,
  PRIMARY KEY (`record_company_id`,`languages_id`)
) ENGINE=MyISAM DEFAULT CHARSET=utf8 COLLATE=utf8_unicode_ci;

--
-- Dumping data for table `zen_record_company_info`
--


--
-- Table structure for table `zen_reviews`
--

CREATE TABLE `zen_reviews` (
  `reviews_id` int(11) NOT NULL AUTO_INCREMENT,
  `products_id` int(11) NOT NULL DEFAULT '0',
  `customers_id` int(11) DEFAULT NULL,
  `customers_name` varchar(64) COLLATE utf8_unicode_ci NOT NULL DEFAULT '',
  `reviews_rating` int(1) DEFAULT NULL,
  `date_added` datetime DEFAULT NULL,
  `last_modified` datetime DEFAULT NULL,
  `reviews_read` int(5) NOT NULL DEFAULT '0',
  `status` int(1) NOT NULL DEFAULT '1',
  PRIMARY KEY (`reviews_id`),
  KEY `idx_products_id_zen` (`products_id`),
  KEY `idx_customers_id_zen` (`customers_id`),
  KEY `idx_status_zen` (`status`),
  KEY `idx_date_added_zen` (`date_added`)
) ENGINE=MyISAM DEFAULT CHARSET=utf8 COLLATE=utf8_unicode_ci;

--
-- Dumping data for table `zen_reviews`
--


--
-- Table structure for table `zen_reviews_description`
--

CREATE TABLE `zen_reviews_description` (
  `reviews_id` int(11) NOT NULL DEFAULT '0',
  `languages_id` int(11) NOT NULL DEFAULT '0',
  `reviews_text` text COLLATE utf8_unicode_ci NOT NULL,
  PRIMARY KEY (`reviews_id`,`languages_id`)
) ENGINE=MyISAM DEFAULT CHARSET=utf8 COLLATE=utf8_unicode_ci;

--
-- Dumping data for table `zen_reviews_description`
--


--
-- Table structure for table `zen_salemaker_sales`
--

CREATE TABLE `zen_salemaker_sales` (
  `sale_id` int(11) NOT NULL AUTO_INCREMENT,
  `sale_status` tinyint(4) NOT NULL DEFAULT '0',
  `sale_name` varchar(30) COLLATE utf8_unicode_ci NOT NULL DEFAULT '',
  `sale_deduction_value` decimal(15,4) NOT NULL DEFAULT '0.0000',
  `sale_deduction_type` tinyint(4) NOT NULL DEFAULT '0',
  `sale_pricerange_from` decimal(15,4) NOT NULL DEFAULT '0.0000',
  `sale_pricerange_to` decimal(15,4) NOT NULL DEFAULT '0.0000',
  `sale_specials_condition` tinyint(4) NOT NULL DEFAULT '0',
  `sale_categories_selected` text COLLATE utf8_unicode_ci,
  `sale_categories_all` text COLLATE utf8_unicode_ci,
  `sale_date_start` date NOT NULL DEFAULT '0001-01-01',
  `sale_date_end` date NOT NULL DEFAULT '0001-01-01',
  `sale_date_added` date NOT NULL DEFAULT '0001-01-01',
  `sale_date_last_modified` date NOT NULL DEFAULT '0001-01-01',
  `sale_date_status_change` date NOT NULL DEFAULT '0001-01-01',
  PRIMARY KEY (`sale_id`),
  KEY `idx_sale_status_zen` (`sale_status`),
  KEY `idx_sale_date_start_zen` (`sale_date_start`),
  KEY `idx_sale_date_end_zen` (`sale_date_end`)
) ENGINE=MyISAM AUTO_INCREMENT=2 DEFAULT CHARSET=utf8 COLLATE=utf8_unicode_ci;

--
-- Dumping data for table `zen_salemaker_sales`
--

INSERT INTO `zen_salemaker_sales` VALUES (1,0,'Everyday low price',50.0000,1,0.0000,0.0000,0,'',',,1,2,3,4,5,6,7,8,9,10,11,12,','2010-07-11','2011-07-11','2010-07-11','2010-08-06','2012-01-04');

--
-- Table structure for table `zen_sessions`
--

CREATE TABLE `zen_sessions` (
  `sesskey` varchar(64) COLLATE utf8_unicode_ci NOT NULL DEFAULT '',
  `expiry` int(11) unsigned NOT NULL DEFAULT '0',
  `value` mediumblob NOT NULL,
  PRIMARY KEY (`sesskey`)
) ENGINE=MyISAM DEFAULT CHARSET=utf8 COLLATE=utf8_unicode_ci;

--
-- Dumping data for table `zen_sessions`
--

INSERT INTO `zen_sessions` VALUES ('5fbac27cbc62f1365984332722437732',1612700456,_binary 'c2VjdXJpdHlUb2tlbnxzOjMyOiIxNGRkNTVkMzBhMjg5MGZjOWU4NzhmZWNiMjc2NzI0YSI7Y3VzdG9tZXJzX2hvc3RfYWRkcmVzc3xzOjIzOiJ2cHMtZmZjMjM0YTcudnBzLm92aC51cyI7Y2FydElEfHM6MDoiIjtjYXJ0fE86MTI6InNob3BwaW5nQ2FydCI6Nzp7czo4OiJjb250ZW50cyI7YTowOnt9czo1OiJ0b3RhbCI7aTowO3M6Njoid2VpZ2h0IjtpOjA7czoxMjoiY29udGVudF90eXBlIjtiOjA7czoxODoiZnJlZV9zaGlwcGluZ19pdGVtIjtpOjA7czoyMDoiZnJlZV9zaGlwcGluZ193ZWlnaHQiO2k6MDtzOjE5OiJmcmVlX3NoaXBwaW5nX3ByaWNlIjtpOjA7fW5hdmlnYXRpb258TzoxNzoibmF2aWdhdGlvbkhpc3RvcnkiOjI6e3M6NDoicGF0aCI7YToxOntpOjA7YTo0OntzOjQ6InBhZ2UiO3M6MTI6InByb2R1Y3RfaW5mbyI7czo0OiJtb2RlIjtzOjY6Ik5PTlNTTCI7czozOiJnZXQiO2E6MTp7czoxMToicHJvZHVjdHNfaWQiO3M6MjoiODMiO31zOjQ6InBvc3QiO2E6MDp7fX19czo4OiJzbmFwc2hvdCI7YTo0OntzOjQ6InBhZ2UiO3M6MTI6InByb2R1Y3RfaW5mbyI7czo0OiJtb2RlIjtzOjY6Ik5PTlNTTCI7czozOiJnZXQiO2E6MTp7czoxMToicHJvZHVjdHNfaWQiO3M6MjoiODMiO31zOjQ6InBvc3QiO2E6MDp7fX19Y2hlY2tfdmFsaWR8czo0OiJ0cnVlIjtsYW5ndWFnZXxzOjc6ImVuZ2xpc2giO2xhbmd1YWdlc19pZHxzOjE6IjEiO2xhbmd1YWdlc19jb2RlfHM6MjoiZW4iO2N1cnJlbmN5fHM6MzoiVVNEIjt0b2RheV9pc3xzOjEwOiIyMDIxLTAyLTA3Ijt1cGRhdGVFeHBpcmF0aW9uc3xiOjE7c2Vzc2lvbl9jb3VudGVyfGI6MTtjdXN0b21lcnNfaXBfYWRkcmVzc3xzOjE0OiIxMzUuMTQ4LjMzLjEwNiI7');

--
-- Table structure for table `zen_specials`
--

CREATE TABLE `zen_specials` (
  `specials_id` int(11) NOT NULL AUTO_INCREMENT,
  `products_id` int(11) NOT NULL DEFAULT '0',
  `specials_new_products_price` decimal(15,4) NOT NULL DEFAULT '0.0000',
  `specials_date_added` datetime DEFAULT NULL,
  `specials_last_modified` datetime DEFAULT NULL,
  `expires_date` date NOT NULL DEFAULT '0001-01-01',
  `date_status_change` datetime DEFAULT NULL,
  `status` int(1) NOT NULL DEFAULT '1',
  `specials_date_available` date NOT NULL DEFAULT '0001-01-01',
  PRIMARY KEY (`specials_id`),
  KEY `idx_status_zen` (`status`),
  KEY `idx_products_id_zen` (`products_id`),
  KEY `idx_date_avail_zen` (`specials_date_available`),
  KEY `idx_expires_date_zen` (`expires_date`)
) ENGINE=MyISAM AUTO_INCREMENT=5 DEFAULT CHARSET=utf8 COLLATE=utf8_unicode_ci;

--
-- Dumping data for table `zen_specials`
--

INSERT INTO `zen_specials` VALUES (1,7,2.2500,'2010-07-09 23:07:03',NULL,'0001-01-01',NULL,1,'0001-01-01'),(2,8,2.2500,'2010-07-09 23:08:28',NULL,'0001-01-01',NULL,1,'0001-01-01'),(3,9,3.5000,'2010-07-10 06:51:41',NULL,'0001-01-01',NULL,1,'0001-01-01'),(4,10,3.5000,'2010-07-10 06:52:00',NULL,'0001-01-01',NULL,1,'0001-01-01');

--
-- Table structure for table `zen_tax_class`
--

CREATE TABLE `zen_tax_class` (
  `tax_class_id` int(11) NOT NULL AUTO_INCREMENT,
  `tax_class_title` varchar(32) COLLATE utf8_unicode_ci NOT NULL DEFAULT '',
  `tax_class_description` varchar(255) COLLATE utf8_unicode_ci NOT NULL DEFAULT '',
  `last_modified` datetime DEFAULT NULL,
  `date_added` datetime NOT NULL DEFAULT '0001-01-01 00:00:00',
  PRIMARY KEY (`tax_class_id`)
) ENGINE=MyISAM AUTO_INCREMENT=2 DEFAULT CHARSET=utf8 COLLATE=utf8_unicode_ci;

--
-- Dumping data for table `zen_tax_class`
--

INSERT INTO `zen_tax_class` VALUES (1,'Taxable Goods','The following types of products are included: non-food, services, etc',NULL,'2010-07-05 21:25:33');

--
-- Table structure for table `zen_tax_rates`
--

CREATE TABLE `zen_tax_rates` (
  `tax_rates_id` int(11) NOT NULL AUTO_INCREMENT,
  `tax_zone_id` int(11) NOT NULL DEFAULT '0',
  `tax_class_id` int(11) NOT NULL DEFAULT '0',
  `tax_priority` int(5) DEFAULT '1',
  `tax_rate` decimal(7,4) NOT NULL DEFAULT '0.0000',
  `tax_description` varchar(255) COLLATE utf8_unicode_ci NOT NULL DEFAULT '',
  `last_modified` datetime DEFAULT NULL,
  `date_added` datetime NOT NULL DEFAULT '0001-01-01 00:00:00',
  PRIMARY KEY (`tax_rates_id`),
  KEY `idx_tax_zone_id_zen` (`tax_zone_id`),
  KEY `idx_tax_class_id_zen` (`tax_class_id`)
) ENGINE=MyISAM AUTO_INCREMENT=2 DEFAULT CHARSET=utf8 COLLATE=utf8_unicode_ci;

--
-- Dumping data for table `zen_tax_rates`
--

INSERT INTO `zen_tax_rates` VALUES (1,1,1,1,7.0000,'FL TAX 7.0%','2010-07-05 21:25:33','2010-07-05 21:25:33');

--
-- Table structure for table `zen_template_select`
--

CREATE TABLE `zen_template_select` (
  `template_id` int(11) NOT NULL AUTO_INCREMENT,
  `template_dir` varchar(64) COLLATE utf8_unicode_ci NOT NULL DEFAULT '',
  `template_language` varchar(64) COLLATE utf8_unicode_ci NOT NULL DEFAULT '0',
  PRIMARY KEY (`template_id`),
  KEY `idx_tpl_lang_zen` (`template_language`)
) ENGINE=MyISAM AUTO_INCREMENT=2 DEFAULT CHARSET=utf8 COLLATE=utf8_unicode_ci;

--
-- Dumping data for table `zen_template_select`
--

INSERT INTO `zen_template_select` VALUES (1,'kc','0');

--
-- Table structure for table `zen_upgrade_exceptions`
--

CREATE TABLE `zen_upgrade_exceptions` (
  `upgrade_exception_id` smallint(5) NOT NULL AUTO_INCREMENT,
  `sql_file` varchar(50) COLLATE utf8_unicode_ci DEFAULT NULL,
  `reason` varchar(200) COLLATE utf8_unicode_ci DEFAULT NULL,
  `errordate` datetime DEFAULT '0001-01-01 00:00:00',
  `sqlstatement` text COLLATE utf8_unicode_ci,
  PRIMARY KEY (`upgrade_exception_id`)
) ENGINE=MyISAM DEFAULT CHARSET=utf8 COLLATE=utf8_unicode_ci;

--
-- Dumping data for table `zen_upgrade_exceptions`
--


--
-- Table structure for table `zen_whos_online`
--

CREATE TABLE `zen_whos_online` (
  `customer_id` int(11) DEFAULT NULL,
  `full_name` varchar(64) COLLATE utf8_unicode_ci NOT NULL DEFAULT '',
  `session_id` varchar(128) COLLATE utf8_unicode_ci NOT NULL DEFAULT '',
  `ip_address` varchar(20) COLLATE utf8_unicode_ci NOT NULL DEFAULT '',
  `time_entry` varchar(14) COLLATE utf8_unicode_ci NOT NULL DEFAULT '',
  `time_last_click` varchar(14) COLLATE utf8_unicode_ci NOT NULL DEFAULT '',
  `last_page_url` varchar(255) COLLATE utf8_unicode_ci NOT NULL DEFAULT '',
  `host_address` text COLLATE utf8_unicode_ci NOT NULL,
  `user_agent` varchar(255) COLLATE utf8_unicode_ci NOT NULL DEFAULT '',
  KEY `idx_ip_address_zen` (`ip_address`),
  KEY `idx_session_id_zen` (`session_id`),
  KEY `idx_customer_id_zen` (`customer_id`),
  KEY `idx_time_entry_zen` (`time_entry`),
  KEY `idx_time_last_click_zen` (`time_last_click`),
  KEY `idx_last_page_url_zen` (`last_page_url`)
) ENGINE=MyISAM DEFAULT CHARSET=utf8 COLLATE=utf8_unicode_ci;

--
-- Dumping data for table `zen_whos_online`
--

INSERT INTO `zen_whos_online` VALUES (0,'&yen;Guest','5fbac27cbc62f1365984332722437732','135.148.33.106','1612699016','1612699016','/index.php?main_page=product_info&products_id=83','vps-ffc234a7.vps.ovh.us','Mozilla/5.0 (X11; Linux x86_64) AppleWebKit/537.36 (KHTML, like Gecko) Chrome/83.0.4103.116 Safari/537.36');

--
-- Table structure for table `zen_zones`
--

CREATE TABLE `zen_zones` (
  `zone_id` int(11) NOT NULL AUTO_INCREMENT,
  `zone_country_id` int(11) NOT NULL DEFAULT '0',
  `zone_code` varchar(32) COLLATE utf8_unicode_ci NOT NULL DEFAULT '',
  `zone_name` varchar(32) COLLATE utf8_unicode_ci NOT NULL DEFAULT '',
  PRIMARY KEY (`zone_id`),
  KEY `idx_zone_country_id_zen` (`zone_country_id`),
  KEY `idx_zone_code_zen` (`zone_code`)
) ENGINE=MyISAM AUTO_INCREMENT=190 DEFAULT CHARSET=utf8 COLLATE=utf8_unicode_ci;

--
-- Dumping data for table `zen_zones`
--

INSERT INTO `zen_zones` VALUES (1,223,'AL','Alabama'),(2,223,'AK','Alaska'),(3,223,'AS','American Samoa'),(4,223,'AZ','Arizona'),(5,223,'AR','Arkansas'),(7,223,'AA','Armed Forces Americas'),(9,223,'AE','Armed Forces Europe'),(11,223,'AP','Armed Forces Pacific'),(12,223,'CA','California'),(13,223,'CO','Colorado'),(14,223,'CT','Connecticut'),(15,223,'DE','Delaware'),(16,223,'DC','District of Columbia'),(17,223,'FM','Federated States Of Micronesia'),(18,223,'FL','Florida'),(19,223,'GA','Georgia'),(20,223,'GU','Guam'),(21,223,'HI','Hawaii'),(22,223,'ID','Idaho'),(23,223,'IL','Illinois'),(24,223,'IN','Indiana'),(25,223,'IA','Iowa'),(26,223,'KS','Kansas'),(27,223,'KY','Kentucky'),(28,223,'LA','Louisiana'),(29,223,'ME','Maine'),(30,223,'MH','Marshall Islands'),(31,223,'MD','Maryland'),(32,223,'MA','Massachusetts'),(33,223,'MI','Michigan'),(34,223,'MN','Minnesota'),(35,223,'MS','Mississippi'),(36,223,'MO','Missouri'),(37,223,'MT','Montana'),(38,223,'NE','Nebraska'),(39,223,'NV','Nevada'),(40,223,'NH','New Hampshire'),(41,223,'NJ','New Jersey'),(42,223,'NM','New Mexico'),(43,223,'NY','New York'),(44,223,'NC','North Carolina'),(45,223,'ND','North Dakota'),(46,223,'MP','Northern Mariana Islands'),(47,223,'OH','Ohio'),(48,223,'OK','Oklahoma'),(49,223,'OR','Oregon'),(50,163,'PW','Palau'),(51,223,'PA','Pennsylvania'),(52,223,'PR','Puerto Rico'),(53,223,'RI','Rhode Island'),(54,223,'SC','South Carolina'),(55,223,'SD','South Dakota'),(56,223,'TN','Tennessee'),(57,223,'TX','Texas'),(58,223,'UT','Utah'),(59,223,'VT','Vermont'),(60,223,'VI','Virgin Islands'),(61,223,'VA','Virginia'),(62,223,'WA','Washington'),(63,223,'WV','West Virginia'),(64,223,'WI','Wisconsin'),(65,223,'WY','Wyoming'),(66,38,'AB','Alberta'),(67,38,'BC','British Columbia'),(68,38,'MB','Manitoba'),(69,38,'NL','Newfoundland'),(70,38,'NB','New Brunswick'),(71,38,'NS','Nova Scotia'),(72,38,'NT','Northwest Territories'),(73,38,'NU','Nunavut'),(74,38,'ON','Ontario'),(75,38,'PE','Prince Edward Island'),(76,38,'QC','Quebec'),(77,38,'SK','Saskatchewan'),(78,38,'YT','Yukon Territory'),(79,81,'NDS','Niedersachsen'),(80,81,'BAW','Baden W'),(81,81,'BAY','Bayern'),(82,81,'BER','Berlin'),(83,81,'BRG','Brandenburg'),(84,81,'BRE','Bremen'),(85,81,'HAM','Hamburg'),(86,81,'HES','Hessen'),(87,81,'MEC','Mecklenburg-Vorpommern'),(88,81,'NRW','Nordrhein-Westfalen'),(89,81,'RHE','Rheinland-Pfalz'),(90,81,'SAR','Saarland'),(91,81,'SAS','Sachsen'),(92,81,'SAC','Sachsen-Anhalt'),(93,81,'SCN','Schleswig-Holstein'),(94,81,'THE','Thringen'),(95,14,'WI','Wien'),(96,14,'NO','Niedersterreich'),(97,14,'OO','Obersterreich'),(98,14,'SB','Salzburg'),(99,14,'KN','K'),(100,14,'ST','Steiermark'),(101,14,'TI','Tirol'),(102,14,'BL','Burgenland'),(103,14,'VB','Voralberg'),(104,204,'AG','Aargau'),(105,204,'AI','Appenzell Innerrhoden'),(106,204,'AR','Appenzell Ausserrhoden'),(107,204,'BE','Bern'),(108,204,'BL','Basel-Landschaft'),(109,204,'BS','Basel-Stadt'),(110,204,'FR','Freiburg'),(111,204,'GE','Genf'),(112,204,'GL','Glarus'),(113,204,'JU','Graubnden'),(114,204,'JU','Jura'),(115,204,'LU','Luzern'),(116,204,'NE','Neuenburg'),(117,204,'NW','Nidwalden'),(118,204,'OW','Obwalden'),(119,204,'SG','St. Gallen'),(120,204,'SH','Schaffhausen'),(121,204,'SO','Solothurn'),(122,204,'SZ','Schwyz'),(123,204,'TG','Thurgau'),(124,204,'TI','Tessin'),(125,204,'UR','Uri'),(126,204,'VD','Waadt'),(127,204,'VS','Wallis'),(128,204,'ZG','Zug'),(129,204,'ZH','Zrich'),(130,195,'A Corua','A Corua'),(131,195,'Alava','Alava'),(132,195,'Albacete','Albacete'),(133,195,'Alicante','Alicante'),(134,195,'Almeria','Almeria'),(135,195,'Asturias','Asturias'),(136,195,'Avila','Avila'),(137,195,'Badajoz','Badajoz'),(138,195,'Baleares','Baleares'),(139,195,'Barcelona','Barcelona'),(140,195,'Burgos','Burgos'),(141,195,'Caceres','Caceres'),(142,195,'Cadiz','Cadiz'),(143,195,'Cantabria','Cantabria'),(144,195,'Castellon','Castellon'),(145,195,'Ceuta','Ceuta'),(146,195,'Ciudad Real','Ciudad Real'),(147,195,'Cordoba','Cordoba'),(148,195,'Cuenca','Cuenca'),(149,195,'Girona','Girona'),(150,195,'Granada','Granada'),(151,195,'Guadalajara','Guadalajara'),(152,195,'Guipuzcoa','Guipuzcoa'),(153,195,'Huelva','Huelva'),(154,195,'Huesca','Huesca'),(155,195,'Jaen','Jaen'),(156,195,'La Rioja','La Rioja'),(157,195,'Las Palmas','Las Palmas'),(158,195,'Leon','Leon'),(159,195,'Lleida','Lleida'),(160,195,'Lugo','Lugo'),(161,195,'Madrid','Madrid'),(162,195,'Malaga','Malaga'),(163,195,'Melilla','Melilla'),(164,195,'Murcia','Murcia'),(165,195,'Navarra','Navarra'),(166,195,'Ourense','Ourense'),(167,195,'Palencia','Palencia'),(168,195,'Pontevedra','Pontevedra'),(169,195,'Salamanca','Salamanca'),(170,195,'Santa Cruz de Tenerife','Santa Cruz de Tenerife'),(171,195,'Segovia','Segovia'),(172,195,'Sevilla','Sevilla'),(173,195,'Soria','Soria'),(174,195,'Tarragona','Tarragona'),(175,195,'Teruel','Teruel'),(176,195,'Toledo','Toledo'),(177,195,'Valencia','Valencia'),(178,195,'Valladolid','Valladolid'),(179,195,'Vizcaya','Vizcaya'),(180,195,'Zamora','Zamora'),(181,195,'Zaragoza','Zaragoza'),(182,13,'ACT','Australian Capital Territory'),(183,13,'NSW','New South Wales'),(184,13,'NT','Northern Territory'),(185,13,'QLD','Queensland'),(186,13,'SA','South Australia'),(187,13,'TAS','Tasmania'),(188,13,'VIC','Victoria'),(189,13,'WA','Western Australia');

--
-- Table structure for table `zen_zones_to_geo_zones`
--

CREATE TABLE `zen_zones_to_geo_zones` (
  `association_id` int(11) NOT NULL AUTO_INCREMENT,
  `zone_country_id` int(11) NOT NULL DEFAULT '0',
  `zone_id` int(11) DEFAULT NULL,
  `geo_zone_id` int(11) DEFAULT NULL,
  `last_modified` datetime DEFAULT NULL,
  `date_added` datetime NOT NULL DEFAULT '0001-01-01 00:00:00',
  PRIMARY KEY (`association_id`),
  KEY `idx_zones_zen` (`geo_zone_id`,`zone_country_id`,`zone_id`)
) ENGINE=MyISAM AUTO_INCREMENT=2 DEFAULT CHARSET=utf8 COLLATE=utf8_unicode_ci;

--
-- Dumping data for table `zen_zones_to_geo_zones`
--

INSERT INTO `zen_zones_to_geo_zones` VALUES (1,223,18,1,NULL,'2010-07-05 21:25:33');

--
-- Dumping events for database 'jhbrake1_zc1'
--

--
-- Dumping routines for database 'jhbrake1_zc1'
--


