(6707,2312,1,'','2026-03-20 12:59:17',873,5288,'db773fa08a9daf2ee8863f809c8212b6079dae1a','{\"id\":2312,\"asset_id\":2624,\"title\":\"WHOSE WAR?\\u2619 Thursday, March 19, 2026 \\u2619 C&C NEWS Jeff Childers\",\"alias\":\"whose-war-thursday-march-19-2026-c-c-news-jeff-childers\",\"introtext\":\"<div class=\\\"post-header\\\" role=\\\"region\\\" aria-label=\\\"Post header\\\">\\r\\n<h1 class=\\\"post-title published title-X77sOw\\\" dir=\\\"auto\\\">\\u2615\\ufe0f WHOSE WAR?\\u2619 Thursday, March 19, 2026 \\u2619 C&amp;C NEWS \\ud83e\\udda0<\\/h1>\\r\\n<h3 class=\\\"subtitle subtitle-HEEcLo\\\" dir=\\\"auto\\\" style=\\\"text-align: justify;\\\">The Iran War is blowing up \\u2014literally AND figuratively\\u2014 but in a good way, despite corporate media\'s mendacious framing. Here is what you need to know before diving into the hot takes. - Jeff Childers -&nbsp;Mar 19, 2026<\\/h3>\\r\\n<div class=\\\"pencraft pc-display-flex pc-flexDirection-column pc-paddingBottom-16 pc-reset\\\" style=\\\"text-align: justify;\\\" aria-label=\\\"Post UFI\\\" role=\\\"region\\\">\\r\\n<div class=\\\"pencraft pc-display-flex pc-gap-16 pc-paddingTop-16 pc-paddingBottom-16 pc-justifyContent-space-between pc-alignItems-center pc-reset flex-grow-rzmknG border-top-detail-themed-k9TZAY border-bottom-detail-themed-Ua9186 post-ufi\\\">\\r\\n<div class=\\\"pencraft pc-display-flex pc-gap-8 pc-reset\\\">&nbsp;<\\/div>\\r\\n<\\/div>\\r\\n<\\/div>\\r\\n<\\/div>\\r\\n<div>\\r\\n<div class=\\\"available-content\\\">\\r\\n<div class=\\\"body markup\\\" dir=\\\"auto\\\">\\r\\n<p style=\\\"text-align: justify;\\\"><em>Good morning, C&amp;C, it\\u2019s Thursday! A tsunami of under-reported news broke loose yesterday. The hot takes and fake narratives are spinning wildly. So this morning brings a special Iran War update edition. Your roundup includes: Iran\\u2019s civilian government is flickering out as the president tries to quit and the IRGC runs a war nobody can stop; seven insurance emails closed the Strait of Hormuz and Trump turned it into the most devastating NATO leverage play in alliance history; and Congress voted for the third time NOT to stop the war, which is starting to look a lot like authorization.<\\/em><\\/p>\\r\\n<h2 class=\\\"header-anchor-post\\\">\\ud83d\\ude80\\u26d1\\ufe0f&nbsp;<strong>C&amp;C ARMY POST \\u2014 IRAN WAR UPDATE<\\/strong>&nbsp;\\u26d1\\ufe0f<\\/h2>\\r\\n<p style=\\\"text-align: justify;\\\">Last week, I explained Iran\\u2019s split-screen government\\u2014 a public-facing civilian fa\\u00e7ade with a president and parliament on one side, and the Ayatollah plus his secretive military-slash-corporation IRGC on the other. This week, the civilian screen cracked and is flickering out. &nbsp;The Wall Street Journal reported, \\u201c<strong><a href=\\\"https:\\/\\/www.wsj.com\\/world\\/middle-east\\/escalating-attacks-on-gulf-energy-assets-plunge-iran-war-into-new-phase-36cc0a6e?mod=WSJ_home_mediumtopper_pos_2\\\" rel=\\\"\\\">Escalating Attacks on Gulf Energy Assets Plunge Iran War Into New Phase.<\\/a><\\/strong>\\u201d<\\/p>\\r\\n<p style=\\\"text-align: justify;\\\">Remember yesterday\\u2019s Al Jazeera intelligence analyst, who called Iran\\u2019s Hormuz blockade \\u201ca wasting asset\\u201d that would \\u201caccelerate Iran\\u2019s isolation?\\u201d He published that Monday. Yesterday, Israel bombed what the Journal called Iran\\u2019s \\u201ccrown jewel,\\u201d the South Pars Gas Field.<\\/p>\\r\\n<p style=\\\"text-align: justify;\\\"><a href=\\\"https:\\/\\/www.coffeeandcovid.com\\/p\\/whose-war-thursday-march-19-2026?utm_source=substack&amp;publication_id=463409&amp;post_id=191474796&amp;utm_medium=email&amp;utm_content=share&amp;utm_campaign=email-share&amp;triggerShare=true&amp;isFreemail=true&amp;r=rzu60&amp;triedRedirect=true\\\" target=\\\"_blank\\\" rel=\\\"noopener\\\">&nbsp;READ MORE<\\/a><\\/p>\\r\\n<\\/div>\\r\\n<\\/div>\\r\\n<\\/div>\",\"fulltext\":\"\",\"state\":1,\"catid\":\"8\",\"created\":\"2026-03-20 12:59:17\",\"created_by\":\"873\",\"created_by_alias\":\"\",\"modified\":\"2026-03-20 12:59:17\",\"modified_by\":null,\"checked_out\":null,\"checked_out_time\":null,\"publish_up\":\"2026-03-20 12:59:17\",\"publish_down\":\"0000-00-00 00:00:00\",\"images\":\"{\\\"image_intro\\\":\\\"\\\",\\\"float_intro\\\":\\\"\\\",\\\"image_intro_alt\\\":\\\"\\\",\\\"image_intro_caption\\\":\\\"\\\",\\\"image_fulltext\\\":\\\"\\\",\\\"float_fulltext\\\":\\\"\\\",\\\"image_fulltext_alt\\\":\\\"\\\",\\\"image_fulltext_caption\\\":\\\"\\\"}\",\"urls\":\"{\\\"urla\\\":false,\\\"urlatext\\\":\\\"\\\",\\\"targeta\\\":\\\"\\\",\\\"urlb\\\":false,\\\"urlbtext\\\":\\\"\\\",\\\"targetb\\\":\\\"\\\",\\\"urlc\\\":false,\\\"urlctext\\\":\\\"\\\",\\\"targetc\\\":\\\"\\\"}\",\"attribs\":\"{\\\"article_layout\\\":\\\"\\\",\\\"show_title\\\":\\\"\\\",\\\"link_titles\\\":\\\"\\\",\\\"show_tags\\\":\\\"\\\",\\\"show_intro\\\":\\\"\\\",\\\"info_block_position\\\":\\\"\\\",\\\"info_block_show_title\\\":\\\"\\\",\\\"show_category\\\":\\\"\\\",\\\"link_category\\\":\\\"\\\",\\\"show_parent_category\\\":\\\"\\\",\\\"link_parent_category\\\":\\\"\\\",\\\"show_associations\\\":\\\"\\\",\\\"show_author\\\":\\\"\\\",\\\"link_author\\\":\\\"\\\",\\\"show_create_date\\\":\\\"\\\",\\\"show_modify_date\\\":\\\"\\\",\\\"show_publish_date\\\":\\\"\\\",\\\"show_item_navigation\\\":\\\"\\\",\\\"show_icons\\\":\\\"\\\",\\\"show_print_icon\\\":\\\"\\\",\\\"show_email_icon\\\":\\\"\\\",\\\"show_vote\\\":\\\"\\\",\\\"show_hits\\\":\\\"\\\",\\\"show_noauth\\\":\\\"\\\",\\\"urls_position\\\":\\\"\\\",\\\"alternative_readmore\\\":\\\"\\\",\\\"article_page_title\\\":\\\"\\\",\\\"show_publishing_options\\\":\\\"\\\",\\\"show_article_options\\\":\\\"\\\",\\\"show_urls_images_backend\\\":\\\"\\\",\\\"show_urls_images_frontend\\\":\\\"\\\"}\",\"version\":1,\"ordering\":null,\"metakey\":\"\",\"metadesc\":\"\",\"access\":\"1\",\"hits\":null,\"metadata\":\"{\\\"robots\\\":\\\"\\\",\\\"author\\\":\\\"\\\",\\\"rights\\\":\\\"\\\",\\\"xreference\\\":\\\"\\\"}\",\"featured\":\"1\",\"language\":\"*\",\"xreference\":\"\",\"note\":\"\"}',0),(6708,2313,1,'','2026-03-25 12:04:25',873,3659,'20a1d5606ed013330f0ce11353fd8c6969c418b8','{\"id\":2313,\"asset_id\":2625,\"title\":\"Daniel and Revelation, Part 9 -\\u00a0Rick Joyner\",\"alias\":\"daniel-and-revelation-part-9-rick-joyner\",\"introtext\":\"<h1>Daniel and Revelation, Part 9 -&nbsp;Rick Joyner<\\/h1>\\r\\n<p>It was Abraham\\u2019s quest to find the city that God is building, not men. In regard to the church, once we see what God is building, it is easily distinguishable from what men are building, regardless of how much men may claim that what they\\u2019re building is for the Lord, done in His name. History verifies that when any truth gets institutionalized, it will get corrupted, just as this happened with the gospel.<\\/p>\\r\\n<p style=\\\"text-align: justify;\\\">The Reformation led to 500 years to free God\\u2019s people from this corruption. The Reformation, named this because it is a reformation of the church, is far from over. After 500 years, the church the world knows is still mostly built on a foundation of human endeavors, and it is far more man-centered than Christ-centered. It is more of an organization than a family, which His church is called to be.<\\/p>\\r\\n<p style=\\\"text-align: justify;\\\">By his remarkable faith, Abraham had to leave all that he knew to pursue what God is building. By this, he became a bridge to all who sought the Lord. It is still the quest of those who seek God to seek what He is doing, and what He is building. As the prayer in Psalm 90:17 says, \\u201cLet the favor of the Lord our God be upon us, and confirm for us the work of our hands; yes, confirm the work of our hands.\\u201d It is the favor of God to confirm that our works are His works, not just our own good intentions.<\\/p>\\r\\n<p style=\\\"text-align: justify;\\\">As impressive as the institutions that men build can be,&nbsp; &nbsp;<a href=\\\"https:\\/\\/publications.morningstarministries.org\\/word-for-the-week\\/daniel-and-revelation-part-9?lang=en&amp;_kx=QZZ1Sl3_yNKCHUIipDTjgUPcclKgrTtKVpEry4xzJh0.U4gNJ5\\\" target=\\\"_blank\\\" rel=\\\"noopener\\\">READ MORE<\\/a><\\/p>\",\"fulltext\":\"\",\"state\":1,\"catid\":\"8\",\"created\":\"2026-03-25 12:04:25\",\"created_by\":\"873\",\"created_by_alias\":\"\",\"modified\":\"2026-03-25 12:04:25\",\"modified_by\":null,\"checked_out\":null,\"checked_out_time\":null,\"publish_up\":\"2026-03-25 12:04:25\",\"publish_down\":\"0000-00-00 00:00:00\",\"images\":\"{\\\"image_intro\\\":\\\"\\\",\\\"float_intro\\\":\\\"\\\",\\\"image_intro_alt\\\":\\\"\\\",\\\"image_intro_caption\\\":\\\"\\\",\\\"image_fulltext\\\":\\\"\\\",\\\"float_fulltext\\\":\\\"\\\",\\\"image_fulltext_alt\\\":\\\"\\\",\\\"image_fulltext_caption\\\":\\\"\\\"}\",\"urls\":\"{\\\"urla\\\":false,\\\"urlatext\\\":\\\"\\\",\\\"targeta\\\":\\\"\\\",\\\"urlb\\\":false,\\\"urlbtext\\\":\\\"\\\",\\\"targetb\\\":\\\"\\\",\\\"urlc\\\":false,\\\"urlctext\\\":\\\"\\\",\\\"targetc\\\":\\\"\\\"}\",\"attribs\":\"{\\\"article_layout\\\":\\\"\\\",\\\"show_title\\\":\\\"\\\",\\\"link_titles\\\":\\\"\\\",\\\"show_tags\\\":\\\"\\\",\\\"show_intro\\\":\\\"\\\",\\\"info_block_position\\\":\\\"\\\",\\\"info_block_show_title\\\":\\\"\\\",\\\"show_category\\\":\\\"\\\",\\\"link_category\\\":\\\"\\\",\\\"show_parent_category\\\":\\\"\\\",\\\"link_parent_category\\\":\\\"\\\",\\\"show_associations\\\":\\\"\\\",\\\"show_author\\\":\\\"\\\",\\\"link_author\\\":\\\"\\\",\\\"show_create_date\\\":\\\"\\\",\\\"show_modify_date\\\":\\\"\\\",\\\"show_publish_date\\\":\\\"\\\",\\\"show_item_navigation\\\":\\\"\\\",\\\"show_icons\\\":\\\"\\\",\\\"show_print_icon\\\":\\\"\\\",\\\"show_email_icon\\\":\\\"\\\",\\\"show_vote\\\":\\\"\\\",\\\"show_hits\\\":\\\"\\\",\\\"show_noauth\\\":\\\"\\\",\\\"urls_position\\\":\\\"\\\",\\\"alternative_readmore\\\":\\\"\\\",\\\"article_page_title\\\":\\\"\\\",\\\"show_publishing_options\\\":\\\"\\\",\\\"show_article_options\\\":\\\"\\\",\\\"show_urls_images_backend\\\":\\\"\\\",\\\"show_urls_images_frontend\\\":\\\"\\\"}\",\"version\":1,\"ordering\":null,\"metakey\":\"\",\"metadesc\":\"\",\"access\":\"1\",\"hits\":null,\"metadata\":\"{\\\"robots\\\":\\\"\\\",\\\"author\\\":\\\"\\\",\\\"rights\\\":\\\"\\\",\\\"xreference\\\":\\\"\\\"}\",\"featured\":\"1\",\"language\":\"*\",\"xreference\":\"\",\"note\":\"\"}',0),(6709,2314,1,'','2026-03-31 12:26:05',873,2253,'16f9c698c59d3fd091046f1210f265327b7be2cc','{\"id\":2314,\"asset_id\":2626,\"title\":\"A Prophetic Door Is Opening at the White House \\u2013 Amanda Grace\",\"alias\":\"a-prophetic-door-is-opening-at-the-white-house-amanda-grace\",\"introtext\":\"<h1>A Prophetic Door Is Opening at the White House \\u2013 Amanda Grace<\\/h1>\\r\\n<p><iframe src=\\\"https:\\/\\/elijahstreams.com\\/videos\\/a-prophetic-door-is-opening-at-the-white-house-amanda-grace\\\" width=\\\"100%\\\" height=\\\"\\\" title=\\\"\\\" frameborder=\\\"0\\\" allow=\\\"accelerometer; autoplay; clipboard-write; encrypted-media; gyroscope; picture-in-picture\\\" allowfullscreen=\\\"\\\"><\\/iframe><\\/p>\",\"fulltext\":\"\",\"state\":1,\"catid\":\"8\",\"created\":\"2026-03-31 12:26:05\",\"created_by\":\"873\",\"created_by_alias\":\"\",\"modified\":\"2026-03-31 12:26:05\",\"modified_by\":null,\"checked_out\":null,\"checked_out_time\":null,\"publish_up\":\"2026-03-31 12:26:05\",\"publish_down\":\"0000-00-00 00:00:00\",\"images\":\"{\\\"image_intro\\\":\\\"\\\",\\\"float_intro\\\":\\\"\\\",\\\"image_intro_alt\\\":\\\"\\\",\\\"image_intro_caption\\\":\\\"\\\",\\\"image_fulltext\\\":\\\"\\\",\\\"float_fulltext\\\":\\\"\\\",\\\"image_fulltext_alt\\\":\\\"\\\",\\\"image_fulltext_caption\\\":\\\"\\\"}\",\"urls\":\"{\\\"urla\\\":false,\\\"urlatext\\\":\\\"\\\",\\\"targeta\\\":\\\"\\\",\\\"urlb\\\":false,\\\"urlbtext\\\":\\\"\\\",\\\"targetb\\\":\\\"\\\",\\\"urlc\\\":false,\\\"urlctext\\\":\\\"\\\",\\\"targetc\\\":\\\"\\\"}\",\"attribs\":\"{\\\"article_layout\\\":\\\"\\\",\\\"show_title\\\":\\\"\\\",\\\"link_titles\\\":\\\"\\\",\\\"show_tags\\\":\\\"\\\",\\\"show_intro\\\":\\\"\\\",\\\"info_block_position\\\":\\\"\\\",\\\"info_block_show_title\\\":\\\"\\\",\\\"show_category\\\":\\\"\\\",\\\"link_category\\\":\\\"\\\",\\\"show_parent_category\\\":\\\"\\\",\\\"link_parent_category\\\":\\\"\\\",\\\"show_associations\\\":\\\"\\\",\\\"show_author\\\":\\\"\\\",\\\"link_author\\\":\\\"\\\",\\\"show_create_date\\\":\\\"\\\",\\\"show_modify_date\\\":\\\"\\\",\\\"show_publish_date\\\":\\\"\\\",\\\"show_item_navigation\\\":\\\"\\\",\\\"show_icons\\\":\\\"\\\",\\\"show_print_icon\\\":\\\"\\\",\\\"show_email_icon\\\":\\\"\\\",\\\"show_vote\\\":\\\"\\\",\\\"show_hits\\\":\\\"\\\",\\\"show_noauth\\\":\\\"\\\",\\\"urls_position\\\":\\\"\\\",\\\"alternative_readmore\\\":\\\"\\\",\\\"article_page_title\\\":\\\"\\\",\\\"show_publishing_options\\\":\\\"\\\",\\\"show_article_options\\\":\\\"\\\",\\\"show_urls_images_backend\\\":\\\"\\\",\\\"show_urls_images_frontend\\\":\\\"\\\"}\",\"version\":1,\"ordering\":null,\"metakey\":\"\",\"metadesc\":\"\",\"access\":\"1\",\"hits\":null,\"metadata\":\"{\\\"robots\\\":\\\"\\\",\\\"author\\\":\\\"\\\",\\\"rights\\\":\\\"\\\",\\\"xreference\\\":\\\"\\\"}\",\"featured\":\"1\",\"language\":\"*\",\"xreference\":\"\",\"note\":\"\"}',0),(6710,2314,1,'','2026-03-31 12:29:11',873,2335,'9b1437649cb893e9ef1f89644cd2e95d3e930d19','{\"id\":2314,\"asset_id\":\"2626\",\"title\":\"A Prophetic Door Is Opening at the White House \\u2013 Amanda Grace\",\"alias\":\"a-prophetic-door-is-opening-at-the-white-house-amanda-grace\",\"introtext\":\"<h1>A Prophetic Door Is Opening at the White House \\u2013 Amanda Grace<\\/h1>\\r\\n<iframe width=\\\"690\\\" height=\\\"\\\" src=\\\"https:\\/\\/www.youtube.com\\/embed\\/u62WvGthkYQ\\\" title=\\\"A Prophetic Door Is Opening at the White House \\u2013 Amanda Grace\\\" frameborder=\\\"0\\\" allow=\\\"accelerometer; autoplay; clipboard-write; encrypted-media; gyroscope; picture-in-picture; web-share\\\" referrerpolicy=\\\"strict-origin-when-cross-origin\\\" allowfullscreen><\\/iframe>\",\"fulltext\":\"\",\"state\":1,\"catid\":\"8\",\"created\":\"2026-03-31 12:26:05\",\"created_by\":\"873\",\"created_by_alias\":\"\",\"modified\":\"2026-03-31 12:29:11\",\"modified_by\":\"873\",\"checked_out\":\"873\",\"checked_out_time\":\"2026-03-31 12:26:05\",\"publish_up\":\"2026-03-31 12:26:05\",\"publish_down\":\"0000-00-00 00:00:00\",\"images\":\"{\\\"image_intro\\\":\\\"\\\",\\\"float_intro\\\":\\\"\\\",\\\"image_intro_alt\\\":\\\"\\\",\\\"image_intro_caption\\\":\\\"\\\",\\\"image_fulltext\\\":\\\"\\\",\\\"float_fulltext\\\":\\\"\\\",\\\"image_fulltext_alt\\\":\\\"\\\",\\\"image_fulltext_caption\\\":\\\"\\\"}\",\"urls\":\"{\\\"urla\\\":false,\\\"urlatext\\\":\\\"\\\",\\\"targeta\\\":\\\"\\\",\\\"urlb\\\":false,\\\"urlbtext\\\":\\\"\\\",\\\"targetb\\\":\\\"\\\",\\\"urlc\\\":false,\\\"urlctext\\\":\\\"\\\",\\\"targetc\\\":\\\"\\\"}\",\"attribs\":\"{\\\"article_layout\\\":\\\"\\\",\\\"show_title\\\":\\\"\\\",\\\"link_titles\\\":\\\"\\\",\\\"show_tags\\\":\\\"\\\",\\\"show_intro\\\":\\\"\\\",\\\"info_block_position\\\":\\\"\\\",\\\"info_block_show_title\\\":\\\"\\\",\\\"show_category\\\":\\\"\\\",\\\"link_category\\\":\\\"\\\",\\\"show_parent_category\\\":\\\"\\\",\\\"link_parent_category\\\":\\\"\\\",\\\"show_associations\\\":\\\"\\\",\\\"show_author\\\":\\\"\\\",\\\"link_author\\\":\\\"\\\",\\\"show_create_date\\\":\\\"\\\",\\\"show_modify_date\\\":\\\"\\\",\\\"show_publish_date\\\":\\\"\\\",\\\"show_item_navigation\\\":\\\"\\\",\\\"show_icons\\\":\\\"\\\",\\\"show_print_icon\\\":\\\"\\\",\\\"show_email_icon\\\":\\\"\\\",\\\"show_vote\\\":\\\"\\\",\\\"show_hits\\\":\\\"\\\",\\\"show_noauth\\\":\\\"\\\",\\\"urls_position\\\":\\\"\\\",\\\"alternative_readmore\\\":\\\"\\\",\\\"article_page_title\\\":\\\"\\\",\\\"show_publishing_options\\\":\\\"\\\",\\\"show_article_options\\\":\\\"\\\",\\\"show_urls_images_backend\\\":\\\"\\\",\\\"show_urls_images_frontend\\\":\\\"\\\"}\",\"version\":2,\"ordering\":\"0\",\"metakey\":\"\",\"metadesc\":\"\",\"access\":\"1\",\"hits\":\"0\",\"metadata\":\"{\\\"robots\\\":\\\"\\\",\\\"author\\\":\\\"\\\",\\\"rights\\\":\\\"\\\",\\\"xreference\\\":\\\"\\\"}\",\"featured\":\"1\",\"language\":\"*\",\"xreference\":\"\",\"note\":\"\"}',0),(6711,2314,1,'','2026-03-31 12:40:21',873,2348,'239f9ee023342c363eb627fdfa50ee9333126db7','{\"id\":2314,\"asset_id\":\"2626\",\"title\":\"A Prophetic Door Is Opening at the White House \\u2013 Amanda Grace\",\"alias\":\"a-prophetic-door-is-opening-at-the-white-house-amanda-grace\",\"introtext\":\"<h1>A Prophetic Door Is Opening at the White House \\u2013 Amanda Grace<\\/h1>\\r\\n<p><iframe src=\\\"https:\\/\\/www.youtube.com\\/embed\\/u62WvGthkYQ\\\" width=\\\"690\\\" height=\\\"\\\" title=\\\"A Prophetic Door Is Opening at the White House \\u2013 Amanda Grace\\\" frameborder=\\\"0\\\" allow=\\\"accelerometer; autoplay; clipboard-write; encrypted-media; gyroscope; picture-in-picture; web-share\\\" referrerpolicy=\\\"strict-origin-when-cross-origin\\\" allowfullscreen=\\\"\\\"><\\/iframe><\\/p>\",\"fulltext\":\"\",\"state\":1,\"catid\":\"8\",\"created\":\"2026-03-31 12:26:05\",\"created_by\":\"873\",\"created_by_alias\":\"\",\"modified\":\"2026-03-31 12:40:21\",\"modified_by\":\"873\",\"checked_out\":\"873\",\"checked_out_time\":\"2026-03-31 12:29:11\",\"publish_up\":\"2026-03-31 12:26:05\",\"publish_down\":\"0000-00-00 00:00:00\",\"images\":\"{\\\"image_intro\\\":\\\"\\\",\\\"float_intro\\\":\\\"\\\",\\\"image_intro_alt\\\":\\\"\\\",\\\"image_intro_caption\\\":\\\"\\\",\\\"image_fulltext\\\":\\\"\\\",\\\"float_fulltext\\\":\\\"\\\",\\\"image_fulltext_alt\\\":\\\"\\\",\\\"image_fulltext_caption\\\":\\\"\\\"}\",\"urls\":\"{\\\"urla\\\":false,\\\"urlatext\\\":\\\"\\\",\\\"targeta\\\":\\\"\\\",\\\"urlb\\\":false,\\\"urlbtext\\\":\\\"\\\",\\\"targetb\\\":\\\"\\\",\\\"urlc\\\":false,\\\"urlctext\\\":\\\"\\\",\\\"targetc\\\":\\\"\\\"}\",\"attribs\":\"{\\\"article_layout\\\":\\\"\\\",\\\"show_title\\\":\\\"\\\",\\\"link_titles\\\":\\\"\\\",\\\"show_tags\\\":\\\"\\\",\\\"show_intro\\\":\\\"\\\",\\\"info_block_position\\\":\\\"\\\",\\\"info_block_show_title\\\":\\\"\\\",\\\"show_category\\\":\\\"\\\",\\\"link_category\\\":\\\"\\\",\\\"show_parent_category\\\":\\\"\\\",\\\"link_parent_category\\\":\\\"\\\",\\\"show_associations\\\":\\\"\\\",\\\"show_author\\\":\\\"\\\",\\\"link_author\\\":\\\"\\\",\\\"show_create_date\\\":\\\"\\\",\\\"show_modify_date\\\":\\\"\\\",\\\"show_publish_date\\\":\\\"\\\",\\\"show_item_navigation\\\":\\\"\\\",\\\"show_icons\\\":\\\"\\\",\\\"show_print_icon\\\":\\\"\\\",\\\"show_email_icon\\\":\\\"\\\",\\\"show_vote\\\":\\\"\\\",\\\"show_hits\\\":\\\"\\\",\\\"show_noauth\\\":\\\"\\\",\\\"urls_position\\\":\\\"\\\",\\\"alternative_readmore\\\":\\\"\\\",\\\"article_page_title\\\":\\\"\\\",\\\"show_publishing_options\\\":\\\"\\\",\\\"show_article_options\\\":\\\"\\\",\\\"show_urls_images_backend\\\":\\\"\\\",\\\"show_urls_images_frontend\\\":\\\"\\\"}\",\"version\":3,\"ordering\":\"0\",\"metakey\":\"\",\"metadesc\":\"\",\"access\":\"1\",\"hits\":\"0\",\"metadata\":\"{\\\"robots\\\":\\\"\\\",\\\"author\\\":\\\"\\\",\\\"rights\\\":\\\"\\\",\\\"xreference\\\":\\\"\\\"}\",\"featured\":\"1\",\"language\":\"*\",\"xreference\":\"\",\"note\":\"\"}',0),(6712,2315,1,'','2026-04-08 12:08:50',873,23903,'a5d28f88547ad7893642354af3f85639d2f4bd15','{\"id\":2315,\"asset_id\":2627,\"title\":\"April 8, 2026  What Giant are You Facing? - Karen Hardin\",\"alias\":\"april-8-2026-what-giant-are-you-facing-karen-hardin\",\"introtext\":\"<h1>What Giant are You Facing? - Karen Hardin<\\/h1>\\r\\n<p style=\\\"text-align: justify;\\\"><img src=\\\"https:\\/\\/mcusercontent.com\\/1868b62ba50dc78bf57227c75\\/images\\/e298182b-98ea-5a85-b80a-93f2e804ceaa.jpg\\\" alt=\\\"\\\" width=\\\"222\\\" height=\\\"125\\\" style=\\\"float: right;\\\" hspace=\\\"10\\/\\\" \\/>While David faced a giant of physical proportions, <strong>there are still \\u201cgiants\\u201d roaming the earth that challenge us<\\/strong> in the physical, emotional, mental, and financial realms.<br \\/><br \\/> Do you think David woke up the day when he faced Goliath thinking, \\u201cI\\u2019m going to have to kill a giant today?\\u201d Of course not. In fact, he was simply on an errand for his father to deliver food to his brothers and Saul\\u2019s army.<br \\/><br \\/> While I\\u2019m certain he didn\\u2019t wake up that day thinking he would be in a battle against a giant before the day\\u2019s end, he did wake up knowing he served a mighty God!<br \\/><br \\/> David had been preparing for that moment for years. The years he had been alone with the sheep\\u2014an outcast from his family in many ways\\u2014he used that time well. It was there he learned to worship and commune with God. It was there he learned to hear the voice of God.<br \\/><br \\/> David was treated like he was less than others. Have you felt that way? Have you felt you don\\u2019t really fit in anywhere? David did. Remember when the prophet Samuel told Jesse to call his sons together? Who wasn\\u2019t invited? David. Many theologians believe David was perhaps the product of an affair and not a legitimate son. But what we do know is that Jesse didn\\u2019t treat him the same as his brothers.<\\/p>\\r\\n\",\"fulltext\":\"\\r\\n<table>\\r\\n<tbody>\\r\\n<tr>\\r\\n<td>\\r\\n<table>\\r\\n<tbody>\\r\\n<tr>\\r\\n<td>\\r\\n<table>\\r\\n<tbody>\\r\\n<tr>\\r\\n<td>\\r\\n<table>\\r\\n<tbody>\\r\\n<tr>\\r\\n<td><img src=\\\"https:\\/\\/mcusercontent.com\\/1868b62ba50dc78bf57227c75\\/images\\/e298182b-98ea-5a85-b80a-93f2e804ceaa.jpg\\\" alt=\\\"\\\" width=\\\"563.9999389648438\\\" \\/><\\/td>\\r\\n<\\/tr>\\r\\n<\\/tbody>\\r\\n<\\/table>\\r\\n<\\/td>\\r\\n<\\/tr>\\r\\n<\\/tbody>\\r\\n<\\/table>\\r\\n<table>\\r\\n<tbody>\\r\\n<tr>\\r\\n<td>\\r\\n<table>\\r\\n<tbody>\\r\\n<tr>\\r\\n<td>\\r\\n<p>April 8, 2026<\\/p>\\r\\n<p><strong>What Giant are You Facing?<\\/strong><\\/p>\\r\\n<p>While David faced a giant of physical proportions, <strong>there are still \\u201cgiants\\u201d roaming the earth that challenge us<\\/strong> in the physical, emotional, mental, and financial realms.<br \\/> <br \\/> Do you think David woke up the day when he faced Goliath thinking, \\u201cI\\u2019m going to have to kill a giant today?\\u201d Of course not. In fact, he was simply on an errand for his father to deliver food to his brothers and Saul\\u2019s army.<br \\/> <br \\/> While I\\u2019m certain he didn\\u2019t wake up that day thinking he would be in a battle against a giant before the day\\u2019s end, he did wake up knowing he served a mighty God!<br \\/> <br \\/> David had been preparing for that moment for years. The years he had been alone with the sheep\\u2014an outcast from his family in many ways\\u2014he used that time well. It was there he learned to worship and commune with God. It was there he learned to hear the voice of God.<br \\/> <br \\/> David was treated like he was less than others. Have you felt that way? Have you felt you don\\u2019t really fit in anywhere? David did. Remember when the prophet Samuel told Jesse to call his sons together? Who wasn\\u2019t invited? David. Many theologians believe David was perhaps the product of an affair and not a legitimate son. But what we do know is that Jesse didn\\u2019t treat him the same as his brothers.<br \\/> <br \\/> While looked down on in the eyes of his family,<strong> David&nbsp;wasn\\u2019t looked down on by God.<\\/strong> In fact, God saw him, knew him and bestowed favor upon him. While others overlooked him, God was training him and preparing him, because David had a heart after God. Remember God said He looks on the heart.<br \\/> <br \\/> <strong>Where is your heart today?<\\/strong> Is it sold out to God? Do you spend time after you are hurt meditating on the action of what was done to you or meditating on God and how he will deliver you? How He can heal you? One will create a deeper wound, while the other will raise you to your destiny.<br \\/> <br \\/> When David arrived at the battle line, he had already seen the mighty hand of God deliver him and his sheep from a lion and a bear. He had already seen miraculous victories by the hand of God from hard and even impossible situations.<br \\/> <br \\/> He had just never faced one as big as Goliath.<br \\/> <br \\/> David had the opportunity to let fear overtake him after hearing Goliath\\u2019s challenge. The rest of Saul\\u2019s army were certainly in fear as was Saul. No one was willing to face Goliath.<br \\/> <br \\/> <em>Goliath stood and shouted to the ranks of Israel, \\\"Why do you come out and line up for battle? Am I not a Philistine, and are you not the servants of Saul? Choose a man and have him come down to me. If he is able to fight and kill me, we will become your subjects; but if I overcome him and kill him, you will become our subjects and serve us\\u201d (I Sam 17:8-9 <\\/em><em>NIV).<\\/em><br \\/> <br \\/> King Saul\\u2019s army had listened to Goliath\\u2019s taunts for 40 days. 40! And no one did anything.<br \\/> <br \\/> But when David arrived at the army\'s camp&nbsp;and heard Goliath\\u2019s prideful challenge against God, righteous indignation arose because David\\u2019s heart was already fully God\\u2019s. He didn\\u2019t just see Goliath\\u2019s size. He saw a giant mocking his God.<br \\/> <br \\/> <strong>Courage arose in David\\u2019s heart not because of what <em>he <\\/em>could do, but because he knew what <em>God <\\/em>could do. <\\/strong>He was unwilling to let the giant have the final say or be victorious over God\\u2019s people.<br \\/> <br \\/> <strong>WHAT GIANT STANDS BEFORE YOU TODAY?<\\/strong><br \\/> Now let me ask you, what giant is standing before you and mocking you? Is it cancer or some other health issue? Perhaps your marriage seems beyond repair. Or your kids or grandkids seem to have turned their backs on God and on you. Do you have more month than money, and no way to pay your bills? With tax day looming, do you have taxes that must be paid, or worse taxes that haven\\u2019t been paid in years and you don\\u2019t know what to do?<br \\/> <br \\/> These are all giants. Just as real as the physical giant David faced before he became king. Are you going to listen to them taunt you and mock you to create fear? Or <strong>recognize that through the Word and the work of the Cross, that Jesus has already defeated every \\u201cgiant\\u201d that stands against us.<\\/strong><br \\/> <br \\/> <strong>HOW TO OVERCOME<\\/strong><br \\/> Right now, choose to remember, that <strong>greater is He who is in you than he who is in the world.<\\/strong> Don\\u2019t give the situation authority over you. See God as the final authority. Find out what His Word says about your situation. Then stand upon it. He will not deny Himself or His Word. If He said He will do it\\u2014He will do it. Have courage and know that God has created you to overcome every giant you are facing.<br \\/> <br \\/> Download a free copy of Scriptural Prayer Decrees to Overcome in Adverse Situations.<br \\/> <a href=\\\"https:\\/\\/world.us8.list-manage.com\\/track\\/click?u=1868b62ba50dc78bf57227c75&amp;id=857cb20bcb&amp;e=95b8862352\\\"><\\/a><a href=\\\"https:\\/\\/bit.ly\\/ScripturalPrayerDecrees\\\">https:\\/\\/bit.ly\\/ScripturalPrayerDecrees<\\/a><br \\/> <br \\/> <em>&nbsp;Kevin &amp; Karen<\\/em><br \\/> &nbsp;<br \\/> PS -<strong>&nbsp;Praise God with us that our Cambodia team members just finished the third month\'s pastor training for two different provinces. Our ministry also provided each pastor going through this training each month a new Bible to help them in their ministry.<\\/strong><\\/p>\\r\\n<\\/td>\\r\\n<\\/tr>\\r\\n<\\/tbody>\\r\\n<\\/table>\\r\\n<\\/td>\\r\\n<\\/tr>\\r\\n<\\/tbody>\\r\\n<\\/table>\\r\\n<table>\\r\\n<tbody>\\r\\n<tr>\\r\\n<td>\\r\\n<table>\\r\\n<tbody>\\r\\n<tr>\\r\\n<td><img src=\\\"https:\\/\\/mcusercontent.com\\/1868b62ba50dc78bf57227c75\\/images\\/208850bc-623f-51d9-3672-f9b0c3bc77dd.jpg\\\" alt=\\\"\\\" width=\\\"263\\\" \\/><\\/td>\\r\\n<\\/tr>\\r\\n<\\/tbody>\\r\\n<\\/table>\\r\\n<table>\\r\\n<tbody>\\r\\n<tr>\\r\\n<td><img src=\\\"https:\\/\\/mcusercontent.com\\/1868b62ba50dc78bf57227c75\\/images\\/5f191fd2-3716-73ae-05b3-9f477055e53c.jpg\\\" alt=\\\"\\\" width=\\\"263\\\" \\/><\\/td>\\r\\n<\\/tr>\\r\\n<\\/tbody>\\r\\n<\\/table>\\r\\n<\\/td>\\r\\n<\\/tr>\\r\\n<\\/tbody>\\r\\n<\\/table>\\r\\n<table>\\r\\n<tbody>\\r\\n<tr>\\r\\n<td>\\r\\n<table>\\r\\n<tbody>\\r\\n<tr>\\r\\n<td><strong>Pray for these pastors<\\/strong> to seek and know God more than ever before as they grow in His Word and practical ministry teaching.&nbsp;<br \\/> <br \\/> <strong>If&nbsp;you want to help us train pastors, evangelize &amp; disciple, and more,&nbsp;please&nbsp;consider planting a gift of $50, $100, $500, or $1000.&nbsp; <\\/strong>Thank you.<\\/td>\\r\\n<\\/tr>\\r\\n<\\/tbody>\\r\\n<\\/table>\\r\\n<\\/td>\\r\\n<\\/tr>\\r\\n<\\/tbody>\\r\\n<\\/table>\\r\\n<table>\\r\\n<tbody>\\r\\n<tr>\\r\\n<td>\\r\\n<table>\\r\\n<tbody>\\r\\n<tr>\\r\\n<td><a href=\\\"https:\\/\\/world.us8.list-manage.com\\/track\\/click?u=1868b62ba50dc78bf57227c75&amp;id=736071ce2f&amp;e=95b8862352\\\">Donate Today!<\\/a><\\/td>\\r\\n<\\/tr>\\r\\n<\\/tbody>\\r\\n<\\/table>\\r\\n<\\/td>\\r\\n<\\/tr>\\r\\n<\\/tbody>\\r\\n<\\/table>\\r\\n<\\/td>\\r\\n<\\/tr>\\r\\n<tr>\\r\\n<td>\\r\\n<table>\\r\\n<tbody>\\r\\n<tr>\\r\\n<td>\\r\\n<table>\\r\\n<tbody>\\r\\n<tr>\\r\\n<td>&nbsp;<\\/td>\\r\\n<\\/tr>\\r\\n<\\/tbody>\\r\\n<\\/table>\\r\\n<\\/td>\\r\\n<\\/tr>\\r\\n<\\/tbody>\\r\\n<\\/table>\\r\\n<table>\\r\\n<tbody>\\r\\n<tr>\\r\\n<td>\\r\\n<table>\\r\\n<tbody>\\r\\n<tr>\\r\\n<td>\\r\\n<table>\\r\\n<tbody>\\r\\n<tr>\\r\\n<td><strong>INFECTED:<br \\/> How to Stop the Global Spread of Rage, Deception and Insanity<\\/strong><\\/td>\\r\\n<\\/tr>\\r\\n<\\/tbody>\\r\\n<\\/table>\\r\\n<\\/td>\\r\\n<\\/tr>\\r\\n<\\/tbody>\\r\\n<\\/table>\\r\\n<\\/td>\\r\\n<\\/tr>\\r\\n<\\/tbody>\\r\\n<\\/table>\\r\\n<table>\\r\\n<tbody>\\r\\n<tr>\\r\\n<td>\\r\\n<table>\\r\\n<tbody>\\r\\n<tr>\\r\\n<td>\\r\\n<p><strong>The Insanity of this Age &amp; How to Uproot It<\\/strong><\\/p>\\r\\n<p><strong>You don\\u2019t have to look far to see that the spirit of insanity has been unleashed across the world<\\/strong>. The insanity that a man can give birth? That a Supreme Court judge can\\u2019t define a woman. The insanity that children are using litter&nbsp;boxes in schools and that school administrators are letting them. There is nothing normal about any of it. And that is just a few of the insane concepts accepted as \\u201cnormal.\\u201d<\\/p>\\r\\n<p>What many don\\u2019t recognize is insanity is stage six of a 7-stage spiritual virus that begins with pride. Have you been infected? A family member? If so, it is vital to recognize it and know how to stop the progression.<\\/p>\\r\\n<\\/td>\\r\\n<\\/tr>\\r\\n<\\/tbody>\\r\\n<\\/table>\\r\\n<table>\\r\\n<tbody>\\r\\n<tr>\\r\\n<td><br \\/> <img src=\\\"https:\\/\\/mcusercontent.com\\/1868b62ba50dc78bf57227c75\\/images\\/514a23d9-17f2-29a6-91f3-0c619fada680.jpg\\\" alt=\\\"\\\" width=\\\"250\\\" height=\\\"350\\\" data-file-id=\\\"6018486\\\" \\/><br \\/> <br \\/> FREE \\u2013&nbsp;<a href=\\\"https:\\/\\/world.us8.list-manage.com\\/track\\/click?u=1868b62ba50dc78bf57227c75&amp;id=85efd2831e&amp;e=95b8862352\\\">click here&nbsp;<\\/a>to read chapter 1 of \\u201cInfected.\\u201d<\\/td>\\r\\n<\\/tr>\\r\\n<\\/tbody>\\r\\n<\\/table>\\r\\n<\\/td>\\r\\n<\\/tr>\\r\\n<\\/tbody>\\r\\n<\\/table>\\r\\n<table>\\r\\n<tbody>\\r\\n<tr>\\r\\n<td>\\r\\n<table>\\r\\n<tbody>\\r\\n<tr>\\r\\n<td>\\r\\n<p>The book <em>\\u201cInfected: How to Stop the Global Spread of Rage, Deception and Insanity\\u201d <\\/em>is a teaching I have never heard another minister share. While many understand the danger of pride\\u2014there is a connection to other spiritual forces that it launches to bring destruction.<\\/p>\\r\\n<p><strong>Understanding it is the first key. Knowing what to do about it is the second. <\\/strong>I hope you will get the book and\\/or share it with others. I believe it is a key resource for this time in society to bind the takeover and ongoing progression of the spirit of insanity from the final stage and goal of the enemy.<br \\/> &nbsp;<\\/p>\\r\\n<p><a href=\\\"https:\\/\\/world.us8.list-manage.com\\/track\\/click?u=1868b62ba50dc78bf57227c75&amp;id=55e8574b96&amp;e=95b8862352\\\">BUY NOW!<\\/a><\\/p>\\r\\n<\\/td>\\r\\n<\\/tr>\\r\\n<\\/tbody>\\r\\n<\\/table>\\r\\n<\\/td>\\r\\n<\\/tr>\\r\\n<\\/tbody>\\r\\n<\\/table>\\r\\n<table>\\r\\n<tbody>\\r\\n<tr>\\r\\n<td>\\r\\n<table>\\r\\n<tbody>\\r\\n<tr>\\r\\n<td>&nbsp;<\\/td>\\r\\n<\\/tr>\\r\\n<\\/tbody>\\r\\n<\\/table>\\r\\n<\\/td>\\r\\n<\\/tr>\\r\\n<\\/tbody>\\r\\n<\\/table>\\r\\n<table>\\r\\n<tbody>\\r\\n<tr>\\r\\n<td>\\r\\n<table>\\r\\n<tbody>\\r\\n<tr>\\r\\n<td>\\r\\n<table>\\r\\n<tbody>\\r\\n<tr>\\r\\n<td><strong>God\'s Unstoppable Army<\\/strong><\\/td>\\r\\n<\\/tr>\\r\\n<\\/tbody>\\r\\n<\\/table>\\r\\n<\\/td>\\r\\n<\\/tr>\\r\\n<\\/tbody>\\r\\n<\\/table>\\r\\n<\\/td>\\r\\n<\\/tr>\\r\\n<\\/tbody>\\r\\n<\\/table>\\r\\n<table>\\r\\n<tbody>\\r\\n<tr>\\r\\n<td>\\r\\n<table>\\r\\n<tbody>\\r\\n<tr>\\r\\n<td><strong>1) Please join with thousands across our nation as we pray each day at noon the&nbsp;\\u201cNoon Time prayer for America and Donald Trump.\\u201d<\\/strong>&nbsp;To download that prayer go to:&nbsp;<a href=\\\"https:\\/\\/world.us8.list-manage.com\\/track\\/click?u=1868b62ba50dc78bf57227c75&amp;id=2e47f4fdd1&amp;e=95b8862352\\\"><\\/a><a href=\\\"https:\\/\\/bit.ly\\/FreePrayerLink\\\">https:\\/\\/bit.ly\\/FreePrayerLink<\\/a>.<br \\/> <br \\/> <strong>2) Sign up for our&nbsp;<a href=\\\"https:\\/\\/world.us8.list-manage.com\\/track\\/click?u=1868b62ba50dc78bf57227c75&amp;id=73608f85c6&amp;e=95b8862352\\\">City-by-City.org<\\/a>&nbsp;weekly prayer email&nbsp;<\\/strong>where together we pray over our cities and our nation.<br \\/> <br \\/> <strong>3)&nbsp;For those in the Tulsa area,&nbsp;join us every 2nd and 4th Monday evening for our&nbsp;AwakeOklahoma.com prayer for revival and our government leaders.&nbsp;<\\/strong>Email Karen at&nbsp;<a href=\\\"mailto:Karen@AwakeOklahoma.com?subject=Please%20add%20me%20to%20the%20AwakeOklahoma.com%20prayer%20list.&amp;body=Karen%2C%20please%20add%20me%20to%20the%20AwakeOklahoma.com%20prayer%20list.\\\"><\\/a><a href=\\\"mailto:Karen@AwakeOklahoma.com\\\">Karen@AwakeOklahoma.com<\\/a>&nbsp;to be added to this email list to know when and where to meet and what we will be praying over.&nbsp;<\\/td>\\r\\n<\\/tr>\\r\\n<\\/tbody>\\r\\n<\\/table>\\r\\n<\\/td>\\r\\n<\\/tr>\\r\\n<\\/tbody>\\r\\n<\\/table>\\r\\n<table>\\r\\n<tbody>\\r\\n<tr>\\r\\n<td>\\r\\n<table>\\r\\n<tbody>\\r\\n<tr>\\r\\n<td>&nbsp;<\\/td>\\r\\n<\\/tr>\\r\\n<\\/tbody>\\r\\n<\\/table>\\r\\n<\\/td>\\r\\n<\\/tr>\\r\\n<\\/tbody>\\r\\n<\\/table>\\r\\n<table>\\r\\n<tbody>\\r\\n<tr>\\r\\n<td>\\r\\n<table>\\r\\n<tbody>\\r\\n<tr>\\r\\n<td>\\r\\n<table>\\r\\n<tbody>\\r\\n<tr>\\r\\n<td><strong>MINISTRY SPONSORS<\\/strong><\\/td>\\r\\n<\\/tr>\\r\\n<\\/tbody>\\r\\n<\\/table>\\r\\n<\\/td>\\r\\n<\\/tr>\\r\\n<\\/tbody>\\r\\n<\\/table>\\r\\n<\\/td>\\r\\n<\\/tr>\\r\\n<\\/tbody>\\r\\n<\\/table>\\r\\n<table>\\r\\n<tbody>\\r\\n<tr>\\r\\n<td>\\r\\n<table>\\r\\n<tbody>\\r\\n<tr>\\r\\n<td>\\r\\n<p><strong>My Patriot Supply<\\/strong><\\/p>\\r\\n<\\/td>\\r\\n<\\/tr>\\r\\n<\\/tbody>\\r\\n<\\/table>\\r\\n<\\/td>\\r\\n<\\/tr>\\r\\n<\\/tbody>\\r\\n<\\/table>\\r\\n<table>\\r\\n<tbody>\\r\\n<tr>\\r\\n<td>\\r\\n<table>\\r\\n<tbody>\\r\\n<tr>\\r\\n<td><strong>Check out this Fire Evacuation Mask &amp; Fire Blanket combo from My Patriot Supply. T<\\/strong>he fire blanket can be used to cover yourself or your children if necessary to escape a fire. But it can also be used to put out a kitchen grease or other liquid fire in seconds. Easier than a fire extinguisher, even for kids to use. <strong>Select SURVIVAL ITEMS, then select MEDICAL KITS &amp; FIRST AID to find this combo.<\\/strong><\\/td>\\r\\n<\\/tr>\\r\\n<\\/tbody>\\r\\n<\\/table>\\r\\n<\\/td>\\r\\n<\\/tr>\\r\\n<\\/tbody>\\r\\n<\\/table>\\r\\n<table>\\r\\n<tbody>\\r\\n<tr>\\r\\n<td>\\r\\n<table>\\r\\n<tbody>\\r\\n<tr>\\r\\n<td><a href=\\\"https:\\/\\/world.us8.list-manage.com\\/track\\/click?u=1868b62ba50dc78bf57227c75&amp;id=f81f86c2d7&amp;e=95b8862352\\\"> <img src=\\\"https:\\/\\/mcusercontent.com\\/1868b62ba50dc78bf57227c75\\/images\\/70ea949b-271e-744c-bdad-6256601910e6.jpg\\\" alt=\\\"\\\" width=\\\"NaN\\\" \\/> <\\/a><\\/td>\\r\\n<\\/tr>\\r\\n<\\/tbody>\\r\\n<\\/table>\\r\\n<\\/td>\\r\\n<\\/tr>\\r\\n<\\/tbody>\\r\\n<\\/table>\\r\\n<table>\\r\\n<tbody>\\r\\n<tr>\\r\\n<td>\\r\\n<table>\\r\\n<tbody>\\r\\n<tr>\\r\\n<td>&nbsp;<\\/td>\\r\\n<\\/tr>\\r\\n<\\/tbody>\\r\\n<\\/table>\\r\\n<\\/td>\\r\\n<\\/tr>\\r\\n<\\/tbody>\\r\\n<\\/table>\\r\\n<table>\\r\\n<tbody>\\r\\n<tr>\\r\\n<td>\\r\\n<table>\\r\\n<tbody>\\r\\n<tr>\\r\\n<td>\\r\\n<p><strong>My Pillow<\\/strong><\\/p>\\r\\n<\\/td>\\r\\n<\\/tr>\\r\\n<\\/tbody>\\r\\n<\\/table>\\r\\n<\\/td>\\r\\n<\\/tr>\\r\\n<\\/tbody>\\r\\n<\\/table>\\r\\n<table>\\r\\n<tbody>\\r\\n<tr>\\r\\n<td>\\r\\n<table>\\r\\n<tbody>\\r\\n<tr>\\r\\n<td>\\r\\n<p><strong>What a great gift idea for your loved one that\'s expecting!<\\/strong><\\/p>\\r\\n<\\/td>\\r\\n<\\/tr>\\r\\n<\\/tbody>\\r\\n<\\/table>\\r\\n<\\/td>\\r\\n<\\/tr>\\r\\n<\\/tbody>\\r\\n<\\/table>\\r\\n<table>\\r\\n<tbody>\\r\\n<tr>\\r\\n<td>\\r\\n<table>\\r\\n<tbody>\\r\\n<tr>\\r\\n<td><a href=\\\"https:\\/\\/world.us8.list-manage.com\\/track\\/click?u=1868b62ba50dc78bf57227c75&amp;id=6662500f02&amp;e=95b8862352\\\"> <img src=\\\"https:\\/\\/mcusercontent.com\\/1868b62ba50dc78bf57227c75\\/images\\/cc53faa0-c95c-da13-5195-00187b0a72a0.png\\\" alt=\\\"\\\" width=\\\"396\\\" \\/> <\\/a><\\/td>\\r\\n<\\/tr>\\r\\n<\\/tbody>\\r\\n<\\/table>\\r\\n<\\/td>\\r\\n<\\/tr>\\r\\n<\\/tbody>\\r\\n<\\/table>\\r\\n<table>\\r\\n<tbody>\\r\\n<tr>\\r\\n<td>\\r\\n<table>\\r\\n<tbody>\\r\\n<tr>\\r\\n<td>\\r\\n<p><strong>Seeds Now!<\\/strong><\\/p>\\r\\n<\\/td>\\r\\n<\\/tr>\\r\\n<\\/tbody>\\r\\n<\\/table>\\r\\n<\\/td>\\r\\n<\\/tr>\\r\\n<\\/tbody>\\r\\n<\\/table>\\r\\n<table>\\r\\n<tbody>\\r\\n<tr>\\r\\n<td>\\r\\n<table>\\r\\n<tbody>\\r\\n<tr>\\r\\n<td><a href=\\\"https:\\/\\/world.us8.list-manage.com\\/track\\/click?u=1868b62ba50dc78bf57227c75&amp;id=c5b84f9e21&amp;e=95b8862352\\\"> <img src=\\\"https:\\/\\/mcusercontent.com\\/1868b62ba50dc78bf57227c75\\/images\\/054ad384-db53-68c9-8b5f-e168c230356d.png\\\" alt=\\\"\\\" width=\\\"400\\\" \\/> <\\/a><\\/td>\\r\\n<\\/tr>\\r\\n<\\/tbody>\\r\\n<\\/table>\\r\\n<\\/td>\\r\\n<\\/tr>\\r\\n<\\/tbody>\\r\\n<\\/table>\\r\\n<table>\\r\\n<tbody>\\r\\n<tr>\\r\\n<td>\\r\\n<table>\\r\\n<tbody>\\r\\n<tr>\\r\\n<td>&nbsp;<\\/td>\\r\\n<\\/tr>\\r\\n<\\/tbody>\\r\\n<\\/table>\\r\\n<\\/td>\\r\\n<\\/tr>\\r\\n<\\/tbody>\\r\\n<\\/table>\\r\\n<table>\\r\\n<tbody>\\r\\n<tr>\\r\\n<td>\\r\\n<table>\\r\\n<tbody>\\r\\n<tr>\\r\\n<td>&nbsp;<\\/td>\\r\\n<\\/tr>\\r\\n<\\/tbody>\\r\\n<\\/table>\\r\\n<\\/td>\\r\\n<\\/tr>\\r\\n<\\/tbody>\\r\\n<\\/table>\\r\\n<table>\\r\\n<tbody>\\r\\n<tr>\\r\\n<td>\\r\\n<table>\\r\\n<tbody>\\r\\n<tr>\\r\\n<td>\\r\\n<table>\\r\\n<tbody>\\r\\n<tr>\\r\\n<td>\\r\\n<p><strong>FREE SCRIPTURE PRAYERS<\\/strong><br \\/> &nbsp;&nbsp;&nbsp;&nbsp; If you would like a free copy of scriptural prayers to pray over you and your family, go to our website at: www.<a href=\\\"https:\\/\\/world.us8.list-manage.com\\/track\\/click?u=1868b62ba50dc78bf57227c75&amp;id=07614576af&amp;e=95b8862352\\\">destinybuilders.world\\/download-prayer\\/<\\/a><br \\/> <br \\/> &nbsp;&nbsp;&nbsp;&nbsp; As we pray the Word, we come into alignment with His Word and He said He watches over His Word to perform it!<\\/p>\\r\\n<\\/td>\\r\\n<\\/tr>\\r\\n<\\/tbody>\\r\\n<\\/table>\\r\\n<\\/td>\\r\\n<\\/tr>\\r\\n<\\/tbody>\\r\\n<\\/table>\\r\\n<\\/td>\\r\\n<\\/tr>\\r\\n<\\/tbody>\\r\\n<\\/table>\\r\\n<\\/td>\\r\\n<\\/tr>\\r\\n<tr>\\r\\n<td>&nbsp;<\\/td>\\r\\n<\\/tr>\\r\\n<tr>\\r\\n<td>\\r\\n<table>\\r\\n<tbody>\\r\\n<tr>\\r\\n<td>\\r\\n<table>\\r\\n<tbody>\\r\\n<tr>\\r\\n<td>\\r\\n<table>\\r\\n<tbody>\\r\\n<tr>\\r\\n<td>\\r\\n<table>\\r\\n<tbody>\\r\\n<tr>\\r\\n<td>\\r\\n<table>\\r\\n<tbody>\\r\\n<tr>\\r\\n<td>\\r\\n<table>\\r\\n<tbody>\\r\\n<tr>\\r\\n<td>\\r\\n<table>\\r\\n<tbody>\\r\\n<tr>\\r\\n<td>\\r\\n<table width=\\\"\\\">\\r\\n<tbody>\\r\\n<tr>\\r\\n<td><a href=\\\"https:\\/\\/world.us8.list-manage.com\\/track\\/click?u=1868b62ba50dc78bf57227c75&amp;id=fd4e42616f&amp;e=95b8862352\\\"><img src=\\\"https:\\/\\/cdn-images.mailchimp.com\\/icons\\/social-block-v2\\/outline-color-facebook-48.png\\\" alt=\\\"Facebook\\\" width=\\\"24\\\" height=\\\"24\\\" \\/><\\/a><\\/td>\\r\\n<td><a href=\\\"https:\\/\\/world.us8.list-manage.com\\/track\\/click?u=1868b62ba50dc78bf57227c75&amp;id=d78fc70622&amp;e=95b8862352\\\">Facebook<\\/a><\\/td>\\r\\n<\\/tr>\\r\\n<\\/tbody>\\r\\n<\\/table>\\r\\n<\\/td>\\r\\n<\\/tr>\\r\\n<\\/tbody>\\r\\n<\\/table>\\r\\n<\\/td>\\r\\n<\\/tr>\\r\\n<\\/tbody>\\r\\n<\\/table>\\r\\n<\\/td>\\r\\n<\\/tr>\\r\\n<\\/tbody>\\r\\n<\\/table>\\r\\n<\\/td>\\r\\n<\\/tr>\\r\\n<\\/tbody>\\r\\n<\\/table>\\r\\n<\\/td>\\r\\n<\\/tr>\\r\\n<\\/tbody>\\r\\n<\\/table>\\r\\n<\\/td>\\r\\n<\\/tr>\\r\\n<\\/tbody>\\r\\n<\\/table>\\r\\n<\\/td>\\r\\n<\\/tr>\\r\\n<\\/tbody>\\r\\n<\\/table>\\r\\n<table>\\r\\n<tbody>\\r\\n<tr>\\r\\n<td>\\r\\n<table>\\r\\n<tbody>\\r\\n<tr>\\r\\n<td>\\r\\n<table>\\r\\n<tbody>\\r\\n<tr>\\r\\n<td>\\r\\n<table>\\r\\n<tbody>\\r\\n<tr>\\r\\n<td><a href=\\\"https:\\/\\/world.us8.list-manage.com\\/track\\/click?u=1868b62ba50dc78bf57227c75&amp;id=3a92d48621&amp;e=95b8862352\\\"><strong>LIKE US ON FACEBOOK @DestinyBuilders.world<\\/strong>&nbsp;&nbsp;<img src=\\\"https:\\/\\/gallery.mailchimp.com\\/1868b62ba50dc78bf57227c75\\/images\\/1f6a7618-aab7-4674-9d59-fe3f0851021d.png\\\" alt=\\\"\\\" width=\\\"35\\\" height=\\\"29\\\" data-file-id=\\\"3982229\\\" \\/><\\/a><\\/td>\\r\\n<\\/tr>\\r\\n<\\/tbody>\\r\\n<\\/table>\\r\\n<\\/td>\\r\\n<\\/tr>\\r\\n<\\/tbody>\\r\\n<\\/table>\\r\\n<\\/td>\\r\\n<\\/tr>\\r\\n<\\/tbody>\\r\\n<\\/table>\\r\\n<\\/td>\\r\\n<\\/tr>\\r\\n<\\/tbody>\\r\\n<\\/table>\\r\\n<\\/td>\\r\\n<\\/tr>\\r\\n<tr>\\r\\n<td>\\r\\n<table>\\r\\n<tbody>\\r\\n<tr>\\r\\n<td>\\r\\n<table>\\r\\n<tbody>\\r\\n<tr>\\r\\n<td>\\r\\n<p><em>Copyright \\u00a9 2026 Destiny Builders Inc, All rights reserved.<\\/em><br \\/> You are receiving this email because you have shown interest in our work and provided us with your email address.<br \\/> <br \\/> <strong>Our mailing address is:<\\/strong><\\/p>\\r\\n<p>Destiny Builders Inc<\\/p>\\r\\n<p>PO Box 7<\\/p>\\r\\n<p>Coweta, OK 74429<\\/p>\\r\\n<p><br \\/><a href=\\\"https:\\/\\/world.us8.list-manage.com\\/vcard?u=1868b62ba50dc78bf57227c75&amp;id=3795197336\\\">Add us to your address book<\\/a><\\/p>\\r\\n<p><br \\/> <br \\/> Want to change how you receive these emails?<br \\/> You can update your preferences or <a href=\\\"https:\\/\\/world.us8.list-manage.com\\/unsubscribe?u=1868b62ba50dc78bf57227c75&amp;id=3795197336&amp;t=b&amp;e=95b8862352&amp;c=4f0b3dac33\\\">unsubscribe from this list<\\/a>.<br \\/> <br \\/> <a href=\\\"https:\\/\\/login.mailchimp.com\\/signup\\/email-referral\\/?aid=1868b62ba50dc78bf57227c75\\\"><img src=\\\"https:\\/\\/cdn-images.mailchimp.com\\/monkey_rewards\\/intuit-mc-rewards-1.png\\\" alt=\\\"Email Marketing Powered by Mailchimp\\\" width=\\\"137\\\" height=\\\"53\\\" \\/><\\/a><\\/p>\\r\\n<\\/td>\\r\\n<\\/tr>\\r\\n<\\/tbody>\\r\\n<\\/table>\\r\\n<\\/td>\\r\\n<\\/tr>\\r\\n<\\/tbody>\\r\\n<\\/table>\\r\\n<\\/td>\\r\\n<\\/tr>\\r\\n<tr>\\r\\n<td>&nbsp;<\\/td>\\r\\n<\\/tr>\\r\\n<\\/tbody>\\r\\n<\\/table>\\r\\n<\\/td>\\r\\n<\\/tr>\\r\\n<\\/tbody>\\r\\n<\\/table>\",\"state\":1,\"catid\":\"8\",\"created\":\"2026-04-08 12:08:50\",\"created_by\":\"873\",\"created_by_alias\":\"\",\"modified\":\"2026-04-08 12:08:50\",\"modified_by\":null,\"checked_out\":null,\"checked_out_time\":null,\"publish_up\":\"2026-04-08 12:08:50\",\"publish_down\":\"0000-00-00 00:00:00\",\"images\":\"{\\\"image_intro\\\":\\\"\\\",\\\"float_intro\\\":\\\"\\\",\\\"image_intro_alt\\\":\\\"\\\",\\\"image_intro_caption\\\":\\\"\\\",\\\"image_fulltext\\\":\\\"\\\",\\\"float_fulltext\\\":\\\"\\\",\\\"image_fulltext_alt\\\":\\\"\\\",\\\"image_fulltext_caption\\\":\\\"\\\"}\",\"urls\":\"{\\\"urla\\\":false,\\\"urlatext\\\":\\\"\\\",\\\"targeta\\\":\\\"\\\",\\\"urlb\\\":false,\\\"urlbtext\\\":\\\"\\\",\\\"targetb\\\":\\\"\\\",\\\"urlc\\\":false,\\\"urlctext\\\":\\\"\\\",\\\"targetc\\\":\\\"\\\"}\",\"attribs\":\"{\\\"article_layout\\\":\\\"\\\",\\\"show_title\\\":\\\"\\\",\\\"link_titles\\\":\\\"\\\",\\\"show_tags\\\":\\\"\\\",\\\"show_intro\\\":\\\"\\\",\\\"info_block_position\\\":\\\"\\\",\\\"info_block_show_title\\\":\\\"\\\",\\\"show_category\\\":\\\"\\\",\\\"link_category\\\":\\\"\\\",\\\"show_parent_category\\\":\\\"\\\",\\\"link_parent_category\\\":\\\"\\\",\\\"show_associations\\\":\\\"\\\",\\\"show_author\\\":\\\"\\\",\\\"link_author\\\":\\\"\\\",\\\"show_create_date\\\":\\\"\\\",\\\"show_modify_date\\\":\\\"\\\",\\\"show_publish_date\\\":\\\"\\\",\\\"show_item_navigation\\\":\\\"\\\",\\\"show_icons\\\":\\\"\\\",\\\"show_print_icon\\\":\\\"\\\",\\\"show_email_icon\\\":\\\"\\\",\\\"show_vote\\\":\\\"\\\",\\\"show_hits\\\":\\\"\\\",\\\"show_noauth\\\":\\\"\\\",\\\"urls_position\\\":\\\"\\\",\\\"alternative_readmore\\\":\\\"\\\",\\\"article_page_title\\\":\\\"\\\",\\\"show_publishing_options\\\":\\\"\\\",\\\"show_article_options\\\":\\\"\\\",\\\"show_urls_images_backend\\\":\\\"\\\",\\\"show_urls_images_frontend\\\":\\\"\\\"}\",\"version\":1,\"ordering\":null,\"metakey\":\"\",\"metadesc\":\"\",\"access\":\"1\",\"hits\":null,\"metadata\":\"{\\\"robots\\\":\\\"\\\",\\\"author\\\":\\\"\\\",\\\"rights\\\":\\\"\\\",\\\"xreference\\\":\\\"\\\"}\",\"featured\":\"1\",\"language\":\"*\",\"xreference\":\"\",\"note\":\"\"}',0),(6713,2316,1,'','2026-04-10 12:59:53',873,3875,'7554608359c2ccee0470dfb721160a87b73d1a8a','{\"id\":2316,\"asset_id\":2628,\"title\":\"Daniel and Revelation, Part 11 Rick Joyner\",\"alias\":\"daniel-and-revelation-part-11-rick-joyner\",\"introtext\":\"<h1>Daniel and Revelation, Part 11 -&nbsp;Rick Joyner<\\/h1>\\r\\n<div id=\\\"msm-field-author-container\\\" class=\\\"group-author-container field-group-div msm-field-author-container\\\">&nbsp;<\\/div>\\r\\n<p style=\\\"text-align: justify;\\\">&nbsp; &nbsp; &nbsp;The most basic way to distinguish the church that God is building from what He is not is to know Christ. He is our Shepherd. He has never abdicated that position. He is our Teacher, and He has never abdicated that position. Do not follow anyone who claims to have taken the place of Christ in anything.<\\/p>\\r\\n<p style=\\\"text-align: justify;\\\">&nbsp; &nbsp; &nbsp; &nbsp;Yet, the Lord does much of His leading and teaching through His ministries in this time. So, how do we follow Him? We don\\u2019t seek to hear the words of the Lord, but we seek to hear the Word Himself. We must hear His voice when He speaks through His people. We must have the resolve of the Shulamite maiden as she prayed to the Lord in the Song of Solomon 1:7:&nbsp;<strong>\\\"Tell me, O You whom my soul loves, where do You pasture Your flock, where do You make it lie down at noon? For why should I be like one who veils herself beside the flocks of Your companions?\\\"<\\/strong><\\/p>\\r\\n<p style=\\\"text-align: justify;\\\">&nbsp; &nbsp; &nbsp; &nbsp;The Bride will not be content to hear the messages or teachings of her Beloved just through others; she demands to have a relationship with Him directly. That is the right that He gave to His followers when He rent the veil of the temple at His crucifixion. The Lord does manifest Himself through the ministries He has given to the church, but the way we recognize a true shepherd He has sent is when we hear our Shepherd speaking through them. The way we recognize a teacher He has sent is we hear our Teacher speaking through them.&nbsp; &nbsp;<a href=\\\"https:\\/\\/publications.morningstarministries.org\\/word-for-the-week\\/daniel-and-revelation-part-11?lang=en&amp;_kx=QZZ1Sl3_yNKCHUIipDTjgUPcclKgrTtKVpEry4xzJh0.U4gNJ5\\\" target=\\\"_blank\\\" rel=\\\"noopener\\\">READ MORE<\\/a><\\/p>\",\"fulltext\":\"\",\"state\":1,\"catid\":\"8\",\"created\":\"2026-04-10 12:59:53\",\"created_by\":\"873\",\"created_by_alias\":\"\",\"modified\":\"2026-04-10 12:59:53\",\"modified_by\":null,\"checked_out\":null,\"checked_out_time\":null,\"publish_up\":\"2026-04-10 12:59:53\",\"publish_down\":\"0000-00-00 00:00:00\",\"images\":\"{\\\"image_intro\\\":\\\"\\\",\\\"float_intro\\\":\\\"\\\",\\\"image_intro_alt\\\":\\\"\\\",\\\"image_intro_caption\\\":\\\"\\\",\\\"image_fulltext\\\":\\\"\\\",\\\"float_fulltext\\\":\\\"\\\",\\\"image_fulltext_alt\\\":\\\"\\\",\\\"image_fulltext_caption\\\":\\\"\\\"}\",\"urls\":\"{\\\"urla\\\":false,\\\"urlatext\\\":\\\"\\\",\\\"targeta\\\":\\\"\\\",\\\"urlb\\\":false,\\\"urlbtext\\\":\\\"\\\",\\\"targetb\\\":\\\"\\\",\\\"urlc\\\":false,\\\"urlctext\\\":\\\"\\\",\\\"targetc\\\":\\\"\\\"}\",\"attribs\":\"{\\\"article_layout\\\":\\\"\\\",\\\"show_title\\\":\\\"\\\",\\\"link_titles\\\":\\\"\\\",\\\"show_tags\\\":\\\"\\\",\\\"show_intro\\\":\\\"\\\",\\\"info_block_position\\\":\\\"\\\",\\\"info_block_show_title\\\":\\\"\\\",\\\"show_category\\\":\\\"\\\",\\\"link_category\\\":\\\"\\\",\\\"show_parent_category\\\":\\\"\\\",\\\"link_parent_category\\\":\\\"\\\",\\\"show_associations\\\":\\\"\\\",\\\"show_author\\\":\\\"\\\",\\\"link_author\\\":\\\"\\\",\\\"show_create_date\\\":\\\"\\\",\\\"show_modify_date\\\":\\\"\\\",\\\"show_publish_date\\\":\\\"\\\",\\\"show_item_navigation\\\":\\\"\\\",\\\"show_icons\\\":\\\"\\\",\\\"show_print_icon\\\":\\\"\\\",\\\"show_email_icon\\\":\\\"\\\",\\\"show_vote\\\":\\\"\\\",\\\"show_hits\\\":\\\"\\\",\\\"show_noauth\\\":\\\"\\\",\\\"urls_position\\\":\\\"\\\",\\\"alternative_readmore\\\":\\\"\\\",\\\"article_page_title\\\":\\\"\\\",\\\"show_publishing_options\\\":\\\"\\\",\\\"show_article_options\\\":\\\"\\\",\\\"show_urls_images_backend\\\":\\\"\\\",\\\"show_urls_images_frontend\\\":\\\"\\\"}\",\"version\":1,\"ordering\":null,\"metakey\":\"\",\"metadesc\":\"\",\"access\":\"1\",\"hits\":null,\"metadata\":\"{\\\"robots\\\":\\\"\\\",\\\"author\\\":\\\"\\\",\\\"rights\\\":\\\"\\\",\\\"xreference\\\":\\\"\\\"}\",\"featured\":\"1\",\"language\":\"*\",\"xreference\":\"\",\"note\":\"\"}',0),(6714,2317,1,'','2026-04-13 13:10:29',873,2323,'6d1839611397a0b3148f7061e85ab46492e4b340','{\"id\":2317,\"asset_id\":2629,\"title\":\"What They\'re Not Telling You About Vaccines - Dr. Bryan Ardis\",\"alias\":\"what-they-re-not-telling-you-about-vaccines-dr-bryan-ardis\",\"introtext\":\"<h1>What They\'re Not Telling You About Vaccines - Dr. Bryan Ardis<\\/h1>\\r\\n<p><iframe src=\\\"https:\\/\\/www.youtube.com\\/embed\\/gej9MHZNu3U\\\" width=\\\"925\\\" height=\\\"\\\" title=\\\"What They\\u2019re Not Telling You About Vaccines \\u2013 Dr. Bryan Ardis\\\" frameborder=\\\"0\\\" allow=\\\"accelerometer; autoplay; clipboard-write; encrypted-media; gyroscope; picture-in-picture; web-share\\\" referrerpolicy=\\\"strict-origin-when-cross-origin\\\" allowfullscreen=\\\"\\\"><\\/iframe><\\/p>\",\"fulltext\":\"\",\"state\":1,\"catid\":\"8\",\"created\":\"2026-04-13 13:10:29\",\"created_by\":\"873\",\"created_by_alias\":\"\",\"modified\":\"2026-04-13 13:10:29\",\"modified_by\":null,\"checked_out\":null,\"checked_out_time\":null,\"publish_up\":\"2026-04-13 13:10:29\",\"publish_down\":\"0000-00-00 00:00:00\",\"images\":\"{\\\"image_intro\\\":\\\"\\\",\\\"float_intro\\\":\\\"\\\",\\\"image_intro_alt\\\":\\\"\\\",\\\"image_intro_caption\\\":\\\"\\\",\\\"image_fulltext\\\":\\\"\\\",\\\"float_fulltext\\\":\\\"\\\",\\\"image_fulltext_alt\\\":\\\"\\\",\\\"image_fulltext_caption\\\":\\\"\\\"}\",\"urls\":\"{\\\"urla\\\":false,\\\"urlatext\\\":\\\"\\\",\\\"targeta\\\":\\\"\\\",\\\"urlb\\\":false,\\\"urlbtext\\\":\\\"\\\",\\\"targetb\\\":\\\"\\\",\\\"urlc\\\":false,\\\"urlctext\\\":\\\"\\\",\\\"targetc\\\":\\\"\\\"}\",\"attribs\":\"{\\\"article_layout\\\":\\\"\\\",\\\"show_title\\\":\\\"\\\",\\\"link_titles\\\":\\\"\\\",\\\"show_tags\\\":\\\"\\\",\\\"show_intro\\\":\\\"\\\",\\\"info_block_position\\\":\\\"\\\",\\\"info_block_show_title\\\":\\\"\\\",\\\"show_category\\\":\\\"\\\",\\\"link_category\\\":\\\"\\\",\\\"show_parent_category\\\":\\\"\\\",\\\"link_parent_category\\\":\\\"\\\",\\\"show_associations\\\":\\\"\\\",\\\"show_author\\\":\\\"\\\",\\\"link_author\\\":\\\"\\\",\\\"show_create_date\\\":\\\"\\\",\\\"show_modify_date\\\":\\\"\\\",\\\"show_publish_date\\\":\\\"\\\",\\\"show_item_navigation\\\":\\\"\\\",\\\"show_icons\\\":\\\"\\\",\\\"show_print_icon\\\":\\\"\\\",\\\"show_email_icon\\\":\\\"\\\",\\\"show_vote\\\":\\\"\\\",\\\"show_hits\\\":\\\"\\\",\\\"show_noauth\\\":\\\"\\\",\\\"urls_position\\\":\\\"\\\",\\\"alternative_readmore\\\":\\\"\\\",\\\"article_page_title\\\":\\\"\\\",\\\"show_publishing_options\\\":\\\"\\\",\\\"show_article_options\\\":\\\"\\\",\\\"show_urls_images_backend\\\":\\\"\\\",\\\"show_urls_images_frontend\\\":\\\"\\\"}\",\"version\":1,\"ordering\":null,\"metakey\":\"\",\"metadesc\":\"\",\"access\":\"1\",\"hits\":null,\"metadata\":\"{\\\"robots\\\":\\\"\\\",\\\"author\\\":\\\"\\\",\\\"rights\\\":\\\"\\\",\\\"xreference\\\":\\\"\\\"}\",\"featured\":\"1\",\"language\":\"*\",\"xreference\":\"\",\"note\":\"\"}',0),(6715,2318,1,'','2026-04-13 14:11:31',873,4451,'6fc5ecd6a2e5a5023ee37d90eee242b128390e9e','{\"id\":2318,\"asset_id\":2630,\"title\":\"A Different Kind of April Shower -\\u00a0Christa Elisha, Oxford, Ohio -\\u00a0Apr 13, 2026\",\"alias\":\"a-different-kind-of-april-shower-christa-elisha-oxford-ohio-apr-13-2026\",\"introtext\":\"<div id=\\\"dispwordtitle\\\">\\r\\n<h1>A Different Kind of April Shower -&nbsp;Christa Elisha, Oxford, Ohio -&nbsp;Apr 13, 2026<\\/h1>\\r\\n<\\/div>\\r\\n<div align=\\\"left\\\">&nbsp;<\\/div>\\r\\n<div id=\\\"archive\\\">\\r\\n<div>\\r\\n<p align=\\\"center\\\"><img src=\\\"https:\\/\\/images.elijahlist.com\\/faces\\/Christa_Elisha_2025_600px.jpg\\\" alt=\\\"\\\" width=\\\"222\\\" height=\\\"148\\\" style=\\\"float: right;\\\" hspace=\\\"10\\\" align=\\\"center\\\" \\/><\\/p>\\r\\n<\\/div>\\r\\n<div id=\\\"word-truncate\\\">\\r\\n<p style=\\\"text-align: justify;\\\">[<strong>Editor\'s note:<\\/strong>&nbsp;Below are the prophetic words and insights that Christa Elisha shared during her recent interview on ElijahStreams. We encourage you to read through them prayerfully and watch the episode&nbsp;<a href=\\\"https:\\/\\/elijahstreams.com\\/videos\\/the-coat-of-many-colors-word-for-trump-christa-elisha\\\" target=\\\"_blank\\\" rel=\\\"noopener\\\">here<\\/a>.]<\\/p>\\r\\n<p class=\\\"subtitle\\\" style=\\\"text-align: justify;\\\">Priests Are Being Positioned as Kings<\\/p>\\r\\n<p style=\\\"text-align: justify;\\\"><em>Word of the Lord received on March 28, 2026:<\\/em><\\/p>\\r\\n<p style=\\\"text-align: justify;\\\">I heard the Lord say,&nbsp;<strong>\\\"April is the month of the open door. It is the season of crossover into the promise. April showers bring May flowers.\\\"<\\/strong><\\/p>\\r\\n<p style=\\\"text-align: justify;\\\">When He said this, I went into a vision where I saw golden crowns falling down like rain, landing on the heads of His Davidic priests. I knew in my spirit that this meant we were entering a season of priests being positioned as kings, like David was, after his wilderness season came to an end and he was finally able to take the throne he had been anointed to occupy many years earlier.<\\/p>\\r\\n<p style=\\\"text-align: justify;\\\">The Lord put an emphasis on the words \\\"April\\\" and \\\"May.\\\" The word \\\"April\\\" is believed to come from the Latin word&nbsp;<em>aperire<\\/em>, meaning \\\"to open.\\\" The word \\\"may\\\" (verb) means \\\"possibility\\\" and \\\"permission\\\" (Merriam-Webster). I believe the Lord is saying that this is a time to be open to new possibilities, because you have His permission to step into the new kingly anointing you have been prepared for.<\\/p>\\r\\n<p class=\\\"subtitle\\\" style=\\\"text-align: justify;\\\">Pass over from Poverty to Prosperity&nbsp; &nbsp;<\\/p>\\r\\n<p style=\\\"text-align: justify;\\\"><em>Word of the Lord received on April 7, 2026:&nbsp; &nbsp;<a href=\\\"https:\\/\\/elijahlist.com\\/words\\/display_word.html?ID=33932\\\" target=\\\"_blank\\\" rel=\\\"noopener\\\">READ MORE<\\/a><\\/em><\\/p>\\r\\n<\\/div>\\r\\n<\\/div>\",\"fulltext\":\"\",\"state\":1,\"catid\":\"8\",\"created\":\"2026-04-13 14:11:31\",\"created_by\":\"873\",\"created_by_alias\":\"\",\"modified\":\"2026-04-13 14:11:31\",\"modified_by\":null,\"checked_out\":null,\"checked_out_time\":null,\"publish_up\":\"2026-04-13 14:11:31\",\"publish_down\":\"0000-00-00 00:00:00\",\"images\":\"{\\\"image_intro\\\":\\\"\\\",\\\"float_intro\\\":\\\"\\\",\\\"image_intro_alt\\\":\\\"\\\",\\\"image_intro_caption\\\":\\\"\\\",\\\"image_fulltext\\\":\\\"\\\",\\\"float_fulltext\\\":\\\"\\\",\\\"image_fulltext_alt\\\":\\\"\\\",\\\"image_fulltext_caption\\\":\\\"\\\"}\",\"urls\":\"{\\\"urla\\\":false,\\\"urlatext\\\":\\\"\\\",\\\"targeta\\\":\\\"\\\",\\\"urlb\\\":false,\\\"urlbtext\\\":\\\"\\\",\\\"targetb\\\":\\\"\\\",\\\"urlc\\\":false,\\\"urlctext\\\":\\\"\\\",\\\"targetc\\\":\\\"\\\"}\",\"attribs\":\"{\\\"article_layout\\\":\\\"\\\",\\\"show_title\\\":\\\"\\\",\\\"link_titles\\\":\\\"\\\",\\\"show_tags\\\":\\\"\\\",\\\"show_intro\\\":\\\"\\\",\\\"info_block_position\\\":\\\"\\\",\\\"info_block_show_title\\\":\\\"\\\",\\\"show_category\\\":\\\"\\\",\\\"link_category\\\":\\\"\\\",\\\"show_parent_category\\\":\\\"\\\",\\\"link_parent_category\\\":\\\"\\\",\\\"show_associations\\\":\\\"\\\",\\\"show_author\\\":\\\"\\\",\\\"link_author\\\":\\\"\\\",\\\"show_create_date\\\":\\\"\\\",\\\"show_modify_date\\\":\\\"\\\",\\\"show_publish_date\\\":\\\"\\\",\\\"show_item_navigation\\\":\\\"\\\",\\\"show_icons\\\":\\\"\\\",\\\"show_print_icon\\\":\\\"\\\",\\\"show_email_icon\\\":\\\"\\\",\\\"show_vote\\\":\\\"\\\",\\\"show_hits\\\":\\\"\\\",\\\"show_noauth\\\":\\\"\\\",\\\"urls_position\\\":\\\"\\\",\\\"alternative_readmore\\\":\\\"\\\",\\\"article_page_title\\\":\\\"\\\",\\\"show_publishing_options\\\":\\\"\\\",\\\"show_article_options\\\":\\\"\\\",\\\"show_urls_images_backend\\\":\\\"\\\",\\\"show_urls_images_frontend\\\":\\\"\\\"}\",\"version\":1,\"ordering\":null,\"metakey\":\"\",\"metadesc\":\"\",\"access\":\"1\",\"hits\":null,\"metadata\":\"{\\\"robots\\\":\\\"\\\",\\\"author\\\":\\\"\\\",\\\"rights\\\":\\\"\\\",\\\"xreference\\\":\\\"\\\"}\",\"featured\":\"1\",\"language\":\"*\",\"xreference\":\"\",\"note\":\"\"}',0),(6716,2318,1,'','2026-04-13 14:12:16',873,4448,'87d0c59c2438b2dd3b5a0077c71b4d099fd716df','{\"id\":2318,\"asset_id\":\"2630\",\"title\":\"A Different Kind of April Shower -\\u00a0Christa Elisha, Oxford, Ohio -\\u00a0Apr 13, 2026\",\"alias\":\"a-different-kind-of-april-shower-christa-elisha-oxford-ohio-apr-13-2026\",\"introtext\":\"<div id=\\\"dispwordtitle\\\">\\r\\n<h1>A Different Kind of April Shower -&nbsp;Christa Elisha, Oxford, Ohio -&nbsp;Apr 13, 2026<\\/h1>\\r\\n<\\/div>\\r\\n<div align=\\\"left\\\">\\r\\n<p align=\\\"center\\\"><img src=\\\"https:\\/\\/images.elijahlist.com\\/faces\\/Christa_Elisha_2025_600px.jpg\\\" alt=\\\"\\\" width=\\\"222\\\" height=\\\"148\\\" style=\\\"float: right;\\\" hspace=\\\"10\\\" align=\\\"center\\\" \\/><\\/p>\\r\\n<\\/div>\\r\\n<div id=\\\"archive\\\">\\r\\n<div id=\\\"word-truncate\\\">\\r\\n<p style=\\\"text-align: justify;\\\">[<strong>Editor\'s note:<\\/strong>&nbsp;Below are the prophetic words and insights that Christa Elisha shared during her recent interview on ElijahStreams. We encourage you to read through them prayerfully and watch the episode&nbsp;<a href=\\\"https:\\/\\/elijahstreams.com\\/videos\\/the-coat-of-many-colors-word-for-trump-christa-elisha\\\" target=\\\"_blank\\\" rel=\\\"noopener\\\">here<\\/a>.]<\\/p>\\r\\n<p class=\\\"subtitle\\\" style=\\\"text-align: justify;\\\">Priests Are Being Positioned as Kings<\\/p>\\r\\n<p style=\\\"text-align: justify;\\\"><em>Word of the Lord received on March 28, 2026:<\\/em><\\/p>\\r\\n<p style=\\\"text-align: justify;\\\">I heard the Lord say,&nbsp;<strong>\\\"April is the month of the open door. It is the season of crossover into the promise. April showers bring May flowers.\\\"<\\/strong><\\/p>\\r\\n<p style=\\\"text-align: justify;\\\">When He said this, I went into a vision where I saw golden crowns falling down like rain, landing on the heads of His Davidic priests. I knew in my spirit that this meant we were entering a season of priests being positioned as kings, like David was, after his wilderness season came to an end and he was finally able to take the throne he had been anointed to occupy many years earlier.<\\/p>\\r\\n<p style=\\\"text-align: justify;\\\">The Lord put an emphasis on the words \\\"April\\\" and \\\"May.\\\" The word \\\"April\\\" is believed to come from the Latin word&nbsp;<em>aperire<\\/em>, meaning \\\"to open.\\\" The word \\\"may\\\" (verb) means \\\"possibility\\\" and \\\"permission\\\" (Merriam-Webster). I believe the Lord is saying that this is a time to be open to new possibilities, because you have His permission to step into the new kingly anointing you have been prepared for.<\\/p>\\r\\n<p class=\\\"subtitle\\\" style=\\\"text-align: justify;\\\">Pass over from Poverty to Prosperity&nbsp; &nbsp;<\\/p>\\r\\n<p style=\\\"text-align: justify;\\\"><em>Word of the Lord received on April 7, 2026:&nbsp; &nbsp;<a href=\\\"https:\\/\\/elijahlist.com\\/words\\/display_word.html?ID=33932\\\" target=\\\"_blank\\\" rel=\\\"noopener\\\">READ MORE<\\/a><\\/em><\\/p>\\r\\n<\\/div>\\r\\n<\\/div>\",\"fulltext\":\"\",\"state\":1,\"catid\":\"8\",\"created\":\"2026-04-13 14:11:31\",\"created_by\":\"873\",\"created_by_alias\":\"\",\"modified\":\"2026-04-13 14:12:16\",\"modified_by\":\"873\",\"checked_out\":\"873\",\"checked_out_time\":\"2026-04-13 14:12:00\",\"publish_up\":\"2026-04-13 14:11:31\",\"publish_down\":\"0000-00-00 00:00:00\",\"images\":\"{\\\"image_intro\\\":\\\"\\\",\\\"float_intro\\\":\\\"\\\",\\\"image_intro_alt\\\":\\\"\\\",\\\"image_intro_caption\\\":\\\"\\\",\\\"image_fulltext\\\":\\\"\\\",\\\"float_fulltext\\\":\\\"\\\",\\\"image_fulltext_alt\\\":\\\"\\\",\\\"image_fulltext_caption\\\":\\\"\\\"}\",\"urls\":\"{\\\"urla\\\":false,\\\"urlatext\\\":\\\"\\\",\\\"targeta\\\":\\\"\\\",\\\"urlb\\\":false,\\\"urlbtext\\\":\\\"\\\",\\\"targetb\\\":\\\"\\\",\\\"urlc\\\":false,\\\"urlctext\\\":\\\"\\\",\\\"targetc\\\":\\\"\\\"}\",\"attribs\":\"{\\\"article_layout\\\":\\\"\\\",\\\"show_title\\\":\\\"\\\",\\\"link_titles\\\":\\\"\\\",\\\"show_tags\\\":\\\"\\\",\\\"show_intro\\\":\\\"\\\",\\\"info_block_position\\\":\\\"\\\",\\\"info_block_show_title\\\":\\\"\\\",\\\"show_category\\\":\\\"\\\",\\\"link_category\\\":\\\"\\\",\\\"show_parent_category\\\":\\\"\\\",\\\"link_parent_category\\\":\\\"\\\",\\\"show_associations\\\":\\\"\\\",\\\"show_author\\\":\\\"\\\",\\\"link_author\\\":\\\"\\\",\\\"show_create_date\\\":\\\"\\\",\\\"show_modify_date\\\":\\\"\\\",\\\"show_publish_date\\\":\\\"\\\",\\\"show_item_navigation\\\":\\\"\\\",\\\"show_icons\\\":\\\"\\\",\\\"show_print_icon\\\":\\\"\\\",\\\"show_email_icon\\\":\\\"\\\",\\\"show_vote\\\":\\\"\\\",\\\"show_hits\\\":\\\"\\\",\\\"show_noauth\\\":\\\"\\\",\\\"urls_position\\\":\\\"\\\",\\\"alternative_readmore\\\":\\\"\\\",\\\"article_page_title\\\":\\\"\\\",\\\"show_publishing_options\\\":\\\"\\\",\\\"show_article_options\\\":\\\"\\\",\\\"show_urls_images_backend\\\":\\\"\\\",\\\"show_urls_images_frontend\\\":\\\"\\\"}\",\"version\":2,\"ordering\":\"0\",\"metakey\":\"\",\"metadesc\":\"\",\"access\":\"1\",\"hits\":\"0\",\"metadata\":\"{\\\"robots\\\":\\\"\\\",\\\"author\\\":\\\"\\\",\\\"rights\\\":\\\"\\\",\\\"xreference\\\":\\\"\\\"}\",\"featured\":\"1\",\"language\":\"*\",\"xreference\":\"\",\"note\":\"\"}',0),(6717,2319,1,'','2026-04-16 14:23:21',873,27882,'49c50cb69e3fc636ce2803b24e848bc0545f20b6','{\"id\":2319,\"asset_id\":2631,\"title\":\"What Cannot Be Shaken Will Remain \\u2014 A Word from Rick\",\"alias\":\"what-cannot-be-shaken-will-remain-a-word-from-rick\",\"introtext\":\"<h1>What Cannot Be Shaken Will Remain \\u2014 A Word from Rick<\\/h1>\\r\\n<table border=\\\"0\\\" align=\\\"center\\\" cellpadding=\\\"0\\\" cellspacing=\\\"0\\\">\\r\\n<tbody>\\r\\n<tr>\\r\\n<td>\\r\\n<table border=\\\"0\\\" align=\\\"center\\\" cellpadding=\\\"0\\\" cellspacing=\\\"0\\\">\\r\\n<tbody>\\r\\n<tr>\\r\\n<td>\\r\\n<div class=\\\"content-padding kl-first kl-last\\\">\\r\\n<div class=\\\"kl-row colstack\\\">\\r\\n<div class=\\\"kl-column\\\">\\r\\n<div class=\\\"mj-column-per-100 mj-outlook-group-fix component-wrapper\\\"><br \\/><a href=\\\"https:\\/\\/trk.morningstarministries.com\\/ls\\/click?upn=u001.Q-2BFGf1dTlil-2BcTTSwrCHlIMPJyENcpW8Yh9f6eaCrTaSHgY0UEKojF0mY30Q2G47ksxZYsNB6qBLL-2Fnn4p4IcDAlxa-2F3c4Hfk0ZnMznFCkAZq74JwSsvtk9vY5Cgu6-2BDrblCk01klPzcWx2i7LwwrQ-3D-3DmCBO_A2IHqhB1mEOq0Rh-2B-2B1Ln6QUDgZAcJP1Vf1dVR-2F2QtD0hHT-2BXACIun2B2-2BnPsPoak-2FWyT2fUXCp6tpYulFCL8QqQuNGKcowl-2BvkkqX-2BOEkHFOO-2BnV5oEIXoqJJPyfu24PiFmcEKdZdn2XPdJM3HWKi83QPYNf2bNAzR0Zba8koeP1NS8fsKjp5nA27477b5U-2Fgr9Urpqc4OSgMQjTPBe4ROzEyqvmIMG2rSSWZTv-2FPk4QawVzAwbw9BESaxwCkOLifttjP0-2F7B7-2B5CqZpwQ-2B4tCgomiEUx-2BZ-2FFCE5NhiOBZzKijjHX6Bjkxd4JazTCXU5OvDwHWVHDwguyaUvjWJmvNLl8kfaJ7O-2FiBGe-2FaFftV4vOpvgyBi5hVa65TMm5Uel3auwnfdVkn-2Fl9JBqm1-2BCA8mnu7Uv-2F5fOyI-2FcKm0KkVV3qW3WupV42LTY7kTg1BO-2FC-2BUnfzLhvQflrRAlfembcP00lZGDLG90AhbLqvWKZRkzxe6MDaIWP3FiewhHjlygIEHs1Zl-2FCR17ZcRUdEgdGoc7g-2FxGNoobodgc5gFN-2FmPKsAtE-2FkTDH0RdIkD8-2Bss-2B\\\" target=\\\"_blank\\\" rel=\\\"noopener\\\" class=\\\"kl-img-link\\\"><img src=\\\"https:\\/\\/d3k81ch9hvuctc.cloudfront.net\\/company\\/U4gNJ5\\/images\\/70998b5b-68af-46ca-9868-313908e3b7cd.png\\\" alt=\\\"\\\" width=\\\"222\\\" height=\\\"111\\\" style=\\\"float: left;\\\" hspace=\\\"10\\/\\\" \\/><\\/a>Dear MorningStar Partners and Friends,\\r\\n<div>&nbsp;<\\/div>\\r\\n<div style=\\\"text-align: justify;\\\">&nbsp; &nbsp; &nbsp; &nbsp; &nbsp; &nbsp; As we approach the greatest of all Christian celebrations, the day we celebrate the resurrection of Jesus, let us resolve that our lives will reflect the truth of His resurrection. So, how will we do this?<\\/div>\\r\\n<div style=\\\"text-align: justify;\\\">&nbsp;<\\/div>\\r\\n<div style=\\\"text-align: justify;\\\">&nbsp; &nbsp; &nbsp; &nbsp; &nbsp; &nbsp; First, our main devotion must be to the eternal purposes of God, not the temporary issues of this life. The key word here is \\u201cmain.\\u201d While we are still in this life, we do have responsibilities in it, but the temporary issues of this life should never eclipse our devotion to the Lord and seeking His kingdom first. A basic teaching of the Lord is that we must keep His kingdom first for Him to add the things we need in this life to us.<\\/div>\\r\\n<div style=\\\"text-align: justify;\\\">&nbsp;<\\/div>\\r\\n<div style=\\\"text-align: justify;\\\"><strong>\\\"Seek first His kingdom and His righteousness, and all these things will be added to you. So, do not worry about tomorrow, for tomorrow will care for itself\\u201d (Matthew 6:33-34).<\\/strong><\\/div>\\r\\n<div style=\\\"text-align: justify;\\\">&nbsp;<\\/div>\\r\\n<div style=\\\"text-align: justify;\\\">&nbsp; &nbsp; &nbsp; &nbsp; &nbsp; &nbsp; How well are we obeying this? Is this not a direct reflection of how much we believe Him? Before we spend too much time praying for our physical needs, how much better would we be if we spent as much time praying for our spiritual needs? Will it do us any good to ask Him for the physical and temporary needs if we are not complying with the simple and clear conditions He gave us for receiving them\\u2014to seek His kingdom first?<\\/div>\\r\\n<div style=\\\"text-align: justify;\\\">&nbsp;<\\/div>\\r\\n<div style=\\\"text-align: justify;\\\">&nbsp; &nbsp; &nbsp; &nbsp; &nbsp; &nbsp; As the shaking in the world continues, obeying this one truth\\u2014to keep seeking His kingdom first\\u2014will have the greatest impact on how we live in the present and the future. The times will increasingly reveal how much we believe by how much we have obeyed. As we\\u2019re exhorted in Hebrews 3:8,&nbsp;<strong>\\\"Today, if you hear His voice, do not harden your hearts.\\u201d &nbsp;<\\/strong><\\/div>\\r\\n<div style=\\\"text-align: justify;\\\">&nbsp;<\\/div>\\r\\n<div style=\\\"text-align: justify;\\\">&nbsp; &nbsp; &nbsp; &nbsp; &nbsp; &nbsp; Yesterday no longer exists and tomorrow does not yet exist.<\\/div>\\r\\n\",\"fulltext\":\"\\r\\n<div style=\\\"text-align: justify;\\\">The only thing we really have is the present. Is that not why He said His name is I AM, not I WAS or I WILL BE? We only have today, so let\\u2019s make it a masterpiece of worship and devotion to Him, learning of Him and walking with Him every day.&nbsp;<\\/div>\\r\\n<div style=\\\"text-align: justify;\\\">&nbsp;<\\/div>\\r\\n<div style=\\\"text-align: justify;\\\">&nbsp; &nbsp; &nbsp; &nbsp; &nbsp; &nbsp; Have you noticed that the more advanced the world becomes, the shakier it gets? It is appropriate to be thankful for modern conveniences, like the ability to travel far and fast and to communicate almost instantly anywhere in the world. However, we must not put our faith in them but in the Lord. At the end of this age, all that men have done without God is going to be shaken, and only that which is built on His kingdom will remain. This is not because God is against what man builds, but if it is not built with God, as awesome as it may seem, it has not been built very well. He builds things so that they remain, and the main thing He is building is people who will remain forever.<\\/div>\\r\\n<div style=\\\"text-align: justify;\\\">&nbsp;<\\/div>\\r\\n<div style=\\\"text-align: justify;\\\">&nbsp; &nbsp; &nbsp; &nbsp; &nbsp; &nbsp; It\\u2019s not that God is offended by all of our nice stuff. He intends to help us build much nicer stuff in His kingdom, and it will not be so fragile because He will build it with us. I was shown a few years ago how much my impatience had robbed me of seeing miracles He wanted to use me for and divine connections He wanted me to make that would have borne much fruit for the Lord. I was shocked at how much of doing His will I had missed, and a main devotion I have is to change this by being changed myself.<\\/div>\\r\\n<div style=\\\"text-align: justify;\\\">&nbsp;<\\/div>\\r\\n<div style=\\\"text-align: justify;\\\">&nbsp; &nbsp; &nbsp; &nbsp; &nbsp; &nbsp; He also showed me how not having patience when teaching\\u2014not using the repetition necessary for people to retain what was taught\\u2014had kept these teachings from bearing the fruit they could have. At the time, I thought I was using too much repetition, but I needed to use more. This is what led to me teaching the series I am now doing on \\u201cThe Whole Message of This Life.\\u201d This will be the deepest, broadest, and highest teaching I have ever done and may ever get to do. I am seeking to be as patient with it as is necessary for it to actually change those who hear it, not just keep them interested in the meetings. I now know that only those who have the heart and patience to get all they can from His Word will get it anyway, and these are the ones with whom He wants to build.<\\/div>\\r\\n<div style=\\\"text-align: justify;\\\">&nbsp;<\\/div>\\r\\n<div style=\\\"text-align: justify;\\\">&nbsp; &nbsp; &nbsp; &nbsp; &nbsp; &nbsp; It\\u2019s interesting that as I am now in the sunset time of my life, the recent encounters I\\u2019ve had with the Lord have caused me to slow down, take my time, and do things right. I\\u2019m learning to do what was one of the hardest things for me to do\\u2014wait on the Lord. The patience this has resulted in has enabled me to soar higher than I have before with Him and to convey what I\\u2019m being shown in a more fruitful way.<\\/div>\\r\\n<div style=\\\"text-align: justify;\\\">&nbsp;<\\/div>\\r\\n<div style=\\\"text-align: justify;\\\">&nbsp; &nbsp; &nbsp; &nbsp; &nbsp; &nbsp; The pruning of MorningStar is also starting to bear fruit. We have had to reduce the staff by nearly half, but we are accomplishing more. The restructuring of MorningStar has been painful, but it will no doubt result in a much more effective ministry. Wait and see.&nbsp;<\\/div>\\r\\n<div style=\\\"text-align: justify;\\\">&nbsp;<\\/div>\\r\\n<div style=\\\"text-align: justify;\\\">&nbsp; &nbsp; &nbsp; &nbsp; &nbsp; &nbsp; As we\\u2019re promised in Hebrews 12, shaking comes so that we can know which things can be shaken. What cannot be shaken will be revealed as what has been built on the kingdom. I\\u2019m confident we are already much stronger and much more prepared for what we are called to do and be. We will need this for the coming harvest that will soon be upon us. Strengthen your foundations every chance you get.<\\/div>\\r\\n<div>&nbsp;<\\/div>\\r\\n<div>In His Service,<\\/div>\\r\\n<\\/div>\\r\\n<div class=\\\"mj-column-per-100 mj-outlook-group-fix component-wrapper\\\">\\r\\n<table border=\\\"0\\\" cellpadding=\\\"0\\\" cellspacing=\\\"0\\\">\\r\\n<tbody>\\r\\n<tr>\\r\\n<td class=\\\"\\\">\\r\\n<table border=\\\"0\\\" cellpadding=\\\"0\\\" cellspacing=\\\"0\\\">\\r\\n<tbody>\\r\\n<tr>\\r\\n<td class=\\\"kl-text\\\" align=\\\"left\\\">\\r\\n<div>\\r\\n<div>&nbsp;<\\/div>\\r\\n<\\/div>\\r\\n<\\/td>\\r\\n<\\/tr>\\r\\n<\\/tbody>\\r\\n<\\/table>\\r\\n<\\/td>\\r\\n<\\/tr>\\r\\n<\\/tbody>\\r\\n<\\/table>\\r\\n<\\/div>\\r\\n<div class=\\\"mj-column-per-100 mj-outlook-group-fix component-wrapper\\\">\\r\\n<table border=\\\"0\\\" cellpadding=\\\"0\\\" cellspacing=\\\"0\\\">\\r\\n<tbody>\\r\\n<tr>\\r\\n<td class=\\\"\\\">\\r\\n<table border=\\\"0\\\" cellpadding=\\\"0\\\" cellspacing=\\\"0\\\">\\r\\n<tbody>\\r\\n<tr>\\r\\n<td class=\\\"kl-image\\\" align=\\\"left\\\">\\r\\n<table border=\\\"0\\\" cellpadding=\\\"0\\\" cellspacing=\\\"0\\\">\\r\\n<tbody>\\r\\n<tr>\\r\\n<td class=\\\"\\\" valign=\\\"top\\\">\\r\\n<table border=\\\"0\\\" cellpadding=\\\"0\\\" cellspacing=\\\"0\\\">\\r\\n<tbody>\\r\\n<tr>\\r\\n<td valign=\\\"top\\\"><img src=\\\"https:\\/\\/d3k81ch9hvuctc.cloudfront.net\\/company\\/U4gNJ5\\/images\\/3f4d1025-7550-465d-ab3f-debca444d299.jpeg\\\" alt=\\\"\\\" width=\\\"150\\\" \\/><\\/td>\\r\\n<\\/tr>\\r\\n<\\/tbody>\\r\\n<\\/table>\\r\\n<\\/td>\\r\\n<\\/tr>\\r\\n<\\/tbody>\\r\\n<\\/table>\\r\\n<\\/td>\\r\\n<\\/tr>\\r\\n<\\/tbody>\\r\\n<\\/table>\\r\\n<\\/td>\\r\\n<\\/tr>\\r\\n<\\/tbody>\\r\\n<\\/table>\\r\\n<\\/div>\\r\\n<div class=\\\"mj-column-per-100 mj-outlook-group-fix component-wrapper\\\">\\r\\n<table border=\\\"0\\\" cellpadding=\\\"0\\\" cellspacing=\\\"0\\\">\\r\\n<tbody>\\r\\n<tr>\\r\\n<td class=\\\"\\\">\\r\\n<table border=\\\"0\\\" cellpadding=\\\"0\\\" cellspacing=\\\"0\\\">\\r\\n<tbody>\\r\\n<tr>\\r\\n<td align=\\\"center\\\">&nbsp;<\\/td>\\r\\n<\\/tr>\\r\\n<\\/tbody>\\r\\n<\\/table>\\r\\n<\\/td>\\r\\n<\\/tr>\\r\\n<\\/tbody>\\r\\n<\\/table>\\r\\n<\\/div>\\r\\n<div class=\\\"mj-column-per-100 mj-outlook-group-fix component-wrapper\\\">\\r\\n<table border=\\\"0\\\" cellpadding=\\\"0\\\" cellspacing=\\\"0\\\">\\r\\n<tbody>\\r\\n<tr>\\r\\n<td class=\\\"\\\">\\r\\n<table border=\\\"0\\\" cellpadding=\\\"0\\\" cellspacing=\\\"0\\\">\\r\\n<tbody>\\r\\n<tr>\\r\\n<td class=\\\"kl-button\\\" align=\\\"center\\\">\\r\\n<table border=\\\"0\\\" cellpadding=\\\"0\\\" cellspacing=\\\"0\\\">\\r\\n<tbody>\\r\\n<tr>\\r\\n<td align=\\\"center\\\" bgcolor=\\\"#014BEF\\\" valign=\\\"middle\\\"><a href=\\\"https:\\/\\/trk.morningstarministries.com\\/ls\\/click?upn=u001.Q-2BFGf1dTlil-2BcTTSwrCHlIqiKsCFCShkYNb3o6C-2BcVNsCS4pqcnsfFimSOeMNczGUxwifgLdtTt0Nn1JJfAmVgPsMKNV4OJMD10q-2F6eWEKqZeRacqu3rCfgagWasxs4vcXLa84X3nNCufZq-2FqaTvEfLOTayNC1Sg80pfnBSjb6pfwQOPlN8nd8Qm6pvWke8wtnpc_A2IHqhB1mEOq0Rh-2B-2B1Ln6QUDgZAcJP1Vf1dVR-2F2QtD0hHT-2BXACIun2B2-2BnPsPoak-2FWyT2fUXCp6tpYulFCL8QqQuNGKcowl-2BvkkqX-2BOEkHFOO-2BnV5oEIXoqJJPyfu24PiFmcEKdZdn2XPdJM3HWKi83QPYNf2bNAzR0Zba8koeP1NS8fsKjp5nA27477b5U-2Fgr9Urpqc4OSgMQjTPBe4ROzEyqvmIMG2rSSWZTv-2FPk4QawVzAwbw9BESaxwCkOLifttjP0-2F7B7-2B5CqZpwQ-2B4tCgomiEUx-2BZ-2FFCE5NhiOBZzKijjHX6Bjkxd4JazTCXU5OvDwHWVHDwguyaUvjWJmvNLl8kfaJ7O-2FiBGe-2FaFftV4vOpvgyBi5hVa65TMm5Uel3auwnfdVkn-2Fl9JBqm1-2BCAycacxGUtZ-2Fh8gmMfZ5I3nX4KItUQeQUTXCiMEFBu5hSluUH97xCHyIgm5Op14wAlDAalw5usjqpoa0b2khtNKvSY1XDT7ihRN6xHZIDAkr-2FqQHKabtAb7qTlNLY8vVPGPOh2aKlfFOllc1ugwche-2BywyQFZ4DY1xsg6Wq5WMyCM\\\" target=\\\"_blank\\\" rel=\\\"noopener\\\">Give Now<\\/a><\\/td>\\r\\n<\\/tr>\\r\\n<\\/tbody>\\r\\n<\\/table>\\r\\n<\\/td>\\r\\n<\\/tr>\\r\\n<\\/tbody>\\r\\n<\\/table>\\r\\n<\\/td>\\r\\n<\\/tr>\\r\\n<\\/tbody>\\r\\n<\\/table>\\r\\n<\\/div>\\r\\n<div class=\\\"mj-column-per-100 mj-outlook-group-fix component-wrapper\\\">\\r\\n<table border=\\\"0\\\" cellpadding=\\\"0\\\" cellspacing=\\\"0\\\">\\r\\n<tbody>\\r\\n<tr>\\r\\n<td class=\\\"\\\">\\r\\n<table border=\\\"0\\\" cellpadding=\\\"0\\\" cellspacing=\\\"0\\\">\\r\\n<tbody>\\r\\n<tr>\\r\\n<td align=\\\"center\\\">&nbsp;<\\/td>\\r\\n<\\/tr>\\r\\n<\\/tbody>\\r\\n<\\/table>\\r\\n<\\/td>\\r\\n<\\/tr>\\r\\n<\\/tbody>\\r\\n<\\/table>\\r\\n<\\/div>\\r\\n<div class=\\\"mj-column-per-100 mj-outlook-group-fix component-wrapper\\\">\\r\\n<table border=\\\"0\\\" cellpadding=\\\"0\\\" cellspacing=\\\"0\\\">\\r\\n<tbody>\\r\\n<tr>\\r\\n<td class=\\\"\\\">\\r\\n<table border=\\\"0\\\" cellpadding=\\\"0\\\" cellspacing=\\\"0\\\">\\r\\n<tbody>\\r\\n<tr>\\r\\n<td class=\\\"kl-image\\\" align=\\\"center\\\">\\r\\n<table border=\\\"0\\\" cellpadding=\\\"0\\\" cellspacing=\\\"0\\\">\\r\\n<tbody>\\r\\n<tr>\\r\\n<td class=\\\"\\\" valign=\\\"top\\\"><a href=\\\"https:\\/\\/trk.morningstarministries.com\\/ls\\/click?upn=u001.Q-2BFGf1dTlil-2BcTTSwrCHlIqiKsCFCShkYNb3o6C-2BcVNsCS4pqcnsfFimSOeMNczGUxwifgLdtTt0Nn1JJfAmVgPsMKNV4OJMD10q-2F6eWEKqZeRacqu3rCfgagWasxs4vcXLa84X3nNCufZq-2FqaTvEfLOTayNC1Sg80pfnBSjb6pfwQOPlN8nd8Qm6pvWke8wqqYT_A2IHqhB1mEOq0Rh-2B-2B1Ln6QUDgZAcJP1Vf1dVR-2F2QtD0hHT-2BXACIun2B2-2BnPsPoak-2FWyT2fUXCp6tpYulFCL8QqQuNGKcowl-2BvkkqX-2BOEkHFOO-2BnV5oEIXoqJJPyfu24PiFmcEKdZdn2XPdJM3HWKi83QPYNf2bNAzR0Zba8koeP1NS8fsKjp5nA27477b5U-2Fgr9Urpqc4OSgMQjTPBe4ROzEyqvmIMG2rSSWZTv-2FPk4QawVzAwbw9BESaxwCkOLifttjP0-2F7B7-2B5CqZpwQ-2B4tCgomiEUx-2BZ-2FFCE5NhiOBZzKijjHX6Bjkxd4JazTCXU5OvDwHWVHDwguyaUvjWJmvNLl8kfaJ7O-2FiBGe-2FaFftV4vOpvgyBi5hVa65TMm5Uel3auwnfdVkn-2Fl9JBqm1-2BCAz6wYtV7vp-2BERE6dapIkkITIZJiV8iN4Orjx8FNJUYTc62bmpiaW4GMBDvGoJKP20sxbFQ2u6-2Bt-2F8Rt7lYO1SEBfqDZbQgCunVwO52QcmzIaCcwRpBXrJ2hIdIVI0nKOiO2pNqPnAPsq3pHo6RzHbjCljLHm-2BBDKVIt2PWNpfOtU\\\" target=\\\"_blank\\\" rel=\\\"noopener\\\" class=\\\"kl-img-link\\\"><img src=\\\"https:\\/\\/d3k81ch9hvuctc.cloudfront.net\\/company\\/U4gNJ5\\/images\\/9221353a-4a50-48ce-814b-bb4b4c757ed8.png\\\" alt=\\\"\\\" width=\\\"125\\\" \\/><\\/a><\\/td>\\r\\n<\\/tr>\\r\\n<\\/tbody>\\r\\n<\\/table>\\r\\n<\\/td>\\r\\n<\\/tr>\\r\\n<\\/tbody>\\r\\n<\\/table>\\r\\n<\\/td>\\r\\n<\\/tr>\\r\\n<\\/tbody>\\r\\n<\\/table>\\r\\n<\\/div>\\r\\n<\\/div>\\r\\n<\\/div>\\r\\n<div class=\\\"kl-row colstack\\\">\\r\\n<div class=\\\"kl-column\\\">\\r\\n<div class=\\\"mj-column-per-100 mj-outlook-group-fix component-wrapper\\\">\\r\\n<table border=\\\"0\\\" cellpadding=\\\"0\\\" cellspacing=\\\"0\\\">\\r\\n<tbody>\\r\\n<tr>\\r\\n<td class=\\\"\\\">\\r\\n<table border=\\\"0\\\" cellpadding=\\\"0\\\" cellspacing=\\\"0\\\">\\r\\n<tbody>\\r\\n<tr>\\r\\n<td class=\\\"kl-text\\\" align=\\\"left\\\">\\r\\n<div>\\r\\n<div><strong>Partner with us:&nbsp;<\\/strong><br \\/>&nbsp; Text \\\"<strong>partner<\\/strong>\\\" to 35-25-800-800&nbsp;<br \\/>&nbsp; Visit&nbsp;<a href=\\\"https:\\/\\/trk.morningstarministries.com\\/ls\\/click?upn=u001.G3JlGqnGdMmATJQjDnUgzfKUyxDGiZGW-2BidJ8aHNnULg4lgAyjZVDDVhCwuMccY4RW7bLR-2FYtH9wH7Mj8K95gKLmONJMg3Vy1RLgO3myBWMSzQXEr5UkeBOQaxDiyswLiEVO_A2IHqhB1mEOq0Rh-2B-2B1Ln6QUDgZAcJP1Vf1dVR-2F2QtD0hHT-2BXACIun2B2-2BnPsPoak-2FWyT2fUXCp6tpYulFCL8QqQuNGKcowl-2BvkkqX-2BOEkHFOO-2BnV5oEIXoqJJPyfu24PiFmcEKdZdn2XPdJM3HWKi83QPYNf2bNAzR0Zba8koeP1NS8fsKjp5nA27477b5U-2Fgr9Urpqc4OSgMQjTPBe4ROzEyqvmIMG2rSSWZTv-2FPk4QawVzAwbw9BESaxwCkOLifttjP0-2F7B7-2B5CqZpwQ-2B4tCgomiEUx-2BZ-2FFCE5NhiOBZzKijjHX6Bjkxd4JazTCXU5OvDwHWVHDwguyaUvjWJmvNLl8kfaJ7O-2FiBGe-2FaFftV4vOpvgyBi5hVa65TMm5Uel3auwnfdVkn-2Fl9JBqm1-2BCA8k4yaQ1HoPSbt0eWQEgMgzs45YxxBZMw3daSMz1A9DzF5tlsTt1oG-2Bt6MAA2MU6k4uFbzy3pbwZOUxURjDuyIHYvXJfK4RGuYGpIczHovkv7D9cRs7e68-2BZSC8Eid-2FLwL0BuXqGcD2gbfPK9BEguVMQXq2voJ7XQLCHCTvyXwPd\\\" target=\\\"_blank\\\" rel=\\\"noopener\\\">MStarPartners.org<\\/a><\\/div>\\r\\n<\\/div>\\r\\n<\\/td>\\r\\n<\\/tr>\\r\\n<\\/tbody>\\r\\n<\\/table>\\r\\n<\\/td>\\r\\n<\\/tr>\\r\\n<\\/tbody>\\r\\n<\\/table>\\r\\n<\\/div>\\r\\n<div class=\\\"mj-column-per-100 mj-outlook-group-fix component-wrapper\\\">\\r\\n<table border=\\\"0\\\" cellpadding=\\\"0\\\" cellspacing=\\\"0\\\">\\r\\n<tbody>\\r\\n<tr>\\r\\n<td class=\\\"\\\">\\r\\n<table border=\\\"0\\\" cellpadding=\\\"0\\\" cellspacing=\\\"0\\\">\\r\\n<tbody>\\r\\n<tr>\\r\\n<td class=\\\"kl-text\\\" align=\\\"left\\\">\\r\\n<div>\\r\\n<div><strong>&nbsp;Can&nbsp;we pray for you?<\\/strong><br \\/>&nbsp; Email a prayer request or&nbsp;praise&nbsp;<br \\/>&nbsp; report to&nbsp;<a href=\\\"mailto:Prayer@MStarM.org?subject=Partners%20Prayer%20Request%3A%20&amp;body=Full%20Name%3A%0ASubject%20of%20prayer%20request%3A%0ABrief%20explanation%20of%20your%20prayer%20request%3A%20\\\" target=\\\"_blank\\\" class=\\\"mailto-link\\\"><\\/a><a href=\\\"mailto:Prayer@MStarM.org\\\">Prayer@MStarM.org<\\/a>&nbsp;&nbsp;&nbsp;<\\/div>\\r\\n<\\/div>\\r\\n<\\/td>\\r\\n<\\/tr>\\r\\n<\\/tbody>\\r\\n<\\/table>\\r\\n<\\/td>\\r\\n<\\/tr>\\r\\n<\\/tbody>\\r\\n<\\/table>\\r\\n<\\/div>\\r\\n<\\/div>\\r\\n<div class=\\\"kl-column\\\">\\r\\n<div class=\\\"mj-column-per-100 mj-outlook-group-fix component-wrapper\\\">\\r\\n<table border=\\\"0\\\" cellpadding=\\\"0\\\" cellspacing=\\\"0\\\">\\r\\n<tbody>\\r\\n<tr>\\r\\n<td class=\\\"\\\">\\r\\n<table border=\\\"0\\\" cellpadding=\\\"0\\\" cellspacing=\\\"0\\\">\\r\\n<tbody>\\r\\n<tr>\\r\\n<td class=\\\"kl-text\\\" align=\\\"left\\\">\\r\\n<div>\\r\\n<div><strong>View the Archives:<\\/strong><br \\/>&nbsp; Access previous Journals and&nbsp;<br \\/>&nbsp; Webinars&nbsp;<a href=\\\"https:\\/\\/trk.morningstarministries.com\\/ls\\/click?upn=u001.Q-2BFGf1dTlil-2BcTTSwrCHlIMPJyENcpW8Yh9f6eaCrTaSHgY0UEKojF0mY30Q2G4762-2Fhpo4INPsbS-2FgndNmcrpM-2FiOUR3Ev0goPuWbpppirDKlmwzwSjAp-2B8IhqqU13YKI1Lt9RY4Hp7h6nKQ9if88xoOax6JY8S-2Bvn1MAzRGB0-3DRYUD_A2IHqhB1mEOq0Rh-2B-2B1Ln6QUDgZAcJP1Vf1dVR-2F2QtD0hHT-2BXACIun2B2-2BnPsPoak-2FWyT2fUXCp6tpYulFCL8QqQuNGKcowl-2BvkkqX-2BOEkHFOO-2BnV5oEIXoqJJPyfu24PiFmcEKdZdn2XPdJM3HWKi83QPYNf2bNAzR0Zba8koeP1NS8fsKjp5nA27477b5U-2Fgr9Urpqc4OSgMQjTPBe4ROzEyqvmIMG2rSSWZTv-2FPk4QawVzAwbw9BESaxwCkOLifttjP0-2F7B7-2B5CqZpwQ-2B4tCgomiEUx-2BZ-2FFCE5NhiOBZzKijjHX6Bjkxd4JazTCXU5OvDwHWVHDwguyaUvjWJmvNLl8kfaJ7O-2FiBGe-2FaFftV4vOpvgyBi5hVa65TMm5Uel3auwnfdVkn-2Fl9JBqm1-2BCA01AbioI4-2FWlm4ItDUi41hu-2BA-2FHLYgIkWdOuJ-2BSN9FThjT4M91Er7At895dr4mk6SYto8pgvUfDwllQontQuGaErDJli4mgj8sKeg9K5hP5N2l6skn1ilNJjLwQrZ-2FwjI46kxCxz5mDwJ-2Bcvr-2FY4SvPg60920GWevsnYDHOCAsD-2F\\\" target=\\\"_blank\\\" rel=\\\"noopener\\\">MStarM.org\\/archives<\\/a><\\/div>\\r\\n<\\/div>\\r\\n<\\/td>\\r\\n<\\/tr>\\r\\n<\\/tbody>\\r\\n<\\/table>\\r\\n<\\/td>\\r\\n<\\/tr>\\r\\n<\\/tbody>\\r\\n<\\/table>\\r\\n<\\/div>\\r\\n<div class=\\\"mj-column-per-100 mj-outlook-group-fix component-wrapper\\\">\\r\\n<table border=\\\"0\\\" cellpadding=\\\"0\\\" cellspacing=\\\"0\\\">\\r\\n<tbody>\\r\\n<tr>\\r\\n<td class=\\\"\\\">\\r\\n<table border=\\\"0\\\" cellpadding=\\\"0\\\" cellspacing=\\\"0\\\">\\r\\n<tbody>\\r\\n<tr>\\r\\n<td class=\\\"kl-text\\\" align=\\\"left\\\">\\r\\n<div>\\r\\n<div>Have&nbsp;questions?<br \\/>&nbsp; Get&nbsp;answers. &nbsp;<br \\/>&nbsp;&nbsp;<a href=\\\"https:\\/\\/trk.morningstarministries.com\\/ls\\/click?upn=u001.Q-2BFGf1dTlil-2BcTTSwrCHlIMPJyENcpW8Yh9f6eaCrTaSHgY0UEKojF0mY30Q2G47waxswGn5-2F3NbJ5uKMn-2FLfBt4DDKUiDESr5ZLnWz9ZJ3xFPDo0RIYO3IgH7kgWlxN7WHu9AhUOZthRHHALRuHxmsRTwXobuDKJI9f5kEBmsU-3DDxsB_A2IHqhB1mEOq0Rh-2B-2B1Ln6QUDgZAcJP1Vf1dVR-2F2QtD0hHT-2BXACIun2B2-2BnPsPoak-2FWyT2fUXCp6tpYulFCL8QqQuNGKcowl-2BvkkqX-2BOEkHFOO-2BnV5oEIXoqJJPyfu24PiFmcEKdZdn2XPdJM3HWKi83QPYNf2bNAzR0Zba8koeP1NS8fsKjp5nA27477b5U-2Fgr9Urpqc4OSgMQjTPBe4ROzEyqvmIMG2rSSWZTv-2FPk4QawVzAwbw9BESaxwCkOLifttjP0-2F7B7-2B5CqZpwQ-2B4tCgomiEUx-2BZ-2FFCE5NhiOBZzKijjHX6Bjkxd4JazTCXU5OvDwHWVHDwguyaUvjWJmvNLl8kfaJ7O-2FiBGe-2FaFftV4vOpvgyBi5hVa65TMm5Uel3auwnfdVkn-2Fl9JBqm1-2BCAwo8DC3BuA-2FqbrWNVOC1h8IHJASdSy6z4ZrOgZLQKCVFYmXD0lHz8NEB-2BZDamfZeDv4wVwySIw7PXV78BbjDC4qw2r-2BCO9WQLyZI2k20GvaI7kLkOD6TpcVnZj0esUG7Ud5glXxDjXSwy4t30mlKtRGuKGtlhMs2gH4QzL3lt51C\\\" target=\\\"_blank\\\" rel=\\\"noopener\\\">MStarM.org\\/faq<\\/a>&nbsp;&nbsp;<\\/div>\\r\\n<\\/div>\\r\\n<\\/td>\\r\\n<\\/tr>\\r\\n<\\/tbody>\\r\\n<\\/table>\\r\\n<\\/td>\\r\\n<\\/tr>\\r\\n<\\/tbody>\\r\\n<\\/table>\\r\\n<\\/div>\\r\\n<\\/div>\\r\\n<\\/div>\\r\\n<div class=\\\"kl-row colstack\\\">\\r\\n<div class=\\\"kl-column\\\">\\r\\n<div class=\\\"mj-column-per-100 mj-outlook-group-fix component-wrapper\\\">\\r\\n<table border=\\\"0\\\" cellpadding=\\\"0\\\" cellspacing=\\\"0\\\">\\r\\n<tbody>\\r\\n<tr>\\r\\n<td class=\\\"\\\">\\r\\n<table border=\\\"0\\\" cellpadding=\\\"0\\\" cellspacing=\\\"0\\\">\\r\\n<tbody>\\r\\n<tr>\\r\\n<td align=\\\"center\\\">&nbsp;<\\/td>\\r\\n<\\/tr>\\r\\n<\\/tbody>\\r\\n<\\/table>\\r\\n<\\/td>\\r\\n<\\/tr>\\r\\n<\\/tbody>\\r\\n<\\/table>\\r\\n<\\/div>\\r\\n<div class=\\\"mj-column-per-100 mj-outlook-group-fix component-wrapper\\\">\\r\\n<table border=\\\"0\\\" cellpadding=\\\"0\\\" cellspacing=\\\"0\\\">\\r\\n<tbody>\\r\\n<tr>\\r\\n<td class=\\\"\\\">\\r\\n<table border=\\\"0\\\" cellpadding=\\\"0\\\" cellspacing=\\\"0\\\">\\r\\n<tbody>\\r\\n<tr>\\r\\n<td class=\\\"kl-text\\\" align=\\\"left\\\">\\r\\n<div>\\r\\n<p>You are receiving this email because you are&nbsp;<br \\/>subscribed as a MorningStar Partner.<\\/p>\\r\\n<p><a href=\\\"https:\\/\\/trk.morningstarministries.com\\/ls\\/click?upn=u001.G3JlGqnGdMmATJQjDnUgzbRIMFpIsKNc1d59g8pgPYNMMCnyZjss-2BQ0Q3Ok-2FPA-2FZXcCC6JICstzs29rjMsLYcCVaqPuGzO5Voz1L-2B8jsw3Z5hy7kLLIVudBsaqF4wLd-2BMdfe9e6zGQkqbs5-2B1yyCG1j4GBAQXqOjmW4LiFT4P-2F4ItiEiLaToNWWTCLP72y-2FgCxJe-2BQ9wqf7FyUYdeo9yTfwjIhudx3iGr2ncLFqecXFrw9KKN6TRgiUQGXneRgnDqSDvQ1ssZRof2jzMps4GqA-3D-3D0AJD_A2IHqhB1mEOq0Rh-2B-2B1Ln6QUDgZAcJP1Vf1dVR-2F2QtD0hHT-2BXACIun2B2-2BnPsPoak-2FWyT2fUXCp6tpYulFCL8QqQuNGKcowl-2BvkkqX-2BOEkHFOO-2BnV5oEIXoqJJPyfu24PiFmcEKdZdn2XPdJM3HWKi83QPYNf2bNAzR0Zba8koeP1NS8fsKjp5nA27477b5U-2Fgr9Urpqc4OSgMQjTPBe4ROzEyqvmIMG2rSSWZTv-2FPk4QawVzAwbw9BESaxwCkOLifttjP0-2F7B7-2B5CqZpwQ-2B4tCgomiEUx-2BZ-2FFCE5NhiOBZzKijjHX6Bjkxd4JazTCXU5OvDwHWVHDwguyaUvjWJmvNLl8kfaJ7O-2FiBGe-2FaFftV4vOpvgyBi5hVa65TMm5Uel3auwnfdVkn-2Fl9JBqm1-2BCAwu9C5mwmxdsXnupeOGPV8CzYL1S4O8BmQu0SRe0zY-2Fqb6CVXU7jbwGMK-2Ftkgipiu3-2FRTdXoo9oTesm-2BLX7PHXzZpiX8XuYPkdKezLSSI7FkTIapFc-2B7o8ahQHnW7EH72RD88Snackp1-2FzapCzL1Cm6QF-2FymfgxEwvtfSX4bMMhF\\\" target=\\\"_blank\\\" rel=\\\"noopener\\\" class=\\\"unsubscribe-link\\\">Unsubscribe<\\/a>&nbsp;from all lists<br \\/><a href=\\\"https:\\/\\/trk.morningstarministries.com\\/ls\\/click?upn=u001.Q-2BFGf1dTlil-2BcTTSwrCHlLMRA01gVXWtXCmBFJXBRpIilWfUb3m9M6xBrgXoSfHxiNgLlYIUybKUhAGCF7tnq4nXm0S2fCCGq0edK7txBDCWmkp0P5dsSdeKToKXqBXcxvZMgbmGdc-2BY1YxFcOiRh8Y1u0EsT-2BmcrudPa6Rig-2B8eLXSXSptGrb9qI3sMAg8z7owF4Y1ZfzAGalYpWONSNf9mgIS3GSwb-2FqJcvYH0D-2FtFz83T3meK8zd6bARFIHMFEubM_A2IHqhB1mEOq0Rh-2B-2B1Ln6QUDgZAcJP1Vf1dVR-2F2QtD0hHT-2BXACIun2B2-2BnPsPoak-2FWyT2fUXCp6tpYulFCL8QqQuNGKcowl-2BvkkqX-2BOEkHFOO-2BnV5oEIXoqJJPyfu24PiFmcEKdZdn2XPdJM3HWKi83QPYNf2bNAzR0Zba8koeP1NS8fsKjp5nA27477b5U-2Fgr9Urpqc4OSgMQjTPBe4ROzEyqvmIMG2rSSWZTv-2FPk4QawVzAwbw9BESaxwCkOLifttjP0-2F7B7-2B5CqZpwQ-2B4tCgomiEUx-2BZ-2FFCE5NhiOBZzKijjHX6Bjkxd4JazTCXU5OvDwHWVHDwguyaUvjWJmvNLl8kfaJ7O-2FiBGe-2FaFftV4vOpvgyBi5hVa65TMm5Uel3auwnfdVkn-2Fl9JBqm1-2BCA1rJ7kqlCJVhXSYpu5uOsRFKJpWmX0GUmz-2F6VLM-2BA2TdQfnWswR-2BF5XP4jn0Ckb8CbcBjJkJ-2BLyGPDU70H23hZiTlb2NqydBo-2FZ6CFEQMwqvRzI-2BneYb-2FOfRU6Rm8hx2xbh8wgbvLGwixDmxHMrEqHRJLRwtCWLwVGR1Q7-2Bwp8ci\\\" target=\\\"_blank\\\" rel=\\\"noopener\\\" class=\\\"manage-preferences\\\">Manage Preferences<\\/a><\\/p>\\r\\n<\\/div>\\r\\n<\\/td>\\r\\n<\\/tr>\\r\\n<\\/tbody>\\r\\n<\\/table>\\r\\n<\\/td>\\r\\n<\\/tr>\\r\\n<\\/tbody>\\r\\n<\\/table>\\r\\n<\\/div>\\r\\n<div class=\\\"mj-column-per-100 mj-outlook-group-fix component-wrapper\\\">\\r\\n<table border=\\\"0\\\" cellpadding=\\\"0\\\" cellspacing=\\\"0\\\">\\r\\n<tbody>\\r\\n<tr>\\r\\n<td class=\\\"\\\">\\r\\n<table border=\\\"0\\\" cellpadding=\\\"0\\\" cellspacing=\\\"0\\\">\\r\\n<tbody>\\r\\n<tr>\\r\\n<td>\\r\\n<div>\\r\\n<div class=\\\"\\\">\\r\\n<div><a href=\\\"https:\\/\\/trk.morningstarministries.com\\/ls\\/click?upn=u001.Q-2BFGf1dTlil-2BcTTSwrCHlKZ7EmMLvn1f-2BqZhydP5CPNoHw2R97AbwLIkL1n23I4zClDtSHYZ-2FTAfW1RKHAh1TY8DGSYKY5CdCoczyhe2FIUC7QtMcyR3j1in0pdFttxdUz9Zg71i-2Fs-2FtGovvK5w8Vg-3D-3DBaaT_A2IHqhB1mEOq0Rh-2B-2B1Ln6QUDgZAcJP1Vf1dVR-2F2QtD0hHT-2BXACIun2B2-2BnPsPoak-2FWyT2fUXCp6tpYulFCL8QqQuNGKcowl-2BvkkqX-2BOEkHFOO-2BnV5oEIXoqJJPyfu24PiFmcEKdZdn2XPdJM3HWKi83QPYNf2bNAzR0Zba8koeP1NS8fsKjp5nA27477b5U-2Fgr9Urpqc4OSgMQjTPBe4ROzEyqvmIMG2rSSWZTv-2FPk4QawVzAwbw9BESaxwCkOLifttjP0-2F7B7-2B5CqZpwQ-2B4tCgomiEUx-2BZ-2FFCE5NhiOBZzKijjHX6Bjkxd4JazTCXU5OvDwHWVHDwguyaUvjWJmvNLl8kfaJ7O-2FiBGe-2FaFftV4vOpvgyBi5hVa65TMm5Uel3auwnfdVkn-2Fl9JBqm1-2BCA4-2FjmDVgOKTZl3GwzeCcJCVKqoBo-2FCEMKNN2aPEjus4Lg1QzX2Z-2B-2FV3p5BDbq3yilbvk5fn-2FryF48r4O3teDC8-2BUTHK52sZHvvQkzQBtIyWC-2B13GR6ALf8sHKdUzR3xjQatXA6JjnPoKNEmE83UfksNbn5zxQL8ctHZb8Z-2FZEYcT\\\" target=\\\"_blank\\\" rel=\\\"noopener\\\"><img src=\\\"https:\\/\\/d3k81ch9hvuctc.cloudfront.net\\/assets\\/email\\/buttons\\/subtle\\/facebook_96.png\\\" alt=\\\"Facebook\\\" width=\\\"24\\\" \\/><\\/a><\\/div>\\r\\n<\\/div>\\r\\n&nbsp;\\r\\n<div class=\\\"\\\">\\r\\n<div><a href=\\\"https:\\/\\/trk.morningstarministries.com\\/ls\\/click?upn=u001.Q-2BFGf1dTlil-2BcTTSwrCHlIMPJyENcpW8Yh9f6eaCrTaSHgY0UEKojF0mY30Q2G47ksxZYsNB6qBLL-2Fnn4p4IcDAlxa-2F3c4Hfk0ZnMznFCkAZq74JwSsvtk9vY5Cgu6-2BDrblCk01klPzcWx2i7LwwrQ-3D-3DkKaN_A2IHqhB1mEOq0Rh-2B-2B1Ln6QUDgZAcJP1Vf1dVR-2F2QtD0hHT-2BXACIun2B2-2BnPsPoak-2FWyT2fUXCp6tpYulFCL8QqQuNGKcowl-2BvkkqX-2BOEkHFOO-2BnV5oEIXoqJJPyfu24PiFmcEKdZdn2XPdJM3HWKi83QPYNf2bNAzR0Zba8koeP1NS8fsKjp5nA27477b5U-2Fgr9Urpqc4OSgMQjTPBe4ROzEyqvmIMG2rSSWZTv-2FPk4QawVzAwbw9BESaxwCkOLifttjP0-2F7B7-2B5CqZpwQ-2B4tCgomiEUx-2BZ-2FFCE5NhiOBZzKijjHX6Bjkxd4JazTCXU5OvDwHWVHDwguyaUvjWJmvNLl8kfaJ7O-2FiBGe-2FaFftV4vOpvgyBi5hVa65TMm5Uel3auwnfdVkn-2Fl9JBqm1-2BCA7Iihd-2FdzYBeHu9BZ8-2FfB1Wgb005zg5e4M-2F7cVb5Oo02TR2umkRNbyoG0-2FlrmKpxF3W-2BZUy3wYeBUabCZkHGTE9V-2FlYfvoBXZGs29d55nCucgkL-2FCeKA2EbnvaU61KWqHQQGL5zFfUwi-2FZ53w7e-2BdYn48Xh-2BT2qJCXBjctgo8Kv-2B\\\" target=\\\"_blank\\\" rel=\\\"noopener\\\"><img src=\\\"https:\\/\\/d3k81ch9hvuctc.cloudfront.net\\/company\\/U4gNJ5\\/images\\/f8f73216-8713-47a5-8c79-77c094474b10.png\\\" alt=\\\"Custom\\\" width=\\\"60\\\" \\/><\\/a><\\/div>\\r\\n<\\/div>\\r\\n&nbsp;\\r\\n<div class=\\\"\\\">\\r\\n<div><a href=\\\"mailto:Partners@MStarM.org\\\" target=\\\"_blank\\\" class=\\\"mailto-link\\\"><img src=\\\"https:\\/\\/d3k81ch9hvuctc.cloudfront.net\\/assets\\/email\\/buttons\\/subtle\\/email_96.png\\\" alt=\\\"Email\\\" width=\\\"24\\\" \\/><\\/a><\\/div>\\r\\n<\\/div>\\r\\n<\\/div>\\r\\n<\\/td>\\r\\n<\\/tr>\\r\\n<\\/tbody>\\r\\n<\\/table>\\r\\n<\\/td>\\r\\n<\\/tr>\\r\\n<\\/tbody>\\r\\n<\\/table>\\r\\n<\\/div>\\r\\n<\\/div>\\r\\n<\\/div>\\r\\n<div class=\\\"kl-row colstack\\\">\\r\\n<div class=\\\"kl-column\\\">\\r\\n<div class=\\\"mj-column-per-100 mj-outlook-group-fix component-wrapper kl-text-table-layout\\\">\\r\\n<table border=\\\"0\\\" cellpadding=\\\"0\\\" cellspacing=\\\"0\\\">\\r\\n<tbody>\\r\\n<tr>\\r\\n<td class=\\\"\\\">\\r\\n<table border=\\\"0\\\" cellpadding=\\\"0\\\" cellspacing=\\\"0\\\">\\r\\n<tbody>\\r\\n<tr>\\r\\n<td class=\\\"kl-text\\\" align=\\\"center\\\">\\r\\n<div>\\r\\n<div>MorningStar 375 Star Light Dr Communications Dept Fort Mill, SC 29715<br \\/>\\u00a9 2026 | All rights reserved.<\\/div>\\r\\n<\\/div>\\r\\n<\\/td>\\r\\n<\\/tr>\\r\\n<\\/tbody>\\r\\n<\\/table>\\r\\n<\\/td>\\r\\n<\\/tr>\\r\\n<\\/tbody>\\r\\n<\\/table>\\r\\n<\\/div>\\r\\n<\\/div>\\r\\n<\\/div>\\r\\n<\\/div>\\r\\n<\\/td>\\r\\n<\\/tr>\\r\\n<\\/tbody>\\r\\n<\\/table>\\r\\n<\\/td>\\r\\n<\\/tr>\\r\\n<\\/tbody>\\r\\n<\\/table>\",\"state\":1,\"catid\":\"8\",\"created\":\"2026-04-16 14:23:21\",\"created_by\":\"873\",\"created_by_alias\":\"\",\"modified\":\"2026-04-16 14:23:21\",\"modified_by\":null,\"checked_out\":null,\"checked_out_time\":null,\"publish_up\":\"2026-04-16 14:23:21\",\"publish_down\":\"0000-00-00 00:00:00\",\"images\":\"{\\\"image_intro\\\":\\\"\\\",\\\"float_intro\\\":\\\"\\\",\\\"image_intro_alt\\\":\\\"\\\",\\\"image_intro_caption\\\":\\\"\\\",\\\"image_fulltext\\\":\\\"\\\",\\\"float_fulltext\\\":\\\"\\\",\\\"image_fulltext_alt\\\":\\\"\\\",\\\"image_fulltext_caption\\\":\\\"\\\"}\",\"urls\":\"{\\\"urla\\\":false,\\\"urlatext\\\":\\\"\\\",\\\"targeta\\\":\\\"\\\",\\\"urlb\\\":false,\\\"urlbtext\\\":\\\"\\\",\\\"targetb\\\":\\\"\\\",\\\"urlc\\\":false,\\\"urlctext\\\":\\\"\\\",\\\"targetc\\\":\\\"\\\"}\",\"attribs\":\"{\\\"article_layout\\\":\\\"\\\",\\\"show_title\\\":\\\"\\\",\\\"link_titles\\\":\\\"\\\",\\\"show_tags\\\":\\\"\\\",\\\"show_intro\\\":\\\"\\\",\\\"info_block_position\\\":\\\"\\\",\\\"info_block_show_title\\\":\\\"\\\",\\\"show_category\\\":\\\"\\\",\\\"link_category\\\":\\\"\\\",\\\"show_parent_category\\\":\\\"\\\",\\\"link_parent_category\\\":\\\"\\\",\\\"show_associations\\\":\\\"\\\",\\\"show_author\\\":\\\"\\\",\\\"link_author\\\":\\\"\\\",\\\"show_create_date\\\":\\\"\\\",\\\"show_modify_date\\\":\\\"\\\",\\\"show_publish_date\\\":\\\"\\\",\\\"show_item_navigation\\\":\\\"\\\",\\\"show_icons\\\":\\\"\\\",\\\"show_print_icon\\\":\\\"\\\",\\\"show_email_icon\\\":\\\"\\\",\\\"show_vote\\\":\\\"\\\",\\\"show_hits\\\":\\\"\\\",\\\"show_noauth\\\":\\\"\\\",\\\"urls_position\\\":\\\"\\\",\\\"alternative_readmore\\\":\\\"\\\",\\\"article_page_title\\\":\\\"\\\",\\\"show_publishing_options\\\":\\\"\\\",\\\"show_article_options\\\":\\\"\\\",\\\"show_urls_images_backend\\\":\\\"\\\",\\\"show_urls_images_frontend\\\":\\\"\\\"}\",\"version\":1,\"ordering\":null,\"metakey\":\"\",\"metadesc\":\"\",\"access\":\"1\",\"hits\":null,\"metadata\":\"{\\\"robots\\\":\\\"\\\",\\\"author\\\":\\\"\\\",\\\"rights\\\":\\\"\\\",\\\"xreference\\\":\\\"\\\"}\",\"featured\":\"1\",\"language\":\"*\",\"xreference\":\"\",\"note\":\"\"}',0),(6718,2320,1,'','2026-04-18 00:05:55',873,2326,'bbca819bb8dd88c93965972a1e7732410dde1bd8','{\"id\":2320,\"asset_id\":2632,\"title\":\"Trump\'s Global Strategy Explained - Here\'s What He\'s REALLY Doing - Glenn Beck\",\"alias\":\"trump-s-global-strategy-explained-here-s-what-he-s-really-doing-glenn-beck\",\"introtext\":\"<h1>Trump\'s Global Strategy Explained - Here\'s What He\'s REALLY Doing - Glenn Beck<\\/h1><iframe width=\\\"0\\\" height=\\\"315\\\" src=\\\"https:\\/\\/www.youtube.com\\/embed\\/rzZV__0i5BA?si=nBI8vESXg7c099tY\\\" title=\\\"YouTube video player\\\" frameborder=\\\"0\\\" allow=\\\"accelerometer; autoplay; clipboard-write; encrypted-media; gyroscope; picture-in-picture; web-share\\\" referrerpolicy=\\\"strict-origin-when-cross-origin\\\" allowfullscreen><\\/iframe>\",\"fulltext\":\"\",\"state\":1,\"catid\":\"8\",\"created\":\"2026-04-18 00:05:55\",\"created_by\":\"873\",\"created_by_alias\":\"\",\"modified\":\"2026-04-18 00:05:55\",\"modified_by\":null,\"checked_out\":null,\"checked_out_time\":null,\"publish_up\":\"2026-04-18 00:05:55\",\"publish_down\":\"0000-00-00 00:00:00\",\"images\":\"{\\\"image_intro\\\":\\\"\\\",\\\"float_intro\\\":\\\"\\\",\\\"image_intro_alt\\\":\\\"\\\",\\\"image_intro_caption\\\":\\\"\\\",\\\"image_fulltext\\\":\\\"\\\",\\\"float_fulltext\\\":\\\"\\\",\\\"image_fulltext_alt\\\":\\\"\\\",\\\"image_fulltext_caption\\\":\\\"\\\"}\",\"urls\":\"{\\\"urla\\\":false,\\\"urlatext\\\":\\\"\\\",\\\"targeta\\\":\\\"\\\",\\\"urlb\\\":false,\\\"urlbtext\\\":\\\"\\\",\\\"targetb\\\":\\\"\\\",\\\"urlc\\\":false,\\\"urlctext\\\":\\\"\\\",\\\"targetc\\\":\\\"\\\"}\",\"attribs\":\"{\\\"article_layout\\\":\\\"\\\",\\\"show_title\\\":\\\"\\\",\\\"link_titles\\\":\\\"\\\",\\\"show_tags\\\":\\\"\\\",\\\"show_intro\\\":\\\"\\\",\\\"info_block_position\\\":\\\"\\\",\\\"info_block_show_title\\\":\\\"\\\",\\\"show_category\\\":\\\"\\\",\\\"link_category\\\":\\\"\\\",\\\"show_parent_category\\\":\\\"\\\",\\\"link_parent_category\\\":\\\"\\\",\\\"show_associations\\\":\\\"\\\",\\\"show_author\\\":\\\"\\\",\\\"link_author\\\":\\\"\\\",\\\"show_create_date\\\":\\\"\\\",\\\"show_modify_date\\\":\\\"\\\",\\\"show_publish_date\\\":\\\"\\\",\\\"show_item_navigation\\\":\\\"\\\",\\\"show_icons\\\":\\\"\\\",\\\"show_print_icon\\\":\\\"\\\",\\\"show_email_icon\\\":\\\"\\\",\\\"show_vote\\\":\\\"\\\",\\\"show_hits\\\":\\\"\\\",\\\"show_noauth\\\":\\\"\\\",\\\"urls_position\\\":\\\"\\\",\\\"alternative_readmore\\\":\\\"\\\",\\\"article_page_title\\\":\\\"\\\",\\\"show_publishing_options\\\":\\\"\\\",\\\"show_article_options\\\":\\\"\\\",\\\"show_urls_images_backend\\\":\\\"\\\",\\\"show_urls_images_frontend\\\":\\\"\\\"}\",\"version\":1,\"ordering\":null,\"metakey\":\"\",\"metadesc\":\"\",\"access\":\"1\",\"hits\":null,\"metadata\":\"{\\\"robots\\\":\\\"\\\",\\\"author\\\":\\\"\\\",\\\"rights\\\":\\\"\\\",\\\"xreference\\\":\\\"\\\"}\",\"featured\":\"1\",\"language\":\"*\",\"xreference\":\"\",\"note\":\"\"}',0),(6719,2320,1,'','2026-04-18 00:06:57',873,2362,'067e39c646a05497a348a0a7649c0482a505ff19','{\"id\":2320,\"asset_id\":\"2632\",\"title\":\"Trump\'s Global Strategy Explained - Here\'s What He\'s REALLY Doing - Glenn Beck\",\"alias\":\"trump-s-global-strategy-explained-here-s-what-he-s-really-doing-glenn-beck\",\"introtext\":\"<h1>Trump\'s Global Strategy Explained - Here\'s What He\'s REALLY Doing - Glenn Beck<\\/h1>\\r\\n<p><iframe src=\\\"https:\\/\\/www.youtube.com\\/embed\\/rzZV__0i5BA?si=nBI8vESXg7c099tY\\\" width=\\\"0\\\" height=\\\"315\\\" title=\\\"YouTube video player\\\" frameborder=\\\"0\\\" allow=\\\"accelerometer; autoplay; clipboard-write; encrypted-media; gyroscope; picture-in-picture; web-share\\\" referrerpolicy=\\\"strict-origin-when-cross-origin\\\" allowfullscreen=\\\"\\\"><\\/iframe><\\/p>\",\"fulltext\":\"\",\"state\":1,\"catid\":\"8\",\"created\":\"2026-04-18 00:05:55\",\"created_by\":\"873\",\"created_by_alias\":\"\",\"modified\":\"2026-04-18 00:06:57\",\"modified_by\":\"873\",\"checked_out\":\"873\",\"checked_out_time\":\"2026-04-18 00:05:55\",\"publish_up\":\"2026-04-18 00:05:55\",\"publish_down\":\"0000-00-00 00:00:00\",\"images\":\"{\\\"image_intro\\\":\\\"\\\",\\\"float_intro\\\":\\\"\\\",\\\"image_intro_alt\\\":\\\"\\\",\\\"image_intro_caption\\\":\\\"\\\",\\\"image_fulltext\\\":\\\"\\\",\\\"float_fulltext\\\":\\\"\\\",\\\"image_fulltext_alt\\\":\\\"\\\",\\\"image_fulltext_caption\\\":\\\"\\\"}\",\"urls\":\"{\\\"urla\\\":false,\\\"urlatext\\\":\\\"\\\",\\\"targeta\\\":\\\"\\\",\\\"urlb\\\":false,\\\"urlbtext\\\":\\\"\\\",\\\"targetb\\\":\\\"\\\",\\\"urlc\\\":false,\\\"urlctext\\\":\\\"\\\",\\\"targetc\\\":\\\"\\\"}\",\"attribs\":\"{\\\"article_layout\\\":\\\"\\\",\\\"show_title\\\":\\\"\\\",\\\"link_titles\\\":\\\"\\\",\\\"show_tags\\\":\\\"\\\",\\\"show_intro\\\":\\\"\\\",\\\"info_block_position\\\":\\\"\\\",\\\"info_block_show_title\\\":\\\"\\\",\\\"show_category\\\":\\\"\\\",\\\"link_category\\\":\\\"\\\",\\\"show_parent_category\\\":\\\"\\\",\\\"link_parent_category\\\":\\\"\\\",\\\"show_associations\\\":\\\"\\\",\\\"show_author\\\":\\\"\\\",\\\"link_author\\\":\\\"\\\",\\\"show_create_date\\\":\\\"\\\",\\\"show_modify_date\\\":\\\"\\\",\\\"show_publish_date\\\":\\\"\\\",\\\"show_item_navigation\\\":\\\"\\\",\\\"show_icons\\\":\\\"\\\",\\\"show_print_icon\\\":\\\"\\\",\\\"show_email_icon\\\":\\\"\\\",\\\"show_vote\\\":\\\"\\\",\\\"show_hits\\\":\\\"\\\",\\\"show_noauth\\\":\\\"\\\",\\\"urls_position\\\":\\\"\\\",\\\"alternative_readmore\\\":\\\"\\\",\\\"article_page_title\\\":\\\"\\\",\\\"show_publishing_options\\\":\\\"\\\",\\\"show_article_options\\\":\\\"\\\",\\\"show_urls_images_backend\\\":\\\"\\\",\\\"show_urls_images_frontend\\\":\\\"\\\"}\",\"version\":2,\"ordering\":\"0\",\"metakey\":\"\",\"metadesc\":\"\",\"access\":\"1\",\"hits\":\"0\",\"metadata\":\"{\\\"robots\\\":\\\"\\\",\\\"author\\\":\\\"\\\",\\\"rights\\\":\\\"\\\",\\\"xreference\\\":\\\"\\\"}\",\"featured\":\"1\",\"language\":\"*\",\"xreference\":\"\",\"note\":\"\"}',0),(6720,2320,1,'','2026-04-18 00:09:40',873,2348,'490c9ed858e3a1cdf79040e1cd3f9d8c9cd4a7da','{\"id\":2320,\"asset_id\":\"2632\",\"title\":\"Trump\'s Global Strategy Explained - Here\'s What He\'s REALLY Doing - Glenn Beck\",\"alias\":\"trump-s-global-strategy-explained-here-s-what-he-s-really-doing-glenn-beck\",\"introtext\":\"<h1>Trump\'s Global Strategy Explained - Here\'s What He\'s REALLY Doing - Glenn Beck<\\/h1>\\r\\n<iframe width=\\\"\\\" height=\\\"315\\\" src=\\\"https:\\/\\/www.youtube.com\\/embed\\/rzZV__0i5BA?si=kg6UHVQxqAJYs_OL\\\" title=\\\"YouTube video player\\\" frameborder=\\\"0\\\" allow=\\\"accelerometer; autoplay; clipboard-write; encrypted-media; gyroscope; picture-in-picture; web-share\\\" referrerpolicy=\\\"strict-origin-when-cross-origin\\\" allowfullscreen><\\/iframe>\",\"fulltext\":\"\",\"state\":1,\"catid\":\"8\",\"created\":\"2026-04-18 00:05:55\",\"created_by\":\"873\",\"created_by_alias\":\"\",\"modified\":\"2026-04-18 00:09:40\",\"modified_by\":\"873\",\"checked_out\":\"873\",\"checked_out_time\":\"2026-04-18 00:06:57\",\"publish_up\":\"2026-04-18 00:05:55\",\"publish_down\":\"0000-00-00 00:00:00\",\"images\":\"{\\\"image_intro\\\":\\\"\\\",\\\"float_intro\\\":\\\"\\\",\\\"image_intro_alt\\\":\\\"\\\",\\\"image_intro_caption\\\":\\\"\\\",\\\"image_fulltext\\\":\\\"\\\",\\\"float_fulltext\\\":\\\"\\\",\\\"image_fulltext_alt\\\":\\\"\\\",\\\"image_fulltext_caption\\\":\\\"\\\"}\",\"urls\":\"{\\\"urla\\\":false,\\\"urlatext\\\":\\\"\\\",\\\"targeta\\\":\\\"\\\",\\\"urlb\\\":false,\\\"urlbtext\\\":\\\"\\\",\\\"targetb\\\":\\\"\\\",\\\"urlc\\\":false,\\\"urlctext\\\":\\\"\\\",\\\"targetc\\\":\\\"\\\"}\",\"attribs\":\"{\\\"article_layout\\\":\\\"\\\",\\\"show_title\\\":\\\"\\\",\\\"link_titles\\\":\\\"\\\",\\\"show_tags\\\":\\\"\\\",\\\"show_intro\\\":\\\"\\\",\\\"info_block_position\\\":\\\"\\\",\\\"info_block_show_title\\\":\\\"\\\",\\\"show_category\\\":\\\"\\\",\\\"link_category\\\":\\\"\\\",\\\"show_parent_category\\\":\\\"\\\",\\\"link_parent_category\\\":\\\"\\\",\\\"show_associations\\\":\\\"\\\",\\\"show_author\\\":\\\"\\\",\\\"link_author\\\":\\\"\\\",\\\"show_create_date\\\":\\\"\\\",\\\"show_modify_date\\\":\\\"\\\",\\\"show_publish_date\\\":\\\"\\\",\\\"show_item_navigation\\\":\\\"\\\",\\\"show_icons\\\":\\\"\\\",\\\"show_print_icon\\\":\\\"\\\",\\\"show_email_icon\\\":\\\"\\\",\\\"show_vote\\\":\\\"\\\",\\\"show_hits\\\":\\\"\\\",\\\"show_noauth\\\":\\\"\\\",\\\"urls_position\\\":\\\"\\\",\\\"alternative_readmore\\\":\\\"\\\",\\\"article_page_title\\\":\\\"\\\",\\\"show_publishing_options\\\":\\\"\\\",\\\"show_article_options\\\":\\\"\\\",\\\"show_urls_images_backend\\\":\\\"\\\",\\\"show_urls_images_frontend\\\":\\\"\\\"}\",\"version\":3,\"ordering\":\"0\",\"metakey\":\"\",\"metadesc\":\"\",\"access\":\"1\",\"hits\":\"0\",\"metadata\":\"{\\\"robots\\\":\\\"\\\",\\\"author\\\":\\\"\\\",\\\"rights\\\":\\\"\\\",\\\"xreference\\\":\\\"\\\"}\",\"featured\":\"1\",\"language\":\"*\",\"xreference\":\"\",\"note\":\"\"}',0),(6721,2320,1,'','2026-04-18 00:13:06',873,2361,'41ad5e7c5c4d1fb6b095a03299c3c9d342f2bf50','{\"id\":2320,\"asset_id\":\"2632\",\"title\":\"Trump\'s Global Strategy Explained - Here\'s What He\'s REALLY Doing - Glenn Beck\",\"alias\":\"trump-s-global-strategy-explained-here-s-what-he-s-really-doing-glenn-beck\",\"introtext\":\"<h1>Trump\'s Global Strategy Explained - Here\'s What He\'s REALLY Doing - Glenn Beck<\\/h1>\\r\\n<p><iframe src=\\\"https:\\/\\/www.youtube.com\\/embed\\/rzZV__0i5BA?si=kg6UHVQxqAJYs_OL\\\" width=\\\"516\\\" height=\\\"\\\" title=\\\"YouTube video player\\\" frameborder=\\\"0\\\" allow=\\\"accelerometer; autoplay; clipboard-write; encrypted-media; gyroscope; picture-in-picture; web-share\\\" referrerpolicy=\\\"strict-origin-when-cross-origin\\\" allowfullscreen=\\\"\\\"><\\/iframe><\\/p>\",\"fulltext\":\"\",\"state\":1,\"catid\":\"8\",\"created\":\"2026-04-18 00:05:55\",\"created_by\":\"873\",\"created_by_alias\":\"\",\"modified\":\"2026-04-18 00:13:06\",\"modified_by\":\"873\",\"checked_out\":\"873\",\"checked_out_time\":\"2026-04-18 00:09:40\",\"publish_up\":\"2026-04-18 00:05:55\",\"publish_down\":\"0000-00-00 00:00:00\",\"images\":\"{\\\"image_intro\\\":\\\"\\\",\\\"float_intro\\\":\\\"\\\",\\\"image_intro_alt\\\":\\\"\\\",\\\"image_intro_caption\\\":\\\"\\\",\\\"image_fulltext\\\":\\\"\\\",\\\"float_fulltext\\\":\\\"\\\",\\\"image_fulltext_alt\\\":\\\"\\\",\\\"image_fulltext_caption\\\":\\\"\\\"}\",\"urls\":\"{\\\"urla\\\":false,\\\"urlatext\\\":\\\"\\\",\\\"targeta\\\":\\\"\\\",\\\"urlb\\\":false,\\\"urlbtext\\\":\\\"\\\",\\\"targetb\\\":\\\"\\\",\\\"urlc\\\":false,\\\"urlctext\\\":\\\"\\\",\\\"targetc\\\":\\\"\\\"}\",\"attribs\":\"{\\\"article_layout\\\":\\\"\\\",\\\"show_title\\\":\\\"\\\",\\\"link_titles\\\":\\\"\\\",\\\"show_tags\\\":\\\"\\\",\\\"show_intro\\\":\\\"\\\",\\\"info_block_position\\\":\\\"\\\",\\\"info_block_show_title\\\":\\\"\\\",\\\"show_category\\\":\\\"\\\",\\\"link_category\\\":\\\"\\\",\\\"show_parent_category\\\":\\\"\\\",\\\"link_parent_category\\\":\\\"\\\",\\\"show_associations\\\":\\\"\\\",\\\"show_author\\\":\\\"\\\",\\\"link_author\\\":\\\"\\\",\\\"show_create_date\\\":\\\"\\\",\\\"show_modify_date\\\":\\\"\\\",\\\"show_publish_date\\\":\\\"\\\",\\\"show_item_navigation\\\":\\\"\\\",\\\"show_icons\\\":\\\"\\\",\\\"show_print_icon\\\":\\\"\\\",\\\"show_email_icon\\\":\\\"\\\",\\\"show_vote\\\":\\\"\\\",\\\"show_hits\\\":\\\"\\\",\\\"show_noauth\\\":\\\"\\\",\\\"urls_position\\\":\\\"\\\",\\\"alternative_readmore\\\":\\\"\\\",\\\"article_page_title\\\":\\\"\\\",\\\"show_publishing_options\\\":\\\"\\\",\\\"show_article_options\\\":\\\"\\\",\\\"show_urls_images_backend\\\":\\\"\\\",\\\"show_urls_images_frontend\\\":\\\"\\\"}\",\"version\":4,\"ordering\":\"0\",\"metakey\":\"\",\"metadesc\":\"\",\"access\":\"1\",\"hits\":\"0\",\"metadata\":\"{\\\"robots\\\":\\\"\\\",\\\"author\\\":\\\"\\\",\\\"rights\\\":\\\"\\\",\\\"xreference\\\":\\\"\\\"}\",\"featured\":\"1\",\"language\":\"*\",\"xreference\":\"\",\"note\":\"\"}',0),(6722,2320,1,'','2026-04-18 00:14:33',873,2361,'f6b6dc42cc65ec484eef0c4f42f2c579fee710ee','{\"id\":2320,\"asset_id\":\"2632\",\"title\":\"Trump\'s Global Strategy Explained - Here\'s What He\'s REALLY Doing - Glenn Beck\",\"alias\":\"trump-s-global-strategy-explained-here-s-what-he-s-really-doing-glenn-beck\",\"introtext\":\"<h1>Trump\'s Global Strategy Explained - Here\'s What He\'s REALLY Doing - Glenn Beck<\\/h1>\\r\\n<p><iframe src=\\\"https:\\/\\/www.youtube.com\\/embed\\/rzZV__0i5BA?si=kg6UHVQxqAJYs_OL\\\" width=\\\"690\\\" height=\\\"\\\" title=\\\"YouTube video player\\\" frameborder=\\\"0\\\" allow=\\\"accelerometer; autoplay; clipboard-write; encrypted-media; gyroscope; picture-in-picture; web-share\\\" referrerpolicy=\\\"strict-origin-when-cross-origin\\\" allowfullscreen=\\\"\\\"><\\/iframe><\\/p>\",\"fulltext\":\"\",\"state\":1,\"catid\":\"8\",\"created\":\"2026-04-18 00:05:55\",\"created_by\":\"873\",\"created_by_alias\":\"\",\"modified\":\"2026-04-18 00:14:33\",\"modified_by\":\"873\",\"checked_out\":\"873\",\"checked_out_time\":\"2026-04-18 00:14:19\",\"publish_up\":\"2026-04-18 00:05:55\",\"publish_down\":\"0000-00-00 00:00:00\",\"images\":\"{\\\"image_intro\\\":\\\"\\\",\\\"float_intro\\\":\\\"\\\",\\\"image_intro_alt\\\":\\\"\\\",\\\"image_intro_caption\\\":\\\"\\\",\\\"image_fulltext\\\":\\\"\\\",\\\"float_fulltext\\\":\\\"\\\",\\\"image_fulltext_alt\\\":\\\"\\\",\\\"image_fulltext_caption\\\":\\\"\\\"}\",\"urls\":\"{\\\"urla\\\":false,\\\"urlatext\\\":\\\"\\\",\\\"targeta\\\":\\\"\\\",\\\"urlb\\\":false,\\\"urlbtext\\\":\\\"\\\",\\\"targetb\\\":\\\"\\\",\\\"urlc\\\":false,\\\"urlctext\\\":\\\"\\\",\\\"targetc\\\":\\\"\\\"}\",\"attribs\":\"{\\\"article_layout\\\":\\\"\\\",\\\"show_title\\\":\\\"\\\",\\\"link_titles\\\":\\\"\\\",\\\"show_tags\\\":\\\"\\\",\\\"show_intro\\\":\\\"\\\",\\\"info_block_position\\\":\\\"\\\",\\\"info_block_show_title\\\":\\\"\\\",\\\"show_category\\\":\\\"\\\",\\\"link_category\\\":\\\"\\\",\\\"show_parent_category\\\":\\\"\\\",\\\"link_parent_category\\\":\\\"\\\",\\\"show_associations\\\":\\\"\\\",\\\"show_author\\\":\\\"\\\",\\\"link_author\\\":\\\"\\\",\\\"show_create_date\\\":\\\"\\\",\\\"show_modify_date\\\":\\\"\\\",\\\"show_publish_date\\\":\\\"\\\",\\\"show_item_navigation\\\":\\\"\\\",\\\"show_icons\\\":\\\"\\\",\\\"show_print_icon\\\":\\\"\\\",\\\"show_email_icon\\\":\\\"\\\",\\\"show_vote\\\":\\\"\\\",\\\"show_hits\\\":\\\"\\\",\\\"show_noauth\\\":\\\"\\\",\\\"urls_position\\\":\\\"\\\",\\\"alternative_readmore\\\":\\\"\\\",\\\"article_page_title\\\":\\\"\\\",\\\"show_publishing_options\\\":\\\"\\\",\\\"show_article_options\\\":\\\"\\\",\\\"show_urls_images_backend\\\":\\\"\\\",\\\"show_urls_images_frontend\\\":\\\"\\\"}\",\"version\":6,\"ordering\":\"0\",\"metakey\":\"\",\"metadesc\":\"\",\"access\":\"1\",\"hits\":\"0\",\"metadata\":\"{\\\"robots\\\":\\\"\\\",\\\"author\\\":\\\"\\\",\\\"rights\\\":\\\"\\\",\\\"xreference\\\":\\\"\\\"}\",\"featured\":\"1\",\"language\":\"*\",\"xreference\":\"\",\"note\":\"\"}',0),(6723,2321,1,'','2026-04-18 14:39:23',873,2226,'3384cf876ea0c2976f28b1a70d32cf844b14b680','{\"id\":2321,\"asset_id\":2633,\"title\":\"One Million Mothers and a Clipboard : The Full Brief by Courage &\",\"alias\":\"one-million-mothers-and-a-clipboard-the-full-brief-by-courage\",\"introtext\":\"<div class=\\\"substack-post-embed\\\">\\r\\n<p lang=\\\"en\\\"><span style=\\\"font-size: 14pt;\\\"><strong>One Million Mothers and a Clipboard : The Full Brief by Courage &amp; Caffeine - R Ricks<\\/strong><\\/span><\\/p>\\r\\n<p>&nbsp;<\\/p>\\r\\n<a href=\\\"https:\\/\\/rebekahricks.substack.com\\/p\\/one-million-mothers-and-a-clipboard\\\" data-post-link>Read on Substack<\\/a><\\/div>\",\"fulltext\":\"\",\"state\":1,\"catid\":\"8\",\"created\":\"2026-04-18 14:39:23\",\"created_by\":\"873\",\"created_by_alias\":\"\",\"modified\":\"2026-04-18 14:39:23\",\"modified_by\":null,\"checked_out\":null,\"checked_out_time\":null,\"publish_up\":\"2026-04-18 14:39:23\",\"publish_down\":\"0000-00-00 00:00:00\",\"images\":\"{\\\"image_intro\\\":\\\"\\\",\\\"float_intro\\\":\\\"\\\",\\\"image_intro_alt\\\":\\\"\\\",\\\"image_intro_caption\\\":\\\"\\\",\\\"image_fulltext\\\":\\\"\\\",\\\"float_fulltext\\\":\\\"\\\",\\\"image_fulltext_alt\\\":\\\"\\\",\\\"image_fulltext_caption\\\":\\\"\\\"}\",\"urls\":\"{\\\"urla\\\":false,\\\"urlatext\\\":\\\"\\\",\\\"targeta\\\":\\\"\\\",\\\"urlb\\\":false,\\\"urlbtext\\\":\\\"\\\",\\\"targetb\\\":\\\"\\\",\\\"urlc\\\":false,\\\"urlctext\\\":\\\"\\\",\\\"targetc\\\":\\\"\\\"}\",\"attribs\":\"{\\\"article_layout\\\":\\\"\\\",\\\"show_title\\\":\\\"\\\",\\\"link_titles\\\":\\\"\\\",\\\"show_tags\\\":\\\"\\\",\\\"show_intro\\\":\\\"\\\",\\\"info_block_position\\\":\\\"\\\",\\\"info_block_show_title\\\":\\\"\\\",\\\"show_category\\\":\\\"\\\",\\\"link_category\\\":\\\"\\\",\\\"show_parent_category\\\":\\\"\\\",\\\"link_parent_category\\\":\\\"\\\",\\\"show_associations\\\":\\\"\\\",\\\"show_author\\\":\\\"\\\",\\\"link_author\\\":\\\"\\\",\\\"show_create_date\\\":\\\"\\\",\\\"show_modify_date\\\":\\\"\\\",\\\"show_publish_date\\\":\\\"\\\",\\\"show_item_navigation\\\":\\\"\\\",\\\"show_icons\\\":\\\"\\\",\\\"show_print_icon\\\":\\\"\\\",\\\"show_email_icon\\\":\\\"\\\",\\\"show_vote\\\":\\\"\\\",\\\"show_hits\\\":\\\"\\\",\\\"show_noauth\\\":\\\"\\\",\\\"urls_position\\\":\\\"\\\",\\\"alternative_readmore\\\":\\\"\\\",\\\"article_page_title\\\":\\\"\\\",\\\"show_publishing_options\\\":\\\"\\\",\\\"show_article_options\\\":\\\"\\\",\\\"show_urls_images_backend\\\":\\\"\\\",\\\"show_urls_images_frontend\\\":\\\"\\\"}\",\"version\":1,\"ordering\":null,\"metakey\":\"\",\"metadesc\":\"\",\"access\":\"1\",\"hits\":null,\"metadata\":\"{\\\"robots\\\":\\\"\\\",\\\"author\\\":\\\"\\\",\\\"rights\\\":\\\"\\\",\\\"xreference\\\":\\\"\\\"}\",\"featured\":\"1\",\"language\":\"*\",\"xreference\":\"\",\"note\":\"\"}',0),(6724,2321,1,'','2026-04-18 14:44:56',873,2431,'4fb92cf86ea7b18b2de8074aa5ddca57bf17779d','{\"id\":2321,\"asset_id\":\"2633\",\"title\":\"One Million Mothers and a Clipboard : The Full Brief by Courage &\",\"alias\":\"one-million-mothers-and-a-clipboard-the-full-brief-by-courage\",\"introtext\":\"<div class=\\\"substack-post-embed\\\">\\r\\n<p lang=\\\"en\\\"><span style=\\\"font-size: 18pt;\\\"><strong>One Million Mothers and a Clipboard : The Full Brief by Courage &amp; Caffeine - R Ricks<\\/strong><\\/span><\\/p>\\r\\n<p>&nbsp;<\\/p>\\r\\n<a href=\\\"https:\\/\\/rebekahricks.substack.com\\/p\\/one-million-mothers-and-a-clipboard\\\" target=\\\"_blank\\\" rel=\\\"noopener\\\" data-post-link>Read on Substack<\\/a><\\/div>\\r\\n<div class=\\\"substack-post-embed\\\">&nbsp;<\\/div>\\r\\n<div><a href=\\\"HTTPS:\\/\\/AAALIFERAFTS.COM\\\" target=\\\"_blank\\\" rel=\\\"noopener\\\">TEST<\\/a><\\/div>\",\"fulltext\":\"\",\"state\":1,\"catid\":\"8\",\"created\":\"2026-04-18 14:39:23\",\"created_by\":\"873\",\"created_by_alias\":\"\",\"modified\":\"2026-04-18 14:44:56\",\"modified_by\":\"873\",\"checked_out\":\"873\",\"checked_out_time\":\"2026-04-18 14:39:23\",\"publish_up\":\"2026-04-18 14:39:23\",\"publish_down\":\"0000-00-00 00:00:00\",\"images\":\"{\\\"image_intro\\\":\\\"\\\",\\\"float_intro\\\":\\\"\\\",\\\"image_intro_alt\\\":\\\"\\\",\\\"image_intro_caption\\\":\\\"\\\",\\\"image_fulltext\\\":\\\"\\\",\\\"float_fulltext\\\":\\\"\\\",\\\"image_fulltext_alt\\\":\\\"\\\",\\\"image_fulltext_caption\\\":\\\"\\\"}\",\"urls\":\"{\\\"urla\\\":false,\\\"urlatext\\\":\\\"\\\",\\\"targeta\\\":\\\"\\\",\\\"urlb\\\":false,\\\"urlbtext\\\":\\\"\\\",\\\"targetb\\\":\\\"\\\",\\\"urlc\\\":false,\\\"urlctext\\\":\\\"\\\",\\\"targetc\\\":\\\"\\\"}\",\"attribs\":\"{\\\"article_layout\\\":\\\"\\\",\\\"show_title\\\":\\\"\\\",\\\"link_titles\\\":\\\"\\\",\\\"show_tags\\\":\\\"\\\",\\\"show_intro\\\":\\\"\\\",\\\"info_block_position\\\":\\\"\\\",\\\"info_block_show_title\\\":\\\"\\\",\\\"show_category\\\":\\\"\\\",\\\"link_category\\\":\\\"\\\",\\\"show_parent_category\\\":\\\"\\\",\\\"link_parent_category\\\":\\\"\\\",\\\"show_associations\\\":\\\"\\\",\\\"show_author\\\":\\\"\\\",\\\"link_author\\\":\\\"\\\",\\\"show_create_date\\\":\\\"\\\",\\\"show_modify_date\\\":\\\"\\\",\\\"show_publish_date\\\":\\\"\\\",\\\"show_item_navigation\\\":\\\"\\\",\\\"show_icons\\\":\\\"\\\",\\\"show_print_icon\\\":\\\"\\\",\\\"show_email_icon\\\":\\\"\\\",\\\"show_vote\\\":\\\"\\\",\\\"show_hits\\\":\\\"\\\",\\\"show_noauth\\\":\\\"\\\",\\\"urls_position\\\":\\\"\\\",\\\"alternative_readmore\\\":\\\"\\\",\\\"article_page_title\\\":\\\"\\\",\\\"show_publishing_options\\\":\\\"\\\",\\\"show_article_options\\\":\\\"\\\",\\\"show_urls_images_backend\\\":\\\"\\\",\\\"show_urls_images_frontend\\\":\\\"\\\"}\",\"version\":2,\"ordering\":\"0\",\"metakey\":\"\",\"metadesc\":\"\",\"access\":\"1\",\"hits\":\"0\",\"metadata\":\"{\\\"robots\\\":\\\"\\\",\\\"author\\\":\\\"\\\",\\\"rights\\\":\\\"\\\",\\\"xreference\\\":\\\"\\\"}\",\"featured\":\"1\",\"language\":\"*\",\"xreference\":\"\",\"note\":\"\"}',0),(6725,2321,1,'','2026-04-18 14:46:01',873,2280,'824e767295ffd48a2b3bf770c4ff987a4d9f5aa7','{\"id\":2321,\"asset_id\":\"2633\",\"title\":\"One Million Mothers and a Clipboard : The Full Brief by Courage &\",\"alias\":\"one-million-mothers-and-a-clipboard-the-full-brief-by-courage\",\"introtext\":\"<div class=\\\"substack-post-embed\\\">\\r\\n<p lang=\\\"en\\\"><span style=\\\"font-size: 18pt;\\\"><strong>One Million Mothers and a Clipboard : The Full Brief by Courage &amp; Caffeine - R Ricks<\\/strong><\\/span><\\/p>\\r\\n<p>&nbsp;<a href=\\\"https:\\/\\/rebekahricks.substack.com\\/p\\/one-million-mothers-and-a-clipboard\\\" target=\\\"_blank\\\" rel=\\\"noopener\\\" data-post-link>Read on Substack<\\/a><\\/p>\\r\\n<\\/div>\",\"fulltext\":\"\",\"state\":1,\"catid\":\"8\",\"created\":\"2026-04-18 14:39:23\",\"created_by\":\"873\",\"created_by_alias\":\"\",\"modified\":\"2026-04-18 14:46:01\",\"modified_by\":\"873\",\"checked_out\":\"873\",\"checked_out_time\":\"2026-04-18 14:44:56\",\"publish_up\":\"2026-04-18 14:39:23\",\"publish_down\":\"0000-00-00 00:00:00\",\"images\":\"{\\\"image_intro\\\":\\\"\\\",\\\"float_intro\\\":\\\"\\\",\\\"image_intro_alt\\\":\\\"\\\",\\\"image_intro_caption\\\":\\\"\\\",\\\"image_fulltext\\\":\\\"\\\",\\\"float_fulltext\\\":\\\"\\\",\\\"image_fulltext_alt\\\":\\\"\\\",\\\"image_fulltext_caption\\\":\\\"\\\"}\",\"urls\":\"{\\\"urla\\\":false,\\\"urlatext\\\":\\\"\\\",\\\"targeta\\\":\\\"\\\",\\\"urlb\\\":false,\\\"urlbtext\\\":\\\"\\\",\\\"targetb\\\":\\\"\\\",\\\"urlc\\\":false,\\\"urlctext\\\":\\\"\\\",\\\"targetc\\\":\\\"\\\"}\",\"attribs\":\"{\\\"article_layout\\\":\\\"\\\",\\\"show_title\\\":\\\"\\\",\\\"link_titles\\\":\\\"\\\",\\\"show_tags\\\":\\\"\\\",\\\"show_intro\\\":\\\"\\\",\\\"info_block_position\\\":\\\"\\\",\\\"info_block_show_title\\\":\\\"\\\",\\\"show_category\\\":\\\"\\\",\\\"link_category\\\":\\\"\\\",\\\"show_parent_category\\\":\\\"\\\",\\\"link_parent_category\\\":\\\"\\\",\\\"show_associations\\\":\\\"\\\",\\\"show_author\\\":\\\"\\\",\\\"link_author\\\":\\\"\\\",\\\"show_create_date\\\":\\\"\\\",\\\"show_modify_date\\\":\\\"\\\",\\\"show_publish_date\\\":\\\"\\\",\\\"show_item_navigation\\\":\\\"\\\",\\\"show_icons\\\":\\\"\\\",\\\"show_print_icon\\\":\\\"\\\",\\\"show_email_icon\\\":\\\"\\\",\\\"show_vote\\\":\\\"\\\",\\\"show_hits\\\":\\\"\\\",\\\"show_noauth\\\":\\\"\\\",\\\"urls_position\\\":\\\"\\\",\\\"alternative_readmore\\\":\\\"\\\",\\\"article_page_title\\\":\\\"\\\",\\\"show_publishing_options\\\":\\\"\\\",\\\"show_article_options\\\":\\\"\\\",\\\"show_urls_images_backend\\\":\\\"\\\",\\\"show_urls_images_frontend\\\":\\\"\\\"}\",\"version\":3,\"ordering\":\"0\",\"metakey\":\"\",\"metadesc\":\"\",\"access\":\"1\",\"hits\":\"0\",\"metadata\":\"{\\\"robots\\\":\\\"\\\",\\\"author\\\":\\\"\\\",\\\"rights\\\":\\\"\\\",\\\"xreference\\\":\\\"\\\"}\",\"featured\":\"1\",\"language\":\"*\",\"xreference\":\"\",\"note\":\"\"}',0),(6726,2321,1,'','2026-04-18 14:46:59',873,2339,'b78774c60535dc44b5c13c09821f6fd6053a3966','{\"id\":2321,\"asset_id\":\"2633\",\"title\":\"One Million Mothers and a Clipboard : The Full Brief by Courage &\",\"alias\":\"one-million-mothers-and-a-clipboard-the-full-brief-by-courage\",\"introtext\":\"<div class=\\\"substack-post-embed\\\">\\r\\n<p lang=\\\"en\\\"><span style=\\\"font-size: 18pt;\\\"><strong>One Million Mothers and a Clipboard : The Full Brief by Courage &amp; Caffeine - R Ricks<\\/strong><\\/span><\\/p>\\r\\n<p><span style=\\\"font-size: 14pt;\\\"><strong>&nbsp;<a href=\\\"https:\\/\\/rebekahricks.substack.com\\/p\\/one-million-mothers-and-a-clipboard\\\" target=\\\"_blank\\\" rel=\\\"noopener\\\" data-post-link>Read on Substack<\\/a><\\/strong><\\/span><\\/p>\\r\\n<\\/div>\",\"fulltext\":\"\",\"state\":1,\"catid\":\"8\",\"created\":\"2026-04-18 14:39:23\",\"created_by\":\"873\",\"created_by_alias\":\"\",\"modified\":\"2026-04-18 14:46:59\",\"modified_by\":\"873\",\"checked_out\":\"873\",\"checked_out_time\":\"2026-04-18 14:46:36\",\"publish_up\":\"2026-04-18 14:39:23\",\"publish_down\":\"0000-00-00 00:00:00\",\"images\":\"{\\\"image_intro\\\":\\\"\\\",\\\"float_intro\\\":\\\"\\\",\\\"image_intro_alt\\\":\\\"\\\",\\\"image_intro_caption\\\":\\\"\\\",\\\"image_fulltext\\\":\\\"\\\",\\\"float_fulltext\\\":\\\"\\\",\\\"image_fulltext_alt\\\":\\\"\\\",\\\"image_fulltext_caption\\\":\\\"\\\"}\",\"urls\":\"{\\\"urla\\\":false,\\\"urlatext\\\":\\\"\\\",\\\"targeta\\\":\\\"\\\",\\\"urlb\\\":false,\\\"urlbtext\\\":\\\"\\\",\\\"targetb\\\":\\\"\\\",\\\"urlc\\\":false,\\\"urlctext\\\":\\\"\\\",\\\"targetc\\\":\\\"\\\"}\",\"attribs\":\"{\\\"article_layout\\\":\\\"\\\",\\\"show_title\\\":\\\"\\\",\\\"link_titles\\\":\\\"\\\",\\\"show_tags\\\":\\\"\\\",\\\"show_intro\\\":\\\"\\\",\\\"info_block_position\\\":\\\"\\\",\\\"info_block_show_title\\\":\\\"\\\",\\\"show_category\\\":\\\"\\\",\\\"link_category\\\":\\\"\\\",\\\"show_parent_category\\\":\\\"\\\",\\\"link_parent_category\\\":\\\"\\\",\\\"show_associations\\\":\\\"\\\",\\\"show_author\\\":\\\"\\\",\\\"link_author\\\":\\\"\\\",\\\"show_create_date\\\":\\\"\\\",\\\"show_modify_date\\\":\\\"\\\",\\\"show_publish_date\\\":\\\"\\\",\\\"show_item_navigation\\\":\\\"\\\",\\\"show_icons\\\":\\\"\\\",\\\"show_print_icon\\\":\\\"\\\",\\\"show_email_icon\\\":\\\"\\\",\\\"show_vote\\\":\\\"\\\",\\\"show_hits\\\":\\\"\\\",\\\"show_noauth\\\":\\\"\\\",\\\"urls_position\\\":\\\"\\\",\\\"alternative_readmore\\\":\\\"\\\",\\\"article_page_title\\\":\\\"\\\",\\\"show_publishing_options\\\":\\\"\\\",\\\"show_article_options\\\":\\\"\\\",\\\"show_urls_images_backend\\\":\\\"\\\",\\\"show_urls_images_frontend\\\":\\\"\\\"}\",\"version\":5,\"ordering\":\"0\",\"metakey\":\"\",\"metadesc\":\"\",\"access\":\"1\",\"hits\":\"0\",\"metadata\":\"{\\\"robots\\\":\\\"\\\",\\\"author\\\":\\\"\\\",\\\"rights\\\":\\\"\\\",\\\"xreference\\\":\\\"\\\"}\",\"featured\":\"1\",\"language\":\"*\",\"xreference\":\"\",\"note\":\"\"}',0);

--
-- Table structure for table `josip_update_sites`
--

CREATE TABLE `josip_update_sites` (
  `update_site_id` int(11) NOT NULL AUTO_INCREMENT,
  `name` varchar(100) COLLATE utf8mb4_unicode_ci DEFAULT '',
  `type` varchar(20) COLLATE utf8mb4_unicode_ci DEFAULT '',
  `location` text COLLATE utf8mb4_unicode_ci NOT NULL,
  `enabled` int(11) DEFAULT '0',
  `last_check_timestamp` bigint(20) DEFAULT '0',
  `extra_query` varchar(1000) COLLATE utf8mb4_unicode_ci DEFAULT '',
  PRIMARY KEY (`update_site_id`)
) ENGINE=InnoDB AUTO_INCREMENT=50 DEFAULT CHARSET=utf8mb4 COLLATE=utf8mb4_unicode_ci COMMENT='Update Sites';

--
-- Dumping data for table `josip_update_sites`
--

INSERT INTO `josip_update_sites` VALUES (1,'Joomla! Core','collection','https://update.joomla.org/core/list.xml',1,1777870935,''),(2,'Accredited Joomla! Translations','collection','https://update.joomla.org/language/translationlist_3.xml',1,1776565057,''),(3,'Joomla! Update Component Update Site','extension','https://update.joomla.org/core/extensions/com_joomlaupdate.xml',1,1776565057,''),(4,'SunFw FrameWork Updates','extension','http://www.joomlashine.com/versioning/extensions/sunfwframework.xml',1,1776565077,''),(5,'K2 Updates','extension','http://getk2.org/app/update.xml',1,1776565078,''),(6,'Module F5 Slide Show','extension','http://www.templatef5.com/update_server/f5slideshow_update.xml',1,1776565078,''),(7,'Regular Labs - Sliders','extension','https://download.regularlabs.com/updates.xml?e=sliders&type=.xml',1,1776565078,''),(8,'showplus updates','extension','http://hunyadi.info.hu/projects/showplus/extension.xml',1,1776565079,''),(9,'Simple RSS Feed Reader','extension','http://cdn.joomlaworks.org/updates/srfr.xml',1,1776565080,''),(16,'mod_lm_proverb','module','http://www.lomart.fr/files/lm-proverb/lmproverb_update.xml',1,1776565080,''),(17,'Rquote','extension','http://mytidbits.us/updateserver/com_rquote-update.xml',1,1776565080,''),(20,'Minifrontpage','extension','http://www.templateplazza.com/updates/minifrontpage.xml',1,1776565080,''),(21,'Regular Labs - Sourcerer','extension','https://download.regularlabs.com/updates.xml?e=sourcerer&type=.xml',1,1776565081,''),(22,'sigplus updates','extension','http://hunyadi.info.hu/sigplus/extension.xml',1,1776565081,''),(28,'Easy Facebook Embedded Posts Update','extension','https://www.joomboost.com/index.php?option=com_mediastore&task=pluginTask&plugin=joomla&subtask=server&id=47',1,1776565083,''),(33,'sigplus updates','extension','https://hunyadi.info.hu/sigplus/extension.xml',1,1776565083,''),(34,'JCE Editor Package','extension','https://cdn.joomlacontenteditor.net/updates/xml/editor/pkg_jce.xml',1,1776565084,''),(35,'AllVideos','extension','https://cdn.joomlaworks.org/updates/allvideos.xml',1,1776565084,''),(36,'MOD_PHOCA_FACEBOOK_COMMENTS','extension','https://raw.githubusercontent.com/PhocaCz/PhocaFBCommentsModule/master/manifest.xml',1,1776565084,''),(37,'Regular Labs - Advanced Module Manager','extension','https://download.regularlabs.com/updates.xml?e=advancedmodulemanager&type=.xml',1,1776565085,''),(38,'WebInstaller Update Site','extension','https://appscdn.joomla.org/webapps/jedapps/webinstaller.xml',1,1776565085,''),(39,'OS Social Comments and Sharing Update','extension','http://ordasoft.com/xml_update/social_comments_and_sharing_update.xml',1,1776565086,''),(40,'Disqus Comments (for Joomla)','extension','http://cdn.joomlaworks.org/updates/disqus.xml',1,1776565087,''),(41,'JEvents Updates','extension','https://www.jevents.net/newupdates/package_jevents.xml',1,1776565087,''),(42,'Joomlashack Framework','extension','https://deploy.ostraining.com/client/update/free/stable/lib_allediaframework',1,1776565087,''),(43,'K2','extension','https://updates.getk2.org/update.xml',1,1776565087,''),(45,'OSEmbed Free','extension','https://deploy.ostraining.com/client/update/free/stable/plg_content_osembed',1,1776565088,''),(46,'Joomlashack Extension Support','extension','https://deploy.ostraining.com/client/update/free/stable/plg_system_osmylicensesmanager',1,1776565088,''),(48,'showplus updates','extension','https://hunyadi.info.hu/projects/showplus/extension.xml',1,1776565088,''),(49,'Simple RSS Feed Reader','extension','http://www.joomlaworks.net/static/updates/srfr.xml',1,1776565089,'');

--
-- Table structure for table `josip_update_sites_extensions`
--

CREATE TABLE `josip_update_sites_extensions` (
  `update_site_id` int(11) NOT NULL DEFAULT '0',
  `extension_id` int(11) NOT NULL DEFAULT '0',
  PRIMARY KEY (`update_site_id`,`extension_id`)
) ENGINE=InnoDB DEFAULT CHARSET=utf8mb4 COLLATE=utf8mb4_unicode_ci COMMENT='Links extensions to update sites';

--
-- Dumping data for table `josip_update_sites_extensions`
--

INSERT INTO `josip_update_sites_extensions` VALUES (1,700),(2,802),(3,28),(4,10000),(5,10002),(6,10014),(7,10019),(8,10022),(9,10023),(16,10039),(17,10040),(20,10042),(21,10045),(22,10052),(28,10056),(33,10052),(34,10079),(35,10080),(36,10081),(37,10084),(37,10085),(37,10086),(38,10087),(39,10088),(40,10089),(41,10109),(42,10110),(43,10002),(45,10054),(46,10111),(48,10022),(49,10023);

--
-- Table structure for table `josip_updates`
--

CREATE TABLE `josip_updates` (
  `update_id` int(11) NOT NULL AUTO_INCREMENT,
  `update_site_id` int(11) DEFAULT '0',
  `extension_id` int(11) DEFAULT '0',
  `name` varchar(100) COLLATE utf8mb4_unicode_ci DEFAULT '',
  `description` text COLLATE utf8mb4_unicode_ci NOT NULL,
  `element` varchar(100) COLLATE utf8mb4_unicode_ci DEFAULT '',
  `type` varchar(20) COLLATE utf8mb4_unicode_ci DEFAULT '',
  `folder` varchar(20) COLLATE utf8mb4_unicode_ci DEFAULT '',
  `client_id` tinyint(3) DEFAULT '0',
  `version` varchar(32) COLLATE utf8mb4_unicode_ci DEFAULT '',
  `data` text COLLATE utf8mb4_unicode_ci NOT NULL,
  `detailsurl` text COLLATE utf8mb4_unicode_ci NOT NULL,
  `infourl` text COLLATE utf8mb4_unicode_ci NOT NULL,
  `extra_query` varchar(1000) COLLATE utf8mb4_unicode_ci DEFAULT '',
  PRIMARY KEY (`update_id`)
) ENGINE=InnoDB AUTO_INCREMENT=50270 DEFAULT CHARSET=utf8mb4 COLLATE=utf8mb4_unicode_ci COMMENT='Available Updates';

--
-- Dumping data for table `josip_updates`
--

INSERT INTO `josip_updates` VALUES (50186,2,0,'Afrikaans','','pkg_af-ZA','package','',0,'3.9.16.1','','https://update.joomla.org/language/details3/af-ZA_details.xml','',''),(50187,2,0,'Albanian','','pkg_sq-AL','package','',0,'3.1.1.2','','https://update.joomla.org/language/details3/sq-AL_details.xml','',''),(50188,2,0,'Arabic Unitag','','pkg_ar-AA','package','',0,'3.9.27.1','','https://update.joomla.org/language/details3/ar-AA_details.xml','',''),(50189,2,0,'Armenian','','pkg_hy-AM','package','',0,'3.4.4.1','','https://update.joomla.org/language/details3/hy-AM_details.xml','',''),(50190,2,0,'Basque','','pkg_eu-ES','package','',0,'3.9.24.1','','https://update.joomla.org/language/details3/eu-ES_details.xml','',''),(50191,2,0,'Belarusian','','pkg_be-BY','package','',0,'3.2.1.2','','https://update.joomla.org/language/details3/be-BY_details.xml','',''),(50192,2,0,'Bengali, Bangladesh','','pkg_bn-BD','package','',0,'3.8.10.1','','https://update.joomla.org/language/details3/bn-BD_details.xml','',''),(50193,2,0,'Bosnian','','pkg_bs-BA','package','',0,'3.9.24.1','','https://update.joomla.org/language/details3/bs-BA_details.xml','',''),(50194,2,0,'Bulgarian','','pkg_bg-BG','package','',0,'3.6.5.2','','https://update.joomla.org/language/details3/bg-BG_details.xml','',''),(50195,2,0,'Catalan','','pkg_ca-ES','package','',0,'3.10.12.1','','https://update.joomla.org/language/details3/ca-ES_details.xml','',''),(50196,2,0,'Chinese, Simplified','','pkg_zh-CN','package','',0,'3.10.6.1','','https://update.joomla.org/language/details3/zh-CN_details.xml','',''),(50197,2,0,'Chinese, Traditional','','pkg_zh-TW','package','',0,'3.8.0.1','','https://update.joomla.org/language/details3/zh-TW_details.xml','',''),(50198,2,0,'Croatian','','pkg_hr-HR','package','',0,'3.10.11.1','','https://update.joomla.org/language/details3/hr-HR_details.xml','',''),(50199,2,0,'Czech','','pkg_cs-CZ','package','',0,'3.10.11.1','','https://update.joomla.org/language/details3/cs-CZ_details.xml','',''),(50200,2,0,'Danish','','pkg_da-DK','package','',0,'3.10.10.1','','https://update.joomla.org/language/details3/da-DK_details.xml','',''),(50201,2,0,'Dari Persian','','pkg_prs-AF','package','',0,'3.4.4.3','','https://update.joomla.org/language/details3/prs-AF_details.xml','',''),(50202,2,0,'Dutch','','pkg_nl-NL','package','',0,'3.10.12.1','','https://update.joomla.org/language/details3/nl-NL_details.xml','',''),(50203,2,0,'Dzongkha','','pkg_dz-BT','package','',0,'3.6.2.1','','https://update.joomla.org/language/details3/dz-BT_details.xml','',''),(50204,2,0,'English, Australia','','pkg_en-AU','package','',0,'3.9.28.1','','https://update.joomla.org/language/details3/en-AU_details.xml','',''),(50205,2,0,'English, Canada','','pkg_en-CA','package','',0,'3.9.28.1','','https://update.joomla.org/language/details3/en-CA_details.xml','',''),(50206,2,0,'English, New Zealand','','pkg_en-NZ','package','',0,'3.9.28.1','','https://update.joomla.org/language/details3/en-NZ_details.xml','',''),(50207,2,0,'English, USA','','pkg_en-US','package','',0,'3.9.28.1','','https://update.joomla.org/language/details3/en-US_details.xml','',''),(50208,2,0,'Esperanto','','pkg_eo-XX','package','',0,'3.8.11.1','','https://update.joomla.org/language/details3/eo-XX_details.xml','',''),(50209,2,0,'Estonian','','pkg_et-EE','package','',0,'3.9.21.1','','https://update.joomla.org/language/details3/et-EE_details.xml','',''),(50210,2,0,'Finnish','','pkg_fi-FI','package','',0,'3.9.16.1','','https://update.joomla.org/language/details3/fi-FI_details.xml','',''),(50211,2,0,'Flemish','','pkg_nl-BE','package','',0,'3.10.11.1','','https://update.joomla.org/language/details3/nl-BE_details.xml','',''),(50212,2,0,'French','','pkg_fr-FR','package','',0,'3.10.12.1','','https://update.joomla.org/language/details3/fr-FR_details.xml','',''),(50213,2,0,'French, Canada','','pkg_fr-CA','package','',0,'3.6.5.1','','https://update.joomla.org/language/details3/fr-CA_details.xml','',''),(50214,2,0,'Galician','','pkg_gl-ES','package','',0,'3.3.1.2','','https://update.joomla.org/language/details3/gl-ES_details.xml','',''),(50215,2,0,'Georgian','','pkg_ka-GE','package','',0,'3.10.12.1','','https://update.joomla.org/language/details3/ka-GE_details.xml','',''),(50216,2,0,'German','','pkg_de-DE','package','',0,'3.10.12.1','','https://update.joomla.org/language/details3/de-DE_details.xml','',''),(50217,2,0,'German, Austria','','pkg_de-AT','package','',0,'3.10.12.1','','https://update.joomla.org/language/details3/de-AT_details.xml','',''),(50218,2,0,'German, Liechtenstein','','pkg_de-LI','package','',0,'3.10.12.1','','https://update.joomla.org/language/details3/de-LI_details.xml','',''),(50219,2,0,'German, Luxembourg','','pkg_de-LU','package','',0,'3.10.12.1','','https://update.joomla.org/language/details3/de-LU_details.xml','',''),(50220,2,0,'German, Switzerland','','pkg_de-CH','package','',0,'3.10.12.1','','https://update.joomla.org/language/details3/de-CH_details.xml','',''),(50221,2,0,'Greek','','pkg_el-GR','package','',0,'3.10.11.1','','https://update.joomla.org/language/details3/el-GR_details.xml','',''),(50222,2,0,'Hebrew','','pkg_he-IL','package','',0,'3.1.1.2','','https://update.joomla.org/language/details3/he-IL_details.xml','',''),(50223,2,0,'Hindi, India','','pkg_hi-IN','package','',0,'3.3.6.2','','https://update.joomla.org/language/details3/hi-IN_details.xml','',''),(50224,2,0,'Hungarian','','pkg_hu-HU','package','',0,'3.10.12.2','','https://update.joomla.org/language/details3/hu-HU_details.xml','',''),(50225,2,0,'Indonesian, Bahasa Indonesia','','pkg_id-ID','package','',0,'3.6.2.1','','https://update.joomla.org/language/details3/id-ID_details.xml','',''),(50226,2,0,'Irish','','pkg_ga-IE','package','',0,'3.10.12.1','','https://update.joomla.org/language/details3/ga-IE_details.xml','',''),(50227,2,0,'Italian','','pkg_it-IT','package','',0,'3.10.12.1','','https://update.joomla.org/language/details3/it-IT_details.xml','',''),(50228,2,0,'Japanese','','pkg_ja-JP','package','',0,'3.10.12.1','','https://update.joomla.org/language/details3/ja-JP_details.xml','',''),(50229,2,0,'Kazakh','','pkg_kk-KZ','package','',0,'3.9.23.1','','https://update.joomla.org/language/details3/kk-KZ_details.xml','',''),(50230,2,0,'Khmer','','pkg_km-KH','package','',0,'3.4.5.1','','https://update.joomla.org/language/details3/km-KH_details.xml','',''),(50231,2,0,'Korean','','pkg_ko-KR','package','',0,'3.8.9.1','','https://update.joomla.org/language/details3/ko-KR_details.xml','',''),(50232,2,0,'Latvian','','pkg_lv-LV','package','',0,'3.9.25.2','','https://update.joomla.org/language/details3/lv-LV_details.xml','',''),(50233,2,0,'Lithuanian','','pkg_lt-LT','package','',0,'3.9.16.1','','https://update.joomla.org/language/details3/lt-LT_details.xml','',''),(50234,2,0,'Malay','','pkg_ms-MY','package','',0,'3.4.1.2','','https://update.joomla.org/language/details3/ms-MY_details.xml','',''),(50235,2,0,'Montenegrin','','pkg_srp-ME','package','',0,'3.3.1.2','','https://update.joomla.org/language/details3/srp-ME_details.xml','',''),(50236,2,0,'North Macedonian','','pkg_mk-MK','package','',0,'3.6.5.1','','https://update.joomla.org/language/details3/mk-MK_details.xml','',''),(50237,2,0,'Norwegian Bokmål','','pkg_nb-NO','package','',0,'3.10.12.2','','https://update.joomla.org/language/details3/nb-NO_details.xml','',''),(50238,2,0,'Norwegian Nynorsk','','pkg_nn-NO','package','',0,'3.4.2.1','','https://update.joomla.org/language/details3/nn-NO_details.xml','',''),(50239,2,0,'Persian Farsi','','pkg_fa-IR','package','',0,'3.10.12.1','','https://update.joomla.org/language/details3/fa-IR_details.xml','',''),(50240,2,0,'Polish','','pkg_pl-PL','package','',0,'3.10.10.1','','https://update.joomla.org/language/details3/pl-PL_details.xml','',''),(50241,2,0,'Portuguese, Brazil','','pkg_pt-BR','package','',0,'3.9.21.1','','https://update.joomla.org/language/details3/pt-BR_details.xml','',''),(50242,2,0,'Portuguese, Portugal','','pkg_pt-PT','package','',0,'3.10.12.3','','https://update.joomla.org/language/details3/pt-PT_details.xml','',''),(50243,2,0,'Romanian','','pkg_ro-RO','package','',0,'3.10.12.1','','https://update.joomla.org/language/details3/ro-RO_details.xml','',''),(50244,2,0,'Russian','','pkg_ru-RU','package','',0,'3.10.12.1','','https://update.joomla.org/language/details3/ru-RU_details.xml','',''),(50245,2,0,'Serbian, Cyrillic','','pkg_sr-RS','package','',0,'3.10.2.1','','https://update.joomla.org/language/details3/sr-RS_details.xml','',''),(50246,2,0,'Serbian, Latin','','pkg_sr-YU','package','',0,'3.10.2.1','','https://update.joomla.org/language/details3/sr-YU_details.xml','',''),(50247,2,0,'Sinhala','','pkg_si-LK','package','',0,'3.3.1.2','','https://update.joomla.org/language/details3/si-LK_details.xml','',''),(50248,2,0,'Slovak','','pkg_sk-SK','package','',0,'3.10.5.1','','https://update.joomla.org/language/details3/sk-SK_details.xml','',''),(50249,2,0,'Slovenian','','pkg_sl-SI','package','',0,'3.10.12.1','','https://update.joomla.org/language/details3/sl-SI_details.xml','',''),(50250,2,0,'Spanish','','pkg_es-ES','package','',0,'3.10.10.1','','https://update.joomla.org/language/details3/es-ES_details.xml','',''),(50251,2,0,'Spanish, Colombia','','pkg_es-CO','package','',0,'3.9.15.1','','https://update.joomla.org/language/details3/es-CO_details.xml','',''),(50252,2,0,'Swahili','','pkg_sw-KE','package','',0,'3.10.12.1','','https://update.joomla.org/language/details3/sw-KE_details.xml','',''),(50253,2,0,'Swedish','','pkg_sv-SE','package','',0,'3.10.12.1','','https://update.joomla.org/language/details3/sv-SE_details.xml','',''),(50254,2,0,'Syriac, East','','pkg_sy-IQ','package','',0,'3.4.5.1','','https://update.joomla.org/language/details3/sy-IQ_details.xml','',''),(50255,2,0,'Tamil, India','','pkg_ta-IN','package','',0,'3.10.11.1','','https://update.joomla.org/language/details3/ta-IN_details.xml','',''),(50256,2,0,'Thai','','pkg_th-TH','package','',0,'3.10.12.1','','https://update.joomla.org/language/details3/th-TH_details.xml','',''),(50257,2,0,'Turkish','','pkg_tr-TR','package','',0,'3.9.28.1','','https://update.joomla.org/language/details3/tr-TR_details.xml','',''),(50258,2,0,'Turkmen','','pkg_tk-TM','package','',0,'3.5.0.2','','https://update.joomla.org/language/details3/tk-TM_details.xml','',''),(50259,2,0,'Ukrainian','','pkg_uk-UA','package','',0,'3.10.2.1','','https://update.joomla.org/language/details3/uk-UA_details.xml','',''),(50260,2,0,'Uyghur','','pkg_ug-CN','package','',0,'3.7.5.2','','https://update.joomla.org/language/details3/ug-CN_details.xml','',''),(50261,2,0,'Vietnamese','','pkg_vi-VN','package','',0,'3.2.1.2','','https://update.joomla.org/language/details3/vi-VN_details.xml','',''),(50262,2,0,'Welsh','','pkg_cy-GB','package','',0,'3.10.12.1','','https://update.joomla.org/language/details3/cy-GB_details.xml','',''),(50263,22,10052,'sigplus','Image gallery extension','pkg_sigplus','package','',0,'1.5.0.302','','http://hunyadi.info.hu/sigplus/extension.xml','https://hunyadi.info.hu/sigplus',''),(50264,35,10080,'AllVideos','The universal media player for Joomla','jw_allvideos','plugin','content',0,'7.0','','https://cdn.joomlaworks.org/updates/allvideos.xml','https://github.com/joomlaworks/allvideos/blob/master/CHANGELOG.md',''),(50265,41,10109,'JEvents','JEvents Package Update','pkg_jevents','package','',0,'3.6.82.2','','https://www.jevents.net/newupdates/package_jevents.xml','https://www.jevents.net/products-new/jevents',''),(50266,42,0,'Joomlashack Framework','Joomlashack Framework','allediaframework','library','',0,'3.8.11','','https://deploy.ostraining.com/client/update/free/stable/lib_allediaframework','https://github.com/joomlashack/AllediaFramework/releases',''),(50267,43,10002,'K2','K2, the powerful content extension for Joomla (by JoomlaWorks)','com_k2','component','',1,'2.22','','https://updates.getk2.org/update.xml','https://github.com/getk2/k2/blob/master/CHANGELOG.md',''),(50268,45,10054,'OSEmbed','OSEmbed Free','osembed','plugin','content',0,'2.1.0','','https://deploy.ostraining.com/client/update/free/stable/plg_content_osembed','https://www.joomlashack.com/changelog/osembed/',''),(50269,46,10111,'Joomlashack Extension Support','Joomlashack Extension Support','osmylicensesmanager','plugin','system',0,'2.1.0','','https://deploy.ostraining.com/client/update/free/stable/plg_system_osmylicensesmanager','https://github.com/joomlashack/ShackExtensionSupport/releases','');

--
-- Table structure for table `josip_user_keys`
--

CREATE TABLE `josip_user_keys` (
  `id` int(10) unsigned NOT NULL AUTO_INCREMENT,
  `user_id` varchar(150) COLLATE utf8mb4_unicode_ci NOT NULL,
  `token` varchar(255) COLLATE utf8mb4_unicode_ci NOT NULL,
  `series` varchar(191) COLLATE utf8mb4_unicode_ci NOT NULL,
  `invalid` tinyint(4) NOT NULL,
  `time` varchar(200) COLLATE utf8mb4_unicode_ci NOT NULL,
  `uastring` varchar(255) COLLATE utf8mb4_unicode_ci NOT NULL,
  PRIMARY KEY (`id`),
  UNIQUE KEY `series` (`series`),
  KEY `user_id` (`user_id`)
) ENGINE=InnoDB DEFAULT CHARSET=utf8mb4 COLLATE=utf8mb4_unicode_ci;

--
-- Dumping data for table `josip_user_keys`
--


--
-- Table structure for table `josip_user_notes`
--

CREATE TABLE `josip_user_notes` (
  `id` int(10) unsigned NOT NULL AUTO_INCREMENT,
  `user_id` int(10) unsigned NOT NULL DEFAULT '0',
  `catid` int(10) unsigned NOT NULL DEFAULT '0',
  `subject` varchar(100) COLLATE utf8mb4_unicode_ci NOT NULL DEFAULT '',
  `body` text COLLATE utf8mb4_unicode_ci NOT NULL,
  `state` tinyint(3) NOT NULL DEFAULT '0',
  `checked_out` int(10) unsigned NOT NULL DEFAULT '0',
  `checked_out_time` datetime NOT NULL DEFAULT '0000-00-00 00:00:00',
  `created_user_id` int(10) unsigned NOT NULL DEFAULT '0',
  `created_time` datetime NOT NULL DEFAULT '0000-00-00 00:00:00',
  `modified_user_id` int(10) unsigned NOT NULL,
  `modified_time` datetime NOT NULL DEFAULT '0000-00-00 00:00:00',
  `review_time` datetime NOT NULL DEFAULT '0000-00-00 00:00:00',
  `publish_up` datetime NOT NULL DEFAULT '0000-00-00 00:00:00',
  `publish_down` datetime NOT NULL DEFAULT '0000-00-00 00:00:00',
  PRIMARY KEY (`id`),
  KEY `idx_user_id` (`user_id`),
  KEY `idx_category_id` (`catid`)
) ENGINE=InnoDB DEFAULT CHARSET=utf8mb4 COLLATE=utf8mb4_unicode_ci;

--
-- Dumping data for table `josip_user_notes`
--


--
-- Table structure for table `josip_user_profiles`
--

CREATE TABLE `josip_user_profiles` (
  `user_id` int(11) NOT NULL,
  `profile_key` varchar(100) COLLATE utf8mb4_unicode_ci NOT NULL,
  `profile_value` text COLLATE utf8mb4_unicode_ci NOT NULL,
  `ordering` int(11) NOT NULL DEFAULT '0',
  UNIQUE KEY `idx_user_id_profile_key` (`user_id`,`profile_key`)
) ENGINE=InnoDB DEFAULT CHARSET=utf8mb4 COLLATE=utf8mb4_unicode_ci COMMENT='Simple user profile storage table';

--
-- Dumping data for table `josip_user_profiles`
--


--
-- Table structure for table `josip_user_usergroup_map`
--

CREATE TABLE `josip_user_usergroup_map` (
  `user_id` int(10) unsigned NOT NULL DEFAULT '0' COMMENT 'Foreign Key to #__users.id',
  `group_id` int(10) unsigned NOT NULL DEFAULT '0' COMMENT 'Foreign Key to #__usergroups.id',
  PRIMARY KEY (`user_id`,`group_id`)
) ENGINE=InnoDB DEFAULT CHARSET=utf8mb4 COLLATE=utf8mb4_unicode_ci;

--
-- Dumping data for table `josip_user_usergroup_map`
--

INSERT INTO `josip_user_usergroup_map` VALUES (873,8),(874,2),(874,3),(874,4),(874,5),(874,6),(874,7),(875,8),(876,8);

--
-- Table structure for table `josip_usergroups`
--

CREATE TABLE `josip_usergroups` (
  `id` int(10) unsigned NOT NULL AUTO_INCREMENT COMMENT 'Primary Key',
  `parent_id` int(10) unsigned NOT NULL DEFAULT '0' COMMENT 'Adjacency List Reference Id',
  `lft` int(11) NOT NULL DEFAULT '0' COMMENT 'Nested set lft.',
  `rgt` int(11) NOT NULL DEFAULT '0' COMMENT 'Nested set rgt.',
  `title` varchar(100) COLLATE utf8mb4_unicode_ci NOT NULL DEFAULT '',
  PRIMARY KEY (`id`),
  UNIQUE KEY `idx_usergroup_parent_title_lookup` (`parent_id`,`title`),
  KEY `idx_usergroup_title_lookup` (`title`),
  KEY `idx_usergroup_adjacency_lookup` (`parent_id`),
  KEY `idx_usergroup_nested_set_lookup` (`lft`,`rgt`) USING BTREE
) ENGINE=InnoDB AUTO_INCREMENT=11 DEFAULT CHARSET=utf8mb4 COLLATE=utf8mb4_unicode_ci;

--
-- Dumping data for table `josip_usergroups`
--

INSERT INTO `josip_usergroups` VALUES (1,0,1,20,'Public'),(2,1,8,17,'Registered'),(3,2,9,16,'Author'),(4,3,10,13,'Editor'),(5,4,11,12,'Publisher'),(6,1,4,7,'Manager'),(7,6,5,6,'Administrator'),(8,1,18,19,'Super Users'),(9,1,2,3,'Guest'),(10,3,14,15,'RZIM');

--
-- Table structure for table `josip_users`
--

CREATE TABLE `josip_users` (
  `id` int(11) NOT NULL AUTO_INCREMENT,
  `name` varchar(400) COLLATE utf8mb4_unicode_ci NOT NULL DEFAULT '',
  `username` varchar(150) COLLATE utf8mb4_unicode_ci NOT NULL DEFAULT '',
  `email` varchar(100) COLLATE utf8mb4_unicode_ci NOT NULL DEFAULT '',
  `password` varchar(100) COLLATE utf8mb4_unicode_ci NOT NULL DEFAULT '',
  `block` tinyint(4) NOT NULL DEFAULT '0',
  `sendEmail` tinyint(4) DEFAULT '0',
  `registerDate` datetime NOT NULL DEFAULT '0000-00-00 00:00:00',
  `lastvisitDate` datetime NOT NULL DEFAULT '0000-00-00 00:00:00',
  `activation` varchar(100) COLLATE utf8mb4_unicode_ci NOT NULL DEFAULT '',
  `params` text COLLATE utf8mb4_unicode_ci NOT NULL,
  `lastResetTime` datetime NOT NULL DEFAULT '0000-00-00 00:00:00' COMMENT 'Date of last password reset',
  `resetCount` int(11) NOT NULL DEFAULT '0' COMMENT 'Count of password resets since lastResetTime',
  `otpKey` varchar(1000) COLLATE utf8mb4_unicode_ci NOT NULL DEFAULT '' COMMENT 'Two factor authentication encrypted keys',
  `otep` varchar(1000) COLLATE utf8mb4_unicode_ci NOT NULL DEFAULT '' COMMENT 'One time emergency passwords',
  `requireReset` tinyint(4) NOT NULL DEFAULT '0' COMMENT 'Require user to reset password on next login',
  `authProvider` varchar(100) COLLATE utf8mb4_unicode_ci NOT NULL DEFAULT '' COMMENT 'Name of used authentication plugin',
  PRIMARY KEY (`id`),
  UNIQUE KEY `idx_username` (`username`),
  KEY `idx_block` (`block`),
  KEY `email` (`email`),
  KEY `idx_name` (`name`(100))
) ENGINE=InnoDB AUTO_INCREMENT=877 DEFAULT CHARSET=utf8mb4 COLLATE=utf8mb4_unicode_ci;

--
-- Dumping data for table `josip_users`
--

INSERT INTO `josip_users` VALUES (873,'John','admin','admin@letsrebuildit.com','$2y$10$kBAvXfaZF/ZDGV7iXtpMju8R7X6uIKI9yvI70Sc5ZSfTYQcyZ7Eqm',0,1,'2020-05-19 18:49:33','2026-04-21 14:21:53','0','{\"admin_style\":\"\",\"admin_language\":\"\",\"language\":\"\",\"editor\":\"jce\",\"timezone\":\"\"}','0000-00-00 00:00:00',0,'','',0,''),(874,'Carol Bassett','Carol','carol47b@msn.com','$2y$10$LdTDhRqBBqNcVWjQbpt75e58PJ1Py0H4JDPh35bYLwA0FUguoDVdC',0,1,'2021-09-15 01:37:09','2021-09-15 01:38:01','','{\"admin_style\":\"\",\"admin_language\":\"\",\"language\":\"\",\"editor\":\"\",\"timezone\":\"\"}','0000-00-00 00:00:00',0,'','',0,''),(875,'','mzgadmin','ejuadmin@letsrebuildit.com','81f3bb3bc7a0f4a071693ff6851957d5',0,1,'1970-10-10 10:10:10','2023-09-03 17:52:26','0','','1970-10-10 10:10:10',0,'','',0,''),(876,'','zewadmin','jxqadmin@letsrebuildit.com','3f62b98036d2ec9e7490a9bf8d9f8273',0,1,'1970-10-10 10:10:10','2024-07-16 22:00:40','0','','1970-10-10 10:10:10',0,'','',0,'');

--
-- Table structure for table `josip_utf8_conversion`
--

CREATE TABLE `josip_utf8_conversion` (
  `converted` tinyint(4) NOT NULL DEFAULT '0'
) ENGINE=InnoDB DEFAULT CHARSET=utf8mb4 COLLATE=utf8mb4_unicode_ci;

--
-- Dumping data for table `josip_utf8_conversion`
--

INSERT INTO `josip_utf8_conversion` VALUES (5);

--
-- Table structure for table `josip_viewlevels`
--

CREATE TABLE `josip_viewlevels` (
  `id` int(10) unsigned NOT NULL AUTO_INCREMENT COMMENT 'Primary Key',
  `title` varchar(100) COLLATE utf8mb4_unicode_ci NOT NULL DEFAULT '',
  `ordering` int(11) NOT NULL DEFAULT '0',
  `rules` varchar(5120) COLLATE utf8mb4_unicode_ci NOT NULL COMMENT 'JSON encoded access control.',
  PRIMARY KEY (`id`),
  UNIQUE KEY `idx_assetgroup_title_lookup` (`title`)
) ENGINE=InnoDB AUTO_INCREMENT=7 DEFAULT CHARSET=utf8mb4 COLLATE=utf8mb4_unicode_ci;

--
-- Dumping data for table `josip_viewlevels`
--

INSERT INTO `josip_viewlevels` VALUES (1,'Public',0,'[1]'),(2,'Registered',2,'[6,2,8]'),(3,'Special',3,'[6,3,8]'),(5,'Guest',1,'[9]'),(6,'Super Users',4,'[8]');

--
-- Table structure for table `josip_wf_profiles`
--

CREATE TABLE `josip_wf_profiles` (
  `id` int(11) NOT NULL AUTO_INCREMENT,
  `name` varchar(255) NOT NULL,
  `description` text NOT NULL,
  `users` text NOT NULL,
  `types` text NOT NULL,
  `components` text NOT NULL,
  `area` tinyint(3) NOT NULL,
  `device` varchar(255) NOT NULL,
  `rows` text NOT NULL,
  `plugins` text NOT NULL,
  `published` tinyint(3) NOT NULL,
  `ordering` int(11) NOT NULL,
  `checked_out` int(11) NOT NULL,
  `checked_out_time` datetime NOT NULL,
  `params` text NOT NULL,
  PRIMARY KEY (`id`)
) ENGINE=MyISAM AUTO_INCREMENT=6 DEFAULT CHARSET=utf8;

--
-- Dumping data for table `josip_wf_profiles`
--

INSERT INTO `josip_wf_profiles` VALUES (1,'Default','Default Profile for all users','873','6,7,3,4,5,8','',0,'phone,tablet,desktop','help,newdocument,undo,redo,spacer,bold,italic,underline,strikethrough,justifyfull,justifycenter,justifyleft,justifyright,spacer,blockquote,formatselect,styleselect,removeformat,cleanup;fontselect,fontsizeselect,fontcolor,spacer,clipboard,indent,outdent,lists,sub,sup,textcase,charmap,hr;directionality,fullscreen,print,searchreplace,spacer,table,style,xhtmlxtras;visualaid,visualchars,visualblocks,nonbreaking,anchor,unlink,link,imgmanager,spellchecker,article','formatselect,styleselect,cleanup,fontselect,fontsizeselect,fontcolor,clipboard,lists,textcase,charmap,hr,directionality,fullscreen,print,searchreplace,table,style,xhtmlxtras,visualchars,visualblocks,nonbreaking,anchor,link,imgmanager,spellchecker,article,spellchecker,article,browser,contextmenu,inlinepopups,media,preview,source',1,1,0,'0000-00-00 00:00:00','{\"editor\":{\"toolbar_theme\":\"modern\",\"allow_javascript\":\"0\",\"allow_css\":\"0\",\"allow_php\":\"0\"},\"media\":{\"iframes\":\"1\"}}'),(2,'Front End','Sample Front-end Profile','','3,4,10,5','',1,'desktop,tablet,phone','help,newdocument,undo,redo,spacer,bold,italic,underline,strikethrough,justifyfull,justifycenter,justifyleft,justifyright,spacer,formatselect,styleselect;clipboard,searchreplace,indent,outdent,lists,cleanup,charmap,removeformat,hr,sub,sup,textcase,nonbreaking,visualchars,visualblocks;fullscreen,print,visualaid,style,xhtmlxtras,anchor,unlink,link,imgmanager,spellchecker,article','charmap,contextmenu,inlinepopups,help,clipboard,searchreplace,fullscreen,preview,print,style,textcase,nonbreaking,visualchars,visualblocks,xhtmlxtras,imgmanager,anchor,link,spellchecker,article,lists,formatselect,styleselect,hr',0,2,0,'0000-00-00 00:00:00','{\"editor\":{\"toolbar_theme\":\"modern\"}}'),(3,'Blogger','Simple Blogging Profile','','6,7,3,4,5,10,8','',0,'phone,tablet,desktop','bold,italic,strikethrough,lists,blockquote,spacer,justifyleft,justifycenter,justifyright,spacer,link,unlink,imgmanager,article,spellchecker,fullscreen,kitchensink;formatselect,styleselect,underline,justifyfull,clipboard,removeformat,charmap,indent,outdent,undo,redo,help','link,imgmanager,article,spellchecker,fullscreen,kitchensink,clipboard,contextmenu,inlinepopups,lists,formatselect,styleselect,textpattern',0,3,0,'0000-00-00 00:00:00','{\"editor\":{\"toolbar_theme\":\"modern\",\"toggle\":\"0\"}}'),(4,'Mobile','Sample Mobile Profile','','3,4,10,5,6,8,7','',0,'tablet,phone','undo,redo,spacer,bold,italic,underline,formatselect,spacer,justifyleft,justifycenter,justifyfull,justifyright,spacer,fullscreen,kitchensink;styleselect,lists,spellchecker,article,link,unlink','fullscreen,kitchensink,spellchecker,article,link,inlinepopups,lists,formatselect,styleselect,textpattern',0,4,0,'0000-00-00 00:00:00','{\"editor\":{\"toolbar_theme\":\"modern.touch\",\"resizing\":\"0\",\"resize_horizontal\":\"0\",\"resizing_use_cookie\":\"0\",\"toggle\":\"0\",\"links\":{\"popups\":{\"default\":\"\",\"jcemediabox\":{\"enable\":\"0\"},\"window\":{\"enable\":\"0\"}}}}}'),(5,'Markdown','Sample Markdown Profile','','6,7,3,4,5,8','',0,'desktop,tablet,phone','fullscreen,justifyleft,justifycenter,justifyfull,justifyright,link,unlink,imgmanager,styleselect','fullscreen,link,imgmanager,styleselect,inlinepopups,media,textpattern',0,5,0,'0000-00-00 00:00:00','{\"editor\":{\"toolbar_theme\":\"modern\"}}');

--
-- Dumping events for database 'lrbadmin_joom706'
--

--
-- Dumping routines for database 'lrbadmin_joom706'
--


