-- Table structure for table `zen_authorizenet`
--

CREATE TABLE `zen_authorizenet` (
  `id` int(11) unsigned NOT NULL AUTO_INCREMENT,
  `customer_id` int(11) NOT NULL DEFAULT '0',
  `order_id` int(11) NOT NULL DEFAULT '0',
  `response_code` int(1) NOT NULL DEFAULT '0',
  `response_text` varchar(255) NOT NULL DEFAULT '',
  `authorization_type` varchar(50) NOT NULL DEFAULT '',
  `transaction_id` bigint(20) DEFAULT NULL,
  `sent` longtext NOT NULL,
  `received` longtext NOT NULL,
  `time` varchar(50) NOT NULL DEFAULT '',
  `session_id` varchar(255) NOT NULL DEFAULT '',
  PRIMARY KEY (`id`)
) ENGINE=MyISAM DEFAULT CHARSET=latin1;

--
-- Dumping data for table `zen_authorizenet`
--


--
-- Table structure for table `zen_banners`
--

CREATE TABLE `zen_banners` (
  `banners_id` int(11) NOT NULL AUTO_INCREMENT,
  `banners_title` varchar(64) NOT NULL DEFAULT '',
  `banners_url` varchar(255) NOT NULL DEFAULT '',
  `banners_image` varchar(64) NOT NULL DEFAULT '',
  `banners_group` varchar(15) NOT NULL DEFAULT '',
  `banners_html_text` text,
  `expires_impressions` int(7) DEFAULT '0',
  `expires_date` datetime DEFAULT NULL,
  `date_scheduled` datetime DEFAULT NULL,
  `date_added` datetime NOT NULL DEFAULT '0001-01-01 00:00:00',
  `date_status_change` datetime DEFAULT NULL,
  `status` int(1) NOT NULL DEFAULT '1',
  `banners_open_new_windows` int(1) NOT NULL DEFAULT '1',
  `banners_on_ssl` int(1) NOT NULL DEFAULT '1',
  `banners_sort_order` int(11) NOT NULL DEFAULT '0',
  PRIMARY KEY (`banners_id`),
  KEY `idx_status_group_zen` (`status`,`banners_group`),
  KEY `idx_expires_date_zen` (`expires_date`),
  KEY `idx_date_scheduled_zen` (`date_scheduled`)
) ENGINE=MyISAM AUTO_INCREMENT=10 DEFAULT CHARSET=latin1;

--
-- Dumping data for table `zen_banners`
--

INSERT INTO `zen_banners` VALUES (1,'Let\'s Have Chinese Tonight!','http://www.1chinesedelight.com','tonight.jpg','Wide-Banners','',0,NULL,NULL,'2004-01-11 20:59:12',NULL,1,1,1,0),(2,'Chinese Delight','http://www.1chinesedelight.com','coup160.jpg','SideBox-Banners','',0,NULL,NULL,'2004-01-11 20:59:12',NULL,1,1,1,2),(3,'Chinese Delight Coupons Food Deals','http://www.1chinesedelight.com','coup2160.jpg','SideBox-Banners','',0,NULL,NULL,'2004-01-11 20:59:12',NULL,1,1,1,0),(4,'Chinese Delight','http://www.1chinesedelight.com','tonight.jpg','Wide-Banners','',0,NULL,NULL,'2004-01-12 20:53:18',NULL,1,1,1,0),(5,'Chinese Delight','http://www.1chinesedelight.com','cookie.gif','BannersAll','',0,NULL,NULL,'2005-05-13 10:54:38',NULL,1,1,1,10),(6,'Chinese Delight','http://www.1chinesedelight.com','tonight.jpg','Wide-Banners','',0,NULL,NULL,'2006-03-13 11:02:43',NULL,1,1,1,0),(7,'chinese Delight','http://www.1chinesedelight.com','tonight.jpg','Wide-Banners','',0,NULL,NULL,'2007-02-10 00:00:00',NULL,1,1,1,1),(8,'Chinese Delight','http://www.1chinesedelight.com','coup160.jpg','SideBox-Banners','',0,NULL,NULL,'2007-02-10 00:00:00',NULL,1,1,1,1),(9,'Chinese Delight','http://www.1chinesedelight.com','togo.jpg','BannersAll','',0,NULL,NULL,'2007-02-10 00:00:00',NULL,1,1,1,5);

--
-- Table structure for table `zen_banners_history`
--

CREATE TABLE `zen_banners_history` (
  `banners_history_id` int(11) NOT NULL AUTO_INCREMENT,
  `banners_id` int(11) NOT NULL DEFAULT '0',
  `banners_shown` int(5) NOT NULL DEFAULT '0',
  `banners_clicked` int(5) NOT NULL DEFAULT '0',
  `banners_history_date` datetime NOT NULL DEFAULT '0001-01-01 00:00:00',
  PRIMARY KEY (`banners_history_id`),
  KEY `idx_banners_id_zen` (`banners_id`)
) ENGINE=MyISAM AUTO_INCREMENT=331 DEFAULT CHARSET=latin1;

--
-- Dumping data for table `zen_banners_history`
--

INSERT INTO `zen_banners_history` VALUES (7,2,58,0,'2010-03-04 18:43:35'),(8,5,95,0,'2010-03-04 18:43:35'),(9,9,95,0,'2010-03-04 18:43:35'),(10,6,28,0,'2010-03-04 18:43:35'),(11,3,68,0,'2010-03-04 18:44:15'),(12,7,25,0,'2010-03-04 18:44:15'),(13,4,22,0,'2010-03-04 18:44:17'),(14,8,64,0,'2010-03-04 18:44:21'),(15,1,20,0,'2010-03-04 19:17:02'),(16,2,110,0,'2010-03-05 00:00:03'),(17,5,161,0,'2010-03-05 00:00:04'),(18,9,161,0,'2010-03-05 00:00:04'),(19,4,36,0,'2010-03-05 00:00:04'),(20,8,89,0,'2010-03-05 08:14:51'),(21,3,123,0,'2010-03-05 08:21:39'),(22,6,46,0,'2010-03-05 08:21:39'),(23,7,44,0,'2010-03-05 08:23:20'),(24,1,35,0,'2010-03-05 08:32:09'),(25,3,63,0,'2010-03-06 00:31:59'),(26,9,103,0,'2010-03-06 00:31:59'),(27,5,103,0,'2010-03-06 00:31:59'),(28,8,75,0,'2010-03-06 00:31:59'),(29,4,29,0,'2010-03-06 00:31:59'),(30,7,32,1,'2010-03-06 00:33:16'),(31,2,68,0,'2010-03-06 00:33:22'),(32,1,21,0,'2010-03-06 00:34:31'),(33,6,21,0,'2010-03-06 00:46:13'),(34,8,4,0,'2010-03-07 12:35:31'),(35,9,5,0,'2010-03-07 12:35:31'),(36,5,5,0,'2010-03-07 12:35:31'),(37,7,1,0,'2010-03-07 12:35:31'),(38,3,4,0,'2010-03-07 12:36:14'),(39,4,3,0,'2010-03-07 12:36:14'),(40,2,2,0,'2010-03-07 12:36:22'),(41,1,1,0,'2010-03-07 12:36:31'),(42,8,6,0,'2010-03-15 15:06:38'),(43,9,11,0,'2010-03-15 15:06:38'),(44,5,11,0,'2010-03-15 15:06:38'),(45,2,8,0,'2010-03-15 15:06:38'),(46,4,4,0,'2010-03-15 15:06:38'),(47,3,8,0,'2010-03-15 15:06:44'),(48,7,3,0,'2010-03-15 15:06:44'),(49,6,3,0,'2010-03-15 15:06:50'),(50,1,1,0,'2010-03-15 15:07:15'),(51,8,2,0,'2010-03-21 16:22:44'),(52,9,6,0,'2010-03-21 16:22:44'),(53,5,6,0,'2010-03-21 16:22:44'),(54,2,6,0,'2010-03-21 16:22:44'),(55,1,5,0,'2010-03-21 16:22:44'),(56,3,4,0,'2010-03-21 16:23:38'),(57,6,1,0,'2010-03-21 16:24:41'),(58,3,3,0,'2010-03-23 20:27:48'),(59,9,7,0,'2010-03-23 20:27:48'),(60,5,7,0,'2010-03-23 20:27:48'),(61,2,2,0,'2010-03-23 20:27:48'),(62,4,2,0,'2010-03-23 20:27:49'),(63,8,9,0,'2010-03-23 20:28:07'),(64,6,2,0,'2010-03-23 21:12:28'),(65,1,3,0,'2010-03-23 21:13:05'),(66,2,17,0,'2010-03-24 20:03:43'),(67,9,18,0,'2010-03-24 20:03:44'),(68,5,18,0,'2010-03-24 20:03:44'),(69,3,9,0,'2010-03-24 20:03:44'),(70,1,4,0,'2010-03-24 20:03:44'),(71,8,10,0,'2010-03-24 20:04:00'),(72,7,5,0,'2010-03-24 20:04:48'),(73,6,6,0,'2010-03-24 21:46:20'),(74,4,3,0,'2010-03-24 21:46:36'),(75,8,86,0,'2010-03-25 07:23:55'),(76,9,157,0,'2010-03-25 07:23:55'),(77,5,157,0,'2010-03-25 07:23:55'),(78,3,116,1,'2010-03-25 07:23:55'),(79,7,38,0,'2010-03-25 07:23:55'),(80,2,112,0,'2010-03-25 07:47:01'),(81,1,36,0,'2010-03-25 07:47:01'),(82,4,33,0,'2010-03-25 07:47:21'),(83,6,50,0,'2010-03-25 07:55:29'),(84,2,43,0,'2010-03-26 18:37:12'),(85,9,73,0,'2010-03-26 18:37:12'),(86,5,73,0,'2010-03-26 18:37:12'),(87,6,16,0,'2010-03-26 18:37:12'),(88,8,60,0,'2010-03-26 18:39:56'),(89,7,22,0,'2010-03-26 18:39:56'),(90,1,18,0,'2010-03-26 18:39:59'),(91,3,43,0,'2010-03-26 18:45:24'),(92,4,17,0,'2010-03-26 19:06:42'),(93,2,7,0,'2010-03-27 17:49:57'),(94,9,14,0,'2010-03-27 17:49:57'),(95,5,14,0,'2010-03-27 17:49:57'),(96,3,14,0,'2010-03-27 17:49:57'),(97,1,5,0,'2010-03-27 17:49:57'),(98,4,3,0,'2010-03-27 17:50:00'),(99,8,7,0,'2010-03-27 17:50:02'),(100,6,4,0,'2010-03-27 17:50:02'),(101,7,2,0,'2010-03-27 17:51:59'),(102,3,22,0,'2010-03-28 18:45:01'),(103,9,29,0,'2010-03-28 18:45:01'),(104,5,29,0,'2010-03-28 18:45:01'),(105,2,16,0,'2010-03-28 18:45:01'),(106,1,10,0,'2010-03-28 18:45:01'),(107,7,8,0,'2010-03-28 18:45:31'),(108,8,20,0,'2010-03-28 18:58:53'),(109,4,5,0,'2010-03-28 18:58:53'),(110,6,6,0,'2010-03-28 19:44:17'),(111,8,27,0,'2010-03-29 00:04:48'),(112,9,38,0,'2010-03-29 00:04:48'),(113,5,38,0,'2010-03-29 00:04:48'),(114,1,5,0,'2010-03-29 00:04:48'),(115,3,24,0,'2010-03-29 00:05:42'),(116,2,25,0,'2010-03-29 00:05:42'),(117,4,12,0,'2010-03-29 00:05:42'),(118,6,5,0,'2010-03-29 00:08:00'),(119,7,16,0,'2010-03-29 12:43:08'),(120,8,15,0,'2010-03-31 19:14:21'),(121,9,23,0,'2010-03-31 19:14:21'),(122,5,23,0,'2010-03-31 19:14:21'),(123,3,15,0,'2010-03-31 19:14:21'),(124,7,6,0,'2010-03-31 19:14:21'),(125,2,16,0,'2010-03-31 19:14:47'),(126,6,9,0,'2010-03-31 19:14:47'),(127,1,6,0,'2010-03-31 19:15:29'),(128,4,2,0,'2010-03-31 19:15:48'),(129,3,61,0,'2010-04-02 05:00:23'),(130,9,95,0,'2010-04-02 05:00:23'),(131,5,95,0,'2010-04-02 05:00:23'),(132,1,22,0,'2010-04-02 05:00:23'),(133,2,65,0,'2010-04-02 05:00:31'),(134,8,64,0,'2010-04-02 05:00:31'),(135,7,18,0,'2010-04-02 05:00:31'),(136,4,29,0,'2010-04-02 05:46:37'),(137,6,26,0,'2010-04-02 05:47:15'),(138,3,59,0,'2010-04-03 06:59:39'),(139,9,51,0,'2010-04-03 06:59:39'),(140,5,51,0,'2010-04-03 06:59:39'),(141,7,27,0,'2010-04-03 06:59:39'),(142,2,56,0,'2010-04-03 07:00:20'),(143,8,47,0,'2010-04-03 07:00:20'),(144,1,26,0,'2010-04-03 07:00:20'),(145,6,31,0,'2010-04-03 07:01:21'),(146,4,26,0,'2010-04-03 07:09:15'),(147,8,1,0,'2010-04-20 14:27:43'),(148,4,1,0,'2010-04-20 14:27:43'),(149,2,5,0,'2010-04-30 13:47:49'),(150,6,2,0,'2010-04-30 13:47:49'),(151,1,6,0,'2010-04-30 13:53:03'),(152,3,4,0,'2010-04-30 13:53:06'),(153,7,2,0,'2010-04-30 13:53:07'),(154,8,4,0,'2010-04-30 13:53:14'),(155,4,3,0,'2010-04-30 14:09:44'),(156,8,4,0,'2010-05-01 18:40:03'),(157,7,3,0,'2010-05-01 18:40:03'),(158,2,7,0,'2010-05-01 18:40:27'),(159,6,6,0,'2010-05-01 18:40:28'),(160,4,3,0,'2010-05-01 18:40:43'),(161,1,3,0,'2010-05-01 18:40:50'),(162,3,4,0,'2010-05-01 18:41:31'),(163,2,30,0,'2010-05-02 13:17:38'),(164,7,25,0,'2010-05-02 13:17:38'),(165,6,27,0,'2010-05-02 13:17:38'),(166,3,35,0,'2010-05-02 13:17:38'),(167,8,28,0,'2010-05-02 13:18:24'),(168,4,22,0,'2010-05-02 13:20:23'),(169,1,15,0,'2010-05-02 13:20:47'),(170,2,7,0,'2010-05-03 10:37:36'),(171,4,4,0,'2010-05-03 10:37:36'),(172,3,8,0,'2010-05-03 10:38:09'),(173,1,7,0,'2010-05-03 10:38:09'),(174,6,2,0,'2010-05-03 10:51:57'),(175,8,6,0,'2010-05-03 18:32:45'),(176,7,8,0,'2010-05-03 18:34:11'),(177,8,1,0,'2010-05-06 13:45:47'),(178,1,1,0,'2010-05-06 13:45:47'),(179,2,1,0,'2010-05-07 15:31:05'),(180,1,1,0,'2010-05-07 15:31:05'),(181,8,1,0,'2010-05-07 15:31:11'),(182,4,1,0,'2010-05-07 15:31:11'),(183,8,5,0,'2010-05-21 12:26:56'),(184,4,3,0,'2010-05-21 12:26:56'),(185,3,3,0,'2010-05-21 12:27:13'),(186,7,3,0,'2010-05-21 12:27:13'),(187,2,5,0,'2010-05-21 12:27:43'),(188,1,3,0,'2010-05-21 12:27:45'),(189,6,4,0,'2010-05-21 14:13:05'),(190,3,1,0,'2010-05-26 19:44:26'),(191,4,4,0,'2010-05-26 19:44:26'),(192,8,2,0,'2010-05-26 19:44:53'),(193,1,1,0,'2010-05-26 19:44:53'),(194,2,3,0,'2010-05-26 20:57:42'),(195,7,1,0,'2010-05-26 20:57:42'),(196,8,1,0,'2010-06-04 19:53:55'),(197,1,1,0,'2010-06-04 19:53:55'),(198,3,8,0,'2010-06-06 12:06:49'),(199,6,3,0,'2010-06-06 12:06:49'),(200,7,6,0,'2010-06-06 12:07:03'),(201,8,2,0,'2010-06-06 12:23:25'),(202,1,3,0,'2010-06-06 12:23:25'),(203,2,3,0,'2010-06-06 12:23:41'),(204,4,1,0,'2010-06-06 12:24:40'),(205,3,1,0,'2010-06-21 21:56:15'),(206,6,1,0,'2010-06-21 21:56:15'),(207,8,2,0,'2010-08-22 13:26:14'),(208,4,3,0,'2010-08-22 13:26:14'),(209,2,1,0,'2010-08-22 13:26:38'),(210,7,2,0,'2010-08-22 13:26:38'),(211,3,4,0,'2010-08-22 13:27:00'),(212,1,1,0,'2010-08-22 13:27:00'),(213,6,1,0,'2010-08-22 13:27:24'),(214,2,4,0,'2010-09-13 13:11:18'),(215,4,3,0,'2010-09-13 13:11:18'),(216,1,5,0,'2010-09-13 13:11:43'),(217,3,3,0,'2010-09-13 13:12:51'),(218,8,3,0,'2010-09-13 13:12:58'),(219,7,2,0,'2010-09-13 13:13:07'),(220,8,4,0,'2010-09-22 09:15:00'),(221,7,3,0,'2010-09-22 09:15:00'),(222,6,1,0,'2010-09-22 09:15:16'),(223,3,4,0,'2010-09-22 09:15:22'),(224,1,4,0,'2010-09-22 09:15:22'),(225,4,1,0,'2010-09-22 12:08:16'),(226,2,1,0,'2010-09-22 12:09:00'),(227,3,11,0,'2010-10-26 09:40:43'),(228,1,5,0,'2010-10-26 09:40:43'),(229,8,7,0,'2010-10-26 09:41:02'),(230,6,4,0,'2010-10-26 09:41:02'),(231,7,10,0,'2010-10-26 09:41:08'),(232,2,6,0,'2010-10-26 09:41:15'),(233,4,5,0,'2010-10-26 09:41:37'),(234,8,4,0,'2010-10-27 20:51:01'),(235,7,3,0,'2010-10-27 20:51:01'),(236,6,4,0,'2010-10-27 20:52:11'),(237,3,2,0,'2010-10-27 20:53:21'),(238,2,2,0,'2010-10-27 20:54:00'),(239,1,1,0,'2010-10-27 20:54:00'),(240,2,4,0,'2011-01-07 12:53:51'),(241,1,5,0,'2011-01-07 12:53:51'),(242,3,3,0,'2011-01-07 12:54:06'),(243,4,3,0,'2011-01-07 12:54:06'),(244,8,2,0,'2011-01-07 12:55:40'),(245,6,1,0,'2011-01-07 12:55:55'),(246,8,34,0,'2011-01-08 09:05:47'),(247,4,31,0,'2011-01-08 09:05:47'),(248,6,28,1,'2011-01-08 09:26:37'),(249,3,38,0,'2011-01-08 09:27:10'),(250,2,35,0,'2011-01-08 09:37:21'),(251,1,23,0,'2011-01-08 09:37:21'),(252,7,25,0,'2011-01-08 09:37:31'),(253,3,2,0,'2011-01-15 09:06:59'),(254,1,2,0,'2011-01-15 09:06:59'),(255,2,2,0,'2011-01-15 09:07:28'),(256,4,2,0,'2011-01-15 09:07:28'),(257,6,1,0,'2011-01-15 09:07:51'),(258,8,1,0,'2011-01-15 09:08:28'),(259,8,5,0,'2011-01-19 22:33:55'),(260,7,3,0,'2011-01-19 22:33:55'),(261,2,3,0,'2011-01-19 22:34:04'),(262,1,4,0,'2011-01-19 22:34:04'),(263,3,2,0,'2011-01-19 22:34:33'),(264,4,3,0,'2011-01-19 22:34:34'),(265,2,4,0,'2011-02-19 18:39:14'),(266,4,2,0,'2011-02-19 18:39:14'),(267,3,7,0,'2011-02-19 18:39:48'),(268,7,5,1,'2011-02-19 18:39:48'),(269,8,4,0,'2011-02-19 18:39:50'),(270,6,5,0,'2011-02-19 18:40:16'),(271,1,3,0,'2011-02-19 18:41:01'),(272,2,4,0,'2011-02-20 16:03:20'),(273,4,3,0,'2011-02-20 16:03:20'),(274,6,2,0,'2011-02-20 16:03:25'),(275,8,1,0,'2011-02-20 16:03:32'),(276,8,1,0,'2011-04-05 18:04:48'),(277,7,1,0,'2011-04-05 18:04:48'),(278,8,14,0,'2011-05-24 07:45:49'),(279,4,10,0,'2011-05-24 07:45:49'),(280,2,17,0,'2011-05-24 07:46:01'),(281,1,15,0,'2011-05-24 07:46:03'),(282,3,21,0,'2011-05-24 07:46:32'),(283,7,13,0,'2011-05-24 07:47:04'),(284,6,14,0,'2011-05-24 07:47:51'),(285,3,4,0,'2011-05-25 22:16:27'),(286,4,2,0,'2011-05-25 22:16:27'),(287,8,5,0,'2011-05-25 22:16:29'),(288,1,5,0,'2011-05-25 22:16:35'),(289,2,4,0,'2011-05-25 22:19:04'),(290,6,5,0,'2011-05-25 22:29:47'),(291,7,1,0,'2011-05-25 22:56:20'),(292,2,6,0,'2011-07-05 14:22:40'),(293,7,5,0,'2011-07-05 14:22:40'),(294,1,5,0,'2011-07-05 14:23:03'),(295,3,7,0,'2011-07-05 14:23:15'),(296,8,6,0,'2011-07-05 14:23:43'),(297,4,4,0,'2011-07-05 14:23:43'),(298,6,5,0,'2011-07-05 14:24:18'),(299,8,27,0,'2011-07-06 14:30:43'),(300,6,23,0,'2011-07-06 14:30:43'),(301,2,26,0,'2011-07-06 14:31:45'),(302,7,14,0,'2011-07-06 14:32:35'),(303,1,11,0,'2011-07-06 14:32:50'),(304,4,19,0,'2011-07-06 14:48:45'),(305,3,14,0,'2011-07-06 17:31:23'),(306,8,28,1,'2011-07-07 19:20:34'),(307,4,19,0,'2011-07-07 19:20:34'),(308,3,22,0,'2011-07-07 19:20:54'),(309,1,23,0,'2011-07-07 19:20:54'),(310,2,20,0,'2011-07-07 19:22:20'),(311,6,14,0,'2011-07-07 19:22:20'),(312,7,13,0,'2011-07-07 19:31:16'),(313,3,4,0,'2011-07-11 13:29:52'),(314,6,2,0,'2011-07-11 13:29:52'),(315,8,4,0,'2011-07-11 13:29:57'),(316,4,3,0,'2011-07-11 13:29:57'),(317,1,2,0,'2011-07-11 13:30:54'),(318,7,1,0,'2011-07-11 13:31:14'),(319,3,1,0,'2011-07-12 12:42:05'),(320,1,1,0,'2011-07-12 12:42:06'),(321,8,2,0,'2011-08-08 09:31:54'),(322,4,1,0,'2011-08-08 09:31:56'),(323,7,1,0,'2011-08-08 09:33:32'),(324,2,4,0,'2011-11-01 18:38:51'),(325,1,3,0,'2011-11-01 18:38:51'),(326,3,5,0,'2011-11-01 18:42:43'),(327,6,4,0,'2011-11-01 18:42:43'),(328,4,1,0,'2011-11-01 18:43:45'),(329,8,1,0,'2011-11-01 18:44:24'),(330,7,2,0,'2011-11-01 18:44:24');

--
-- Table structure for table `zen_categories`
--

CREATE TABLE `zen_categories` (
  `categories_id` int(11) NOT NULL AUTO_INCREMENT,
  `categories_image` varchar(64) DEFAULT NULL,
  `parent_id` int(11) NOT NULL DEFAULT '0',
  `sort_order` int(3) DEFAULT NULL,
  `date_added` datetime DEFAULT NULL,
  `last_modified` datetime DEFAULT NULL,
  `categories_status` tinyint(1) NOT NULL DEFAULT '1',
  PRIMARY KEY (`categories_id`),
  KEY `idx_parent_id_cat_id_zen` (`parent_id`,`categories_id`),
  KEY `idx_status_zen` (`categories_status`),
  KEY `idx_sort_order_zen` (`sort_order`)
) ENGINE=MyISAM AUTO_INCREMENT=29 DEFAULT CHARSET=latin1;

--
-- Dumping data for table `zen_categories`
--

INSERT INTO `zen_categories` VALUES (1,NULL,0,0,'2010-03-04 21:25:06','2010-03-25 08:56:04',1),(2,NULL,0,2,'2010-03-04 21:26:00','2010-03-28 23:23:45',1),(4,'categories/salad.jpg',1,0,'2010-03-04 21:29:08',NULL,1),(5,'categories/soup.jpg',1,1,'2010-03-04 21:29:38','2010-03-25 09:29:12',1),(6,'categories/seafood.jpg',1,3,'2010-03-04 21:30:03','2010-03-25 09:30:06',1),(7,NULL,1,2,'2010-03-24 20:09:01','2010-03-25 09:29:54',1),(8,NULL,1,4,'2010-03-25 05:42:09','2010-03-25 09:30:48',1),(9,NULL,1,5,'2010-03-25 06:00:50','2010-03-25 09:32:05',1),(10,NULL,1,6,'2010-03-25 06:15:08','2010-03-25 09:32:18',1),(11,NULL,1,7,'2010-03-25 06:21:03','2010-03-25 06:21:14',1),(12,NULL,1,8,'2010-03-25 06:25:23',NULL,1),(13,NULL,1,9,'2010-03-25 06:29:43','2010-03-25 06:30:23',1),(14,NULL,1,10,'2010-03-25 06:34:47',NULL,1),(15,NULL,1,11,'2010-03-25 06:39:06','2010-03-25 06:48:45',1),(17,NULL,1,12,'2010-03-25 06:46:52','2010-03-25 06:52:20',1),(18,NULL,0,1,'2010-03-28 18:26:50',NULL,1),(19,NULL,2,0,'2010-03-28 23:25:13','2010-03-29 14:04:42',1),(20,NULL,2,1,'2010-03-28 23:25:50',NULL,1),(21,NULL,2,2,'2010-03-28 23:26:11',NULL,1),(22,NULL,2,4,'2010-03-28 23:26:55',NULL,1),(23,NULL,2,5,'2010-03-28 23:27:26',NULL,1),(24,NULL,2,6,'2010-03-28 23:28:31','2010-03-29 12:54:34',1),(25,NULL,2,7,'2010-03-28 23:29:21','2010-03-28 23:32:12',1),(26,NULL,2,8,'2010-03-28 23:32:48','2010-03-28 23:33:08',1),(27,NULL,2,9,'2010-03-28 23:33:58',NULL,1),(28,NULL,0,0,'2011-05-24 20:58:46','2011-05-25 22:26:53',1);

--
-- Table structure for table `zen_categories_description`
--

CREATE TABLE `zen_categories_description` (
  `categories_id` int(11) NOT NULL DEFAULT '0',
  `language_id` int(11) NOT NULL DEFAULT '1',
  `categories_name` varchar(32) NOT NULL DEFAULT '',
  `categories_description` text NOT NULL,
  PRIMARY KEY (`categories_id`,`language_id`),
  KEY `idx_categories_name_zen` (`categories_name`)
) ENGINE=MyISAM DEFAULT CHARSET=latin1;

--
-- Dumping data for table `zen_categories_description`
--

INSERT INTO `zen_categories_description` VALUES (1,1,'MENU',''),(2,1,'LUNCHEON SPECIALS','<div align=\"center\"><strong>Monday -  Saturday: 11:00    a.m. ~ 3:30 p.m.    Sunday:12:00 a.m. ~    3:30 p.m.</strong> <br />\r\n  <strong>Served    with Soup</strong> (EGG DROP, HOT    &amp; SOUR OR WON TON)<br />\r\n  <strong>Appetizer</strong>  (EGG ROLL OR CRABMEAT CHEESE)<br />\r\n  <strong>and Rice</strong> ( FRIED RICE OR WHITE RICE)\r\n</div>'),(18,1,'DELIGHTFUL FAMILY DINNERS',''),(4,1,'Appetizers & Salad',''),(5,1,'Soup','<strong>*   Represents Hot and Spicy - May be altered according to your taste.\r\n</br></br>  MOST ENTRIES CAN BE PREPARED IN THE VEGETARIAN MANNER</strong>'),(6,1,'Seafood','<strong>*   Represents Hot and Spicy - May be altered according to your taste.\r\n</br></br>  MOST ENTRIES CAN BE PREPARED IN THE VEGETARIAN MANNER</strong>'),(7,1,'House Specialties','<strong>*   Represents Hot and Spicy - May be altered according to your taste.\r\n</br></br>  MOST ENTRIES CAN BE PREPARED IN THE VEGETARIAN MANNER</strong>'),(8,1,'Poultry','<strong>*   Represents Hot and Spicy - May be altered according to your taste.\r\n</br></br>  MOST ENTRIES CAN BE PREPARED IN THE VEGETARIAN MANNER</strong>'),(9,1,'Beef','<strong>*   Represents Hot and Spicy - May be altered according to your taste.\r\n</br></br>  MOST ENTRIES CAN BE PREPARED IN THE VEGETARIAN MANNER</strong>'),(10,1,'Pork','<strong>*   Represents Hot and Spicy - May be altered according to your taste.\r\n</br></br>  MOST ENTRIES CAN BE PREPARED IN THE VEGETARIAN MANNER</strong>'),(11,1,'Vegetables',''),(12,1,'Special Diet Dish',''),(13,1,'Egg Foo Young','(2 Patties)'),(14,1,'Pan Fried Chow Mein','(Hong Kong Style Golden Noodle)'),(15,1,'Chop Suey & Chow Mein','(Chop Suey Served with Rice)\r\n</br>(Chow Mein Served with Cantonese Crispy Chow Mein)'),(17,1,'Fried Rice & Soft Noodle',''),(19,1,'Poultry','MOST OF ENTRÉES CAN BE PREPARED IN THE VEGETARIAN MANNER</br></br>* Represents Hot and Spicy -May be altered according to your taste.'),(20,1,'Beef',''),(21,1,'Pork',''),(22,1,'Seafood',''),(23,1,'Vegetables & Diet Dish',''),(24,1,'Fried Rice',''),(25,1,'Soft Noodle','(Stir fried soft noodle)'),(26,1,'Chop Suey','(Served with Rice)'),(27,1,'Chow Mein','(Served with Hard Noodle)'),(28,1,'TEST','');

--
-- Table structure for table `zen_configuration`
--

CREATE TABLE `zen_configuration` (
  `configuration_id` int(11) NOT NULL AUTO_INCREMENT,
  `configuration_title` text NOT NULL,
  `configuration_key` varchar(255) NOT NULL DEFAULT '',
  `configuration_value` text NOT NULL,
  `configuration_description` text NOT NULL,
  `configuration_group_id` int(11) NOT NULL DEFAULT '0',
  `sort_order` int(5) DEFAULT NULL,
  `last_modified` datetime DEFAULT NULL,
  `date_added` datetime NOT NULL DEFAULT '0001-01-01 00:00:00',
  `use_function` text,
  `set_function` text,
  PRIMARY KEY (`configuration_id`),
  UNIQUE KEY `unq_config_key_zen` (`configuration_key`),
  KEY `idx_key_value_zen` (`configuration_key`,`configuration_value`(10)),
  KEY `idx_cfg_grp_id_zen` (`configuration_group_id`)
) ENGINE=MyISAM AUTO_INCREMENT=635 DEFAULT CHARSET=latin1;

--
-- Dumping data for table `zen_configuration`
--

INSERT INTO `zen_configuration` VALUES (1,'Store Name','STORE_NAME','nsconstruct.com','The name of my store',1,1,NULL,'2010-03-04 18:39:23',NULL,NULL),(2,'Store Owner','STORE_OWNER','admin','The name of my store owner',1,2,NULL,'2010-03-04 18:39:23',NULL,NULL),(3,'Country','STORE_COUNTRY','223','The country my store is located in <br /><br /><strong>Note: Please remember to update the store zone.</strong>',1,6,NULL,'2010-03-04 18:39:23','zen_get_country_name','zen_cfg_pull_down_country_list('),(4,'Zone','STORE_ZONE','33','The zone my store is located in',1,7,'2010-04-02 06:59:13','2010-03-04 18:39:23','zen_cfg_get_zone_name','zen_cfg_pull_down_zone_list('),(5,'Expected Sort Order','EXPECTED_PRODUCTS_SORT','desc','This is the sort order used in the expected products box.',1,8,NULL,'2010-03-04 18:39:23',NULL,'zen_cfg_select_option(array(\'asc\', \'desc\'), '),(6,'Expected Sort Field','EXPECTED_PRODUCTS_FIELD','date_expected','The column to sort by in the expected products box.',1,9,NULL,'2010-03-04 18:39:23',NULL,'zen_cfg_select_option(array(\'products_name\', \'date_expected\'), '),(7,'Switch To Default Language Currency','USE_DEFAULT_LANGUAGE_CURRENCY','false','Automatically switch to the language\'s currency when it is changed',1,10,NULL,'2010-03-04 18:39:23',NULL,'zen_cfg_select_option(array(\'true\', \'false\'), '),(8,'Language Selector','LANGUAGE_DEFAULT_SELECTOR','Default','Should the default language be based on the Store preferences, or the customer\'s browser settings?<br /><br />Default: Store\'s default settings',1,11,NULL,'2010-03-04 18:39:23',NULL,'zen_cfg_select_option(array(\'Default\', \'Browser\'), '),(9,'Use Search-Engine Safe URLs (still in development)','SEARCH_ENGINE_FRIENDLY_URLS','false','Use search-engine safe urls for all site links',6,12,NULL,'2010-03-04 18:39:23',NULL,'zen_cfg_select_option(array(\'true\', \'false\'), '),(10,'Display Cart After Adding Product','DISPLAY_CART','true','Display the shopping cart after adding a product (or return back to their origin)',1,14,NULL,'2010-03-04 18:39:23',NULL,'zen_cfg_select_option(array(\'true\', \'false\'), '),(11,'Default Search Operator','ADVANCED_SEARCH_DEFAULT_OPERATOR','and','Default search operators',1,17,NULL,'2010-03-04 18:39:23',NULL,'zen_cfg_select_option(array(\'and\', \'or\'), '),(12,'Store Address and Phone','STORE_NAME_ADDRESS','Chinese Delight Restaurant\r\n 111 East Grand River Avenue\r\n Howell, MI  48843\r\n (517) 545-9988','This is the Store Name, Address and Phone used on printable documents and displayed online',1,18,'2010-05-02 19:13:19','2010-03-04 18:39:23',NULL,'zen_cfg_textarea('),(13,'Show Category Counts','SHOW_COUNTS','false','Count recursively how many products are in each category',1,19,'2010-03-05 12:00:57','2010-03-04 18:39:23',NULL,'zen_cfg_select_option(array(\'true\', \'false\'), '),(14,'Tax Decimal Places','TAX_DECIMAL_PLACES','0','Pad the tax value this amount of decimal places',1,20,NULL,'2010-03-04 18:39:23',NULL,NULL),(15,'Display Prices with Tax','DISPLAY_PRICE_WITH_TAX','false','Display prices with tax included (true) or add the tax at the end (false)',1,21,NULL,'2010-03-04 18:39:23',NULL,'zen_cfg_select_option(array(\'true\', \'false\'), '),(16,'Display Prices with Tax in Admin','DISPLAY_PRICE_WITH_TAX_ADMIN','false','Display prices with tax included (true) or add the tax at the end (false) in Admin(Invoices)',1,21,NULL,'2010-03-04 18:39:23',NULL,'zen_cfg_select_option(array(\'true\', \'false\'), '),(17,'Basis of Product Tax','STORE_PRODUCT_TAX_BASIS','Shipping','On what basis is Product Tax calculated. Options are<br />Shipping - Based on customers Shipping Address<br />Billing Based on customers Billing address<br />Store - Based on Store address if Billing/Shipping Zone equals Store zone',1,21,NULL,'2010-03-04 18:39:23',NULL,'zen_cfg_select_option(array(\'Shipping\', \'Billing\', \'Store\'), '),(18,'Basis of Shipping Tax','STORE_SHIPPING_TAX_BASIS','Shipping','On what basis is Shipping Tax calculated. Options are<br />Shipping - Based on customers Shipping Address<br />Billing Based on customers Billing address<br />Store - Based on Store address if Billing/Shipping Zone equals Store zone - Can be overriden by correctly written Shipping Module',1,21,NULL,'2010-03-04 18:39:23',NULL,'zen_cfg_select_option(array(\'Shipping\', \'Billing\', \'Store\'), '),(19,'Sales Tax Display Status','STORE_TAX_DISPLAY_STATUS','0','Always show Sales Tax even when amount is $0.00?<br />0= Off<br />1= On',1,21,NULL,'2010-03-04 18:39:23',NULL,'zen_cfg_select_option(array(\'0\', \'1\'), '),(20,'Admin Session Time Out in Seconds','SESSION_TIMEOUT_ADMIN','3600','Enter the time in seconds. Default=3600<br />Example: 3600= 1 hour<br /><br />Note: Too few seconds can result in timeout issues when adding/editing products',1,40,NULL,'2010-03-04 18:39:23',NULL,NULL),(21,'Admin Set max_execution_time for processes','GLOBAL_SET_TIME_LIMIT','60','Enter the time in seconds for how long the max_execution_time of processes should be. Default=60<br />Example: 60= 1 minute<br /><br />Note: Changing the time limit is only needed if you are having problems with the execution time of a process',1,42,NULL,'2010-03-04 18:39:23',NULL,NULL),(22,'Show if version update available','SHOW_VERSION_UPDATE_IN_HEADER','true','Automatically check to see if a new version of Zen Cart is available. Enabling this can sometimes slow down the loading of Admin pages. (Displayed on main Index page after login, and Server Info page.)',1,44,NULL,'2010-03-04 18:39:23',NULL,'zen_cfg_select_option(array(\'true\', \'false\'), '),(23,'Store Status','STORE_STATUS','0','What is your Store Status<br />0= Normal Store<br />1= Showcase no prices<br />2= Showcase with prices',1,25,NULL,'2010-03-04 18:39:23',NULL,'zen_cfg_select_option(array(\'0\', \'1\', \'2\'), '),(24,'Server Uptime','DISPLAY_SERVER_UPTIME','true','Displaying Server uptime can cause entries in error logs on some servers. (true = Display, false = don\'t display)',1,46,'2003-11-08 20:24:47','0001-01-01 00:00:00','','zen_cfg_select_option(array(\'true\', \'false\'),'),(25,'Missing Page Check','MISSING_PAGE_CHECK','Page Not Found','Zen Cart can check for missing pages in the URL and redirect to Index page. For debugging you may want to turn this off. <br /><br /><strong>Default=On</strong><br />On = Send missing pages to \'index\'<br />Off = Don\'t check for missing pages<br />Page Not Found = display the Page-Not-Found page',1,48,'2003-11-08 20:24:47','0001-01-01 00:00:00','','zen_cfg_select_option(array(\'On\', \'Off\', \'Page Not Found\'),'),(26,'cURL Proxy Status','CURL_PROXY_REQUIRED','False','Does your host require that you use a proxy for cURL communication?',1,50,NULL,'2010-03-04 18:39:23',NULL,'zen_cfg_select_option(array(\'True\', \'False\'), '),(27,'cURL Proxy Address','CURL_PROXY_SERVER_DETAILS','','If you have GoDaddy hosting or other hosting services that require use of a proxy to talk to external sites via cURL, enter their proxy address here.<br />format: address:port<br />ie: for GoDaddy, enter: <strong>proxy.shr.secureserver.net:3128</strong> or possibly 64.202.165.130:3128',1,51,NULL,'2010-03-04 18:39:23',NULL,NULL),(28,'HTML Editor','HTML_EDITOR_PREFERENCE','NONE','Please select the HTML/Rich-Text editor you wish to use for composing Admin-related emails, newsletters, and product descriptions',1,110,NULL,'2010-03-04 18:39:23',NULL,'zen_cfg_pull_down_htmleditors('),(29,'Enable phpBB linkage?','PHPBB_LINKS_ENABLED','','Should Zen Cart synchronize new account information to your (already-installed) phpBB forum?',1,120,NULL,'2010-03-04 18:39:23',NULL,'zen_cfg_select_option(array(\'true\', \'false\'),'),(30,'Show Category Counts - Admin','SHOW_COUNTS_ADMIN','true','Show Category Counts in Admin?',1,19,NULL,'2010-03-04 18:39:23',NULL,'zen_cfg_select_option(array(\'true\', \'false\'), '),(31,'Currency Conversion Ratio','CURRENCY_UPLIFT_RATIO','1.05','When auto-updating currencies, what \"uplift\" ratio should be used to calculate the exchange rate used by your store?<br />ie: the bank rate is obtained from the currency-exchange servers; how much extra do you want to charge in order to make up the difference between the bank rate and the consumer rate?<br /><br /><strong>Default: 1.05 </strong><br />This will cause the published bank rate to be multiplied by 1.05 to set the currency rates in your store.',1,55,NULL,'2010-03-04 18:39:23',NULL,NULL),(32,'First Name','ENTRY_FIRST_NAME_MIN_LENGTH','2','Minimum length of first name',2,1,NULL,'2010-03-04 18:39:23',NULL,NULL),(33,'Last Name','ENTRY_LAST_NAME_MIN_LENGTH','2','Minimum length of last name',2,2,NULL,'2010-03-04 18:39:23',NULL,NULL),(34,'Date of Birth','ENTRY_DOB_MIN_LENGTH','10','Minimum length of date of birth',2,3,NULL,'2010-03-04 18:39:23',NULL,NULL),(35,'E-Mail Address','ENTRY_EMAIL_ADDRESS_MIN_LENGTH','6','Minimum length of e-mail address',2,4,NULL,'2010-03-04 18:39:23',NULL,NULL),(36,'Street Address','ENTRY_STREET_ADDRESS_MIN_LENGTH','5','Minimum length of street address',2,5,NULL,'2010-03-04 18:39:23',NULL,NULL),(37,'Company','ENTRY_COMPANY_MIN_LENGTH','0','Minimum length of company name',2,6,NULL,'2010-03-04 18:39:23',NULL,NULL),(38,'Post Code','ENTRY_POSTCODE_MIN_LENGTH','4','Minimum length of post code',2,7,NULL,'2010-03-04 18:39:23',NULL,NULL),(39,'City','ENTRY_CITY_MIN_LENGTH','2','Minimum length of city',2,8,NULL,'2010-03-04 18:39:23',NULL,NULL),(40,'State','ENTRY_STATE_MIN_LENGTH','2','Minimum length of state',2,9,NULL,'2010-03-04 18:39:23',NULL,NULL),(41,'Telephone Number','ENTRY_TELEPHONE_MIN_LENGTH','3','Minimum length of telephone number',2,10,NULL,'2010-03-04 18:39:23',NULL,NULL),(42,'Password','ENTRY_PASSWORD_MIN_LENGTH','5','Minimum length of password',2,11,NULL,'2010-03-04 18:39:23',NULL,NULL),(43,'Credit Card Owner Name','CC_OWNER_MIN_LENGTH','3','Minimum length of credit card owner name',2,12,NULL,'2010-03-04 18:39:23',NULL,NULL),(44,'Credit Card Number','CC_NUMBER_MIN_LENGTH','10','Minimum length of credit card number',2,13,NULL,'2010-03-04 18:39:23',NULL,NULL),(45,'Credit Card CVV Number','CC_CVV_MIN_LENGTH','3','Minimum length of credit card CVV number',2,13,NULL,'2010-03-04 18:39:23',NULL,NULL),(46,'Product Review Text','REVIEW_TEXT_MIN_LENGTH','50','Minimum length of product review text',2,14,NULL,'2010-03-04 18:39:23',NULL,NULL),(47,'Best Sellers','MIN_DISPLAY_BESTSELLERS','1','Minimum number of best sellers to display',2,15,NULL,'2010-03-04 18:39:23',NULL,NULL),(48,'Also Purchased Products','MIN_DISPLAY_ALSO_PURCHASED','1','Minimum number of products to display in the \'This Customer Also Purchased\' box',2,16,NULL,'2010-03-04 18:39:23',NULL,NULL),(49,'Nick Name','ENTRY_NICK_MIN_LENGTH','3','Minimum length of Nick Name',2,1,NULL,'2010-03-04 18:39:23',NULL,NULL),(50,'Address Book Entries','MAX_ADDRESS_BOOK_ENTRIES','5','Maximum address book entries a customer is allowed to have',3,1,NULL,'2010-03-04 18:39:23',NULL,NULL),(51,'Search Results Per Page','MAX_DISPLAY_SEARCH_RESULTS','20','Number of products to list on a search result page',3,2,NULL,'2010-03-04 18:39:23',NULL,NULL),(52,'Prev/Next Navigation Page Links','MAX_DISPLAY_PAGE_LINKS','5','Number of \'number\' links use for page-sets',3,3,NULL,'2010-03-04 18:39:23',NULL,NULL),(53,'Products on Special ','MAX_DISPLAY_SPECIAL_PRODUCTS','9','Number of products on special to display',3,4,NULL,'2010-03-04 18:39:23',NULL,NULL),(54,'New Products Module','MAX_DISPLAY_NEW_PRODUCTS','9','Number of new products to display in a category',3,5,NULL,'2010-03-04 18:39:23',NULL,NULL),(55,'Upcoming Products ','MAX_DISPLAY_UPCOMING_PRODUCTS','10','Number of \'upcoming\' products to display',3,6,NULL,'2010-03-04 18:39:23',NULL,NULL),(56,'Manufacturers List - Scroll Box Size/Style','MAX_MANUFACTURERS_LIST','3','Number of manufacturers names to be displayed in the scroll box window. Setting this to 1 or 0 will display a dropdown list.',3,7,NULL,'2010-03-04 18:39:23',NULL,NULL),(57,'Manufacturers List - Verify Product Exist','PRODUCTS_MANUFACTURERS_STATUS','1','Verify that at least 1 product exists and is active for the manufacturer name to show<br /><br />Note: When this feature is ON it can produce slower results on sites with a large number of products and/or manufacturers<br />0= off 1= on',3,7,NULL,'2010-03-04 18:39:23',NULL,'zen_cfg_select_option(array(\'0\', \'1\'), '),(58,'Music Genre List - Scroll Box Size/Style','MAX_MUSIC_GENRES_LIST','3','Number of music genre names to be displayed in the scroll box window. Setting this to 1 or 0 will display a dropdown list.',3,7,NULL,'2010-03-04 18:39:23',NULL,NULL),(59,'Record Company List - Scroll Box Size/Style','MAX_RECORD_COMPANY_LIST','3','Number of record company names to be displayed in the scroll box window. Setting this to 1 or 0 will display a dropdown list.',3,7,NULL,'2010-03-04 18:39:23',NULL,NULL),(60,'Length of Record Company Name','MAX_DISPLAY_RECORD_COMPANY_NAME_LEN','15','Used in record companies box; maximum length of record company name to display. Longer names will be truncated.',3,8,NULL,'2010-03-04 18:39:23',NULL,NULL),(61,'Length of Music Genre Name','MAX_DISPLAY_MUSIC_GENRES_NAME_LEN','15','Used in music genres box; maximum length of music genre name to display. Longer names will be truncated.',3,8,NULL,'2010-03-04 18:39:23',NULL,NULL),(62,'Length of Manufacturers Name','MAX_DISPLAY_MANUFACTURER_NAME_LEN','15','Used in manufacturers box; maximum length of manufacturers name to display. Longer names will be truncated.',3,8,NULL,'2010-03-04 18:39:23',NULL,NULL),(63,'New Product Reviews Per Page','MAX_DISPLAY_NEW_REVIEWS','6','Number of new reviews to display on each page',3,9,NULL,'2010-03-04 18:39:23',NULL,NULL),(64,'Random Product Reviews for SideBox','MAX_RANDOM_SELECT_REVIEWS','1','Number of random product REVIEWS to rotate in the sidebox<br />Enter the number of products to display in this sidebox at one time.<br /><br />How many products do you want to display in this sidebox?',3,10,NULL,'2010-03-04 18:39:23',NULL,NULL),(65,'Random New Products for SideBox','MAX_RANDOM_SELECT_NEW','3','Number of random NEW products to rotate in the sidebox<br />Enter the number of products to display in this sidebox at one time.<br /><br />How many products do you want to display in this sidebox?',3,11,NULL,'2010-03-04 18:39:23',NULL,NULL),(66,'Random Products On Special for SideBox','MAX_RANDOM_SELECT_SPECIALS','2','Number of random products on SPECIAL to rotate in the sidebox<br />Enter the number of products to display in this sidebox at one time.<br /><br />How many products do you want to display in this sidebox?',3,12,NULL,'2010-03-04 18:39:23',NULL,NULL),(67,'Categories To List Per Row','MAX_DISPLAY_CATEGORIES_PER_ROW','3','How many categories to list per row',3,13,NULL,'2010-03-04 18:39:23',NULL,NULL),(68,'New Products Listing- Number Per Page','MAX_DISPLAY_PRODUCTS_NEW','10','Number of new products listed per page',3,14,NULL,'2010-03-04 18:39:23',NULL,NULL),(69,'Best Sellers For Box','MAX_DISPLAY_BESTSELLERS','10','Number of best sellers to display in box',3,15,NULL,'2010-03-04 18:39:23',NULL,NULL),(70,'Also Purchased Products','MAX_DISPLAY_ALSO_PURCHASED','6','Number of products to display in the \'This Customer Also Purchased\' box',3,16,NULL,'2010-03-04 18:39:23',NULL,NULL),(71,'Recent Purchases Box- NOTE: box is disabled ','MAX_DISPLAY_PRODUCTS_IN_ORDER_HISTORY_BOX','6','Number of products to display in the recent purchases box',3,17,NULL,'2010-03-04 18:39:23',NULL,NULL),(72,'Customer Order History List Per Page','MAX_DISPLAY_ORDER_HISTORY','10','Number of orders to display in the order history list in \'My Account\'',3,18,NULL,'2010-03-04 18:39:23',NULL,NULL),(73,'Maximum Display of Customers on Customers Page','MAX_DISPLAY_SEARCH_RESULTS_CUSTOMER','20','',3,19,NULL,'2010-03-04 18:39:23',NULL,NULL),(74,'Maximum Display of Orders on Orders Page','MAX_DISPLAY_SEARCH_RESULTS_ORDERS','20','',3,20,NULL,'2010-03-04 18:39:23',NULL,NULL),(75,'Maximum Display of Products on Reports','MAX_DISPLAY_SEARCH_RESULTS_REPORTS','20','',3,21,NULL,'2010-03-04 18:39:23',NULL,NULL),(76,'Maximum Categories Products Display List','MAX_DISPLAY_RESULTS_CATEGORIES','10','Number of products to list per screen',3,22,NULL,'2010-03-04 18:39:23',NULL,NULL),(77,'Products Listing- Number Per Page','MAX_DISPLAY_PRODUCTS_LISTING','30','Maximum Number of Products to list per page on main page',3,30,'2010-03-25 12:59:47','2010-03-04 18:39:23',NULL,NULL),(78,'Products Attributes - Option Names and Values Display','MAX_ROW_LISTS_OPTIONS','10','Maximum number of option names and values to display in the products attributes page',3,24,NULL,'2010-03-04 18:39:23',NULL,NULL),(79,'Products Attributes - Attributes Controller Display','MAX_ROW_LISTS_ATTRIBUTES_CONTROLLER','30','Maximum number of attributes to display in the Attributes Controller page',3,25,NULL,'2010-03-04 18:39:23',NULL,NULL),(80,'Products Attributes - Downloads Manager Display','MAX_DISPLAY_SEARCH_RESULTS_DOWNLOADS_MANAGER','30','Maximum number of attributes downloads to display in the Downloads Manager page',3,26,NULL,'2010-03-04 18:39:23',NULL,NULL),(81,'Featured Products - Number to Display Admin','MAX_DISPLAY_SEARCH_RESULTS_FEATURED_ADMIN','10','Number of featured products to list per screen - Admin',3,27,NULL,'2010-03-04 18:39:23',NULL,NULL),(82,'Maximum Display of Featured Products - Main Page','MAX_DISPLAY_SEARCH_RESULTS_FEATURED','9','Number of featured products to list on main page',3,28,NULL,'2010-03-04 18:39:23',NULL,NULL),(83,'Maximum Display of Featured Products Page','MAX_DISPLAY_PRODUCTS_FEATURED_PRODUCTS','10','Number of featured products to list per screen',3,29,NULL,'2010-03-04 18:39:23',NULL,NULL),(84,'Random Featured Products for SideBox','MAX_RANDOM_SELECT_FEATURED_PRODUCTS','2','Number of random FEATURED products to rotate in the sidebox<br />Enter the number of products to display in this sidebox at one time.<br /><br />How many products do you want to display in this sidebox?',3,30,NULL,'2010-03-04 18:39:23',NULL,NULL),(85,'Maximum Display of Specials Products - Main Page','MAX_DISPLAY_SPECIAL_PRODUCTS_INDEX','9','Number of special products to list on main page',3,31,NULL,'2010-03-04 18:39:23',NULL,NULL),(86,'New Product Listing - Limited to ...','SHOW_NEW_PRODUCTS_LIMIT','0','Limit the New Product Listing to<br />0= All Products<br />1= Current Month<br />7= 7 Days<br />14= 14 Days<br />30= 30 Days<br />60= 60 Days<br />90= 90 Days<br />120= 120 Days',3,40,NULL,'2010-03-04 18:39:23',NULL,'zen_cfg_select_option(array(\'0\', \'1\', \'7\', \'14\', \'30\', \'60\', \'90\', \'120\'), '),(87,'Maximum Display of Products All Page','MAX_DISPLAY_PRODUCTS_ALL','30','Number of products to list per screen',3,45,'2010-03-25 12:59:30','2010-03-04 18:39:23',NULL,NULL),(88,'Maximum Display of Language Flags in Language Side Box','MAX_LANGUAGE_FLAGS_COLUMNS','3','Number of Language Flags per Row',3,50,NULL,'2010-03-04 18:39:23',NULL,NULL),(89,'Maximum File Upload Size','MAX_FILE_UPLOAD_SIZE','2048000','What is the Maximum file size for uploads?<br />Default= 2048000',3,60,NULL,'2010-03-04 18:39:23',NULL,NULL),(90,'Allowed Filename Extensions for uploading','UPLOAD_FILENAME_EXTENSIONS','jpg,jpeg,gif,png,eps,cdr,ai,pdf,tif,tiff,bmp,zip','List the permissible filetypes (filename extensions) to be allowed when files are uploaded to your site by customers. Separate multiple values with commas(,). Do not include the dot(.).<br /><br />Suggested setting: \"jpg,jpeg,gif,png,eps,cdr,ai,pdf,tif,tiff,bmp,zip\"',3,61,NULL,'2010-03-04 18:39:23',NULL,'zen_cfg_textarea('),(91,'Maximum Orders Detail Display on Admin Orders Listing','MAX_DISPLAY_RESULTS_ORDERS_DETAILS_LISTING','0','Maximum number of Order Details<br />0 = Unlimited',3,65,NULL,'2010-03-04 18:39:23',NULL,NULL),(92,'Maximum PayPal IPN Display on Admin Listing','MAX_DISPLAY_SEARCH_RESULTS_PAYPAL_IPN','20','Maximum number of PayPal IPN Lisings in Admin<br />Default is 20',3,66,NULL,'2010-03-04 18:39:23',NULL,NULL),(93,'Maximum Display Columns Products to Multiple Categories Manager','MAX_DISPLAY_PRODUCTS_TO_CATEGORIES_COLUMNS','3','Maximum Display Columns Products to Multiple Categories Manager<br />3 = Default',3,70,NULL,'2010-03-04 18:39:23',NULL,NULL),(94,'Maximum Display EZ-Pages','MAX_DISPLAY_SEARCH_RESULTS_EZPAGE','20','Maximum Display EZ-Pages<br />20 = Default',3,71,NULL,'2010-03-04 18:39:23',NULL,NULL),(95,'Small Image Width','SMALL_IMAGE_WIDTH','100','The pixel width of small images',4,1,NULL,'2010-03-04 18:39:23',NULL,NULL),(96,'Small Image Height','SMALL_IMAGE_HEIGHT','80','The pixel height of small images',4,2,NULL,'2010-03-04 18:39:23',NULL,NULL),(97,'Heading Image Width - Admin','HEADING_IMAGE_WIDTH','57','The pixel width of heading images in the Admin<br />NOTE: Presently, this adjusts the spacing on the pages in the Admin Pages or could be used to add images to the heading in the Admin',4,3,NULL,'2010-03-04 18:39:23',NULL,NULL),(98,'Heading Image Height - Admin','HEADING_IMAGE_HEIGHT','40','The pixel height of heading images in the Admin<br />NOTE: Presently, this adjusts the spacing on the pages in the Admin Pages or could be used to add images to the heading in the Admin',4,4,NULL,'2010-03-04 18:39:23',NULL,NULL),(99,'Subcategory Image Width','SUBCATEGORY_IMAGE_WIDTH','100','The pixel width of subcategory images',4,5,NULL,'2010-03-04 18:39:23',NULL,NULL),(100,'Subcategory Image Height','SUBCATEGORY_IMAGE_HEIGHT','57','The pixel height of subcategory images',4,6,NULL,'2010-03-04 18:39:23',NULL,NULL),(101,'Calculate Image Size','CONFIG_CALCULATE_IMAGE_SIZE','true','Calculate the size of images?',4,7,NULL,'2010-03-04 18:39:23',NULL,'zen_cfg_select_option(array(\'true\', \'false\'), '),(102,'Image Required','IMAGE_REQUIRED','true','Enable to display broken images. Good for development.',4,8,NULL,'2010-03-04 18:39:23',NULL,'zen_cfg_select_option(array(\'true\', \'false\'), '),(103,'Image - Shopping Cart Status','IMAGE_SHOPPING_CART_STATUS','1','Show product image in the shopping cart?<br />0= off 1= on',4,9,NULL,'2010-03-04 18:39:23',NULL,'zen_cfg_select_option(array(\'0\', \'1\'), '),(104,'Image - Shopping Cart Width','IMAGE_SHOPPING_CART_WIDTH','50','Default = 50',4,10,NULL,'2010-03-04 18:39:23',NULL,NULL),(105,'Image - Shopping Cart Height','IMAGE_SHOPPING_CART_HEIGHT','40','Default = 40',4,11,NULL,'2010-03-04 18:39:23',NULL,NULL),(106,'Category Icon Image Width - Product Info Pages','CATEGORY_ICON_IMAGE_WIDTH','57','The pixel width of Category Icon heading images for Product Info Pages',4,13,NULL,'2010-03-04 18:39:23',NULL,NULL),(107,'Category Icon Image Height - Product Info Pages','CATEGORY_ICON_IMAGE_HEIGHT','40','The pixel height of Category Icon heading images for Product Info Pages',4,14,NULL,'2010-03-04 18:39:23',NULL,NULL),(108,'Top Subcategory Image Width','SUBCATEGORY_IMAGE_TOP_WIDTH','150','The pixel width of Top subcategory images<br />Top subcategory is when the Category contains subcategories',4,15,NULL,'2010-03-04 18:39:23',NULL,NULL),(109,'Top Subcategory Image Height','SUBCATEGORY_IMAGE_TOP_HEIGHT','85','The pixel height of Top subcategory images<br />Top subcategory is when the Category contains subcategories',4,16,NULL,'2010-03-04 18:39:23',NULL,NULL),(110,'Product Info - Image Width','MEDIUM_IMAGE_WIDTH','150','The pixel width of Product Info images',4,20,NULL,'2010-03-04 18:39:23',NULL,NULL),(111,'Product Info - Image Height','MEDIUM_IMAGE_HEIGHT','120','The pixel height of Product Info images',4,21,NULL,'2010-03-04 18:39:23',NULL,NULL),(112,'Product Info - Image Medium Suffix','IMAGE_SUFFIX_MEDIUM','_MED','Product Info Medium Image Suffix<br />Default = _MED',4,22,NULL,'2010-03-04 18:39:23',NULL,NULL),(113,'Product Info - Image Large Suffix','IMAGE_SUFFIX_LARGE','_LRG','Product Info Large Image Suffix<br />Default = _LRG',4,23,NULL,'2010-03-04 18:39:23',NULL,NULL),(114,'Product Info - Number of Additional Images per Row','IMAGES_AUTO_ADDED','3','Product Info - Enter the number of additional images to display per row<br />Default = 3',4,30,NULL,'2010-03-04 18:39:23',NULL,NULL),(115,'Image - Product Listing Width','IMAGE_PRODUCT_LISTING_WIDTH','100','Default = 100',4,40,NULL,'2010-03-04 18:39:23',NULL,NULL),(116,'Image - Product Listing Height','IMAGE_PRODUCT_LISTING_HEIGHT','80','Default = 80',4,41,NULL,'2010-03-04 18:39:23',NULL,NULL),(117,'Image - Product New Listing Width','IMAGE_PRODUCT_NEW_LISTING_WIDTH','100','Default = 100',4,42,NULL,'2010-03-04 18:39:23',NULL,NULL),(118,'Image - Product New Listing Height','IMAGE_PRODUCT_NEW_LISTING_HEIGHT','80','Default = 80',4,43,NULL,'2010-03-04 18:39:23',NULL,NULL),(119,'Image - New Products Width','IMAGE_PRODUCT_NEW_WIDTH','100','Default = 100',4,44,NULL,'2010-03-04 18:39:23',NULL,NULL),(120,'Image - New Products Height','IMAGE_PRODUCT_NEW_HEIGHT','80','Default = 80',4,45,NULL,'2010-03-04 18:39:23',NULL,NULL),(121,'Image - Featured Products Width','IMAGE_FEATURED_PRODUCTS_LISTING_WIDTH','100','Default = 100',4,46,NULL,'2010-03-04 18:39:23',NULL,NULL),(122,'Image - Featured Products Height','IMAGE_FEATURED_PRODUCTS_LISTING_HEIGHT','80','Default = 80',4,47,NULL,'2010-03-04 18:39:23',NULL,NULL),(123,'Image - Product All Listing Width','IMAGE_PRODUCT_ALL_LISTING_WIDTH','100','Default = 100',4,48,NULL,'2010-03-04 18:39:23',NULL,NULL),(124,'Image - Product All Listing Height','IMAGE_PRODUCT_ALL_LISTING_HEIGHT','80','Default = 80',4,49,NULL,'2010-03-04 18:39:23',NULL,NULL),(125,'Product Image - No Image Status','PRODUCTS_IMAGE_NO_IMAGE_STATUS','0','Use automatic No Image when none is added to product<br />0= off<br />1= On',4,60,'2010-04-02 06:24:03','2010-03-04 18:39:23',NULL,'zen_cfg_select_option(array(\'0\', \'1\'), '),(126,'Product Image - No Image picture','PRODUCTS_IMAGE_NO_IMAGE','no_picture.gif','Use automatic No Image when none is added to product<br />Default = no_picture.gif',4,61,NULL,'2010-03-04 18:39:23',NULL,NULL),(127,'Image - Use Proportional Images on Products and Categories','PROPORTIONAL_IMAGES_STATUS','1','Use Proportional Images on Products and Categories?<br /><br />NOTE: Do not use 0 height or width settings for Proportion Images<br />0= off 1= on',4,75,NULL,'2010-03-04 18:39:23',NULL,'zen_cfg_select_option(array(\'0\', \'1\'), '),(128,'Email Salutation','ACCOUNT_GENDER','true','Display salutation choice during account creation and with account information',5,1,NULL,'2010-03-04 18:39:23',NULL,'zen_cfg_select_option(array(\'true\', \'false\'), '),(129,'Date of Birth','ACCOUNT_DOB','false','Display date of birth field during account creation and with account information<br />NOTE: Set Minimum Value Date of Birth to blank for not required<br />Set Minimum Value Date of Birth > 0 to require',5,2,'2011-01-08 09:57:22','2010-03-04 18:39:23',NULL,'zen_cfg_select_option(array(\'true\', \'false\'), '),(130,'Company','ACCOUNT_COMPANY','true','Display company field during account creation and with account information',5,3,NULL,'2010-03-04 18:39:23',NULL,'zen_cfg_select_option(array(\'true\', \'false\'), '),(131,'Address Line 2','ACCOUNT_SUBURB','true','Display address line 2 field during account creation and with account information',5,4,NULL,'2010-03-04 18:39:23',NULL,'zen_cfg_select_option(array(\'true\', \'false\'), '),(132,'State','ACCOUNT_STATE','true','Display state field during account creation and with account information',5,5,NULL,'2010-03-04 18:39:23',NULL,'zen_cfg_select_option(array(\'true\', \'false\'), '),(133,'State - Always display as pulldown?','ACCOUNT_STATE_DRAW_INITIAL_DROPDOWN','false','When state field is displayed, should it always be a pulldown menu?',5,5,NULL,'2010-03-04 18:39:23',NULL,'zen_cfg_select_option(array(\'true\', \'false\'), '),(134,'Create Account Default Country ID','SHOW_CREATE_ACCOUNT_DEFAULT_COUNTRY','223','Set Create Account Default Country ID to:<br />Default is 223',5,6,NULL,'2010-03-04 18:39:23','zen_get_country_name','zen_cfg_pull_down_country_list_none('),(135,'Fax Number','ACCOUNT_FAX_NUMBER','true','Display fax number field during account creation and with account information',5,10,NULL,'2010-03-04 18:39:23',NULL,'zen_cfg_select_option(array(\'true\', \'false\'), '),(136,'Show Newsletter Checkbox','ACCOUNT_NEWSLETTER_STATUS','1','Show Newsletter Checkbox<br />0= off<br />1= Display Unchecked<br />2= Display Checked<br /><strong>Note: Defaulting this to accepted may be in violation of certain regulations for your state or country</strong>',5,45,NULL,'2010-03-04 18:39:23',NULL,'zen_cfg_select_option(array(\'0\', \'1\', \'2\'), '),(137,'Customer Default Email Preference','ACCOUNT_EMAIL_PREFERENCE','0','Set the Default Customer Default Email Preference<br />0= Text<br />1= HTML<br />',5,46,NULL,'2010-03-04 18:39:23',NULL,'zen_cfg_select_option(array(\'0\', \'1\'), '),(138,'Customer Product Notification Status','CUSTOMERS_PRODUCTS_NOTIFICATION_STATUS','1','Customer should be asked about product notifications after checkout success and in account preferences<br />0= Never ask<br />1= Ask (ignored on checkout if has already selected global notifications)<br /><br />Note: Sidebox must be turned off separately',5,50,NULL,'2010-03-04 18:39:23',NULL,'zen_cfg_select_option(array(\'0\', \'1\'), '),(139,'Customer Shop Status - View Shop and Prices','CUSTOMERS_APPROVAL','0','Customer must be approved to shop<br />0= Not required<br />1= Must login to browse<br />2= May browse but no prices unless logged in<br />3= Showroom Only<br /><br />It is recommended that Option 2 be used for the purposes of Spiders if you wish customers to login to see prices.',5,55,NULL,'2010-03-04 18:39:23',NULL,'zen_cfg_select_option(array(\'0\', \'1\', \'2\', \'3\'), '),(140,'Customer Approval Status - Authorization Pending','CUSTOMERS_APPROVAL_AUTHORIZATION','0','Customer must be Authorized to shop<br />0= Not required<br />1= Must be Authorized to Browse<br />2= May browse but no prices unless Authorized<br />3= Customer May Browse and May see Prices but Must be Authorized to Buy<br /><br />It is recommended that Option 2 or 3 be used for the purposes of Spiders',5,65,NULL,'2010-03-04 18:39:23',NULL,'zen_cfg_select_option(array(\'0\', \'1\', \'2\', \'3\'), '),(141,'Customer Authorization: filename','CUSTOMERS_AUTHORIZATION_FILENAME','customers_authorization','Customer Authorization filename<br />Note: Do not include the extension<br />Default=customers_authorization',5,66,NULL,'2010-03-04 18:39:23',NULL,''),(142,'Customer Authorization: Hide Header','CUSTOMERS_AUTHORIZATION_HEADER_OFF','false','Customer Authorization: Hide Header <br />(true=hide false=show)',5,67,NULL,'2010-03-04 18:39:23',NULL,'zen_cfg_select_option(array(\'true\', \'false\'), '),(143,'Customer Authorization: Hide Column Left','CUSTOMERS_AUTHORIZATION_COLUMN_LEFT_OFF','false','Customer Authorization: Hide Column Left <br />(true=hide false=show)',5,68,NULL,'2010-03-04 18:39:23',NULL,'zen_cfg_select_option(array(\'true\', \'false\'), '),(144,'Customer Authorization: Hide Column Right','CUSTOMERS_AUTHORIZATION_COLUMN_RIGHT_OFF','false','Customer Authorization: Hide Column Right <br />(true=hide false=show)',5,69,NULL,'2010-03-04 18:39:23',NULL,'zen_cfg_select_option(array(\'true\', \'false\'), '),(145,'Customer Authorization: Hide Footer','CUSTOMERS_AUTHORIZATION_FOOTER_OFF','false','Customer Authorization: Hide Footer <br />(true=hide false=show)',5,70,NULL,'2010-03-04 18:39:23',NULL,'zen_cfg_select_option(array(\'true\', \'false\'), '),(146,'Customer Authorization: Hide Prices','CUSTOMERS_AUTHORIZATION_PRICES_OFF','false','Customer Authorization: Hide Prices <br />(true=hide false=show)',5,71,NULL,'2010-03-04 18:39:23',NULL,'zen_cfg_select_option(array(\'true\', \'false\'), '),(147,'Customers Referral Status','CUSTOMERS_REFERRAL_STATUS','0','Customers Referral Code is created from<br />0= Off<br />1= 1st Discount Coupon Code used<br />2= Customer can add during create account or edit if blank<br /><br />NOTE: Once the Customers Referral Code has been set it can only be changed in the Admin Customer',5,80,NULL,'2010-03-04 18:39:23',NULL,'zen_cfg_select_option(array(\'0\', \'1\', \'2\'), '),(148,'Installed Modules','MODULE_PAYMENT_INSTALLED','cc.php;paypalwpp.php','List of payment module filenames separated by a semi-colon. This is automatically updated. No need to edit. (Example: cc.php;cod.php;paypal.php)',6,0,'2011-05-24 21:31:22','2010-03-04 18:39:23',NULL,NULL),(149,'Installed Modules','MODULE_ORDER_TOTAL_INSTALLED','ot_subtotal.php;ot_coupon.php;ot_group_pricing.php;ot_tax.php;ot_loworderfee.php;ot_gv.php;ot_total.php','List of order_total module filenames separated by a semi-colon. This is automatically updated. No need to edit. (Example: ot_subtotal.php;ot_tax.php;ot_shipping.php;ot_total.php)',6,0,'2010-04-02 07:00:13','2010-03-04 18:39:23',NULL,NULL),(150,'Installed Modules','MODULE_SHIPPING_INSTALLED','freeshipper.php','List of shipping module filenames separated by a semi-colon. This is automatically updated. No need to edit. (Example: ups.php;flat.php;item.php)',6,0,'2011-05-24 22:50:00','2010-03-04 18:39:23',NULL,NULL),(580,'Live or Sandbox','MODULE_PAYMENT_PAYPALWPP_SERVER','live','<strong>Live: </strong> Used to process Live transactions<br><strong>Sandbox: </strong>For developers and testing',6,25,NULL,'2011-05-24 21:14:51',NULL,'zen_cfg_select_option(array(\'live\', \'sandbox\'), '),(581,'Express Checkout: Require Confirmed Address','MODULE_PAYMENT_PAYPALWPP_CONFIRMED_ADDRESS','No','Do you want to require that your customers use a *confirmed* address when choosing their shipping address in PayPal?',6,25,NULL,'2011-05-24 21:14:51',NULL,'zen_cfg_select_option(array(\'Yes\', \'No\'), '),(582,'Express Checkout: Select Cheapest Shipping Automatically','MODULE_PAYMENT_PAYPALWPP_AUTOSELECT_CHEAPEST_SHIPPING','Yes','When customer returns from PayPal, do we want to automatically select the Cheapest shipping method and skip the shipping page? (making it more *express*)<br />Note: enabling this means the customer does *not* have easy access to select an alternate shipping method (without going back to the Checkout-Step-1 page)',6,25,NULL,'2011-05-24 21:14:51',NULL,'zen_cfg_select_option(array(\'Yes\', \'No\'), '),(576,'Sort order of display.','MODULE_PAYMENT_CC_SORT_ORDER','0','Sort order of display. Lowest is displayed first.',6,134,NULL,'2011-01-08 14:15:29',NULL,NULL),(577,'Payment Zone','MODULE_PAYMENT_CC_ZONE','0','If a zone is selected, only enable this payment method for that zone.',6,135,NULL,'2011-01-08 14:15:29','zen_get_zone_class_title','zen_cfg_pull_down_zone_classes('),(578,'Set Order Status','MODULE_PAYMENT_CC_ORDER_STATUS_ID','0','Set the status of orders made with this payment module to this value',6,136,NULL,'2011-01-08 14:15:29','zen_get_order_status_name','zen_cfg_pull_down_order_statuses('),(621,'Sort Order','MODULE_SHIPPING_FREESHIPPER_SORT_ORDER','0','Sort order of display.',6,0,NULL,'2011-05-24 22:40:34',NULL,NULL),(583,'Express Checkout: Skip Payment Page','MODULE_PAYMENT_PAYPALWPP_SKIP_PAYMENT_PAGE','Yes','If the customer is checking out with Express Checkout, do you want to skip the checkout payment page, making things more *express*? <br /><strong>(NOTE: The Payment Page will auto-display regardless of this setting if you have Coupons or Gift Certificates enabled in your store.)</strong>',6,25,NULL,'2011-05-24 21:14:51',NULL,'zen_cfg_select_option(array(\'Yes\', \'No\'), '),(575,'Collect & store the CVV number','MODULE_PAYMENT_CC_COLLECT_CVV','False','Do you want to collect the CVV number. Note: If you do the CVV number will be stored in the database in an encoded format. Be sure to check with your merchant account provider about whether you need this information or not, as storing CVV data is often a violation of TOS.',6,132,NULL,'2011-01-08 14:15:29',NULL,'zen_cfg_select_option(array(\'True\', \'False\'), '),(574,'Split Credit Card Email Address','MODULE_PAYMENT_CC_EMAIL','jbrake@nsconstruct.com','If an email address is entered, the middle digits of the credit card number will be sent to the email address (the outside digits are stored in the database with the middle digits censored)',6,131,NULL,'2011-01-08 14:15:29',NULL,NULL),(186,'Include Tax','MODULE_ORDER_TOTAL_GROUP_PRICING_INC_TAX','false','Include Tax value in amount before discount calculation?',6,6,NULL,'2010-03-04 18:39:23',NULL,'zen_cfg_select_option(array(\'true\', \'false\'), '),(187,'This module is installed','MODULE_ORDER_TOTAL_GROUP_PRICING_STATUS','true','',6,1,NULL,'2010-03-04 18:39:23',NULL,'zen_cfg_select_option(array(\'true\'), '),(188,'Sort Order','MODULE_ORDER_TOTAL_GROUP_PRICING_SORT_ORDER','290','Sort order of display.',6,2,NULL,'2010-03-04 18:39:23',NULL,NULL),(189,'Include Shipping','MODULE_ORDER_TOTAL_GROUP_PRICING_INC_SHIPPING','false','Include Shipping value in amount before discount calculation?',6,5,NULL,'2010-03-04 18:39:23',NULL,'zen_cfg_select_option(array(\'true\', \'false\'), '),(190,'Re-calculate Tax','MODULE_ORDER_TOTAL_GROUP_PRICING_CALC_TAX','Standard','Re-Calculate Tax',6,7,NULL,'2010-03-04 18:39:23',NULL,'zen_cfg_select_option(array(\'None\', \'Standard\', \'Credit Note\'), '),(191,'Tax Class','MODULE_ORDER_TOTAL_GROUP_PRICING_TAX_CLASS','0','Use the following tax class when treating Group Discount as Credit Note.',6,0,NULL,'2010-03-04 18:39:23','zen_get_tax_class_title','zen_cfg_pull_down_tax_classes('),(616,'Enable Free Shipping','MODULE_SHIPPING_FREESHIPPER_STATUS','True','Do you want to offer Free shipping?',6,0,NULL,'2011-05-24 22:40:34',NULL,'zen_cfg_select_option(array(\'True\', \'False\'), '),(617,'Free Shipping Cost','MODULE_SHIPPING_FREESHIPPER_COST','0.00','What is the Shipping cost?',6,6,NULL,'2011-05-24 22:40:34',NULL,NULL),(618,'Handling Fee','MODULE_SHIPPING_FREESHIPPER_HANDLING','0','Handling fee for this shipping method.',6,0,NULL,'2011-05-24 22:40:34',NULL,NULL),(619,'Tax Class','MODULE_SHIPPING_FREESHIPPER_TAX_CLASS','0','Use the following tax class on the shipping fee.',6,0,NULL,'2011-05-24 22:40:34','zen_get_tax_class_title','zen_cfg_pull_down_tax_classes('),(620,'Shipping Zone','MODULE_SHIPPING_FREESHIPPER_ZONE','0','If a zone is selected, only enable this shipping method for that zone.',6,0,NULL,'2011-05-24 22:40:34','zen_get_zone_class_title','zen_cfg_pull_down_zone_classes('),(198,'Default Currency','DEFAULT_CURRENCY','USD','Default Currency',6,0,NULL,'2010-03-04 18:39:23',NULL,NULL),(199,'Default Language','DEFAULT_LANGUAGE','en','Default Language',6,0,NULL,'2010-03-04 18:39:23',NULL,NULL),(200,'Default Order Status For New Orders','DEFAULT_ORDERS_STATUS_ID','1','When a new order is created, this order status will be assigned to it.',6,0,NULL,'2010-03-04 18:39:23',NULL,NULL),(201,'Admin configuration_key shows','ADMIN_CONFIGURATION_KEY_ON','0','Manually switch to value of 1 to see the configuration_key name in configuration displays',6,0,NULL,'2010-03-04 18:39:23',NULL,NULL),(202,'Country of Origin','SHIPPING_ORIGIN_COUNTRY','223','Select the country of origin to be used in shipping quotes.',7,1,NULL,'2010-03-04 18:39:23','zen_get_country_name','zen_cfg_pull_down_country_list('),(203,'Postal Code','SHIPPING_ORIGIN_ZIP','48843','Enter the Postal Code (ZIP) of the Store to be used in shipping quotes. NOTE: For USA zip codes, only use your 5 digit zip code.',7,2,'2010-03-04 23:04:07','2010-03-04 18:39:23',NULL,NULL),(204,'Enter the Maximum Package Weight you will ship','SHIPPING_MAX_WEIGHT','50','Carriers have a max weight limit for a single package. This is a common one for all.',7,3,NULL,'2010-03-04 18:39:23',NULL,NULL),(205,'Package Tare Small to Medium - added percentage:weight','SHIPPING_BOX_WEIGHT','0:3','What is the weight of typical packaging of small to medium packages?<br />Example: 10% + 1lb 10:1<br />10% + 0lbs 10:0<br />0% + 5lbs 0:5<br />0% + 0lbs 0:0',7,4,NULL,'2010-03-04 18:39:23',NULL,NULL),(206,'Larger packages - added packaging percentage:weight','SHIPPING_BOX_PADDING','10:0','What is the weight of typical packaging for Large packages?<br />Example: 10% + 1lb 10:1<br />10% + 0lbs 10:0<br />0% + 5lbs 0:5<br />0% + 0lbs 0:0',7,5,NULL,'2010-03-04 18:39:23',NULL,NULL),(207,'Display Number of Boxes and Weight Status','SHIPPING_BOX_WEIGHT_DISPLAY','0','Display Shipping Weight and Number of Boxes?<br /><br />0= off<br />1= Boxes Only<br />2= Weight Only<br />3= Both Boxes and Weight',7,15,'2010-03-04 23:04:34','2010-03-04 18:39:23',NULL,'zen_cfg_select_option(array(\'0\', \'1\', \'2\', \'3\'), '),(208,'Shipping Estimator Display Settings for Shopping Cart','SHOW_SHIPPING_ESTIMATOR_BUTTON','0','<br />0= Off<br />1= Display as Button on Shopping Cart<br />2= Display as Listing on Shopping Cart Page',7,20,'2010-03-05 09:04:40','2010-03-04 18:39:23',NULL,'zen_cfg_select_option(array(\'0\', \'1\', \'2\'), '),(209,'Display Order Comments on Admin Invoice','ORDER_COMMENTS_INVOICE','1','Do you want to display the Order Comments on the Admin Invoice?<br />0= OFF<br />1= First Comment by Customer only<br />2= All Comments for the Order',7,25,NULL,'2010-03-04 18:39:23',NULL,'zen_cfg_select_option(array(\'0\', \'1\', \'2\'), '),(210,'Display Order Comments on Admin Packing Slip','ORDER_COMMENTS_PACKING_SLIP','1','Do you want to display the Order Comments on the Admin Packing Slip?<br />0= OFF<br />1= First Comment by Customer only<br />2= All Comments for the Order',7,26,NULL,'2010-03-04 18:39:23',NULL,'zen_cfg_select_option(array(\'0\', \'1\', \'2\'), '),(211,'Order Free Shipping 0 Weight Status','ORDER_WEIGHT_ZERO_STATUS','0','If there is no weight to the order, does the order have Free Shipping?<br />0= no<br />1= yes<br /><br />Note: When using Free Shipping, Enable the Free Shipping Module this will only show when shipping is free.',7,15,NULL,'2010-03-04 18:39:23',NULL,'zen_cfg_select_option(array(\'0\', \'1\'), '),(212,'Display Product Image','PRODUCT_LIST_IMAGE','0','Do you want to display the Product Image?',8,1,'2010-04-02 06:23:24','2010-03-04 18:39:23',NULL,NULL),(213,'Display Product Manufacturer Name','PRODUCT_LIST_MANUFACTURER','0','Do you want to display the Product Manufacturer Name?',8,2,NULL,'2010-03-04 18:39:23',NULL,NULL),(214,'Display Product Model','PRODUCT_LIST_MODEL','0','Do you want to display the Product Model?',8,3,NULL,'2010-03-04 18:39:23',NULL,NULL),(215,'Display Product Name','PRODUCT_LIST_NAME','2','Do you want to display the Product Name?',8,4,NULL,'2010-03-04 18:39:23',NULL,NULL),(216,'Display Product Price/Add to Cart','PRODUCT_LIST_PRICE','3','Do you want to display the Product Price/Add to Cart',8,5,NULL,'2010-03-04 18:39:23',NULL,NULL),(217,'Display Product Quantity','PRODUCT_LIST_QUANTITY','0','Do you want to display the Product Quantity?',8,6,NULL,'2010-03-04 18:39:23',NULL,NULL),(218,'Display Product Weight','PRODUCT_LIST_WEIGHT','0','Do you want to display the Product Weight?',8,7,NULL,'2010-03-04 18:39:23',NULL,NULL),(219,'Display Product Price/Add to Cart Column Width','PRODUCTS_LIST_PRICE_WIDTH','125','Define the width of the Price/Add to Cart column<br />Default= 125',8,8,NULL,'2010-03-04 18:39:23',NULL,NULL),(220,'Display Category/Manufacturer Filter (0=off; 1=on)','PRODUCT_LIST_FILTER','1','Do you want to display the Category/Manufacturer Filter?',8,9,NULL,'2010-03-04 18:39:23',NULL,'zen_cfg_select_option(array(\'0\', \'1\'), '),(221,'Prev/Next Split Page Navigation (1-top, 2-bottom, 3-both)','PREV_NEXT_BAR_LOCATION','3','Sets the location of the Prev/Next Split Page Navigation',8,10,NULL,'2010-03-04 18:39:23',NULL,'zen_cfg_select_option(array(\'1\', \'2\', \'3\'), '),(222,'Display Product Listing Default Sort Order','PRODUCT_LISTING_DEFAULT_SORT_ORDER','','Product Listing Default sort order?<br />NOTE: Leave Blank for Product Sort Order. Sort the Product Listing in the order you wish for the default display to start in to get the sort order setting. Example: 2a',8,15,NULL,'2010-03-04 18:39:23',NULL,NULL),(223,'Display Product Add to Cart Button (0=off; 1=on; 2=on with Qty Box per Product)','PRODUCT_LIST_PRICE_BUY_NOW','1','Do you want to display the Add to Cart Button?<br /><br /><strong>NOTE:</strong> Turn OFF Display Multiple Products Qty Box Status to use Option 2 on with Qty Box per Product',8,20,NULL,'2010-03-04 18:39:23',NULL,'zen_cfg_select_option(array(\'0\', \'1\', \'2\'), '),(224,'Display Multiple Products Qty Box Status and Set Button Location','PRODUCT_LISTING_MULTIPLE_ADD_TO_CART','3','Do you want to display Add Multiple Products Qty Box and Set Button Location?<br />0= off<br />1= Top<br />2= Bottom<br />3= Both',8,25,NULL,'2010-03-04 18:39:23',NULL,'zen_cfg_select_option(array(\'0\', \'1\', \'2\', \'3\'), '),(225,'Display Product Description','PRODUCT_LIST_DESCRIPTION','150','Do you want to display the Product Description?<br /><br />0= OFF<br />150= Suggested Length, or enter the maximum number of characters to display',8,30,NULL,'2010-03-04 18:39:23',NULL,NULL),(226,'Product Listing Ascending Sort Order','PRODUCT_LIST_SORT_ORDER_ASCENDING','+','What do you want to use to indicate Sort Order Ascending?<br />Default = +',8,40,NULL,'2010-03-04 18:39:23',NULL,'zen_cfg_textarea_small('),(227,'Product Listing Descending Sort Order','PRODUCT_LIST_SORT_ORDER_DESCENDING','-','What do you want to use to indicate Sort Order Descending?<br />Default = -',8,41,NULL,'2010-03-04 18:39:23',NULL,'zen_cfg_textarea_small('),(228,'Include Product Listing Alpha Sorter Dropdown','PRODUCT_LIST_ALPHA_SORTER','false','Do you want to include an Alpha Filter dropdown on the Product Listing?',8,50,'2010-03-25 09:25:01','2010-03-04 18:39:23',NULL,'zen_cfg_select_option(array(\'true\', \'false\'), '),(229,'Include Product Listing Sub Categories Image','PRODUCT_LIST_CATEGORIES_IMAGE_STATUS','true','Do you want to include the Sub Categories Image on the Product Listing?',8,52,'2010-04-02 06:22:18','2010-03-04 18:39:23',NULL,'zen_cfg_select_option(array(\'true\', \'false\'), '),(230,'Include Product Listing Top Categories Image','PRODUCT_LIST_CATEGORIES_IMAGE_STATUS_TOP','true','Do you want to include the Top Categories Image on the Product Listing?',8,53,'2010-04-02 06:22:08','2010-03-04 18:39:23',NULL,'zen_cfg_select_option(array(\'true\', \'false\'), '),(231,'Show SubCategories on Main Page while navigating','PRODUCT_LIST_CATEGORY_ROW_STATUS','1','Show Sub-Categories on Main Page while navigating through Categories<br /><br />0= off<br />1= on',8,60,NULL,'2010-03-04 18:39:23',NULL,'zen_cfg_select_option(array(\'0\', \'1\'), '),(232,'Check stock level','STOCK_CHECK','false','Check to see if sufficent stock is available',9,1,'2010-03-04 21:50:32','2010-03-04 18:39:23',NULL,'zen_cfg_select_option(array(\'true\', \'false\'), '),(233,'Subtract stock','STOCK_LIMITED','false','Subtract product in stock by product orders',9,2,'2010-03-04 21:50:23','2010-03-04 18:39:23',NULL,'zen_cfg_select_option(array(\'true\', \'false\'), '),(234,'Allow Checkout','STOCK_ALLOW_CHECKOUT','true','Allow customer to checkout even if there is insufficient stock',9,3,NULL,'2010-03-04 18:39:23',NULL,'zen_cfg_select_option(array(\'true\', \'false\'), '),(235,'Mark product out of stock','STOCK_MARK_PRODUCT_OUT_OF_STOCK','***','Display something on screen so customer can see which product has insufficient stock',9,4,'2010-03-04 22:13:52','2010-03-04 18:39:23',NULL,NULL),(236,'Stock Re-order level','STOCK_REORDER_LEVEL','5','Define when stock needs to be re-ordered',9,5,NULL,'2010-03-04 18:39:23',NULL,NULL),(237,'Products status in Catalog when out of stock should be set to','SHOW_PRODUCTS_SOLD_OUT','1','Show Products when out of stock<br /><br />0= set product status to OFF<br />1= leave product status ON',9,10,'2010-03-04 22:12:51','2010-03-04 18:39:23',NULL,'zen_cfg_select_option(array(\'0\', \'1\'), '),(238,'Show Sold Out Image in place of Add to Cart','SHOW_PRODUCTS_SOLD_OUT_IMAGE','0','Show Sold Out Image instead of Add to Cart Button<br /><br />0= off<br />1= on',9,11,'2010-03-04 21:50:59','2010-03-04 18:39:23',NULL,'zen_cfg_select_option(array(\'0\', \'1\'), '),(239,'Product Quantity Decimals','QUANTITY_DECIMALS','0','Allow how many decimals on Quantity<br /><br />0= off',9,15,NULL,'2010-03-04 18:39:23',NULL,'zen_cfg_select_option(array(\'0\', \'1\', \'2\', \'3\'), '),(240,'Show Shopping Cart - Delete Checkboxes or Delete Button','SHOW_SHOPPING_CART_DELETE','3','Show on Shopping Cart Delete Button and/or Checkboxes<br /><br />1= Delete Button Only<br />2= Checkbox Only<br />3= Both Delete Button and Checkbox',9,20,NULL,'2010-03-04 18:39:23',NULL,'zen_cfg_select_option(array(\'1\', \'2\', \'3\'), '),(241,'Show Shopping Cart - Update Cart Button Location','SHOW_SHOPPING_CART_UPDATE','3','Show on Shopping Cart Update Cart Button Location as:<br /><br />1= Next to each Qty Box<br />2= Below all Products<br />3= Both Next to each Qty Box and Below all Products',9,22,NULL,'2010-03-04 18:39:23',NULL,'zen_cfg_select_option(array(\'1\', \'2\', \'3\'), '),(242,'Show New Products on empty Shopping Cart Page','SHOW_SHOPPING_CART_EMPTY_NEW_PRODUCTS','1','Show New Products on empty Shopping Cart Page<br />0= off or set the sort order',9,30,NULL,'2010-03-04 18:39:23',NULL,'zen_cfg_select_option(array(\'0\', \'1\', \'2\', \'3\', \'4\'), '),(243,'Show Featured Products on empty Shopping Cart Page','SHOW_SHOPPING_CART_EMPTY_FEATURED_PRODUCTS','2','Show Featured Products on empty Shopping Cart Page<br />0= off or set the sort order',9,31,NULL,'2010-03-04 18:39:23',NULL,'zen_cfg_select_option(array(\'0\', \'1\', \'2\', \'3\', \'4\'), '),(244,'Show Special Products on empty Shopping Cart Page','SHOW_SHOPPING_CART_EMPTY_SPECIALS_PRODUCTS','3','Show Special Products on empty Shopping Cart Page<br />0= off or set the sort order',9,32,NULL,'2010-03-04 18:39:23',NULL,'zen_cfg_select_option(array(\'0\', \'1\', \'2\', \'3\', \'4\'), '),(245,'Show Upcoming Products on empty Shopping Cart Page','SHOW_SHOPPING_CART_EMPTY_UPCOMING','4','Show Upcoming Products on empty Shopping Cart Page<br />0= off or set the sort order',9,33,NULL,'2010-03-04 18:39:23',NULL,'zen_cfg_select_option(array(\'0\', \'1\', \'2\', \'3\', \'4\'), '),(246,'Show Notice of Combining Shopping Cart on Login','SHOW_SHOPPING_CART_COMBINED','1','When a customer logs in and has a previously stored shopping cart, the products are combined with the existing shopping cart.<br /><br />Do you wish to display a Notice to the customer?<br /><br />0= OFF, do not display a notice<br />1= Yes show notice and go to shopping cart<br />2= Yes show notice, but do not go to shopping cart',9,35,NULL,'2010-03-04 18:39:23',NULL,'zen_cfg_select_option(array(\'0\', \'1\', \'2\'), '),(247,'Store Page Parse Time','STORE_PAGE_PARSE_TIME','false','Store the time it takes to parse a page',10,1,NULL,'2010-03-04 18:39:23',NULL,'zen_cfg_select_option(array(\'true\', \'false\'), '),(248,'Log Destination','STORE_PAGE_PARSE_TIME_LOG','/home/nsadmin/public_html/chinese_delight/cache/page_parse_time.log','Directory and filename of the page parse time log',10,2,NULL,'2010-03-04 18:39:23',NULL,NULL),(249,'Log Date Format','STORE_PARSE_DATE_TIME_FORMAT','%d/%m/%Y %H:%M:%S','The date format',10,3,NULL,'2010-03-04 18:39:23',NULL,NULL),(250,'Display The Page Parse Time','DISPLAY_PAGE_PARSE_TIME','false','Display the page parse time on the bottom of each page<br />You do not need to store the times to display them in the Catalog',10,4,NULL,'2010-03-04 18:39:23',NULL,'zen_cfg_select_option(array(\'true\', \'false\'), '),(251,'Store Database Queries','STORE_DB_TRANSACTIONS','false','Store the database queries in the page parse time log (PHP4 only)',10,5,NULL,'2010-03-04 18:39:23',NULL,'zen_cfg_select_option(array(\'true\', \'false\'), '),(252,'E-Mail Transport Method','EMAIL_TRANSPORT','PHP','Defines the method for sending mail.<br /><strong>PHP</strong> is the default, and uses built-in PHP wrappers for processing.<br />Servers running on Windows and MacOS should change this setting to <strong>SMTP</strong>.<br /><br /><strong>SMTPAUTH</strong> should only be used if your server requires SMTP authorization to send messages. You must also configure your SMTPAUTH settings in the appropriate fields in this admin section.<br /><br /><strong>sendmail</strong> is for linux/unix hosts using the sendmail program on the server<br /><strong>\"sendmail-f\"</strong> is only for servers which require the use of the -f parameter to send mail. This is a security setting often used to prevent spoofing. Will cause errors if your host mailserver is not configured to use it.<br /><br /><strong>Qmail</strong> is used for linux/unix hosts running Qmail as sendmail wrapper at /var/qmail/bin/sendmail.',12,1,NULL,'2010-03-04 18:39:23',NULL,'zen_cfg_select_option(array(\'PHP\', \'sendmail\', \'sendmail-f\', \'smtp\', \'smtpauth\', \'Qmail\'),'),(253,'SMTP Email Account Mailbox','EMAIL_SMTPAUTH_MAILBOX','YourEmailAccountNameHere','Enter the mailbox account name (me@mydomain.com) supplied by your host. This is the account name that your host requires for SMTP authentication.<br />Only required if using SMTP Authentication for email.',12,101,NULL,'2010-03-04 18:39:23',NULL,NULL),(254,'SMTP Email Account Password','EMAIL_SMTPAUTH_PASSWORD','YourPasswordHere','Enter the password for your SMTP mailbox. <br />Only required if using SMTP Authentication for email.',12,101,NULL,'2010-03-04 18:39:23','zen_cfg_password_display',NULL),(255,'SMTP Email Mail Host','EMAIL_SMTPAUTH_MAIL_SERVER','mail.EnterYourDomain.com','Enter the DNS name of your SMTP mail server.<br />ie: mail.mydomain.com<br />or 55.66.77.88<br />Only required if using SMTP Authentication for email.',12,101,NULL,'2010-03-04 18:39:23',NULL,NULL),(256,'SMTP Email Mail Server Port','EMAIL_SMTPAUTH_MAIL_SERVER_PORT','25','Enter the IP port number that your SMTP mailserver operates on.<br />Only required if using SMTP Authentication for email.',12,101,NULL,'2010-03-04 18:39:23',NULL,NULL),(257,'Convert currencies for Text emails','CURRENCIES_TRANSLATIONS','&pound;,Â£:&euro;,â‚¬','What currency conversions do you need for Text emails?<br />Default = &amp;pound;,Â£:&amp;euro;,â‚¬',12,120,NULL,'2003-11-21 00:00:00',NULL,'zen_cfg_textarea_small('),(258,'E-Mail Linefeeds','EMAIL_LINEFEED','LF','Defines the character sequence used to separate mail headers.',12,2,NULL,'2010-03-04 18:39:23',NULL,'zen_cfg_select_option(array(\'LF\', \'CRLF\'),'),(259,'Use MIME HTML When Sending Emails','EMAIL_USE_HTML','false','Send e-mails in HTML format',12,3,NULL,'2010-03-04 18:39:23',NULL,'zen_cfg_select_option(array(\'true\', \'false\'),'),(260,'Verify E-Mail Addresses Through DNS','ENTRY_EMAIL_ADDRESS_CHECK','false','Verify e-mail address through a DNS server',6,6,NULL,'2010-03-04 18:39:23',NULL,'zen_cfg_select_option(array(\'true\', \'false\'), '),(261,'Send E-Mails','SEND_EMAILS','true','Send out e-mails',12,5,NULL,'2010-03-04 18:39:23',NULL,'zen_cfg_select_option(array(\'true\', \'false\'), '),(262,'Email Archiving Active?','EMAIL_ARCHIVE','false','If you wish to have email messages archived/stored when sent, set this to \"true\".',12,6,NULL,'2010-03-04 18:39:23',NULL,'zen_cfg_select_option(array(\'true\', \'false\'),'),(263,'E-Mail Friendly-Errors','EMAIL_FRIENDLY_ERRORS','false','Do you want to display friendly errors if emails fail?  Setting this to false will display PHP errors and likely cause the script to fail. Only set to false while troubleshooting, and true for a live shop.',12,7,NULL,'2010-03-04 18:39:23',NULL,'zen_cfg_select_option(array(\'true\', \'false\'),'),(264,'Email Address (Displayed to Contact you)','STORE_OWNER_EMAIL_ADDRESS','jbrake@nsconstruct.com','Email address of Store Owner.  Used as \"display only\" when informing customers of how to contact you.',12,10,NULL,'2010-03-04 18:39:23',NULL,NULL),(265,'Email Address (sent FROM)','EMAIL_FROM','jbrake@nsconstruct.com','Address from which email messages will be \"sent\" by default. Can be over-ridden at compose-time in admin modules.',12,11,NULL,'2010-03-04 18:39:23',NULL,NULL),(266,'Emails must send from known domain?','EMAIL_SEND_MUST_BE_STORE','Yes','Does your mailserver require that all outgoing emails have their \"from\" address match a known domain that exists on your webserver?<br /><br />This is often required in order to prevent spoofing and spam broadcasts.  If set to Yes, this will cause the email address (sent FROM) to be used as the \"from\" address on all outgoing mail.',12,11,NULL,'0001-01-01 00:00:00',NULL,'zen_cfg_select_option(array(\'No\', \'Yes\'), '),(267,'Email Admin Format?','ADMIN_EXTRA_EMAIL_FORMAT','TEXT','Please select the Admin extra email format',12,12,NULL,'0001-01-01 00:00:00',NULL,'zen_cfg_select_option(array(\'TEXT\', \'HTML\'), '),(268,'Send Copy of Order Confirmation Emails To','SEND_EXTRA_ORDER_EMAILS_TO','jbrake@nsconstruct.com','Send COPIES of order confirmation emails to the following email addresses, in this format: Name 1 &lt;email@address1&gt;, Name 2 &lt;email@address2&gt;',12,12,NULL,'2010-03-04 18:39:23',NULL,NULL),(269,'Send Copy of Create Account Emails To - Status','SEND_EXTRA_CREATE_ACCOUNT_EMAILS_TO_STATUS','0','Send copy of Create Account Status<br />0= off 1= on',12,13,NULL,'2010-03-04 18:39:23',NULL,'zen_cfg_select_option(array(\'0\', \'1\'),'),(270,'Send Copy of Create Account Emails To','SEND_EXTRA_CREATE_ACCOUNT_EMAILS_TO','jbrake@nsconstruct.com','Send copy of Create Account emails to the following email addresses, in this format: Name 1 &lt;email@address1&gt;, Name 2 &lt;email@address2&gt;',12,14,NULL,'2010-03-04 18:39:23',NULL,NULL),(271,'Send Copy of Tell a Friend Emails To - Status','SEND_EXTRA_TELL_A_FRIEND_EMAILS_TO_STATUS','0','Send copy of Tell a Friend Status<br />0= off 1= on',12,15,NULL,'2010-03-04 18:39:23',NULL,'zen_cfg_select_option(array(\'0\', \'1\'),'),(272,'Send Copy of Tell a Friend Emails To','SEND_EXTRA_TELL_A_FRIEND_EMAILS_TO','jbrake@nsconstruct.com','Send copy of Tell a Friend emails to the following email addresses, in this format: Name 1 &lt;email@address1&gt;, Name 2 &lt;email@address2&gt;',12,16,NULL,'2010-03-04 18:39:23',NULL,NULL),(273,'Send Copy of Customer GV Send Emails To - Status','SEND_EXTRA_GV_CUSTOMER_EMAILS_TO_STATUS','0','Send copy of Customer GV Send Status<br />0= off 1= on',12,17,NULL,'2010-03-04 18:39:23',NULL,'zen_cfg_select_option(array(\'0\', \'1\'),'),(274,'Send Copy of Customer GV Send Emails To','SEND_EXTRA_GV_CUSTOMER_EMAILS_TO','jbrake@nsconstruct.com','Send copy of Customer GV Send emails to the following email addresses, in this format: Name 1 &lt;email@address1&gt;, Name 2 &lt;email@address2&gt;',12,18,NULL,'2010-03-04 18:39:23',NULL,NULL),(275,'Send Copy of Admin GV Mail Emails To - Status','SEND_EXTRA_GV_ADMIN_EMAILS_TO_STATUS','0','Send copy of Admin GV Mail Status<br />0= off 1= on',12,19,NULL,'2010-03-04 18:39:23',NULL,'zen_cfg_select_option(array(\'0\', \'1\'),'),(276,'Send Copy of Customer Admin GV Mail Emails To','SEND_EXTRA_GV_ADMIN_EMAILS_TO','jbrake@nsconstruct.com','Send copy of Admin GV Mail emails to the following email addresses, in this format: Name 1 &lt;email@address1&gt;, Name 2 &lt;email@address2&gt;',12,20,NULL,'2010-03-04 18:39:23',NULL,NULL),(277,'Send Copy of Admin Discount Coupon Mail Emails To - Status','SEND_EXTRA_DISCOUNT_COUPON_ADMIN_EMAILS_TO_STATUS','0','Send copy of Admin Discount Coupon Mail Status<br />0= off 1= on',12,21,NULL,'2010-03-04 18:39:23',NULL,'zen_cfg_select_option(array(\'0\', \'1\'),'),(278,'Send Copy of Customer Admin Discount Coupon Mail Emails To','SEND_EXTRA_DISCOUNT_COUPON_ADMIN_EMAILS_TO','jbrake@nsconstruct.com','Send copy of Admin Discount Coupon Mail emails to the following email addresses, in this format: Name 1 &lt;email@address1&gt;, Name 2 &lt;email@address2&gt;',12,22,NULL,'2010-03-04 18:39:23',NULL,NULL),(279,'Send Copy of Admin Orders Status Emails To - Status','SEND_EXTRA_ORDERS_STATUS_ADMIN_EMAILS_TO_STATUS','0','Send copy of Admin Orders Status Status<br />0= off 1= on',12,23,NULL,'2010-03-04 18:39:23',NULL,'zen_cfg_select_option(array(\'0\', \'1\'),'),(280,'Send Copy of Admin Orders Status Emails To','SEND_EXTRA_ORDERS_STATUS_ADMIN_EMAILS_TO','jbrake@nsconstruct.com','Send copy of Admin Orders Status emails to the following email addresses, in this format: Name 1 &lt;email@address1&gt;, Name 2 &lt;email@address2&gt;',12,24,NULL,'2010-03-04 18:39:23',NULL,NULL),(281,'Send Notice of Pending Reviews Emails To - Status','SEND_EXTRA_REVIEW_NOTIFICATION_EMAILS_TO_STATUS','0','Send copy of Pending Reviews Status<br />0= off 1= on',12,25,NULL,'2010-03-04 18:39:23',NULL,'zen_cfg_select_option(array(\'0\', \'1\'),'),(282,'Send Notice of Pending Reviews Emails To','SEND_EXTRA_REVIEW_NOTIFICATION_EMAILS_TO','jbrake@nsconstruct.com','Send copy of Pending Reviews emails to the following email addresses, in this format: Name 1 &lt;email@address1&gt;, Name 2 &lt;email@address2&gt;',12,26,NULL,'2010-03-04 18:39:23',NULL,NULL),(283,'Set \"Contact Us\" Email Dropdown List','CONTACT_US_LIST','','On the \"Contact Us\" Page, set the list of email addresses , in this format: Name 1 &lt;email@address1&gt;, Name 2 &lt;email@address2&gt;',12,40,NULL,'2010-03-04 18:39:23',NULL,'zen_cfg_textarea('),(284,'Allow Guest To Tell A Friend','ALLOW_GUEST_TO_TELL_A_FRIEND','false','Allow guests to tell a friend about a product. <br />If set to [false], then tell-a-friend will prompt for login if user is not already logged in.',12,50,NULL,'2010-03-04 18:39:23',NULL,'zen_cfg_select_option(array(\'true\', \'false\'), '),(285,'Contact Us - Show Store Name and Address','CONTACT_US_STORE_NAME_ADDRESS','1','Include Store Name and Address<br />0= off 1= on',12,50,NULL,'2010-03-04 18:39:23',NULL,'zen_cfg_select_option(array(\'0\', \'1\'), '),(286,'Send Low Stock Emails','SEND_LOWSTOCK_EMAIL','0','When stock level is at or below low stock level send an email<br />0= off<br />1= on',12,60,'2010-03-04 18:39:23','2010-03-04 18:39:23',NULL,'zen_cfg_select_option(array(\'0\', \'1\'),'),(287,'Send Low Stock Emails To','SEND_EXTRA_LOW_STOCK_EMAILS_TO','jbrake@nsconstruct.com','When stock level is at or below low stock level send an email to this address, in this format: Name 1 &lt;email@address1&gt;, Name 2 &lt;email@address2&gt;',12,61,NULL,'2010-03-04 18:39:23',NULL,NULL),(288,'Display \"Newsletter Unsubscribe\" Link?','SHOW_NEWSLETTER_UNSUBSCRIBE_LINK','true','Show \"Newsletter Unsubscribe\" link in the \"Information\" side-box?',12,70,NULL,'2010-03-04 18:39:23',NULL,'zen_cfg_select_option(array(\'true\', \'false\'),'),(289,'Audience-Select Count Display','AUDIENCE_SELECT_DISPLAY_COUNTS','true','When displaying lists of available audiences/recipients, should the recipients-count be included? <br /><em>(This may make things slower if you have a lot of customers or complex audience queries)</em>',12,90,NULL,'2010-03-04 18:39:23',NULL,'zen_cfg_select_option(array(\'true\', \'false\'),'),(290,'Enable Downloads','DOWNLOAD_ENABLED','true','Enable the products download functions.',13,1,NULL,'2010-03-04 18:39:23',NULL,'zen_cfg_select_option(array(\'true\', \'false\'), '),(291,'Download by Redirect','DOWNLOAD_BY_REDIRECT','true','Use browser redirection for download. Disable on non-Unix systems.<br /><br />Note: Set /pub to 777 when redirect is true',13,2,NULL,'2010-03-04 18:39:23',NULL,'zen_cfg_select_option(array(\'true\', \'false\'), '),(292,'Download by streaming','DOWNLOAD_IN_CHUNKS','false','If download-by-redirect is disabled, and your PHP memory_limit setting is under 8 MB, you might need to enable this setting so that files are streamed in smaller segments to the browser.<br /><br />Has no effect if Download By Redirect is enabled.',13,2,NULL,'2010-03-04 18:39:23',NULL,'zen_cfg_select_option(array(\'true\', \'false\'), '),(293,'Download Expiration (Number of Days)','DOWNLOAD_MAX_DAYS','7','Set number of days before the download link expires. 0 means no limit.',13,3,NULL,'2010-03-04 18:39:23',NULL,''),(294,'Number of Downloads Allowed - Per Product','DOWNLOAD_MAX_COUNT','5','Set the maximum number of downloads. 0 means no download authorized.',13,4,NULL,'2010-03-04 18:39:23',NULL,''),(295,'Downloads Controller Update Status Value','DOWNLOADS_ORDERS_STATUS_UPDATED_VALUE','4','What orders_status resets the Download days and Max Downloads - Default is 4',13,10,'2010-03-04 18:39:23','2010-03-04 18:39:23',NULL,NULL),(296,'Downloads Controller Order Status Value >= lower value','DOWNLOADS_CONTROLLER_ORDERS_STATUS','2','Downloads Controller Order Status Value - Default >= 2<br /><br />Downloads are available for checkout based on the orders status. Orders with orders status greater than this value will be available for download. The orders status is set for an order by the Payment Modules. Set the lower range for this range.',13,12,'2010-03-04 18:39:23','2010-03-04 18:39:23',NULL,NULL),(297,'Downloads Controller Order Status Value <= upper value','DOWNLOADS_CONTROLLER_ORDERS_STATUS_END','4','Downloads Controller Order Status Value - Default <= 4<br /><br />Downloads are available for checkout based on the orders status. Orders with orders status less than this value will be available for download. The orders status is set for an order by the Payment Modules.  Set the upper range for this range.',13,13,'2010-03-04 18:39:23','2010-03-04 18:39:23',NULL,NULL),(298,'Enable Price Factor','ATTRIBUTES_ENABLED_PRICE_FACTOR','true','Enable the Attributes Price Factor.',13,25,NULL,'2010-03-04 18:39:23',NULL,'zen_cfg_select_option(array(\'true\', \'false\'), '),(299,'Enable Qty Price Discount','ATTRIBUTES_ENABLED_QTY_PRICES','true','Enable the Attributes Quantity Price Discounts.',13,26,NULL,'2010-03-04 18:39:23',NULL,'zen_cfg_select_option(array(\'true\', \'false\'), '),(300,'Enable Attribute Images','ATTRIBUTES_ENABLED_IMAGES','true','Enable the Attributes Images.',13,28,NULL,'2010-03-04 18:39:23',NULL,'zen_cfg_select_option(array(\'true\', \'false\'), '),(301,'Enable Text Pricing by word or letter','ATTRIBUTES_ENABLED_TEXT_PRICES','true','Enable the Attributes Text Pricing by word or letter.',13,35,NULL,'2010-03-04 18:39:23',NULL,'zen_cfg_select_option(array(\'true\', \'false\'), '),(302,'Text Pricing - Spaces are Free','TEXT_SPACES_FREE','1','On Text pricing Spaces are Free<br /><br />0= off 1= on',13,36,NULL,'2010-03-04 18:39:23',NULL,'zen_cfg_select_option(array(\'0\', \'1\'), '),(303,'Read Only option type - Ignore for Add to Cart','PRODUCTS_OPTIONS_TYPE_READONLY_IGNORED','1','When a Product only uses READONLY attributes, should the Add to Cart button be On or Off?<br />0= OFF<br />1= ON',13,37,NULL,'2010-03-04 18:39:23',NULL,'zen_cfg_select_option(array(\'0\', \'1\'), '),(304,'Enable GZip Compression','GZIP_LEVEL','0','0= off 1= on',14,1,NULL,'2010-03-04 18:39:23',NULL,'zen_cfg_select_option(array(\'0\', \'1\'),'),(305,'Session Directory','SESSION_WRITE_DIRECTORY','/home/nsadmin/public_html/chinese_delight/cache','If sessions are file based, store them in this directory.',15,1,NULL,'2010-03-04 18:39:23',NULL,NULL),(306,'Cookie Domain','SESSION_USE_FQDN','True','If True the full domain name will be used to store the cookie, e.g. www.mydomain.com. If False only a partial domain name will be used, e.g. mydomain.com. If you are unsure about this, always leave set to true.',15,2,NULL,'2010-03-04 18:39:23',NULL,'zen_cfg_select_option(array(\'True\', \'False\'), '),(307,'Force Cookie Use','SESSION_FORCE_COOKIE_USE','False','Force the use of sessions when cookies are only enabled.',15,2,NULL,'2010-03-04 18:39:23',NULL,'zen_cfg_select_option(array(\'True\', \'False\'), '),(308,'Check SSL Session ID','SESSION_CHECK_SSL_SESSION_ID','False','Validate the SSL_SESSION_ID on every secure HTTPS page request.',15,3,NULL,'2010-03-04 18:39:23',NULL,'zen_cfg_select_option(array(\'True\', \'False\'), '),(309,'Check User Agent','SESSION_CHECK_USER_AGENT','False','Validate the clients browser user agent on every page request.',15,4,NULL,'2010-03-04 18:39:23',NULL,'zen_cfg_select_option(array(\'True\', \'False\'), '),(310,'Check IP Address','SESSION_CHECK_IP_ADDRESS','False','Validate the clients IP address on every page request.',15,5,NULL,'2010-03-04 18:39:23',NULL,'zen_cfg_select_option(array(\'True\', \'False\'), '),(311,'Prevent Spider Sessions','SESSION_BLOCK_SPIDERS','True','Prevent known spiders from starting a session.',15,6,NULL,'2010-03-04 18:39:23',NULL,'zen_cfg_select_option(array(\'True\', \'False\'), '),(312,'Recreate Session','SESSION_RECREATE','True','Recreate the session to generate a new session ID when the customer logs on or creates an account (PHP >=4.1 needed).',15,7,NULL,'2010-03-04 18:39:23',NULL,'zen_cfg_select_option(array(\'True\', \'False\'), '),(313,'IP to Host Conversion Status','SESSION_IP_TO_HOST_ADDRESS','true','Convert IP Address to Host Address<br /><br />Note: on some servers this can slow down the initial start of a session or execution of Emails',15,10,NULL,'2010-03-04 18:39:23',NULL,'zen_cfg_select_option(array(\'true\', \'false\'), '),(314,'Length of the redeem code','SECURITY_CODE_LENGTH','10','Enter the length of the redeem code<br />The longer the more secure',16,1,NULL,'2010-03-04 18:39:23',NULL,NULL),(315,'Default Order Status For Zero Balance Orders','DEFAULT_ZERO_BALANCE_ORDERS_STATUS_ID','2','When an order\'s balance is zero, this order status will be assigned to it.',16,0,NULL,'2010-03-04 18:39:23','zen_get_order_status_name','zen_cfg_pull_down_order_statuses('),(316,'New Signup Discount Coupon ID#','NEW_SIGNUP_DISCOUNT_COUPON','','Select the coupon<br />',16,75,NULL,'2010-03-04 18:39:23',NULL,'zen_cfg_select_coupon_id('),(317,'New Signup Gift Voucher Amount','NEW_SIGNUP_GIFT_VOUCHER_AMOUNT','','Leave blank for none<br />Or enter an amount ie. 10 for $10.00',16,76,NULL,'2010-03-04 18:39:23',NULL,NULL),(318,'Maximum Discount Coupons Per Page','MAX_DISPLAY_SEARCH_RESULTS_DISCOUNT_COUPONS','20','Number of Discount Coupons to list per Page',16,81,NULL,'2010-03-04 18:39:23',NULL,NULL),(319,'Maximum Discount Coupon Report Results Per Page','MAX_DISPLAY_SEARCH_RESULTS_DISCOUNT_COUPONS_REPORTS','20','Number of Discount Coupons to list on Reports Page',16,81,NULL,'2010-03-04 18:39:23',NULL,NULL),(320,'Credit Card Enable Status - VISA','CC_ENABLED_VISA','1','Accept VISA 0= off 1= on',17,1,NULL,'2010-03-04 18:39:23',NULL,'zen_cfg_select_option(array(\'0\', \'1\'), '),(321,'Credit Card Enable Status - MasterCard','CC_ENABLED_MC','1','Accept MasterCard 0= off 1= on',17,2,NULL,'2010-03-04 18:39:23',NULL,'zen_cfg_select_option(array(\'0\', \'1\'), '),(322,'Credit Card Enable Status - AmericanExpress','CC_ENABLED_AMEX','0','Accept AmericanExpress 0= off 1= on',17,3,NULL,'2010-03-04 18:39:23',NULL,'zen_cfg_select_option(array(\'0\', \'1\'), '),(323,'Credit Card Enable Status - Diners Club','CC_ENABLED_DINERS_CLUB','0','Accept Diners Club 0= off 1= on',17,4,NULL,'2010-03-04 18:39:23',NULL,'zen_cfg_select_option(array(\'0\', \'1\'), '),(324,'Credit Card Enable Status - Discover Card','CC_ENABLED_DISCOVER','0','Accept Discover Card 0= off 1= on',17,5,NULL,'2010-03-04 18:39:23',NULL,'zen_cfg_select_option(array(\'0\', \'1\'), '),(325,'Credit Card Enable Status - JCB','CC_ENABLED_JCB','0','Accept JCB 0= off 1= on',17,6,NULL,'2010-03-04 18:39:23',NULL,'zen_cfg_select_option(array(\'0\', \'1\'), '),(326,'Credit Card Enable Status - AUSTRALIAN BANKCARD','CC_ENABLED_AUSTRALIAN_BANKCARD','0','Accept AUSTRALIAN BANKCARD 0= off 1= on',17,7,NULL,'2010-03-04 18:39:23',NULL,'zen_cfg_select_option(array(\'0\', \'1\'), '),(327,'Credit Card Enable Status - SOLO','CC_ENABLED_SOLO','0','Accept SOLO Card 0= off 1= on',17,8,NULL,'2010-03-04 18:39:23',NULL,'zen_cfg_select_option(array(\'0\', \'1\'), '),(328,'Credit Card Enable Status - Switch','CC_ENABLED_SWITCH','0','Accept SWITCH Card 0= off 1= on',17,9,NULL,'2010-03-04 18:39:23',NULL,'zen_cfg_select_option(array(\'0\', \'1\'), '),(329,'Credit Card Enable Status - Maestro','CC_ENABLED_MAESTRO','0','Accept MAESTRO Card 0= off 1= on',17,10,NULL,'2010-03-04 18:39:23',NULL,'zen_cfg_select_option(array(\'0\', \'1\'), '),(330,'Credit Card Enabled - Show on Payment','SHOW_ACCEPTED_CREDIT_CARDS','0','Show accepted credit cards on Payment page?<br />0= off<br />1= As Text<br />2= As Images<br /><br />Note: images and text must be defined in both the database and language file for specific credit card types.',17,50,NULL,'2010-03-04 18:39:23',NULL,'zen_cfg_select_option(array(\'0\', \'1\', \'2\'), '),(331,'This module is installed','MODULE_ORDER_TOTAL_GV_STATUS','true','',6,1,NULL,'2003-10-30 22:16:40',NULL,'zen_cfg_select_option(array(\'true\'),'),(332,'Sort Order','MODULE_ORDER_TOTAL_GV_SORT_ORDER','840','Sort order of display.',6,2,NULL,'2003-10-30 22:16:40',NULL,NULL),(333,'Queue Purchases','MODULE_ORDER_TOTAL_GV_QUEUE','true','Do you want to queue purchases of the Gift Voucher?',6,3,NULL,'2003-10-30 22:16:40',NULL,'zen_cfg_select_option(array(\'true\', \'false\'),'),(334,'Include Shipping','MODULE_ORDER_TOTAL_GV_INC_SHIPPING','true','Include Shipping in calculation',6,5,NULL,'2003-10-30 22:16:40',NULL,'zen_cfg_select_option(array(\'true\', \'false\'),'),(335,'Include Tax','MODULE_ORDER_TOTAL_GV_INC_TAX','true','Include Tax in calculation.',6,6,NULL,'2003-10-30 22:16:40',NULL,'zen_cfg_select_option(array(\'true\', \'false\'),'),(336,'Re-calculate Tax','MODULE_ORDER_TOTAL_GV_CALC_TAX','None','Re-Calculate Tax',6,7,NULL,'2003-10-30 22:16:40',NULL,'zen_cfg_select_option(array(\'None\', \'Standard\', \'Credit Note\'),'),(337,'Tax Class','MODULE_ORDER_TOTAL_GV_TAX_CLASS','0','Use the following tax class when treating Gift Voucher as Credit Note.',6,0,NULL,'2003-10-30 22:16:40','zen_get_tax_class_title','zen_cfg_pull_down_tax_classes('),(338,'Credit including Tax','MODULE_ORDER_TOTAL_GV_CREDIT_TAX','false','Add tax to purchased Gift Voucher when crediting to Account',6,8,NULL,'2003-10-30 22:16:40',NULL,'zen_cfg_select_option(array(\'true\', \'false\'),'),(339,'Set Order Status','MODULE_ORDER_TOTAL_GV_ORDER_STATUS_ID','0','Set the status of orders made where GV covers full payment',6,0,NULL,'2010-03-04 18:39:23','zen_get_order_status_name','zen_cfg_pull_down_order_statuses('),(340,'This module is installed','MODULE_ORDER_TOTAL_LOWORDERFEE_STATUS','true','',6,1,NULL,'2003-10-30 22:16:43',NULL,'zen_cfg_select_option(array(\'true\'),'),(341,'Sort Order','MODULE_ORDER_TOTAL_LOWORDERFEE_SORT_ORDER','400','Sort order of display.',6,2,NULL,'2003-10-30 22:16:43',NULL,NULL),(342,'Allow Low Order Fee','MODULE_ORDER_TOTAL_LOWORDERFEE_LOW_ORDER_FEE','false','Do you want to allow low order fees?',6,3,NULL,'2003-10-30 22:16:43',NULL,'zen_cfg_select_option(array(\'true\', \'false\'),'),(343,'Order Fee For Orders Under','MODULE_ORDER_TOTAL_LOWORDERFEE_ORDER_UNDER','50','Add the low order fee to orders under this amount.',6,4,NULL,'2003-10-30 22:16:43','currencies->format',NULL),(344,'Order Fee','MODULE_ORDER_TOTAL_LOWORDERFEE_FEE','5','For Percentage Calculation - include a % Example: 10%<br />For a flat amount just enter the amount - Example: 5 for $5.00',6,5,NULL,'2003-10-30 22:16:43','',NULL),(345,'Attach Low Order Fee On Orders Made','MODULE_ORDER_TOTAL_LOWORDERFEE_DESTINATION','both','Attach low order fee for orders sent to the set destination.',6,6,NULL,'2003-10-30 22:16:43',NULL,'zen_cfg_select_option(array(\'national\', \'international\', \'both\'),'),(346,'Tax Class','MODULE_ORDER_TOTAL_LOWORDERFEE_TAX_CLASS','0','Use the following tax class on the low order fee.',6,7,NULL,'2003-10-30 22:16:43','zen_get_tax_class_title','zen_cfg_pull_down_tax_classes('),(347,'No Low Order Fee on Virtual Products','MODULE_ORDER_TOTAL_LOWORDERFEE_VIRTUAL','false','Do not charge Low Order Fee when cart is Virtual Products Only',6,8,NULL,'2004-04-20 22:16:43',NULL,'zen_cfg_select_option(array(\'true\', \'false\'),'),(348,'No Low Order Fee on Gift Vouchers','MODULE_ORDER_TOTAL_LOWORDERFEE_GV','false','Do not charge Low Order Fee when cart is Gift Vouchers Only',6,9,NULL,'2004-04-20 22:16:43',NULL,'zen_cfg_select_option(array(\'true\', \'false\'),'),(549,'Show Split Tax Lines','SHOW_SPLIT_TAX_CHECKOUT','false','If multiple tax rates apply, show each rate as a separate line at checkout',1,22,NULL,'2010-06-06 12:04:30',NULL,'zen_cfg_select_option(array(\'true\', \'false\'), '),(354,'This module is installed','MODULE_ORDER_TOTAL_SUBTOTAL_STATUS','true','',6,1,NULL,'2003-10-30 22:16:49',NULL,'zen_cfg_select_option(array(\'true\'),'),(355,'Sort Order','MODULE_ORDER_TOTAL_SUBTOTAL_SORT_ORDER','100','Sort order of display.',6,2,NULL,'2003-10-30 22:16:49',NULL,NULL),(356,'This module is installed','MODULE_ORDER_TOTAL_TAX_STATUS','true','',6,1,NULL,'2003-10-30 22:16:52',NULL,'zen_cfg_select_option(array(\'true\'),'),(357,'Sort Order','MODULE_ORDER_TOTAL_TAX_SORT_ORDER','300','Sort order of display.',6,2,NULL,'2003-10-30 22:16:52',NULL,NULL),(358,'This module is installed','MODULE_ORDER_TOTAL_TOTAL_STATUS','true','',6,1,NULL,'2003-10-30 22:16:55',NULL,'zen_cfg_select_option(array(\'true\'),'),(359,'Sort Order','MODULE_ORDER_TOTAL_TOTAL_SORT_ORDER','999','Sort order of display.',6,2,NULL,'2003-10-30 22:16:55',NULL,NULL),(360,'Tax Class','MODULE_ORDER_TOTAL_COUPON_TAX_CLASS','0','Use the following tax class when treating Discount Coupon as Credit Note.',6,0,NULL,'2003-10-30 22:16:36','zen_get_tax_class_title','zen_cfg_pull_down_tax_classes('),(361,'Include Tax','MODULE_ORDER_TOTAL_COUPON_INC_TAX','false','Include Tax in calculation.',6,6,NULL,'2003-10-30 22:16:36',NULL,'zen_cfg_select_option(array(\'true\', \'false\'),'),(362,'Sort Order','MODULE_ORDER_TOTAL_COUPON_SORT_ORDER','280','Sort order of display.',6,2,NULL,'2003-10-30 22:16:36',NULL,NULL),(363,'Include Shipping','MODULE_ORDER_TOTAL_COUPON_INC_SHIPPING','false','Include Shipping in calculation',6,5,NULL,'2003-10-30 22:16:36',NULL,'zen_cfg_select_option(array(\'true\', \'false\'),'),(364,'This module is installed','MODULE_ORDER_TOTAL_COUPON_STATUS','true','',6,1,NULL,'2003-10-30 22:16:36',NULL,'zen_cfg_select_option(array(\'true\'),'),(365,'Re-calculate Tax','MODULE_ORDER_TOTAL_COUPON_CALC_TAX','Standard','Re-Calculate Tax',6,7,NULL,'2003-10-30 22:16:36',NULL,'zen_cfg_select_option(array(\'None\', \'Standard\', \'Credit Note\'),'),(366,'Admin Demo Status','ADMIN_DEMO','0','Admin Demo should be on?<br />0= off 1= on',6,0,NULL,'2010-03-04 18:39:23',NULL,'zen_cfg_select_option(array(\'0\', \'1\'), '),(367,'Product option type Select','PRODUCTS_OPTIONS_TYPE_SELECT','0','The number representing the Select type of product option.',0,NULL,'2010-03-04 18:39:23','2010-03-04 18:39:23',NULL,NULL),(368,'Text product option type','PRODUCTS_OPTIONS_TYPE_TEXT','1','Numeric value of the text product option type',6,NULL,'2010-03-04 18:39:23','2010-03-04 18:39:23',NULL,NULL),(369,'Radio button product option type','PRODUCTS_OPTIONS_TYPE_RADIO','2','Numeric value of the radio button product option type',6,NULL,'2010-03-04 18:39:23','2010-03-04 18:39:23',NULL,NULL),(370,'Check box product option type','PRODUCTS_OPTIONS_TYPE_CHECKBOX','3','Numeric value of the check box product option type',6,NULL,'2010-03-04 18:39:23','2010-03-04 18:39:23',NULL,NULL),(371,'File product option type','PRODUCTS_OPTIONS_TYPE_FILE','4','Numeric value of the file product option type',6,NULL,'2010-03-04 18:39:23','2010-03-04 18:39:23',NULL,NULL),(372,'ID for text and file products options values','PRODUCTS_OPTIONS_VALUES_TEXT_ID','0','Numeric value of the products_options_values_id used by the text and file attributes.',6,NULL,'2010-03-04 18:39:23','2010-03-04 18:39:23',NULL,NULL),(373,'Upload prefix','UPLOAD_PREFIX','upload_','Prefix used to differentiate between upload options and other options',0,NULL,'2010-03-04 18:39:23','2010-03-04 18:39:23',NULL,NULL),(374,'Text prefix','TEXT_PREFIX','txt_','Prefix used to differentiate between text option values and other option values',0,NULL,'2010-03-04 18:39:23','2010-03-04 18:39:23',NULL,NULL),(375,'Read Only option type','PRODUCTS_OPTIONS_TYPE_READONLY','5','Numeric value of the file product option type',6,NULL,'2010-03-04 18:39:23','2010-03-04 18:39:23',NULL,NULL),(376,'Products Info - Products Option Name Sort Order','PRODUCTS_OPTIONS_SORT_ORDER','0','Sort order of Option Names for Products Info<br />0= Sort Order, Option Name<br />1= Option Name',18,35,'2010-03-04 18:39:23','2010-03-04 18:39:23',NULL,'zen_cfg_select_option(array(\'0\', \'1\'),'),(377,'Products Info - Product Option Value of Attributes Sort Order','PRODUCTS_OPTIONS_SORT_BY_PRICE','1','Sort order of Product Option Values of Attributes for Products Info<br />0= Sort Order, Price<br />1= Sort Order, Option Value Name',18,36,'2010-03-04 18:39:23','2010-03-04 18:39:23',NULL,'zen_cfg_select_option(array(\'0\', \'1\'),'),(378,'Product Info - Show Option Values Name Below Attributes Image','PRODUCT_IMAGES_ATTRIBUTES_NAMES','1','Product Info - Show the name of the Option Value beneath the Attribute Image?<br />0= off 1= on',18,41,NULL,'2010-03-04 18:39:23',NULL,'zen_cfg_select_option(array(\'0\', \'1\'), '),(379,'Product Info - Show Sales Discount Savings Status','SHOW_SALE_DISCOUNT_STATUS','1','Product Info - Show the amount of discount savings?<br />0= off 1= on',18,45,NULL,'2010-03-04 18:39:23',NULL,'zen_cfg_select_option(array(\'0\', \'1\'), '),(380,'Product Info - Show Sales Discount Savings Dollars or Percentage','SHOW_SALE_DISCOUNT','1','Product Info - Show the amount of discount savings display as:<br />1= % off 2= $amount off',18,46,NULL,'2010-03-04 18:39:23',NULL,'zen_cfg_select_option(array(\'1\', \'2\'), '),(381,'Product Info - Show Sales Discount Savings Percentage Decimals','SHOW_SALE_DISCOUNT_DECIMALS','0','Product Info - Show discount savings display as a Percentage with how many decimals?:<br />Default= 0',18,47,NULL,'2010-03-04 18:39:23',NULL,NULL),(382,'Product Info - Price is Free Image or Text Status','OTHER_IMAGE_PRICE_IS_FREE_ON','1','Product Info - Show the Price is Free Image or Text on Displayed Price<br />0= Text<br />1= Image',18,50,NULL,'2010-03-04 18:39:23',NULL,'zen_cfg_select_option(array(\'0\', \'1\'), '),(383,'Product Info - Price is Call for Price Image or Text Status','PRODUCTS_PRICE_IS_CALL_IMAGE_ON','1','Product Info - Show the Price is Call for Price Image or Text on Displayed Price<br />0= Text<br />1= Image',18,51,NULL,'2010-03-04 18:39:23',NULL,'zen_cfg_select_option(array(\'0\', \'1\'), '),(384,'Product Quantity Box Status - Adding New Products','PRODUCTS_QTY_BOX_STATUS','1','What should the Default Quantity Box Status be set to when adding New Products?<br /><br />0= off<br />1= on<br />NOTE: This will show a Qty Box when ON and default the Add to Cart to 1',18,55,NULL,'2010-03-04 18:39:23',NULL,'zen_cfg_select_option(array(\'0\', \'1\'), '),(385,'Product Reviews Require Approval','REVIEWS_APPROVAL','1','Do product reviews require approval?<br /><br />Note: When Review Status is off, it will also not show<br /><br />0= off 1= on',18,62,NULL,'2010-03-04 18:39:23',NULL,'zen_cfg_select_option(array(\'0\', \'1\'), '),(386,'Meta Tags - Include Product Model in Title','META_TAG_INCLUDE_MODEL','1','Do you want to include the Product Model in the Meta Tag Title?<br /><br />0= off 1= on',18,69,NULL,'2010-03-04 18:39:23',NULL,'zen_cfg_select_option(array(\'0\', \'1\'), '),(387,'Meta Tags - Include Product Price in Title','META_TAG_INCLUDE_PRICE','1','Do you want to include the Product Price in the Meta Tag Title?<br /><br />0= off 1= on',18,70,NULL,'2010-03-04 18:39:23',NULL,'zen_cfg_select_option(array(\'0\', \'1\'), '),(388,'Meta Tags Generated Description Maximum Length?','MAX_META_TAG_DESCRIPTION_LENGTH','50','Set Generated Meta Tag Description Maximum Length to (words) Default 50:',18,71,NULL,'2010-03-04 18:39:23','',''),(389,'Also Purchased Products Columns per Row','SHOW_PRODUCT_INFO_COLUMNS_ALSO_PURCHASED_PRODUCTS','3','Also Purchased Products Columns per Row<br />0= off or set the sort order',18,72,NULL,'2010-03-04 18:39:23',NULL,'zen_cfg_select_option(array(\'0\', \'1\', \'2\', \'3\', \'4\', \'5\', \'6\', \'7\', \'8\', \'9\', \'10\', \'11\', \'12\'), '),(390,'Previous Next - Navigation Bar Position','PRODUCT_INFO_PREVIOUS_NEXT','1','Location of Previous/Next Navigation Bar<br />0= off<br />1= Top of Page<br />2= Bottom of Page<br />3= Both Top and Bottom of Page',18,21,'2010-03-04 18:39:23','2010-03-04 18:39:23',NULL,'zen_cfg_select_drop_down(array(array(\'id\'=>\'0\', \'text\'=>\'Off\'), array(\'id\'=>\'1\', \'text\'=>\'Top of Page\'), array(\'id\'=>\'2\', \'text\'=>\'Bottom of Page\'), array(\'id\'=>\'3\', \'text\'=>\'Both Top & Bottom of Page\')),'),(391,'Previous Next - Sort Order','PRODUCT_INFO_PREVIOUS_NEXT_SORT','1','Products Display Order by<br />0= Product ID<br />1= Product Name<br />2= Model<br />3= Price, Product Name<br />4= Price, Model<br />5= Product Name, Model<br />6= Product Sort Order',18,22,'2010-03-04 18:39:23','2010-03-04 18:39:23',NULL,'zen_cfg_select_drop_down(array(array(\'id\'=>\'0\', \'text\'=>\'Product ID\'), array(\'id\'=>\'1\', \'text\'=>\'Name\'), array(\'id\'=>\'2\', \'text\'=>\'Product Model\'), array(\'id\'=>\'3\', \'text\'=>\'Product Price - Name\'), array(\'id\'=>\'4\', \'text\'=>\'Product Price - Model\'), array(\'id\'=>\'5\', \'text\'=>\'Product Name - Model\'), array(\'id\'=>\'6\', \'text\'=>\'Product Sort Order\')),'),(392,'Previous Next - Button and Image Status','SHOW_PREVIOUS_NEXT_STATUS','0','Button and Product Image status settings are:<br />0= Off<br />1= On',18,20,'2010-03-04 18:39:23','2010-03-04 18:39:23',NULL,'zen_cfg_select_drop_down(array(array(\'id\'=>\'0\', \'text\'=>\'Off\'), array(\'id\'=>\'1\', \'text\'=>\'On\')),'),(393,'Previous Next - Button and Image Settings','SHOW_PREVIOUS_NEXT_IMAGES','0','Show Previous/Next Button and Product Image Settings<br />0= Button Only<br />1= Button and Product Image<br />2= Product Image Only',18,21,'2010-03-04 18:39:23','2010-03-04 18:39:23',NULL,'zen_cfg_select_drop_down(array(array(\'id\'=>\'0\', \'text\'=>\'Button Only\'), array(\'id\'=>\'1\', \'text\'=>\'Button and Product Image\'), array(\'id\'=>\'2\', \'text\'=>\'Product Image Only\')),'),(394,'Previous Next - Image Width?','PREVIOUS_NEXT_IMAGE_WIDTH','50','Previous/Next Image Width?',18,22,NULL,'2010-03-04 18:39:23','',''),(395,'Previous Next - Image Height?','PREVIOUS_NEXT_IMAGE_HEIGHT','40','Previous/Next Image Height?',18,23,NULL,'2010-03-04 18:39:23','',''),(396,'Previous Next - Navigation Includes Category Position','PRODUCT_INFO_CATEGORIES','1','Product\'s Category Image and Name Alignment Above Previous/Next Navigation Bar<br />0= off<br />1= Align Left<br />2= Align Center<br />3= Align Right',18,20,'2010-03-04 18:39:23','2010-03-04 18:39:23',NULL,'zen_cfg_select_drop_down(array(array(\'id\'=>\'0\', \'text\'=>\'Off\'), array(\'id\'=>\'1\', \'text\'=>\'Align Left\'), array(\'id\'=>\'2\', \'text\'=>\'Align Center\'), array(\'id\'=>\'3\', \'text\'=>\'Align Right\')),'),(397,'Previous Next - Navigation Includes Category Name and Image Status','PRODUCT_INFO_CATEGORIES_IMAGE_STATUS','2','Product\'s Category Image and Name Status<br />0= Category Name and Image always shows<br />1= Category Name only<br />2= Category Name and Image when not blank',18,20,'2010-03-04 18:39:23','2010-03-04 18:39:23',NULL,'zen_cfg_select_drop_down(array(array(\'id\'=>\'0\', \'text\'=>\'Category Name and Image Always\'), array(\'id\'=>\'1\', \'text\'=>\'Category Name only\'), array(\'id\'=>\'2\', \'text\'=>\'Category Name and Image when not blank\')),'),(398,'Column Width - Left Boxes','BOX_WIDTH_LEFT','222px','Width of the Left Column Boxes<br />px may be included<br />Default = 150px',19,1,'2010-03-28 20:55:00','2003-11-21 22:16:36',NULL,NULL),(399,'Column Width - Right Boxes','BOX_WIDTH_RIGHT','150px','Width of the Right Column Boxes<br />px may be included<br />Default = 150px',19,2,NULL,'2003-11-21 22:16:36',NULL,NULL),(400,'Bread Crumbs Navigation Separator','BREAD_CRUMBS_SEPARATOR','&nbsp;::&nbsp;','Enter the separator symbol to appear between the Navigation Bread Crumb trail<br />Note: Include spaces with the &amp;nbsp; symbol if you want them part of the separator.<br />Default = &amp;nbsp;::&amp;nbsp;',19,3,NULL,'2003-11-21 22:16:36',NULL,'zen_cfg_textarea_small('),(401,'Define Breadcrumb Status','DEFINE_BREADCRUMB_STATUS','1','Enable the Breadcrumb Trail Links?<br />0= OFF<br />1= ON<br />2= Off for Home Page Only',19,4,NULL,'2010-03-04 18:39:23',NULL,'zen_cfg_select_option(array(\'0\', \'1\', \'2\'), '),(402,'Bestsellers - Number Padding','BEST_SELLERS_FILLER','&nbsp;','What do you want to Pad the numbers with?<br />Default = &amp;nbsp;',19,5,NULL,'2003-11-21 22:16:36',NULL,'zen_cfg_textarea_small('),(403,'Bestsellers - Truncate Product Names','BEST_SELLERS_TRUNCATE','35','What size do you want to truncate the Product Names?<br />Default = 35',19,6,NULL,'2003-11-21 22:16:36',NULL,NULL),(404,'Bestsellers - Truncate Product Names followed by ...','BEST_SELLERS_TRUNCATE_MORE','true','When truncated Product Names follow with ...<br />Default = true',19,7,'2003-03-21 13:08:25','2003-03-21 11:42:47',NULL,'zen_cfg_select_option(array(\'true\', \'false\'),'),(405,'Categories Box - Show Specials Link','SHOW_CATEGORIES_BOX_SPECIALS','true','Show Specials Link in the Categories Box',19,8,'2003-03-21 13:08:25','2003-03-21 11:42:47',NULL,'zen_cfg_select_option(array(\'true\', \'false\'),'),(406,'Categories Box - Show Products New Link','SHOW_CATEGORIES_BOX_PRODUCTS_NEW','false','Show Products New Link in the Categories Box',19,9,'2010-03-04 22:01:44','2003-03-21 11:42:47',NULL,'zen_cfg_select_option(array(\'true\', \'false\'),'),(407,'Shopping Cart Box Status','SHOW_SHOPPING_CART_BOX_STATUS','1','Shopping Cart Shows<br />0= Always<br />1= Only when full<br />2= Only when full but not when viewing the Shopping Cart',19,10,NULL,'2010-03-04 18:39:23',NULL,'zen_cfg_select_option(array(\'0\', \'1\', \'2\'), '),(408,'Categories Box - Show Featured Products Link','SHOW_CATEGORIES_BOX_FEATURED_PRODUCTS','true','Show Featured Products Link in the Categories Box',19,11,'2003-03-21 13:08:25','2003-03-21 11:42:47',NULL,'zen_cfg_select_option(array(\'true\', \'false\'),'),(409,'Categories Box - Show Products All Link','SHOW_CATEGORIES_BOX_PRODUCTS_ALL','true','Show Products All Link in the Categories Box',19,12,'2003-03-21 13:08:25','2003-03-21 11:42:47',NULL,'zen_cfg_select_option(array(\'true\', \'false\'),'),(410,'Column Left Status - Global','COLUMN_LEFT_STATUS','1','Show Column Left, unless page override exists?<br />0= Column Left is always off<br />1= Column Left is on, unless page override',19,15,NULL,'2010-03-04 18:39:23',NULL,'zen_cfg_select_option(array(\'0\', \'1\'), '),(411,'Column Right Status - Global','COLUMN_RIGHT_STATUS','0','Show Column Right, unless page override exists?<br />0= Column Right is always off<br />1= Column Right is on, unless page override',19,16,'2010-04-03 08:27:24','2010-03-04 18:39:23',NULL,'zen_cfg_select_option(array(\'0\', \'1\'), '),(412,'Column Width - Left','COLUMN_WIDTH_LEFT','222px','Width of the Left Column<br />px may be included<br />Default = 150px',19,20,'2010-03-28 20:55:25','2003-11-21 22:16:36',NULL,NULL),(413,'Column Width - Right','COLUMN_WIDTH_RIGHT','150px','Width of the Right Column<br />px may be included<br />Default = 150px',19,21,NULL,'2003-11-21 22:16:36',NULL,NULL),(414,'Categories Separator between links Status','SHOW_CATEGORIES_SEPARATOR_LINK','1','Show Category Separator between Category Names and Links?<br />0= off<br />1= on',19,24,NULL,'2010-03-04 18:39:23',NULL,'zen_cfg_select_option(array(\'0\', \'1\'), '),(415,'Categories Separator between the Category Name and Count','CATEGORIES_SEPARATOR','-&gt;','What separator do you want between the Category name and the count?<br />Default = -&amp;gt;',19,25,NULL,'2003-11-21 22:16:36',NULL,'zen_cfg_textarea_small('),(416,'Categories Separator between the Category Name and Sub Categories','CATEGORIES_SEPARATOR_SUBS','|_&nbsp;','What separator do you want between the Category name and Sub Category Name?<br />Default = |_&amp;nbsp;',19,26,NULL,'2004-03-25 22:16:36',NULL,'zen_cfg_textarea_small('),(417,'Categories Count Prefix','CATEGORIES_COUNT_PREFIX','&nbsp;(','What do you want to Prefix the count with?<br />Default= (',19,27,NULL,'2003-01-21 22:16:36',NULL,'zen_cfg_textarea_small('),(418,'Categories Count Suffix','CATEGORIES_COUNT_SUFFIX',')','What do you want as a Suffix to the count?<br />Default= )',19,28,NULL,'2003-01-21 22:16:36',NULL,'zen_cfg_textarea_small('),(419,'Categories SubCategories Indent','CATEGORIES_SUBCATEGORIES_INDENT','&nbsp;&nbsp;','What do you want to use as the subcategories indent?<br />Default= &nbsp;&nbsp;',19,29,NULL,'2004-06-24 22:16:36',NULL,'zen_cfg_textarea_small('),(420,'Categories with 0 Products Status','CATEGORIES_COUNT_ZERO','0','Show Category Count for 0 Products?<br />0= off<br />1= on',19,30,NULL,'2010-03-04 18:39:23',NULL,'zen_cfg_select_option(array(\'0\', \'1\'), '),(421,'Split Categories Box','CATEGORIES_SPLIT_DISPLAY','True','Split the categories box display by product type',19,31,NULL,'2010-03-04 18:39:23',NULL,'zen_cfg_select_option(array(\'True\', \'False\'), '),(422,'Shopping Cart - Show Totals','SHOW_TOTALS_IN_CART','3','Show Totals Above Shopping Cart?<br />0= off<br />1= on: Items Weight Amount<br />2= on: Items Weight Amount, but no weight when 0<br />3= on: Items Amount',19,31,'2010-03-04 23:08:21','2010-03-04 18:39:23',NULL,'zen_cfg_select_option(array(\'0\', \'1\', \'2\', \'3\'), '),(423,'Customer Greeting - Show on Index Page','SHOW_CUSTOMER_GREETING','1','Always Show Customer Greeting on Index?<br />0= off<br />1= on',19,40,NULL,'2010-03-04 18:39:23',NULL,'zen_cfg_select_option(array(\'0\', \'1\'), '),(424,'Categories - Always Show on Main Page','SHOW_CATEGORIES_ALWAYS','0','Always Show Categories on Main Page<br />0= off<br />1= on<br />Default category can be set to Top Level or a Specific Top Level',19,45,NULL,'2010-03-04 18:39:23',NULL,'zen_cfg_select_option(array(\'0\', \'1\'), '),(425,'Main Page - Opens with Category','CATEGORIES_START_MAIN','0','0= Top Level Categories<br />Or enter the Category ID#<br />Note: Sub Categories can also be used Example: 3_10',19,46,NULL,'2010-03-04 18:39:23','',''),(426,'Categories - Always Open to Show SubCategories','SHOW_CATEGORIES_SUBCATEGORIES_ALWAYS','1','Always Show Categories and SubCategories<br />0= off, just show Top Categories<br />1= on, Always show Categories and SubCategories when selected',19,47,NULL,'2010-03-04 18:39:23',NULL,'zen_cfg_select_option(array(\'0\', \'1\'), '),(427,'Banner Display Groups - Header Position 1','SHOW_BANNERS_GROUP_SET1','','The Banner Display Groups can be from 1 Banner Group or Multiple Banner Groups<br /><br />For Multiple Banner Groups enter the Banner Group Name separated by a colon <strong>:</strong><br /><br />Example: Wide-Banners:SideBox-Banners<br /><br />What Banner Group(s) do you want to use in the Header Position 1?<br />Leave blank for none',19,55,NULL,'2010-03-04 18:39:23','',''),(428,'Banner Display Groups - Header Position 2','SHOW_BANNERS_GROUP_SET2','','The Banner Display Groups can be from 1 Banner Group or Multiple Banner Groups<br /><br />For Multiple Banner Groups enter the Banner Group Name separated by a colon <strong>:</strong><br /><br />Example: Wide-Banners:SideBox-Banners<br /><br />What Banner Group(s) do you want to use in the Header Position 2?<br />Leave blank for none',19,56,NULL,'2010-03-04 18:39:23','',''),(429,'Banner Display Groups - Header Position 3','SHOW_BANNERS_GROUP_SET3','','The Banner Display Groups can be from 1 Banner Group or Multiple Banner Groups<br /><br />For Multiple Banner Groups enter the Banner Group Name separated by a colon <strong>:</strong><br /><br />Example: Wide-Banners:SideBox-Banners<br /><br />What Banner Group(s) do you want to use in the Header Position 3?<br />Leave blank for none',19,57,NULL,'2010-03-04 18:39:23','',''),(430,'Banner Display Groups - Footer Position 1','SHOW_BANNERS_GROUP_SET4','','The Banner Display Groups can be from 1 Banner Group or Multiple Banner Groups<br /><br />For Multiple Banner Groups enter the Banner Group Name separated by a colon <strong>:</strong><br /><br />Example: Wide-Banners:SideBox-Banners<br /><br />What Banner Group(s) do you want to use in the Footer Position 1?<br />Leave blank for none',19,65,NULL,'2010-03-04 18:39:23','',''),(431,'Banner Display Groups - Footer Position 2','SHOW_BANNERS_GROUP_SET5','','The Banner Display Groups can be from 1 Banner Group or Multiple Banner Groups<br /><br />For Multiple Banner Groups enter the Banner Group Name separated by a colon <strong>:</strong><br /><br />Example: Wide-Banners:SideBox-Banners<br /><br />What Banner Group(s) do you want to use in the Footer Position 2?<br />Leave blank for none',19,66,NULL,'2010-03-04 18:39:23','',''),(432,'Banner Display Groups - Footer Position 3','SHOW_BANNERS_GROUP_SET6','Wide-Banners','The Banner Display Groups can be from 1 Banner Group or Multiple Banner Groups<br /><br />For Multiple Banner Groups enter the Banner Group Name separated by a colon <strong>:</strong><br /><br />Example: Wide-Banners:SideBox-Banners<br /><br />Default Group is Wide-Banners<br /><br />What Banner Group(s) do you want to use in the Footer Position 3?<br />Leave blank for none',19,67,NULL,'2010-03-04 18:39:23','',''),(433,'Banner Display Groups - Side Box banner_box','SHOW_BANNERS_GROUP_SET7','SideBox-Banners','The Banner Display Groups can be from 1 Banner Group or Multiple Banner Groups<br /><br />For Multiple Banner Groups enter the Banner Group Name separated by a colon <strong>:</strong><br /><br />Example: Wide-Banners:SideBox-Banners<br />Default Group is SideBox-Banners<br /><br />What Banner Group(s) do you want to use in the Side Box - banner_box?<br />Leave blank for none',19,70,NULL,'2010-03-04 18:39:23','',''),(434,'Banner Display Groups - Side Box banner_box2','SHOW_BANNERS_GROUP_SET8','SideBox-Banners','The Banner Display Groups can be from 1 Banner Group or Multiple Banner Groups<br /><br />For Multiple Banner Groups enter the Banner Group Name separated by a colon <strong>:</strong><br /><br />Example: Wide-Banners:SideBox-Banners<br />Default Group is SideBox-Banners<br /><br />What Banner Group(s) do you want to use in the Side Box - banner_box2?<br />Leave blank for none',19,71,NULL,'2010-03-04 18:39:23','',''),(435,'Banner Display Group - Side Box banner_box_all','SHOW_BANNERS_GROUP_SET_ALL','BannersAll','The Banner Display Group may only be from one (1) Banner Group for the Banner All sidebox<br /><br />Default Group is BannersAll<br /><br />What Banner Group do you want to use in the Side Box - banner_box_all?<br />Leave blank for none',19,72,NULL,'2010-03-04 18:39:23','',''),(436,'Footer - Show IP Address status','SHOW_FOOTER_IP','0','Show Customer IP Address in the Footer<br />0= off<br />1= on<br />Should the Customer IP Address show in the footer?',19,80,'2010-04-02 07:16:31','2010-03-04 18:39:23',NULL,'zen_cfg_select_option(array(\'0\', \'1\'), '),(437,'Product Discount Quantities - Add how many blank discounts?','DISCOUNT_QTY_ADD','5','How many blank discount quantities should be added for Product Pricing?',19,90,NULL,'2010-03-04 18:39:23','',''),(438,'Product Discount Quantities - Display how many per row?','DISCOUNT_QUANTITY_PRICES_COLUMN','5','How many discount quantities should show per row on Product Info Pages?',19,95,NULL,'2010-03-04 18:39:23','',''),(439,'Categories/Products Display Sort Order','CATEGORIES_PRODUCTS_SORT_ORDER','0','Categories/Products Display Sort Order<br />0= Categories/Products Sort Order/Name<br />1= Categories/Products Name<br />2= Products Model<br />3= Products Qty+, Products Name<br />4= Products Qty-, Products Name<br />5= Products Price+, Products Name<br />6= Products Price-, Products Name',19,100,NULL,'2010-03-04 18:39:23',NULL,'zen_cfg_select_option(array(\'0\', \'1\', \'2\', \'3\', \'4\', \'5\', \'6\'), '),(440,'Option Names and Values Global Add, Copy and Delete Features Status','OPTION_NAMES_VALUES_GLOBAL_STATUS','1','Option Names and Values Global Add, Copy and Delete Features Status<br />0= Hide Features<br />1= Show Features<br />2= Products Model',19,110,NULL,'2010-03-04 18:39:23',NULL,'zen_cfg_select_option(array(\'0\', \'1\'), '),(441,'Categories-Tabs Menu ON/OFF','CATEGORIES_TABS_STATUS','1','Categories-Tabs<br />This enables the display of your store\'s categories as a menu across the top of your header. There are many potential creative uses for this.<br />0= Hide Categories Tabs<br />1= Show Categories Tabs',19,112,NULL,'2010-03-04 18:39:23',NULL,'zen_cfg_select_option(array(\'0\', \'1\'), '),(442,'Site Map - include My Account Links?','SHOW_ACCOUNT_LINKS_ON_SITE_MAP','No','Should the links to My Account show up on the site-map?<br />Note: Spiders will try to index this page, and likely should not be sent to secure pages, since there is no benefit in indexing a login page.<br /><br />Default: false',19,115,NULL,'2010-03-04 18:39:23',NULL,'zen_cfg_select_option(array(\'Yes\', \'No\'), '),(443,'Skip 1-prod Categories','SKIP_SINGLE_PRODUCT_CATEGORIES','True','Skip single-product categories<br />If this option is set to True, then if the customer clicks on a link to a category which only contains a single item, then Zen Cart will take them directly to that product-page, rather than present them with another link to click in order to see the product.<br />Default: True',19,120,NULL,'2010-03-04 18:39:23',NULL,'zen_cfg_select_option(array(\'True\', \'False\'), '),(444,'Use split-login page','USE_SPLIT_LOGIN_MODE','False','The login page can be displayed in two modes: Split or Vertical.<br />In Split mode, the create-account options are accessed by clicking a button to get to the create-account page.  In Vertical mode, the create-account input fields are all displayed inline, below the login field, making one less click for the customer to create their account.<br />Default: False',19,121,NULL,'2010-03-04 18:39:23',NULL,'zen_cfg_select_option(array(\'True\', \'False\'), '),(445,'CSS Buttons','IMAGE_USE_CSS_BUTTONS','No','CSS Buttons<br />Use CSS buttons instead of images (GIF/JPG)?<br />Button styles must be configured in the stylesheet if you enable this option.',19,147,NULL,'2010-03-04 18:39:23',NULL,'zen_cfg_select_option(array(\'No\', \'Yes\'), '),(446,'<strong>Down for Maintenance: ON/OFF</strong>','DOWN_FOR_MAINTENANCE','false','Down for Maintenance <br />(true=on false=off)',20,1,NULL,'2010-03-04 18:39:23',NULL,'zen_cfg_select_option(array(\'true\', \'false\'), '),(447,'Down for Maintenance: filename','DOWN_FOR_MAINTENANCE_FILENAME','down_for_maintenance','Down for Maintenance filename<br />Note: Do not include the extension<br />Default=down_for_maintenance',20,2,NULL,'2010-03-04 18:39:23',NULL,''),(448,'Down for Maintenance: Hide Header','DOWN_FOR_MAINTENANCE_HEADER_OFF','false','Down for Maintenance: Hide Header <br />(true=hide false=show)',20,3,NULL,'2010-03-04 18:39:23',NULL,'zen_cfg_select_option(array(\'true\', \'false\'), '),(449,'Down for Maintenance: Hide Column Left','DOWN_FOR_MAINTENANCE_COLUMN_LEFT_OFF','false','Down for Maintenance: Hide Column Left <br />(true=hide false=show)',20,4,NULL,'2010-03-04 18:39:23',NULL,'zen_cfg_select_option(array(\'true\', \'false\'), '),(450,'Down for Maintenance: Hide Column Right','DOWN_FOR_MAINTENANCE_COLUMN_RIGHT_OFF','false','Down for Maintenance: Hide Column Right <br />(true=hide false=show)',20,5,NULL,'2010-03-04 18:39:23',NULL,'zen_cfg_select_option(array(\'true\', \'false\'), '),(451,'Down for Maintenance: Hide Footer','DOWN_FOR_MAINTENANCE_FOOTER_OFF','false','Down for Maintenance: Hide Footer <br />(true=hide false=show)',20,6,NULL,'2010-03-04 18:39:23',NULL,'zen_cfg_select_option(array(\'true\', \'false\'), '),(452,'Down for Maintenance: Hide Prices','DOWN_FOR_MAINTENANCE_PRICES_OFF','false','Down for Maintenance: Hide Prices <br />(true=hide false=show)',20,7,NULL,'2010-03-04 18:39:23',NULL,'zen_cfg_select_option(array(\'true\', \'false\'), '),(453,'Down For Maintenance (exclude this IP-Address)','EXCLUDE_ADMIN_IP_FOR_MAINTENANCE','your IP (ADMIN)','This IP Address is able to access the website while it is Down For Maintenance (like webmaster)<br />To enter multiple IP Addresses, separate with a comma. If you do not know your IP Address, check in the Footer of your Shop.',20,8,'2003-03-21 13:43:22','2003-03-21 21:20:07',NULL,NULL),(454,'NOTICE PUBLIC Before going Down for Maintenance: ON/OFF','WARN_BEFORE_DOWN_FOR_MAINTENANCE','false','Give a WARNING some time before you put your website Down for Maintenance<br />(true=on false=off)<br />If you set the \'Down For Maintenance: ON/OFF\' to true this will automaticly be updated to false',20,9,'2003-03-21 13:08:25','2003-03-21 11:42:47',NULL,'zen_cfg_select_option(array(\'true\', \'false\'),'),(455,'Date and hours for notice before maintenance','PERIOD_BEFORE_DOWN_FOR_MAINTENANCE','15/05/2003  2-3 PM','Date and hours for notice before maintenance website, enter date and hours for maintenance website',20,10,'2003-03-21 13:08:25','2003-03-21 11:42:47',NULL,NULL),(456,'Display when webmaster has enabled maintenance','DISPLAY_MAINTENANCE_TIME','false','Display when Webmaster has enabled maintenance <br />(true=on false=off)<br />',20,11,'2003-03-21 13:08:25','2003-03-21 11:42:47',NULL,'zen_cfg_select_option(array(\'true\', \'false\'),'),(457,'Display website maintenance period','DISPLAY_MAINTENANCE_PERIOD','false','Display Website maintenance period <br />(true=on false=off)<br />',20,12,'2003-03-21 13:08:25','2003-03-21 11:42:47',NULL,'zen_cfg_select_option(array(\'true\', \'false\'),'),(458,'Website maintenance period','TEXT_MAINTENANCE_PERIOD_TIME','2h00','Enter Website Maintenance period (hh:mm)',20,13,'2003-03-21 13:08:25','2003-03-21 11:42:47',NULL,NULL),(459,'Confirm Terms and Conditions During Checkout Procedure','DISPLAY_CONDITIONS_ON_CHECKOUT','false','Show the Terms and Conditions during the checkout procedure which the customer must agree to.',11,1,NULL,'2010-03-04 18:39:23',NULL,'zen_cfg_select_option(array(\'true\', \'false\'), '),(460,'Confirm Privacy Notice During Account Creation Procedure','DISPLAY_PRIVACY_CONDITIONS','false','Show the Privacy Notice during the account creation procedure which the customer must agree to.',11,2,NULL,'2010-03-04 18:39:23',NULL,'zen_cfg_select_option(array(\'true\', \'false\'), '),(461,'Display Product Image','PRODUCT_NEW_LIST_IMAGE','1102','Do you want to display the Product Image?<br /><br />0= off<br />1st digit Left or Right<br />2nd and 3rd digit Sort Order<br />4th digit number of breaks after<br />',21,1,NULL,'2010-03-04 18:39:23',NULL,NULL),(462,'Display Product Quantity','PRODUCT_NEW_LIST_QUANTITY','1202','Do you want to display the Product Quantity?<br /><br />0= off<br />1st digit Left or Right<br />2nd and 3rd digit Sort Order<br />4th digit number of breaks after<br />',21,2,NULL,'2010-03-04 18:39:23',NULL,NULL),(463,'Display Product Buy Now Button','PRODUCT_NEW_BUY_NOW','1300','Do you want to display the Product Buy Now Button<br /><br />0= off<br />1st digit Left or Right<br />2nd and 3rd digit Sort Order<br />4th digit number of breaks after<br />',21,3,NULL,'2010-03-04 18:39:23',NULL,NULL),(464,'Display Product Name','PRODUCT_NEW_LIST_NAME','2101','Do you want to display the Product Name?<br /><br />0= off<br />1st digit Left or Right<br />2nd and 3rd digit Sort Order<br />4th digit number of breaks after<br />',21,4,NULL,'2010-03-04 18:39:23',NULL,NULL),(465,'Display Product Model','PRODUCT_NEW_LIST_MODEL','2201','Do you want to display the Product Model?<br /><br />0= off<br />1st digit Left or Right<br />2nd and 3rd digit Sort Order<br />4th digit number of breaks after<br />',21,5,NULL,'2010-03-04 18:39:23',NULL,NULL),(466,'Display Product Manufacturer Name','PRODUCT_NEW_LIST_MANUFACTURER','2302','Do you want to display the Product Manufacturer Name?<br /><br />0= off<br />1st digit Left or Right<br />2nd and 3rd digit Sort Order<br />4th digit number of breaks after<br />',21,6,NULL,'2010-03-04 18:39:23',NULL,NULL),(467,'Display Product Price','PRODUCT_NEW_LIST_PRICE','2402','Do you want to display the Product Price<br /><br />0= off<br />1st digit Left or Right<br />2nd and 3rd digit Sort Order<br />4th digit number of breaks after<br />',21,7,NULL,'2010-03-04 18:39:23',NULL,NULL),(468,'Display Product Weight','PRODUCT_NEW_LIST_WEIGHT','2502','Do you want to display the Product Weight?<br /><br />0= off<br />1st digit Left or Right<br />2nd and 3rd digit Sort Order<br />4th digit number of breaks after<br />',21,8,NULL,'2010-03-04 18:39:23',NULL,NULL),(469,'Display Product Date Added','PRODUCT_NEW_LIST_DATE_ADDED','2601','Do you want to display the Product Date Added?<br /><br />0= off<br />1st digit Left or Right<br />2nd and 3rd digit Sort Order<br />4th digit number of breaks after<br />',21,9,NULL,'2010-03-04 18:39:23',NULL,NULL),(470,'Display Product Description','PRODUCT_NEW_LIST_DESCRIPTION','150','How many characters do you want to display of the Product Description?<br /><br />0= OFF<br />150= Suggested Length, or enter the maximum number of characters to display',21,10,NULL,'2010-03-04 18:39:23',NULL,NULL),(471,'Display Product Display - Default Sort Order','PRODUCT_NEW_LIST_SORT_DEFAULT','6','What Sort Order Default should be used for New Products Display?<br />Default= 6 for Date New to Old<br /><br />1= Products Name<br />2= Products Name Desc<br />3= Price low to high, Products Name<br />4= Price high to low, Products Name<br />5= Model<br />6= Date Added desc<br />7= Date Added<br />8= Product Sort Order',21,11,NULL,'2010-03-04 18:39:23',NULL,'zen_cfg_select_option(array(\'1\', \'2\', \'3\', \'4\', \'5\', \'6\', \'7\', \'8\'), '),(472,'Default Products New Group ID','PRODUCT_NEW_LIST_GROUP_ID','21','Warning: Only change this if your Products New Group ID has changed from the default of 21<br />What is the configuration_group_id for New Products Listings?',21,12,NULL,'2010-03-04 18:39:23',NULL,NULL),(473,'Display Multiple Products Qty Box Status and Set Button Location','PRODUCT_NEW_LISTING_MULTIPLE_ADD_TO_CART','3','Do you want to display Add Multiple Products Qty Box and Set Button Location?<br />0= off<br />1= Top<br />2= Bottom<br />3= Both',21,25,NULL,'2010-03-04 18:39:23',NULL,'zen_cfg_select_option(array(\'0\', \'1\', \'2\', \'3\'), '),(474,'Mask Upcoming Products from being include as New Products','SHOW_NEW_PRODUCTS_UPCOMING_MASKED','0','Do you want to mask Upcoming Products from being included as New Products in Listing, Sideboxes and Centerbox?<br />0= off<br />1= on',21,30,NULL,'2010-03-04 18:39:23',NULL,'zen_cfg_select_option(array(\'0\', \'1\'), '),(475,'Display Product Image','PRODUCT_FEATURED_LIST_IMAGE','1102','Do you want to display the Product Image?<br /><br />0= off<br />1st digit Left or Right<br />2nd and 3rd digit Sort Order<br />4th digit number of breaks after<br />',22,1,NULL,'2010-03-04 18:39:23',NULL,NULL),(476,'Display Product Quantity','PRODUCT_FEATURED_LIST_QUANTITY','1202','Do you want to display the Product Quantity?<br /><br />0= off<br />1st digit Left or Right<br />2nd and 3rd digit Sort Order<br />4th digit number of breaks after<br />',22,2,NULL,'2010-03-04 18:39:23',NULL,NULL),(477,'Display Product Buy Now Button','PRODUCT_FEATURED_BUY_NOW','1300','Do you want to display the Product Buy Now Button<br /><br />0= off<br />1st digit Left or Right<br />2nd and 3rd digit Sort Order<br />4th digit number of breaks after<br />',22,3,NULL,'2010-03-04 18:39:23',NULL,NULL),(478,'Display Product Name','PRODUCT_FEATURED_LIST_NAME','2101','Do you want to display the Product Name?<br /><br />0= off<br />1st digit Left or Right<br />2nd and 3rd digit Sort Order<br />4th digit number of breaks after<br />',22,4,NULL,'2010-03-04 18:39:23',NULL,NULL),(479,'Display Product Model','PRODUCT_FEATURED_LIST_MODEL','2201','Do you want to display the Product Model?<br /><br />0= off<br />1st digit Left or Right<br />2nd and 3rd digit Sort Order<br />4th digit number of breaks after<br />',22,5,NULL,'2010-03-04 18:39:23',NULL,NULL),(480,'Display Product Manufacturer Name','PRODUCT_FEATURED_LIST_MANUFACTURER','2302','Do you want to display the Product Manufacturer Name?<br /><br />0= off<br />1st digit Left or Right<br />2nd and 3rd digit Sort Order<br />4th digit number of breaks after<br />',22,6,NULL,'2010-03-04 18:39:23',NULL,NULL),(481,'Display Product Price','PRODUCT_FEATURED_LIST_PRICE','2402','Do you want to display the Product Price<br /><br />0= off<br />1st digit Left or Right<br />2nd and 3rd digit Sort Order<br />4th digit number of breaks after<br />',22,7,NULL,'2010-03-04 18:39:23',NULL,NULL),(482,'Display Product Weight','PRODUCT_FEATURED_LIST_WEIGHT','2502','Do you want to display the Product Weight?<br /><br />0= off<br />1st digit Left or Right<br />2nd and 3rd digit Sort Order<br />4th digit number of breaks after<br />',22,8,NULL,'2010-03-04 18:39:23',NULL,NULL),(483,'Display Product Date Added','PRODUCT_FEATURED_LIST_DATE_ADDED','2601','Do you want to display the Product Date Added?<br /><br />0= off<br />1st digit Left or Right<br />2nd and 3rd digit Sort Order<br />4th digit number of breaks after<br />',22,9,NULL,'2010-03-04 18:39:23',NULL,NULL),(484,'Display Product Description','PRODUCT_FEATURED_LIST_DESCRIPTION','150','How many characters do you want to display of the Product Description?<br /><br />0= OFF<br />150= Suggested Length, or enter the maximum number of characters to display',22,10,NULL,'2010-03-04 18:39:23',NULL,NULL),(485,'Display Product Display - Default Sort Order','PRODUCT_FEATURED_LIST_SORT_DEFAULT','1','What Sort Order Default should be used for Featured Product Display?<br />Default= 1 for Product Name<br /><br />1= Products Name<br />2= Products Name Desc<br />3= Price low to high, Products Name<br />4= Price high to low, Products Name<br />5= Model<br />6= Date Added desc<br />7= Date Added<br />8= Product Sort Order',22,11,NULL,'2010-03-04 18:39:23',NULL,'zen_cfg_select_option(array(\'1\', \'2\', \'3\', \'4\', \'5\', \'6\', \'7\', \'8\'), '),(486,'Default Featured Products Group ID','PRODUCT_FEATURED_LIST_GROUP_ID','22','Warning: Only change this if your Featured Products Group ID has changed from the default of 22<br />What is the configuration_group_id for Featured Products Listings?',22,12,NULL,'2010-03-04 18:39:23',NULL,NULL),(487,'Display Multiple Products Qty Box Status and Set Button Location','PRODUCT_FEATURED_LISTING_MULTIPLE_ADD_TO_CART','3','Do you want to display Add Multiple Products Qty Box and Set Button Location?<br />0= off<br />1= Top<br />2= Bottom<br />3= Both',22,25,NULL,'2010-03-04 18:39:23',NULL,'zen_cfg_select_option(array(\'0\', \'1\', \'2\', \'3\'), '),(488,'Display Product Image','PRODUCT_ALL_LIST_IMAGE','1102','Do you want to display the Product Image?<br /><br />0= off<br />1st digit Left or Right<br />2nd and 3rd digit Sort Order<br />4th digit number of breaks after<br />',23,1,NULL,'2010-03-04 18:39:23',NULL,NULL),(489,'Display Product Quantity','PRODUCT_ALL_LIST_QUANTITY','1202','Do you want to display the Product Quantity?<br /><br />0= off<br />1st digit Left or Right<br />2nd and 3rd digit Sort Order<br />4th digit number of breaks after<br />',23,2,NULL,'2010-03-04 18:39:23',NULL,NULL),(490,'Display Product Buy Now Button','PRODUCT_ALL_BUY_NOW','1300','Do you want to display the Product Buy Now Button<br /><br />0= off<br />1st digit Left or Right<br />2nd and 3rd digit Sort Order<br />4th digit number of breaks after<br />',23,3,NULL,'2010-03-04 18:39:23',NULL,NULL),(491,'Display Product Name','PRODUCT_ALL_LIST_NAME','2101','Do you want to display the Product Name?<br /><br />0= off<br />1st digit Left or Right<br />2nd and 3rd digit Sort Order<br />4th digit number of breaks after<br />',23,4,NULL,'2010-03-04 18:39:23',NULL,NULL),(492,'Display Product Model','PRODUCT_ALL_LIST_MODEL','2201','Do you want to display the Product Model?<br /><br />0= off<br />1st digit Left or Right<br />2nd and 3rd digit Sort Order<br />4th digit number of breaks after<br />',23,5,NULL,'2010-03-04 18:39:23',NULL,NULL),(493,'Display Product Manufacturer Name','PRODUCT_ALL_LIST_MANUFACTURER','2302','Do you want to display the Product Manufacturer Name?<br /><br />0= off<br />1st digit Left or Right<br />2nd and 3rd digit Sort Order<br />4th digit number of breaks after<br />',23,6,NULL,'2010-03-04 18:39:23',NULL,NULL),(494,'Display Product Price','PRODUCT_ALL_LIST_PRICE','2402','Do you want to display the Product Price<br /><br />0= off<br />1st digit Left or Right<br />2nd and 3rd digit Sort Order<br />4th digit number of breaks after<br />',23,7,NULL,'2010-03-04 18:39:23',NULL,NULL),(495,'Display Product Weight','PRODUCT_ALL_LIST_WEIGHT','2502','Do you want to display the Product Weight?<br /><br />0= off<br />1st digit Left or Right<br />2nd and 3rd digit Sort Order<br />4th digit number of breaks after<br />',23,8,NULL,'2010-03-04 18:39:23',NULL,NULL),(496,'Display Product Date Added','PRODUCT_ALL_LIST_DATE_ADDED','2601','Do you want to display the Product Date Added?<br /><br />0= off<br />1st digit Left or Right<br />2nd and 3rd digit Sort Order<br />4th digit number of breaks after<br />',23,9,NULL,'2010-03-04 18:39:23',NULL,NULL),(497,'Display Product Description','PRODUCT_ALL_LIST_DESCRIPTION','150','How many characters do you want to display of the Product Description?<br /><br />0= OFF<br />150= Suggested Length, or enter the maximum number of characters to display',23,10,NULL,'2010-03-04 18:39:23',NULL,NULL),(498,'Display Product Display - Default Sort Order','PRODUCT_ALL_LIST_SORT_DEFAULT','1','What Sort Order Default should be used for All Products Display?<br />Default= 1 for Product Name<br /><br />1= Products Name<br />2= Products Name Desc<br />3= Price low to high, Products Name<br />4= Price high to low, Products Name<br />5= Model<br />6= Date Added desc<br />7= Date Added<br />8= Product Sort Order',23,11,NULL,'2010-03-04 18:39:23',NULL,'zen_cfg_select_option(array(\'1\', \'2\', \'3\', \'4\', \'5\', \'6\', \'7\', \'8\'), '),(499,'Default Products All Group ID','PRODUCT_ALL_LIST_GROUP_ID','23','Warning: Only change this if your Products All Group ID has changed from the default of 23<br />What is the configuration_group_id for Products All Listings?',23,12,NULL,'2010-03-04 18:39:23',NULL,NULL),(500,'Display Multiple Products Qty Box Status and Set Button Location','PRODUCT_ALL_LISTING_MULTIPLE_ADD_TO_CART','3','Do you want to display Add Multiple Products Qty Box and Set Button Location?<br />0= off<br />1= Top<br />2= Bottom<br />3= Both',23,25,NULL,'2010-03-04 18:39:23',NULL,'zen_cfg_select_option(array(\'0\', \'1\', \'2\', \'3\'), '),(501,'Show New Products on Main Page','SHOW_PRODUCT_INFO_MAIN_NEW_PRODUCTS','0','Show New Products on Main Page<br />0= off or set the sort order',24,65,'2010-03-04 21:46:50','2010-03-04 18:39:23',NULL,'zen_cfg_select_option(array(\'0\', \'1\', \'2\', \'3\', \'4\'), '),(502,'Show Featured Products on Main Page','SHOW_PRODUCT_INFO_MAIN_FEATURED_PRODUCTS','0','Show Featured Products on Main Page<br />0= off or set the sort order',24,66,'2010-03-04 21:47:04','2010-03-04 18:39:23',NULL,'zen_cfg_select_option(array(\'0\', \'1\', \'2\', \'3\', \'4\'), '),(503,'Show Special Products on Main Page','SHOW_PRODUCT_INFO_MAIN_SPECIALS_PRODUCTS','1','Show Special Products on Main Page<br />0= off or set the sort order',24,67,'2010-03-04 22:05:35','2010-03-04 18:39:23',NULL,'zen_cfg_select_option(array(\'0\', \'1\', \'2\', \'3\', \'4\'), '),(504,'Show Upcoming Products on Main Page','SHOW_PRODUCT_INFO_MAIN_UPCOMING','0','Show Upcoming Products on Main Page<br />0= off or set the sort order',24,68,'2010-03-04 21:48:33','2010-03-04 18:39:23',NULL,'zen_cfg_select_option(array(\'0\', \'1\', \'2\', \'3\', \'4\'), '),(505,'Show New Products on Main Page - Category with SubCategories','SHOW_PRODUCT_INFO_CATEGORY_NEW_PRODUCTS','0','Show New Products on Main Page - Category with SubCategories<br />0= off or set the sort order',24,70,'2010-03-04 21:48:49','2010-03-04 18:39:23',NULL,'zen_cfg_select_option(array(\'0\', \'1\', \'2\', \'3\', \'4\'), '),(506,'Show Featured Products on Main Page - Category with SubCategories','SHOW_PRODUCT_INFO_CATEGORY_FEATURED_PRODUCTS','0','Show Featured Products on Main Page - Category with SubCategories<br />0= off or set the sort order',24,71,'2010-03-04 22:06:00','2010-03-04 18:39:23',NULL,'zen_cfg_select_option(array(\'0\', \'1\', \'2\', \'3\', \'4\'), '),(507,'Show Special Products on Main Page - Category with SubCategories','SHOW_PRODUCT_INFO_CATEGORY_SPECIALS_PRODUCTS','3','Show Special Products on Main Page - Category with SubCategories<br />0= off or set the sort order',24,72,NULL,'2010-03-04 18:39:23',NULL,'zen_cfg_select_option(array(\'0\', \'1\', \'2\', \'3\', \'4\'), '),(508,'Show Upcoming Products on Main Page - Category with SubCategories','SHOW_PRODUCT_INFO_CATEGORY_UPCOMING','4','Show Upcoming Products on Main Page - Category with SubCategories<br />0= off or set the sort order',24,73,NULL,'2010-03-04 18:39:23',NULL,'zen_cfg_select_option(array(\'0\', \'1\', \'2\', \'3\', \'4\'), '),(509,'Show New Products on Main Page - Errors and Missing Products Page','SHOW_PRODUCT_INFO_MISSING_NEW_PRODUCTS','1','Show New Products on Main Page - Errors and Missing Product<br />0= off or set the sort order',24,75,NULL,'2010-03-04 18:39:23',NULL,'zen_cfg_select_option(array(\'0\', \'1\', \'2\', \'3\', \'4\'), '),(510,'Show Featured Products on Main Page - Errors and Missing Products Page','SHOW_PRODUCT_INFO_MISSING_FEATURED_PRODUCTS','2','Show Featured Products on Main Page - Errors and Missing Product<br />0= off or set the sort order',24,76,NULL,'2010-03-04 18:39:23',NULL,'zen_cfg_select_option(array(\'0\', \'1\', \'2\', \'3\', \'4\'), '),(511,'Show Special Products on Main Page - Errors and Missing Products Page','SHOW_PRODUCT_INFO_MISSING_SPECIALS_PRODUCTS','3','Show Special Products on Main Page - Errors and Missing Product<br />0= off or set the sort order',24,77,NULL,'2010-03-04 18:39:23',NULL,'zen_cfg_select_option(array(\'0\', \'1\', \'2\', \'3\', \'4\'), '),(512,'Show Upcoming Products on Main Page - Errors and Missing Products Page','SHOW_PRODUCT_INFO_MISSING_UPCOMING','4','Show Upcoming Products on Main Page - Errors and Missing Product<br />0= off or set the sort order',24,78,NULL,'2010-03-04 18:39:23',NULL,'zen_cfg_select_option(array(\'0\', \'1\', \'2\', \'3\', \'4\'), '),(513,'Show New Products - below Product Listing','SHOW_PRODUCT_INFO_LISTING_BELOW_NEW_PRODUCTS','0','Show New Products below Product Listing<br />0= off or set the sort order',24,85,'2010-03-04 22:06:31','2010-03-04 18:39:23',NULL,'zen_cfg_select_option(array(\'0\', \'1\', \'2\', \'3\', \'4\'), '),(514,'Show Featured Products - below Product Listing','SHOW_PRODUCT_INFO_LISTING_BELOW_FEATURED_PRODUCTS','2','Show Featured Products below Product Listing<br />0= off or set the sort order',24,86,NULL,'2010-03-04 18:39:23',NULL,'zen_cfg_select_option(array(\'0\', \'1\', \'2\', \'3\', \'4\'), '),(515,'Show Special Products - below Product Listing','SHOW_PRODUCT_INFO_LISTING_BELOW_SPECIALS_PRODUCTS','3','Show Special Products below Product Listing<br />0= off or set the sort order',24,87,NULL,'2010-03-04 18:39:23',NULL,'zen_cfg_select_option(array(\'0\', \'1\', \'2\', \'3\', \'4\'), '),(516,'Show Upcoming Products - below Product Listing','SHOW_PRODUCT_INFO_LISTING_BELOW_UPCOMING','4','Show Upcoming Products below Product Listing<br />0= off or set the sort order',24,88,NULL,'2010-03-04 18:39:23',NULL,'zen_cfg_select_option(array(\'0\', \'1\', \'2\', \'3\', \'4\'), '),(517,'New Products Columns per Row','SHOW_PRODUCT_INFO_COLUMNS_NEW_PRODUCTS','3','New Products Columns per Row',24,95,NULL,'2010-03-04 18:39:23',NULL,'zen_cfg_select_option(array(\'1\', \'2\', \'3\', \'4\', \'5\', \'6\', \'7\', \'8\', \'9\', \'10\', \'11\', \'12\'), '),(518,'Featured Products Columns per Row','SHOW_PRODUCT_INFO_COLUMNS_FEATURED_PRODUCTS','3','Featured Products Columns per Row',24,96,NULL,'2010-03-04 18:39:23',NULL,'zen_cfg_select_option(array(\'1\', \'2\', \'3\', \'4\', \'5\', \'6\', \'7\', \'8\', \'9\', \'10\', \'11\', \'12\'), '),(519,'Special Products Columns per Row','SHOW_PRODUCT_INFO_COLUMNS_SPECIALS_PRODUCTS','3','Special Products Columns per Row',24,97,NULL,'2010-03-04 18:39:23',NULL,'zen_cfg_select_option(array(\'1\', \'2\', \'3\', \'4\', \'5\', \'6\', \'7\', \'8\', \'9\', \'10\', \'11\', \'12\'), '),(520,'Filter Product Listing for Current Top Level Category When Enabled','SHOW_PRODUCT_INFO_ALL_PRODUCTS','1','Filter the products when Product Listing is enabled for current Main Category or show products from all categories?<br />0= Filter Off 1=Filter On ',24,100,NULL,'2010-03-04 18:39:23',NULL,'zen_cfg_select_option(array(\'0\', \'1\'), '),(521,'Define Main Page Status','DEFINE_MAIN_PAGE_STATUS','1','Enable the Defined Main Page Link/Text?<br />0= Link ON, Define Text OFF<br />1= Link ON, Define Text ON<br />2= Link OFF, Define Text ON<br />3= Link OFF, Define Text OFF',25,60,'2010-03-04 18:39:23','2010-03-04 18:39:23',NULL,'zen_cfg_select_option(array(\'0\', \'1\', \'2\', \'3\'),'),(522,'Define Contact Us Status','DEFINE_CONTACT_US_STATUS','1','Enable the Defined Contact Us Link/Text?<br />0= Link ON, Define Text OFF<br />1= Link ON, Define Text ON<br />2= Link OFF, Define Text ON<br />3= Link OFF, Define Text OFF',25,61,'2010-03-04 18:39:23','2010-03-04 18:39:23',NULL,'zen_cfg_select_option(array(\'0\', \'1\', \'2\', \'3\'),'),(523,'Define Privacy Status','DEFINE_PRIVACY_STATUS','3','Enable the Defined Privacy Link/Text?<br />0= Link ON, Define Text OFF<br />1= Link ON, Define Text ON<br />2= Link OFF, Define Text ON<br />3= Link OFF, Define Text OFF',25,62,'2010-05-02 14:18:38','2010-03-04 18:39:23',NULL,'zen_cfg_select_option(array(\'0\', \'1\', \'2\', \'3\'),'),(524,'Define Shipping & Returns','DEFINE_SHIPPINGINFO_STATUS','1','Enable the Defined Shipping & Returns Link/Text?<br />0= Link ON, Define Text OFF<br />1= Link ON, Define Text ON<br />2= Link OFF, Define Text ON<br />3= Link OFF, Define Text OFF',25,63,'2010-03-04 18:39:23','2010-03-04 18:39:23',NULL,'zen_cfg_select_option(array(\'0\', \'1\', \'2\', \'3\'),'),(525,'Define Conditions of Use','DEFINE_CONDITIONS_STATUS','1','Enable the Defined Conditions of Use Link/Text?<br />0= Link ON, Define Text OFF<br />1= Link ON, Define Text ON<br />2= Link OFF, Define Text ON<br />3= Link OFF, Define Text OFF',25,64,'2010-03-04 18:39:23','2010-03-04 18:39:23',NULL,'zen_cfg_select_option(array(\'0\', \'1\', \'2\', \'3\'),'),(526,'Define Checkout Success','DEFINE_CHECKOUT_SUCCESS_STATUS','1','Enable the Defined Checkout Success Link/Text?<br />0= Link ON, Define Text OFF<br />1= Link ON, Define Text ON<br />2= Link OFF, Define Text ON<br />3= Link OFF, Define Text OFF',25,65,'2010-03-04 18:39:23','2010-03-04 18:39:23',NULL,'zen_cfg_select_option(array(\'0\', \'1\', \'2\', \'3\'),'),(527,'Define Discount Coupon','DEFINE_DISCOUNT_COUPON_STATUS','1','Enable the Defined Discount Coupon Link/Text?<br />0= Link ON, Define Text OFF<br />1= Link ON, Define Text ON<br />2= Link OFF, Define Text ON<br />3= Link OFF, Define Text OFF',25,66,'2010-03-04 18:39:23','2010-03-04 18:39:23',NULL,'zen_cfg_select_option(array(\'0\', \'1\', \'2\', \'3\'),'),(528,'Define Site Map Status','DEFINE_SITE_MAP_STATUS','1','Enable the Defined Site Map Link/Text?<br />0= Link ON, Define Text OFF<br />1= Link ON, Define Text ON<br />2= Link OFF, Define Text ON<br />3= Link OFF, Define Text OFF',25,67,'2010-03-04 18:39:23','2010-03-04 18:39:23',NULL,'zen_cfg_select_option(array(\'0\', \'1\', \'2\', \'3\'),'),(529,'Define Page-Not-Found Status','DEFINE_PAGE_NOT_FOUND_STATUS','1','Enable the Defined Page-Not-Found Text from define-pages?<br />0= Define Text OFF<br />1= Define Text ON',25,67,'2010-03-04 18:39:23','2010-03-04 18:39:23',NULL,'zen_cfg_select_option(array(\'0\', \'1\'),'),(530,'Define Page 2','DEFINE_PAGE_2_STATUS','1','Enable the Defined Page 2 Link/Text?<br />0= Link ON, Define Text OFF<br />1= Link ON, Define Text ON<br />2= Link OFF, Define Text ON<br />3= Link OFF, Define Text OFF',25,82,'2010-03-04 18:39:23','2010-03-04 18:39:23',NULL,'zen_cfg_select_option(array(\'0\', \'1\', \'2\', \'3\'),'),(531,'Define Page 3','DEFINE_PAGE_3_STATUS','1','Enable the Defined Page 3 Link/Text?<br />0= Link ON, Define Text OFF<br />1= Link ON, Define Text ON<br />2= Link OFF, Define Text ON<br />3= Link OFF, Define Text OFF',25,83,'2010-03-04 18:39:23','2010-03-04 18:39:23',NULL,'zen_cfg_select_option(array(\'0\', \'1\', \'2\', \'3\'),'),(532,'Define Page 4','DEFINE_PAGE_4_STATUS','1','Enable the Defined Page 4 Link/Text?<br />0= Link ON, Define Text OFF<br />1= Link ON, Define Text ON<br />2= Link OFF, Define Text ON<br />3= Link OFF, Define Text OFF',25,84,'2010-03-04 18:39:23','2010-03-04 18:39:23',NULL,'zen_cfg_select_option(array(\'0\', \'1\', \'2\', \'3\'),'),(533,'EZ-Pages Display Status - HeaderBar','EZPAGES_STATUS_HEADER','1','Display of EZ-Pages content can be Globally enabled/disabled for the Header Bar<br />0 = Off<br />1 = On<br />2= On ADMIN IP ONLY located in Website Maintenance<br />NOTE: Warning only shows to the Admin and not to the public',30,10,NULL,'2010-03-04 18:39:23',NULL,'zen_cfg_select_option(array(\'0\', \'1\', \'2\'), '),(534,'EZ-Pages Display Status - FooterBar','EZPAGES_STATUS_FOOTER','1','Display of EZ-Pages content can be Globally enabled/disabled for the Footer Bar<br />0 = Off<br />1 = On<br />2= On ADMIN IP ONLY located in Website Maintenance<br />NOTE: Warning only shows to the Admin and not to the public',30,11,NULL,'2010-03-04 18:39:23',NULL,'zen_cfg_select_option(array(\'0\', \'1\', \'2\'), '),(535,'EZ-Pages Display Status - Sidebox','EZPAGES_STATUS_SIDEBOX','1','Display of EZ-Pages content can be Globally enabled/disabled for the Sidebox<br />0 = Off<br />1 = On<br />2= On ADMIN IP ONLY located in Website Maintenance<br />NOTE: Warning only shows to the Admin and not to the public',30,12,NULL,'2010-03-04 18:39:23',NULL,'zen_cfg_select_option(array(\'0\', \'1\', \'2\'), '),(536,'EZ-Pages Header Link Separator','EZPAGES_SEPARATOR_HEADER','&nbsp;::&nbsp;','EZ-Pages Header Link Separator<br />Default = &amp;nbsp;::&amp;nbsp;',30,20,NULL,'2010-03-04 18:39:23',NULL,'zen_cfg_textarea_small('),(537,'EZ-Pages Footer Link Separator','EZPAGES_SEPARATOR_FOOTER','&nbsp;::&nbsp;','EZ-Pages Footer Link Separator<br />Default = &amp;nbsp;::&amp;nbsp;',30,21,NULL,'2010-03-04 18:39:23',NULL,'zen_cfg_textarea_small('),(538,'EZ-Pages Prev/Next Buttons','EZPAGES_SHOW_PREV_NEXT_BUTTONS','2','Display Prev/Continue/Next buttons on EZ-Pages pages?<br />0=OFF (no buttons)<br />1=\"Continue\"<br />2=\"Prev/Continue/Next\"<br /><br />Default setting: 2.',30,30,NULL,'2010-03-04 18:39:23',NULL,'zen_cfg_select_option(array(\'0\', \'1\', \'2\'), '),(539,'EZ-Pages Table of Contents for Chapters Status','EZPAGES_SHOW_TABLE_CONTENTS','1','Enable EZ-Pages Table of Contents for Chapters?<br />0= OFF<br />1= ON',30,35,'2010-03-04 18:39:23','2010-03-04 18:39:23',NULL,'zen_cfg_select_option(array(\'0\', \'1\'),'),(540,'EZ-Pages Pages to disable headers','EZPAGES_DISABLE_HEADER_DISPLAY_LIST','','EZ-Pages \"pages\" on which to NOT display the normal \"header\" for your site.<br />Simply list page ID numbers separated by commas with no spaces.<br />Page ID numbers can be obtained from the EZ-Pages screen under Admin->Tools.<br />ie: 1,5,2<br />or leave blank.',30,40,NULL,'2010-03-04 18:39:23',NULL,'zen_cfg_textarea_small('),(541,'EZ-Pages Pages to disable footers','EZPAGES_DISABLE_FOOTER_DISPLAY_LIST','','EZ-Pages \"pages\" on which to NOT display the normal \"footer\" for your site.<br />Simply list page ID numbers separated by commas with no spaces.<br />Page ID numbers can be obtained from the EZ-Pages screen under Admin->Tools.<br />ie: 3,7<br />or leave blank.',30,41,NULL,'2010-03-04 18:39:23',NULL,'zen_cfg_textarea_small('),(542,'EZ-Pages Pages to disable left-column','EZPAGES_DISABLE_LEFTCOLUMN_DISPLAY_LIST','','EZ-Pages \"pages\" on which to NOT display the normal \"left\" column (of sideboxes) for your site.<br />Simply list page ID numbers separated by commas with no spaces.<br />Page ID numbers can be obtained from the EZ-Pages screen under Admin->Tools.<br />ie: 21<br />or leave blank.',30,42,NULL,'2010-03-04 18:39:23',NULL,'zen_cfg_textarea_small('),(543,'EZ-Pages Pages to disable right-column','EZPAGES_DISABLE_RIGHTCOLUMN_DISPLAY_LIST','','EZ-Pages \"pages\" on which to NOT display the normal \"right\" column (of sideboxes) for your site.<br />Simply list page ID numbers separated by commas with no spaces.<br />Page ID numbers can be obtained from the EZ-Pages screen under Admin->Tools.<br />ie: 3,82,13<br />or leave blank.',30,43,NULL,'2010-03-04 18:39:23',NULL,'zen_cfg_textarea_small('),(573,'Enable Credit Card Module','MODULE_PAYMENT_CC_STATUS','True','Do you want to accept credit card payments?',6,130,NULL,'2011-01-08 14:15:29',NULL,'zen_cfg_select_option(array(\'True\', \'False\'), '),(579,'Enable this Payment Module','MODULE_PAYMENT_PAYPALWPP_STATUS','True','Do you want to enable this payment module?',6,25,NULL,'2011-05-24 21:14:51',NULL,'zen_cfg_select_option(array(\'True\', \'False\'), '),(584,'Express Checkout: Automatic Account Creation','MODULE_PAYMENT_PAYPALWPP_NEW_ACCT_NOTIFY','Yes','If a visitor is not an existing customer, a Zen Cart account is created for them.  Would you like make it a permanent account and send them an email containing their login information?<br />NOTE: Permanent accounts are auto-created if the customer purchases downloads or gift certificates, regardless of this setting.',6,25,NULL,'2011-05-24 21:14:51',NULL,'zen_cfg_select_option(array(\'Yes\', \'No\'), '),(585,'Sort order of display.','MODULE_PAYMENT_PAYPALWPP_SORT_ORDER','0','Sort order of display. Lowest is displayed first.',6,25,NULL,'2011-05-24 21:14:51',NULL,NULL),(586,'Payment Zone','MODULE_PAYMENT_PAYPALWPP_ZONE','0','If a zone is selected, only enable this payment method for that zone.',6,25,NULL,'2011-05-24 21:14:51','zen_get_zone_class_title','zen_cfg_pull_down_zone_classes('),(587,'Set Order Status','MODULE_PAYMENT_PAYPALWPP_ORDER_STATUS_ID','2','Set the status of orders paid with this payment module to this value. <br /><strong>Recommended: Processing[2]</strong>',6,25,NULL,'2011-05-24 21:14:51','zen_get_order_status_name','zen_cfg_pull_down_order_statuses('),(588,'Set Unpaid Order Status','MODULE_PAYMENT_PAYPALWPP_ORDER_PENDING_STATUS_ID','1','Set the status of unpaid orders made with this payment module to this value. <br /><strong>Recommended: Pending[1]</strong>',6,25,NULL,'2011-05-24 21:14:51','zen_get_order_status_name','zen_cfg_pull_down_order_statuses('),(589,'Set Refund Order Status','MODULE_PAYMENT_PAYPALWPP_REFUNDED_STATUS_ID','1','Set the status of refunded orders to this value. <br /><strong>Recommended: Pending[1]</strong>',6,25,NULL,'2011-05-24 21:14:51','zen_get_order_status_name','zen_cfg_pull_down_order_statuses('),(590,'PayPal Page Style','MODULE_PAYMENT_PAYPALWPP_PAGE_STYLE','Primary','The page-layout style you want customers to see when they visit the PayPal site. You can configure your <strong>Custom Page Styles</strong> in your PayPal Profile settings. This value is case-sensitive.',6,25,NULL,'2011-05-24 21:14:51',NULL,NULL),(591,'Payment Action','MODULE_PAYMENT_PAYPALWPP_TRANSACTION_MODE','Final Sale','How do you want to obtain payment?<br /><strong>Default: Final Sale</strong>',6,25,NULL,'2011-05-24 21:14:51',NULL,'zen_cfg_select_option(array(\'Auth Only\', \'Final Sale\'), '),(592,'Transaction Currency','MODULE_PAYMENT_PAYPALWPP_CURRENCY','Selected Currency','Which currency should the order be sent to PayPal as? <br />NOTE: if an unsupported currency is sent to PayPal, it will be auto-converted to USD (or GBP if using UK account)<br /><strong>Default: Selected Currency</strong>',6,25,NULL,'2011-05-24 21:14:51',NULL,'zen_cfg_select_option(array(\'Selected Currency\', \'Only USD\', \'Only AUD\', \'Only CAD\', \'Only EUR\', \'Only GBP\', \'Only CHF\', \'Only CZK\', \'Only DKK\', \'Only HKD\', \'Only HUF\', \'Only JPY\', \'Only NOK\', \'Only NZD\', \'Only PLN\', \'Only SEK\', \'Only SGD\', \'Only THB\', \'Only MXN\', \'Only ILS\', \'Only PHP\', \'Only TWD\', \'Only BRL\', \'Only MYR\'), '),(593,'Fraud Mgmt Filters - FMF','MODULE_PAYMENT_PAYPALWPP_EC_RETURN_FMF_DETAILS','No','If you have enabled FMF support in your PayPal account and wish to utilize it in your transactions, set this to yes. Otherwise, leave it at No.',6,25,NULL,'2011-05-24 21:14:51',NULL,'zen_cfg_select_option(array(\'No\', \'Yes\'), '),(594,'API Signature -- Username','MODULE_PAYMENT_PAYPALWPP_APIUSERNAME','eorder_api1.adirondakchairs.net','The API Username from your PayPal API Signature settings under *API Access*. This value typically looks like an email address and is case-sensitive.',6,25,NULL,'2011-05-24 21:14:51',NULL,NULL),(595,'API Signature -- Password','MODULE_PAYMENT_PAYPALWPP_APIPASSWORD','5HQVAEE8H4X2RKLW','The API Password from your PayPal API Signature settings under *API Access*. This value is a 16-character code and is case-sensitive.',6,25,NULL,'2011-05-24 21:14:51','zen_cfg_password_display','zen_cfg_password_input('),(596,'API Signature -- Signature Code','MODULE_PAYMENT_PAYPALWPP_APISIGNATURE','AzLXErO-POt3qvxnWvtGYH8oYbq4AQUYPjKlVW.S3aUcn8mckIQaMONm','The API Signature from your PayPal API Signature settings under *API Access*. This value is a 56-character code, and is case-sensitive.',6,25,NULL,'2011-05-24 21:14:51','zen_cfg_password_display',''),(597,'PAYFLOW: User','MODULE_PAYMENT_PAYPALWPP_PFUSER','','If you set up one or more additional users on the account, this value is the ID of the user authorized to process transactions. Otherwise it should be the same value as VENDOR. This value is case-sensitive.',6,25,NULL,'2011-05-24 21:14:51',NULL,NULL),(598,'PAYFLOW: Partner','MODULE_PAYMENT_PAYPALWPP_PFPARTNER','ZenCart','Your Payflow Partner linked to your Payflow account. This value is case-sensitive.<br />Typical values: <strong>PayPal</strong> or <strong>ZenCart</strong>',6,25,NULL,'2011-05-24 21:14:51',NULL,NULL),(599,'PAYFLOW: Vendor','MODULE_PAYMENT_PAYPALWPP_PFVENDOR','','Your merchant login ID that you created when you registered for the Payflow Pro account. This value is case-sensitive.',6,25,NULL,'2011-05-24 21:14:51',NULL,NULL),(600,'PAYFLOW: Password','MODULE_PAYMENT_PAYPALWPP_PFPASSWORD','','The 6- to 32-character password that you defined while registering for the account. This value is case-sensitive.',6,25,NULL,'2011-05-24 21:14:51','zen_cfg_password_display','zen_cfg_password_input('),(601,'PayPal Mode','MODULE_PAYMENT_PAYPALWPP_MODULE_MODE','PayPal','Which PayPal API system should be used for processing? <br /><u>Choices:</u><br /><font color=green>For choice #1, you need to supply <strong>API Settings</strong> above.</font><br /><strong>1. PayPal</strong> = Express Checkout with a regular PayPal account<br />or<br /><font color=green>for choices 2 &amp; 3 you need to supply <strong>PAYFLOW settings</strong>, below (and have a Payflow account)</font><br /><strong>2. Payflow-UK</strong> = Website Payments Pro UK Payflow Edition<br /><strong>3. Payflow-US</strong> = Payflow Pro Gateway only<!--<br /><strong>4. PayflowUS+EC</strong> = Payflow Pro with Express Checkout-->',6,25,NULL,'2011-05-24 21:14:51',NULL,'zen_cfg_select_option(array(\'PayPal\', \'Payflow-UK\', \'Payflow-US\'), '),(602,'Debug Mode','MODULE_PAYMENT_PAYPALWPP_DEBUGGING','Off','Would you like to enable debug mode?  A complete detailed log of failed transactions will be emailed to the store owner.',6,25,NULL,'2011-05-24 21:14:51',NULL,'zen_cfg_select_option(array(\'Off\', \'Alerts Only\', \'Log File\', \'Log and Email\'), ');

--
-- Table structure for table `zen_configuration_group`
--

CREATE TABLE `zen_configuration_group` (
  `configuration_group_id` int(11) NOT NULL AUTO_INCREMENT,
  `configuration_group_title` varchar(64) NOT NULL DEFAULT '',
  `configuration_group_description` varchar(255) NOT NULL DEFAULT '',
  `sort_order` int(5) DEFAULT NULL,
  `visible` int(1) DEFAULT '1',
  PRIMARY KEY (`configuration_group_id`),
  KEY `idx_visible_zen` (`visible`)
) ENGINE=MyISAM AUTO_INCREMENT=31 DEFAULT CHARSET=latin1;

--
-- Dumping data for table `zen_configuration_group`
--

INSERT INTO `zen_configuration_group` VALUES (1,'My Store','General information about my store',1,1),(2,'Minimum Values','The minimum values for functions / data',2,1),(3,'Maximum Values','The maximum values for functions / data',3,1),(4,'Images','Image parameters',4,1),(5,'Customer Details','Customer account configuration',5,1),(6,'Module Options','Hidden from configuration',6,0),(7,'Shipping/Packaging','Shipping options available at my store',7,1),(8,'Product Listing','Product Listing configuration options',8,1),(9,'Stock','Stock configuration options',9,1),(10,'Logging','Logging configuration options',10,1),(11,'Regulations','Regulation options',16,1),(12,'E-Mail Options','General settings for E-Mail transport and HTML E-Mails',12,1),(13,'Attribute Settings','Configure products attributes settings',13,1),(14,'GZip Compression','GZip compression options',14,1),(15,'Sessions','Session options',15,1),(16,'GV Coupons','Gift Vouchers and Coupons',16,1),(17,'Credit Cards','Credit Cards Accepted',17,1),(18,'Product Info','Product Info Display Options',18,1),(19,'Layout Settings','Layout Options',19,1),(20,'Website Maintenance','Website Maintenance Options',20,1),(21,'New Listing','New Products Listing',21,1),(22,'Featured Listing','Featured Products Listing',22,1),(23,'All Listing','All Products Listing',23,1),(24,'Index Listing','Index Products Listing',24,1),(25,'Define Page Status','Define Main Pages and HTMLArea Options',25,1),(30,'EZ-Pages Settings','EZ-Pages Settings',30,1);

--
-- Table structure for table `zen_counter`
--

CREATE TABLE `zen_counter` (
  `startdate` char(8) DEFAULT NULL,
  `counter` int(12) DEFAULT NULL
) ENGINE=MyISAM DEFAULT CHARSET=latin1;

--
-- Dumping data for table `zen_counter`
--

INSERT INTO `zen_counter` VALUES ('20100304',1649);

--
-- Table structure for table `zen_counter_history`
--

CREATE TABLE `zen_counter_history` (
  `startdate` char(8) NOT NULL DEFAULT '',
  `counter` int(12) DEFAULT NULL,
  `session_counter` int(12) DEFAULT NULL,
  PRIMARY KEY (`startdate`)
) ENGINE=MyISAM DEFAULT CHARSET=latin1;

--
-- Dumping data for table `zen_counter_history`
--

INSERT INTO `zen_counter_history` VALUES ('20100304',102,2),('20100305',164,6),('20100306',106,9),('20100307',5,1),('20100315',11,1),('20100321',6,1),('20100323',9,4),('20100324',18,2),('20100325',161,6),('20100326',79,2),('20100327',16,4),('20100328',32,4),('20100329',46,7),('20100331',31,2),('20100402',109,6),('20100403',115,4),('20100420',2,1),('20100430',14,1),('20100501',15,1),('20100502',100,4),('20100503',21,2),('20100506',2,1),('20100507',2,1),('20100521',13,2),('20100526',6,2),('20100604',2,1),('20100606',14,1),('20100621',1,1),('20100822',8,1),('20100913',11,1),('20100922',10,2),('20101026',25,3),('20101027',8,1),('20110107',10,1),('20110108',142,11),('20110115',6,1),('20110119',11,1),('20110219',16,1),('20110220',5,1),('20110405',1,1),('20110524',71,6),('20110525',24,3),('20110530',1,1),('20110705',21,2),('20110706',12,3),('20110707',53,1),('20110711',8,1),('20110712',1,1),('20110808',2,1);

--
-- Table structure for table `zen_countries`
--

CREATE TABLE `zen_countries` (
  `countries_id` int(11) NOT NULL AUTO_INCREMENT,
  `countries_name` varchar(64) NOT NULL DEFAULT '',
  `countries_iso_code_2` char(2) NOT NULL DEFAULT '',
  `countries_iso_code_3` char(3) NOT NULL DEFAULT '',
  `address_format_id` int(11) NOT NULL DEFAULT '0',
  PRIMARY KEY (`countries_id`),
  KEY `idx_countries_name_zen` (`countries_name`),
  KEY `idx_address_format_id_zen` (`address_format_id`),
  KEY `idx_iso_2_zen` (`countries_iso_code_2`),
  KEY `idx_iso_3_zen` (`countries_iso_code_3`)
) ENGINE=MyISAM AUTO_INCREMENT=241 DEFAULT CHARSET=latin1;

--
-- Dumping data for table `zen_countries`
--

INSERT INTO `zen_countries` VALUES (240,'Aaland Islands','AX','ALA',1),(1,'Afghanistan','AF','AFG',1),(2,'Albania','AL','ALB',1),(3,'Algeria','DZ','DZA',1),(4,'American Samoa','AS','ASM',1),(5,'Andorra','AD','AND',1),(6,'Angola','AO','AGO',1),(7,'Anguilla','AI','AIA',1),(8,'Antarctica','AQ','ATA',1),(9,'Antigua and Barbuda','AG','ATG',1),(10,'Argentina','AR','ARG',1),(11,'Armenia','AM','ARM',1),(12,'Aruba','AW','ABW',1),(13,'Australia','AU','AUS',1),(14,'Austria','AT','AUT',5),(15,'Azerbaijan','AZ','AZE',1),(16,'Bahamas','BS','BHS',1),(17,'Bahrain','BH','BHR',1),(18,'Bangladesh','BD','BGD',1),(19,'Barbados','BB','BRB',1),(20,'Belarus','BY','BLR',1),(21,'Belgium','BE','BEL',1),(22,'Belize','BZ','BLZ',1),(23,'Benin','BJ','BEN',1),(24,'Bermuda','BM','BMU',1),(25,'Bhutan','BT','BTN',1),(26,'Bolivia','BO','BOL',1),(27,'Bosnia and Herzegowina','BA','BIH',1),(28,'Botswana','BW','BWA',1),(29,'Bouvet Island','BV','BVT',1),(30,'Brazil','BR','BRA',1),(31,'British Indian Ocean Territory','IO','IOT',1),(32,'Brunei Darussalam','BN','BRN',1),(33,'Bulgaria','BG','BGR',1),(34,'Burkina Faso','BF','BFA',1),(35,'Burundi','BI','BDI',1),(36,'Cambodia','KH','KHM',1),(37,'Cameroon','CM','CMR',1),(38,'Canada','CA','CAN',2),(39,'Cape Verde','CV','CPV',1),(40,'Cayman Islands','KY','CYM',1),(41,'Central African Republic','CF','CAF',1),(42,'Chad','TD','TCD',1),(43,'Chile','CL','CHL',1),(44,'China','CN','CHN',1),(45,'Christmas Island','CX','CXR',1),(46,'Cocos (Keeling) Islands','CC','CCK',1),(47,'Colombia','CO','COL',1),(48,'Comoros','KM','COM',1),(49,'Congo','CG','COG',1),(50,'Cook Islands','CK','COK',1),(51,'Costa Rica','CR','CRI',1),(52,'Cote D\'Ivoire','CI','CIV',1),(53,'Croatia','HR','HRV',1),(54,'Cuba','CU','CUB',1),(55,'Cyprus','CY','CYP',1),(56,'Czech Republic','CZ','CZE',1),(57,'Denmark','DK','DNK',1),(58,'Djibouti','DJ','DJI',1),(59,'Dominica','DM','DMA',1),(60,'Dominican Republic','DO','DOM',1),(61,'Timor-Leste','TL','TLS',1),(62,'Ecuador','EC','ECU',1),(63,'Egypt','EG','EGY',1),(64,'El Salvador','SV','SLV',1),(65,'Equatorial Guinea','GQ','GNQ',1),(66,'Eritrea','ER','ERI',1),(67,'Estonia','EE','EST',1),(68,'Ethiopia','ET','ETH',1),(69,'Falkland Islands (Malvinas)','FK','FLK',1),(70,'Faroe Islands','FO','FRO',1),(71,'Fiji','FJ','FJI',1),(72,'Finland','FI','FIN',1),(73,'France','FR','FRA',1),(75,'French Guiana','GF','GUF',1),(76,'French Polynesia','PF','PYF',1),(77,'French Southern Territories','TF','ATF',1),(78,'Gabon','GA','GAB',1),(79,'Gambia','GM','GMB',1),(80,'Georgia','GE','GEO',1),(81,'Germany','DE','DEU',5),(82,'Ghana','GH','GHA',1),(83,'Gibraltar','GI','GIB',1),(84,'Greece','GR','GRC',1),(85,'Greenland','GL','GRL',1),(86,'Grenada','GD','GRD',1),(87,'Guadeloupe','GP','GLP',1),(88,'Guam','GU','GUM',1),(89,'Guatemala','GT','GTM',1),(90,'Guinea','GN','GIN',1),(91,'Guinea-bissau','GW','GNB',1),(92,'Guyana','GY','GUY',1),(93,'Haiti','HT','HTI',1),(94,'Heard and Mc Donald Islands','HM','HMD',1),(95,'Honduras','HN','HND',1),(96,'Hong Kong','HK','HKG',1),(97,'Hungary','HU','HUN',1),(98,'Iceland','IS','ISL',1),(99,'India','IN','IND',1),(100,'Indonesia','ID','IDN',1),(101,'Iran (Islamic Republic of)','IR','IRN',1),(102,'Iraq','IQ','IRQ',1),(103,'Ireland','IE','IRL',1),(104,'Israel','IL','ISR',1),(105,'Italy','IT','ITA',1),(106,'Jamaica','JM','JAM',1),(107,'Japan','JP','JPN',1),(108,'Jordan','JO','JOR',1),(109,'Kazakhstan','KZ','KAZ',1),(110,'Kenya','KE','KEN',1),(111,'Kiribati','KI','KIR',1),(112,'Korea, Democratic People\'s Republic of','KP','PRK',1),(113,'Korea, Republic of','KR','KOR',1),(114,'Kuwait','KW','KWT',1),(115,'Kyrgyzstan','KG','KGZ',1),(116,'Lao People\'s Democratic Republic','LA','LAO',1),(117,'Latvia','LV','LVA',1),(118,'Lebanon','LB','LBN',1),(119,'Lesotho','LS','LSO',1),(120,'Liberia','LR','LBR',1),(121,'Libyan Arab Jamahiriya','LY','LBY',1),(122,'Liechtenstein','LI','LIE',1),(123,'Lithuania','LT','LTU',1),(124,'Luxembourg','LU','LUX',1),(125,'Macao','MO','MAC',1),(126,'Macedonia, The Former Yugoslav Republic of','MK','MKD',1),(127,'Madagascar','MG','MDG',1),(128,'Malawi','MW','MWI',1),(129,'Malaysia','MY','MYS',1),(130,'Maldives','MV','MDV',1),(131,'Mali','ML','MLI',1),(132,'Malta','MT','MLT',1),(133,'Marshall Islands','MH','MHL',1),(134,'Martinique','MQ','MTQ',1),(135,'Mauritania','MR','MRT',1),(136,'Mauritius','MU','MUS',1),(137,'Mayotte','YT','MYT',1),(138,'Mexico','MX','MEX',1),(139,'Micronesia, Federated States of','FM','FSM',1),(140,'Moldova','MD','MDA',1),(141,'Monaco','MC','MCO',1),(142,'Mongolia','MN','MNG',1),(143,'Montserrat','MS','MSR',1),(144,'Morocco','MA','MAR',1),(145,'Mozambique','MZ','MOZ',1),(146,'Myanmar','MM','MMR',1),(147,'Namibia','NA','NAM',1),(148,'Nauru','NR','NRU',1),(149,'Nepal','NP','NPL',1),(150,'Netherlands','NL','NLD',1),(151,'Netherlands Antilles','AN','ANT',1),(152,'New Caledonia','NC','NCL',1),(153,'New Zealand','NZ','NZL',1),(154,'Nicaragua','NI','NIC',1),(155,'Niger','NE','NER',1),(156,'Nigeria','NG','NGA',1),(157,'Niue','NU','NIU',1),(158,'Norfolk Island','NF','NFK',1),(159,'Northern Mariana Islands','MP','MNP',1),(160,'Norway','NO','NOR',1),(161,'Oman','OM','OMN',1),(162,'Pakistan','PK','PAK',1),(163,'Palau','PW','PLW',1),(164,'Panama','PA','PAN',1),(165,'Papua New Guinea','PG','PNG',1),(166,'Paraguay','PY','PRY',1),(167,'Peru','PE','PER',1),(168,'Philippines','PH','PHL',1),(169,'Pitcairn','PN','PCN',1),(170,'Poland','PL','POL',1),(171,'Portugal','PT','PRT',1),(172,'Puerto Rico','PR','PRI',1),(173,'Qatar','QA','QAT',1),(174,'Reunion','RE','REU',1),(175,'Romania','RO','ROU',1),(176,'Russian Federation','RU','RUS',1),(177,'Rwanda','RW','RWA',1),(178,'Saint Kitts and Nevis','KN','KNA',1),(179,'Saint Lucia','LC','LCA',1),(180,'Saint Vincent and the Grenadines','VC','VCT',1),(181,'Samoa','WS','WSM',1),(182,'San Marino','SM','SMR',1),(183,'Sao Tome and Principe','ST','STP',1),(184,'Saudi Arabia','SA','SAU',1),(185,'Senegal','SN','SEN',1),(186,'Seychelles','SC','SYC',1),(187,'Sierra Leone','SL','SLE',1),(188,'Singapore','SG','SGP',4),(189,'Slovakia (Slovak Republic)','SK','SVK',1),(190,'Slovenia','SI','SVN',1),(191,'Solomon Islands','SB','SLB',1),(192,'Somalia','SO','SOM',1),(193,'South Africa','ZA','ZAF',1),(194,'South Georgia and the South Sandwich Islands','GS','SGS',1),(195,'Spain','ES','ESP',3),(196,'Sri Lanka','LK','LKA',1),(197,'St. Helena','SH','SHN',1),(198,'St. Pierre and Miquelon','PM','SPM',1),(199,'Sudan','SD','SDN',1),(200,'Suriname','SR','SUR',1),(201,'Svalbard and Jan Mayen Islands','SJ','SJM',1),(202,'Swaziland','SZ','SWZ',1),(203,'Sweden','SE','SWE',1),(204,'Switzerland','CH','CHE',1),(205,'Syrian Arab Republic','SY','SYR',1),(206,'Taiwan','TW','TWN',1),(207,'Tajikistan','TJ','TJK',1),(208,'Tanzania, United Republic of','TZ','TZA',1),(209,'Thailand','TH','THA',1),(210,'Togo','TG','TGO',1),(211,'Tokelau','TK','TKL',1),(212,'Tonga','TO','TON',1),(213,'Trinidad and Tobago','TT','TTO',1),(214,'Tunisia','TN','TUN',1),(215,'Turkey','TR','TUR',1),(216,'Turkmenistan','TM','TKM',1),(217,'Turks and Caicos Islands','TC','TCA',1),(218,'Tuvalu','TV','TUV',1),(219,'Uganda','UG','UGA',1),(220,'Ukraine','UA','UKR',1),(221,'United Arab Emirates','AE','ARE',1),(222,'United Kingdom','GB','GBR',6),(223,'United States','US','USA',2),(224,'United States Minor Outlying Islands','UM','UMI',1),(225,'Uruguay','UY','URY',1),(226,'Uzbekistan','UZ','UZB',1),(227,'Vanuatu','VU','VUT',1),(228,'Vatican City State (Holy See)','VA','VAT',1),(229,'Venezuela','VE','VEN',1),(230,'Viet Nam','VN','VNM',1),(231,'Virgin Islands (British)','VG','VGB',1),(232,'Virgin Islands (U.S.)','VI','VIR',1),(233,'Wallis and Futuna Islands','WF','WLF',1),(234,'Western Sahara','EH','ESH',1),(235,'Yemen','YE','YEM',1),(236,'Serbia','RS','SRB',1),(238,'Zambia','ZM','ZMB',1),(239,'Zimbabwe','ZW','ZWE',1);

--
-- Table structure for table `zen_coupon_email_track`
--

CREATE TABLE `zen_coupon_email_track` (
  `unique_id` int(11) NOT NULL AUTO_INCREMENT,
  `coupon_id` int(11) NOT NULL DEFAULT '0',
  `customer_id_sent` int(11) NOT NULL DEFAULT '0',
  `sent_firstname` varchar(32) DEFAULT NULL,
  `sent_lastname` varchar(32) DEFAULT NULL,
  `emailed_to` varchar(32) DEFAULT NULL,
  `date_sent` datetime NOT NULL DEFAULT '0001-01-01 00:00:00',
  PRIMARY KEY (`unique_id`),
  KEY `idx_coupon_id_zen` (`coupon_id`)
) ENGINE=MyISAM DEFAULT CHARSET=latin1;

--
-- Dumping data for table `zen_coupon_email_track`
--


--
-- Table structure for table `zen_coupon_gv_customer`
--

CREATE TABLE `zen_coupon_gv_customer` (
  `customer_id` int(5) NOT NULL DEFAULT '0',
  `amount` decimal(15,4) NOT NULL DEFAULT '0.0000',
  PRIMARY KEY (`customer_id`)
) ENGINE=MyISAM DEFAULT CHARSET=latin1;

--
-- Dumping data for table `zen_coupon_gv_customer`
--


--
-- Table structure for table `zen_coupon_gv_queue`
--

CREATE TABLE `zen_coupon_gv_queue` (
  `unique_id` int(5) NOT NULL AUTO_INCREMENT,
  `customer_id` int(5) NOT NULL DEFAULT '0',
  `order_id` int(5) NOT NULL DEFAULT '0',
  `amount` decimal(15,4) NOT NULL DEFAULT '0.0000',
  `date_created` datetime NOT NULL DEFAULT '0001-01-01 00:00:00',
  `ipaddr` varchar(32) NOT NULL DEFAULT '',
  `release_flag` char(1) NOT NULL DEFAULT 'N',
  PRIMARY KEY (`unique_id`),
  KEY `idx_cust_id_order_id_zen` (`customer_id`,`order_id`),
  KEY `idx_release_flag_zen` (`release_flag`)
) ENGINE=MyISAM DEFAULT CHARSET=latin1;

--
-- Dumping data for table `zen_coupon_gv_queue`
--


--
-- Table structure for table `zen_coupon_redeem_track`
--

CREATE TABLE `zen_coupon_redeem_track` (
  `unique_id` int(11) NOT NULL AUTO_INCREMENT,
  `coupon_id` int(11) NOT NULL DEFAULT '0',
  `customer_id` int(11) NOT NULL DEFAULT '0',
  `redeem_date` datetime NOT NULL DEFAULT '0001-01-01 00:00:00',
  `redeem_ip` varchar(32) NOT NULL DEFAULT '',
  `order_id` int(11) NOT NULL DEFAULT '0',
  PRIMARY KEY (`unique_id`),
  KEY `idx_coupon_id_zen` (`coupon_id`)
) ENGINE=MyISAM DEFAULT CHARSET=latin1;

--
-- Dumping data for table `zen_coupon_redeem_track`
--


--
-- Table structure for table `zen_coupon_restrict`
--

CREATE TABLE `zen_coupon_restrict` (
  `restrict_id` int(11) NOT NULL AUTO_INCREMENT,
  `coupon_id` int(11) NOT NULL DEFAULT '0',
  `product_id` int(11) NOT NULL DEFAULT '0',
  `category_id` int(11) NOT NULL DEFAULT '0',
  `coupon_restrict` char(1) NOT NULL DEFAULT 'N',
  PRIMARY KEY (`restrict_id`),
  KEY `idx_coup_id_prod_id_zen` (`coupon_id`,`product_id`)
) ENGINE=MyISAM DEFAULT CHARSET=latin1;

--
-- Dumping data for table `zen_coupon_restrict`
--


--
-- Table structure for table `zen_coupons`
--

CREATE TABLE `zen_coupons` (
  `coupon_id` int(11) NOT NULL AUTO_INCREMENT,
  `coupon_type` char(1) NOT NULL DEFAULT 'F',
  `coupon_code` varchar(32) NOT NULL DEFAULT '',
  `coupon_amount` decimal(15,4) NOT NULL DEFAULT '0.0000',
  `coupon_minimum_order` decimal(15,4) NOT NULL DEFAULT '0.0000',
  `coupon_start_date` datetime NOT NULL DEFAULT '0001-01-01 00:00:00',
  `coupon_expire_date` datetime NOT NULL DEFAULT '0001-01-01 00:00:00',
  `uses_per_coupon` int(5) NOT NULL DEFAULT '1',
  `uses_per_user` int(5) NOT NULL DEFAULT '0',
  `restrict_to_products` varchar(255) DEFAULT NULL,
  `restrict_to_categories` varchar(255) DEFAULT NULL,
  `restrict_to_customers` text,
  `coupon_active` char(1) NOT NULL DEFAULT 'Y',
  `date_created` datetime NOT NULL DEFAULT '0001-01-01 00:00:00',
  `date_modified` datetime NOT NULL DEFAULT '0001-01-01 00:00:00',
  `coupon_zone_restriction` int(11) NOT NULL DEFAULT '0',
  PRIMARY KEY (`coupon_id`),
  KEY `idx_active_type_zen` (`coupon_active`,`coupon_type`),
  KEY `idx_coupon_code_zen` (`coupon_code`),
  KEY `idx_coupon_type_zen` (`coupon_type`)
) ENGINE=MyISAM AUTO_INCREMENT=2 DEFAULT CHARSET=latin1;

--
-- Dumping data for table `zen_coupons`
--

INSERT INTO `zen_coupons` VALUES (1,'P','MARCH-1234',15.0000,10.0000,'2010-03-05 00:00:00','2011-04-05 00:00:00',30,30,'','',NULL,'Y','2010-03-05 13:19:50','2010-03-05 13:19:50',0);

--
-- Table structure for table `zen_coupons_description`
--

CREATE TABLE `zen_coupons_description` (
  `coupon_id` int(11) NOT NULL DEFAULT '0',
  `language_id` int(11) NOT NULL DEFAULT '0',
  `coupon_name` varchar(32) NOT NULL DEFAULT '',
  `coupon_description` text,
  PRIMARY KEY (`coupon_id`,`language_id`)
) ENGINE=MyISAM DEFAULT CHARSET=latin1;

--
-- Dumping data for table `zen_coupons_description`
--

INSERT INTO `zen_coupons_description` VALUES (1,1,'Spring Special Delight','15 % Off for All Online Orders During March. Use the coupon as often as you like for the entire month!');

--
-- Table structure for table `zen_currencies`
--

CREATE TABLE `zen_currencies` (
  `currencies_id` int(11) NOT NULL AUTO_INCREMENT,
  `title` varchar(32) NOT NULL DEFAULT '',
  `code` char(3) NOT NULL DEFAULT '',
  `symbol_left` varchar(24) DEFAULT NULL,
  `symbol_right` varchar(24) DEFAULT NULL,
  `decimal_point` char(1) DEFAULT NULL,
  `thousands_point` char(1) DEFAULT NULL,
  `decimal_places` char(1) DEFAULT NULL,
  `value` float(13,8) DEFAULT NULL,
  `last_updated` datetime DEFAULT NULL,
  PRIMARY KEY (`currencies_id`)
) ENGINE=MyISAM AUTO_INCREMENT=6 DEFAULT CHARSET=latin1;

--
-- Dumping data for table `zen_currencies`
--

INSERT INTO `zen_currencies` VALUES (1,'US Dollar','USD','$','','.',',','2',1.00000000,'2010-03-04 18:39:23'),(2,'Euro','EUR','&euro;','','.',',','2',0.74129999,'2010-03-04 18:39:23'),(3,'GB Pound','GBP','&pound;','','.',',','2',0.50300002,'2010-03-04 18:39:23'),(4,'Canadian Dollar','CAD','$','','.',',','2',1.10590005,'2010-03-04 18:39:23'),(5,'Australian Dollar','AUD','$','','.',',','2',1.24070001,'2010-03-04 18:39:23');

--
-- Table structure for table `zen_customers`
--

CREATE TABLE `zen_customers` (
  `customers_id` int(11) NOT NULL AUTO_INCREMENT,
  `customers_gender` char(1) NOT NULL DEFAULT '',
  `customers_firstname` varchar(32) NOT NULL DEFAULT '',
  `customers_lastname` varchar(32) NOT NULL DEFAULT '',
  `customers_dob` datetime NOT NULL DEFAULT '0001-01-01 00:00:00',
  `customers_email_address` varchar(96) NOT NULL DEFAULT '',
  `customers_nick` varchar(96) NOT NULL DEFAULT '',
  `customers_default_address_id` int(11) NOT NULL DEFAULT '0',
  `customers_telephone` varchar(32) NOT NULL DEFAULT '',
  `customers_fax` varchar(32) DEFAULT NULL,
  `customers_password` varchar(40) NOT NULL DEFAULT '',
  `customers_newsletter` char(1) DEFAULT NULL,
  `customers_group_pricing` int(11) NOT NULL DEFAULT '0',
  `customers_email_format` varchar(4) NOT NULL DEFAULT 'TEXT',
  `customers_authorization` int(1) NOT NULL DEFAULT '0',
  `customers_referral` varchar(32) NOT NULL DEFAULT '',
  `customers_paypal_payerid` varchar(20) NOT NULL DEFAULT '',
  `customers_paypal_ec` tinyint(1) unsigned NOT NULL DEFAULT '0',
  PRIMARY KEY (`customers_id`),
  KEY `idx_email_address_zen` (`customers_email_address`),
  KEY `idx_referral_zen` (`customers_referral`(10)),
  KEY `idx_grp_pricing_zen` (`customers_group_pricing`),
  KEY `idx_nick_zen` (`customers_nick`),
  KEY `idx_newsletter_zen` (`customers_newsletter`)
) ENGINE=MyISAM AUTO_INCREMENT=6 DEFAULT CHARSET=latin1;

--
-- Dumping data for table `zen_customers`
--

INSERT INTO `zen_customers` VALUES (1,'m','Henry','Shu','1951-04-21 00:00:00','jhbrake@comcast.net','',1,'2222222222','','fc15e490716582ef6afe4d67492db23a:9d','0',0,'TEXT',0,'','',0),(2,'m','JOHN','BRAKE','0001-01-01 00:00:00','jhbrake@nsconstruct.com','',2,'2482406863','','221684d65ce1cc9970396d2b3acc6fb2:41','1',0,'HTML',0,'','',0),(3,'','john','brake','0001-01-01 00:00:00','jack.b@aaasurvivalproducts.com','',3,'','','7c235bc41e58ace21c4c616ba4eeab05:95','0',0,'TEXT',0,'','7AUEEUBBE22H4',0),(4,'','John','Brake','0001-01-01 00:00:00','jbrake@nsconstruct.com','',4,'','','c0426cd15261656cae55c06688a5bb20:b7','0',0,'TEXT',0,'','3C7X2QVAB5RJL',0),(5,'m','jack','shu','0001-01-01 00:00:00','dragonjackshu@hotamil.com','',5,'517 552 3626','','a0824a09af9103abca40abcee95197ef:36','0',0,'HTML',0,'','',0);

--
-- Table structure for table `zen_customers_basket`
--

CREATE TABLE `zen_customers_basket` (
  `customers_basket_id` int(11) NOT NULL AUTO_INCREMENT,
  `customers_id` int(11) NOT NULL DEFAULT '0',
  `products_id` tinytext NOT NULL,
  `customers_basket_quantity` float NOT NULL DEFAULT '0',
  `final_price` decimal(15,4) NOT NULL DEFAULT '0.0000',
  `customers_basket_date_added` varchar(8) DEFAULT NULL,
  PRIMARY KEY (`customers_basket_id`),
  KEY `idx_customers_id_zen` (`customers_id`)
) ENGINE=MyISAM AUTO_INCREMENT=24 DEFAULT CHARSET=latin1;

--
-- Dumping data for table `zen_customers_basket`
--

INSERT INTO `zen_customers_basket` VALUES (18,2,'3:9d2458150f98263abbde3fa39f5a952c',1,0.0000,'20110108');

--
-- Table structure for table `zen_customers_basket_attributes`
--

CREATE TABLE `zen_customers_basket_attributes` (
  `customers_basket_attributes_id` int(11) NOT NULL AUTO_INCREMENT,
  `customers_id` int(11) NOT NULL DEFAULT '0',
  `products_id` tinytext NOT NULL,
  `products_options_id` varchar(64) NOT NULL DEFAULT '0',
  `products_options_value_id` int(11) NOT NULL DEFAULT '0',
  `products_options_value_text` blob,
  `products_options_sort_order` text NOT NULL,
  PRIMARY KEY (`customers_basket_attributes_id`),
  KEY `idx_cust_id_prod_id_zen` (`customers_id`,`products_id`(36))
) ENGINE=MyISAM AUTO_INCREMENT=13 DEFAULT CHARSET=latin1;

--
-- Dumping data for table `zen_customers_basket_attributes`
--

INSERT INTO `zen_customers_basket_attributes` VALUES (9,2,'3:9d2458150f98263abbde3fa39f5a952c','1',1,'','0.00000');

--
-- Table structure for table `zen_customers_info`
--

CREATE TABLE `zen_customers_info` (
  `customers_info_id` int(11) NOT NULL DEFAULT '0',
  `customers_info_date_of_last_logon` datetime DEFAULT NULL,
  `customers_info_number_of_logons` int(5) DEFAULT NULL,
  `customers_info_date_account_created` datetime DEFAULT NULL,
  `customers_info_date_account_last_modified` datetime DEFAULT NULL,
  `global_product_notifications` int(1) DEFAULT '0',
  PRIMARY KEY (`customers_info_id`)
) ENGINE=MyISAM DEFAULT CHARSET=latin1;

--
-- Dumping data for table `zen_customers_info`
--

INSERT INTO `zen_customers_info` VALUES (1,'2010-04-02 20:00:13',4,'2010-03-31 19:21:26',NULL,0),(2,'2011-01-08 17:08:28',6,'2011-01-08 10:00:07',NULL,0),(3,'2011-05-24 22:36:56',3,'2011-05-24 21:53:33',NULL,0),(4,'2011-05-25 22:55:38',2,'2011-05-25 22:55:38',NULL,0),(5,'2011-07-07 19:43:02',1,'2011-07-07 19:43:02',NULL,0);

--
-- Table structure for table `zen_customers_wishlist`
--

CREATE TABLE `zen_customers_wishlist` (
  `products_id` int(13) NOT NULL DEFAULT '0',
  `customers_id` int(13) NOT NULL DEFAULT '0',
  `products_model` varchar(13) DEFAULT NULL,
  `products_name` varchar(64) NOT NULL DEFAULT '',
  `products_price` decimal(8,2) NOT NULL DEFAULT '0.00',
  `final_price` decimal(8,2) NOT NULL DEFAULT '0.00',
  `products_quantity` int(2) NOT NULL DEFAULT '0',
  `wishlist_name` varchar(64) DEFAULT NULL
) ENGINE=MyISAM DEFAULT CHARSET=latin1;

--
-- Dumping data for table `zen_customers_wishlist`
--


--
-- Table structure for table `zen_db_cache`
--

CREATE TABLE `zen_db_cache` (
  `cache_entry_name` varchar(64) NOT NULL DEFAULT '',
  `cache_data` mediumblob,
  `cache_entry_created` int(15) DEFAULT NULL,
  PRIMARY KEY (`cache_entry_name`)
) ENGINE=MyISAM DEFAULT CHARSET=latin1;

--
-- Dumping data for table `zen_db_cache`
--


--
-- Table structure for table `zen_email_archive`
--

CREATE TABLE `zen_email_archive` (
  `archive_id` int(11) NOT NULL AUTO_INCREMENT,
  `email_to_name` varchar(96) NOT NULL DEFAULT '',
  `email_to_address` varchar(96) NOT NULL DEFAULT '',
  `email_from_name` varchar(96) NOT NULL DEFAULT '',
  `email_from_address` varchar(96) NOT NULL DEFAULT '',
  `email_subject` varchar(255) NOT NULL DEFAULT '',
  `email_html` text NOT NULL,
  `email_text` text NOT NULL,
  `date_sent` datetime NOT NULL DEFAULT '0001-01-01 00:00:00',
  `module` varchar(64) NOT NULL DEFAULT '',
  PRIMARY KEY (`archive_id`),
  KEY `idx_email_to_address_zen` (`email_to_address`),
  KEY `idx_module_zen` (`module`)
) ENGINE=MyISAM DEFAULT CHARSET=latin1;

--
-- Dumping data for table `zen_email_archive`
--


--
-- Table structure for table `zen_ezpages`
--

CREATE TABLE `zen_ezpages` (
  `pages_id` int(11) NOT NULL AUTO_INCREMENT,
  `languages_id` int(11) NOT NULL DEFAULT '1',
  `pages_title` varchar(64) NOT NULL DEFAULT '',
  `alt_url` varchar(255) NOT NULL DEFAULT '',
  `alt_url_external` varchar(255) NOT NULL DEFAULT '',
  `pages_html_text` mediumtext,
  `status_header` int(1) NOT NULL DEFAULT '1',
  `status_sidebox` int(1) NOT NULL DEFAULT '1',
  `status_footer` int(1) NOT NULL DEFAULT '1',
  `status_toc` int(1) NOT NULL DEFAULT '1',
  `header_sort_order` int(3) NOT NULL DEFAULT '0',
  `sidebox_sort_order` int(3) NOT NULL DEFAULT '0',
  `footer_sort_order` int(3) NOT NULL DEFAULT '0',
  `toc_sort_order` int(3) NOT NULL DEFAULT '0',
  `page_open_new_window` int(1) NOT NULL DEFAULT '0',
  `page_is_ssl` int(1) NOT NULL DEFAULT '0',
  `toc_chapter` int(11) NOT NULL DEFAULT '0',
  PRIMARY KEY (`pages_id`),
  KEY `idx_lang_id_zen` (`languages_id`),
  KEY `idx_ezp_status_header_zen` (`status_header`),
  KEY `idx_ezp_status_sidebox_zen` (`status_sidebox`),
  KEY `idx_ezp_status_footer_zen` (`status_footer`),
  KEY `idx_ezp_status_toc_zen` (`status_toc`)
) ENGINE=MyISAM AUTO_INCREMENT=4 DEFAULT CHARSET=latin1;

--
-- Dumping data for table `zen_ezpages`
--

INSERT INTO `zen_ezpages` VALUES (3,1,'WINE & BEVERAGES','','','<img src=\"includes/templates/cd/images/chinese_delight208b.jpg\" alt=\"Beer and Soft Drinks\" width=\"477\" height=\"633\" />\r\n\r\n<img src=\"includes/templates/cd/images/chinese_delightRedWine.jpg\" alt=\"Red Wines\" width=\"477\" height=\"633\" />\r\n\r\n<img src=\"includes/templates/cd/images/chinese_delightWhiteWine.jpg\" alt=\"White Wines\" width=\"477\" height=\"633\" />',0,1,0,0,0,3,0,3,0,0,0);

--
-- Table structure for table `zen_featured`
--

CREATE TABLE `zen_featured` (
  `featured_id` int(11) NOT NULL AUTO_INCREMENT,
  `products_id` int(11) NOT NULL DEFAULT '0',
  `featured_date_added` datetime DEFAULT NULL,
  `featured_last_modified` datetime DEFAULT NULL,
  `expires_date` date NOT NULL DEFAULT '0001-01-01',
  `date_status_change` datetime DEFAULT NULL,
  `status` int(1) NOT NULL DEFAULT '1',
  `featured_date_available` date NOT NULL DEFAULT '0001-01-01',
  PRIMARY KEY (`featured_id`),
  KEY `idx_status_zen` (`status`),
  KEY `idx_products_id_zen` (`products_id`),
  KEY `idx_date_avail_zen` (`featured_date_available`),
  KEY `idx_expires_date_zen` (`expires_date`)
) ENGINE=MyISAM DEFAULT CHARSET=latin1;

--
-- Dumping data for table `zen_featured`
--


--
-- Table structure for table `zen_files_uploaded`
--

CREATE TABLE `zen_files_uploaded` (
  `files_uploaded_id` int(11) NOT NULL AUTO_INCREMENT,
  `sesskey` varchar(32) DEFAULT NULL,
  `customers_id` int(11) DEFAULT NULL,
  `files_uploaded_name` varchar(64) NOT NULL DEFAULT '',
  PRIMARY KEY (`files_uploaded_id`),
  KEY `idx_customers_id_zen` (`customers_id`)
) ENGINE=MyISAM DEFAULT CHARSET=latin1;

--
-- Dumping data for table `zen_files_uploaded`
--


--
-- Table structure for table `zen_geo_zones`
--

CREATE TABLE `zen_geo_zones` (
  `geo_zone_id` int(11) NOT NULL AUTO_INCREMENT,
  `geo_zone_name` varchar(32) NOT NULL DEFAULT '',
  `geo_zone_description` varchar(255) NOT NULL DEFAULT '',
  `last_modified` datetime DEFAULT NULL,
  `date_added` datetime NOT NULL DEFAULT '0001-01-01 00:00:00',
  PRIMARY KEY (`geo_zone_id`)
) ENGINE=MyISAM AUTO_INCREMENT=2 DEFAULT CHARSET=latin1;

--
-- Dumping data for table `zen_geo_zones`
--

INSERT INTO `zen_geo_zones` VALUES (1,'Florida','Florida local sales tax zone',NULL,'2010-03-04 18:39:23');

--
-- Table structure for table `zen_get_terms_to_filter`
--

CREATE TABLE `zen_get_terms_to_filter` (
  `get_term_name` varchar(255) NOT NULL DEFAULT '',
  `get_term_table` varchar(64) NOT NULL,
  `get_term_name_field` varchar(64) NOT NULL,
  PRIMARY KEY (`get_term_name`)
) ENGINE=MyISAM DEFAULT CHARSET=latin1;

--
-- Dumping data for table `zen_get_terms_to_filter`
--

INSERT INTO `zen_get_terms_to_filter` VALUES ('manufacturers_id','TABLE_MANUFACTURERS','manufacturers_name'),('music_genre_id','TABLE_MUSIC_GENRE','music_genre_name'),('record_company_id','TABLE_RECORD_COMPANY','record_company_name');

--
-- Table structure for table `zen_group_pricing`
--

CREATE TABLE `zen_group_pricing` (
  `group_id` int(11) NOT NULL AUTO_INCREMENT,
  `group_name` varchar(32) NOT NULL DEFAULT '',
  `group_percentage` decimal(5,2) NOT NULL DEFAULT '0.00',
  `last_modified` datetime DEFAULT NULL,
  `date_added` datetime NOT NULL DEFAULT '0001-01-01 00:00:00',
  PRIMARY KEY (`group_id`)
) ENGINE=MyISAM DEFAULT CHARSET=latin1;

--
-- Dumping data for table `zen_group_pricing`
--


--
-- Table structure for table `zen_languages`
--

CREATE TABLE `zen_languages` (
  `languages_id` int(11) NOT NULL AUTO_INCREMENT,
  `name` varchar(32) NOT NULL DEFAULT '',
  `code` char(2) NOT NULL DEFAULT '',
  `image` varchar(64) DEFAULT NULL,
  `directory` varchar(32) DEFAULT NULL,
  `sort_order` int(3) DEFAULT NULL,
  PRIMARY KEY (`languages_id`),
  KEY `idx_languages_name_zen` (`name`)
) ENGINE=MyISAM AUTO_INCREMENT=2 DEFAULT CHARSET=latin1;

--
-- Dumping data for table `zen_languages`
--

INSERT INTO `zen_languages` VALUES (1,'English','en','icon.gif','english',1);

--
-- Table structure for table `zen_layout_boxes`
--

CREATE TABLE `zen_layout_boxes` (
  `layout_id` int(11) NOT NULL AUTO_INCREMENT,
  `layout_template` varchar(64) NOT NULL DEFAULT '',
  `layout_box_name` varchar(64) NOT NULL DEFAULT '',
  `layout_box_status` tinyint(1) NOT NULL DEFAULT '0',
  `layout_box_location` tinyint(1) NOT NULL DEFAULT '0',
  `layout_box_sort_order` int(11) NOT NULL DEFAULT '0',
  `layout_box_sort_order_single` int(11) NOT NULL DEFAULT '0',
  `layout_box_status_single` tinyint(4) NOT NULL DEFAULT '0',
  PRIMARY KEY (`layout_id`),
  KEY `idx_name_template_zen` (`layout_template`,`layout_box_name`),
  KEY `idx_layout_box_status_zen` (`layout_box_status`),
  KEY `idx_layout_box_sort_order_zen` (`layout_box_sort_order`)
) ENGINE=MyISAM AUTO_INCREMENT=103 DEFAULT CHARSET=latin1;

--
-- Dumping data for table `zen_layout_boxes`
--

INSERT INTO `zen_layout_boxes` VALUES (1,'default_template_settings','banner_box_all.php',1,1,5,0,0),(2,'default_template_settings','banner_box.php',1,0,300,1,127),(3,'default_template_settings','banner_box2.php',1,1,15,1,15),(4,'default_template_settings','best_sellers.php',1,1,30,70,1),(5,'default_template_settings','categories.php',1,0,10,10,1),(6,'default_template_settings','currencies.php',1,1,80,60,1),(7,'default_template_settings','document_categories.php',1,0,0,0,0),(8,'default_template_settings','ezpages.php',1,1,-1,2,1),(9,'default_template_settings','featured.php',1,0,45,0,0),(10,'default_template_settings','information.php',1,0,50,40,1),(11,'default_template_settings','languages.php',1,1,70,50,1),(12,'default_template_settings','manufacturers.php',1,0,30,20,1),(13,'default_template_settings','manufacturer_info.php',1,1,35,95,1),(14,'default_template_settings','more_information.php',1,0,200,200,1),(15,'default_template_settings','music_genres.php',1,1,0,0,0),(16,'default_template_settings','order_history.php',1,1,0,0,0),(17,'default_template_settings','product_notifications.php',1,1,55,85,1),(18,'default_template_settings','record_companies.php',1,1,0,0,0),(19,'default_template_settings','reviews.php',1,0,40,0,0),(20,'default_template_settings','search.php',1,1,10,0,0),(21,'default_template_settings','search_header.php',0,0,0,0,1),(22,'default_template_settings','shopping_cart.php',1,1,20,30,1),(23,'default_template_settings','specials.php',1,1,45,0,0),(24,'default_template_settings','tell_a_friend.php',1,1,65,0,0),(25,'default_template_settings','whats_new.php',1,0,20,0,0),(26,'default_template_settings','whos_online.php',1,1,200,200,1),(27,'template_default','banner_box_all.php',1,1,5,0,0),(28,'template_default','banner_box.php',1,0,300,1,127),(29,'template_default','banner_box2.php',1,1,15,1,15),(30,'template_default','best_sellers.php',1,1,30,70,1),(31,'template_default','categories.php',1,0,10,10,1),(32,'template_default','currencies.php',1,1,80,60,1),(33,'template_default','ezpages.php',1,1,-1,2,1),(34,'template_default','featured.php',1,0,45,0,0),(35,'template_default','information.php',1,0,50,40,1),(36,'template_default','languages.php',1,1,70,50,1),(37,'template_default','manufacturers.php',1,0,30,20,1),(38,'template_default','manufacturer_info.php',1,1,35,95,1),(39,'template_default','more_information.php',1,0,200,200,1),(40,'template_default','my_broken_box.php',1,0,0,0,0),(41,'template_default','order_history.php',1,1,0,0,0),(42,'template_default','product_notifications.php',1,1,55,85,1),(43,'template_default','reviews.php',1,0,40,0,0),(44,'template_default','search.php',1,1,10,0,0),(45,'template_default','search_header.php',0,0,0,0,1),(46,'template_default','shopping_cart.php',1,1,20,30,1),(47,'template_default','specials.php',1,1,45,0,0),(48,'template_default','tell_a_friend.php',1,1,65,0,0),(49,'template_default','whats_new.php',1,0,20,0,0),(50,'template_default','whos_online.php',1,1,200,200,1),(51,'classic','banner_box.php',1,0,300,1,127),(52,'classic','banner_box2.php',1,1,15,1,15),(53,'classic','banner_box_all.php',1,1,5,0,0),(54,'classic','best_sellers.php',1,1,30,70,1),(55,'classic','categories.php',1,0,10,10,1),(56,'classic','currencies.php',1,1,80,60,1),(57,'classic','document_categories.php',1,0,0,0,0),(58,'classic','ezpages.php',1,1,-1,2,1),(59,'classic','featured.php',1,0,45,0,0),(60,'classic','information.php',1,0,50,40,1),(61,'classic','languages.php',1,1,70,50,1),(62,'classic','manufacturers.php',1,0,30,20,1),(63,'classic','manufacturer_info.php',1,1,35,95,1),(64,'classic','more_information.php',1,0,200,200,1),(65,'classic','music_genres.php',1,1,0,0,0),(66,'classic','order_history.php',1,1,0,0,0),(67,'classic','product_notifications.php',1,1,55,85,1),(68,'classic','record_companies.php',1,1,0,0,0),(69,'classic','reviews.php',1,0,40,0,0),(70,'classic','search.php',1,1,10,0,0),(71,'classic','search_header.php',0,0,0,0,1),(72,'classic','shopping_cart.php',1,1,20,30,1),(73,'classic','specials.php',1,1,45,0,0),(74,'classic','tell_a_friend.php',1,1,65,0,0),(75,'classic','whats_new.php',1,0,20,0,0),(76,'classic','whos_online.php',1,1,200,200,1),(77,'cd','banner_box.php',1,0,300,1,127),(78,'cd','banner_box2.php',0,1,15,1,1),(79,'cd','banner_box_all.php',0,1,5,0,0),(80,'cd','best_sellers.php',1,0,30,70,1),(81,'cd','categories.php',1,0,10,10,1),(82,'cd','currencies.php',0,1,80,60,0),(83,'cd','document_categories.php',1,0,0,0,0),(84,'cd','ezpages.php',1,0,10,10,1),(85,'cd','featured.php',1,0,45,0,0),(86,'cd','information.php',1,0,50,40,1),(87,'cd','languages.php',0,1,70,50,0),(88,'cd','manufacturer_info.php',0,1,35,95,0),(89,'cd','manufacturers.php',1,0,30,20,1),(90,'cd','more_information.php',1,0,200,200,1),(91,'cd','music_genres.php',1,1,0,0,0),(92,'cd','order_history.php',0,0,300,300,0),(93,'cd','product_notifications.php',0,1,55,85,0),(94,'cd','record_companies.php',1,1,0,0,0),(95,'cd','reviews.php',1,0,40,0,0),(96,'cd','search.php',0,0,190,0,0),(97,'cd','search_header.php',0,0,0,0,0),(98,'cd','shopping_cart.php',1,0,0,300,1),(99,'cd','specials.php',1,1,7,0,0),(100,'cd','tell_a_friend.php',1,1,65,0,0),(101,'cd','whats_new.php',0,0,20,0,0),(102,'cd','whos_online.php',0,1,200,200,0);

--
-- Table structure for table `zen_manufacturers`
--

CREATE TABLE `zen_manufacturers` (
  `manufacturers_id` int(11) NOT NULL AUTO_INCREMENT,
  `manufacturers_name` varchar(32) NOT NULL DEFAULT '',
  `manufacturers_image` varchar(64) DEFAULT NULL,
  `date_added` datetime DEFAULT NULL,
  `last_modified` datetime DEFAULT NULL,
  PRIMARY KEY (`manufacturers_id`),
  KEY `idx_mfg_name_zen` (`manufacturers_name`)
) ENGINE=MyISAM DEFAULT CHARSET=latin1;

--
-- Dumping data for table `zen_manufacturers`
--


--
-- Table structure for table `zen_manufacturers_info`
--

CREATE TABLE `zen_manufacturers_info` (
  `manufacturers_id` int(11) NOT NULL DEFAULT '0',
  `languages_id` int(11) NOT NULL DEFAULT '0',
  `manufacturers_url` varchar(255) NOT NULL DEFAULT '',
  `url_clicked` int(5) NOT NULL DEFAULT '0',
  `date_last_click` datetime DEFAULT NULL,
  PRIMARY KEY (`manufacturers_id`,`languages_id`)
) ENGINE=MyISAM DEFAULT CHARSET=latin1;

--
-- Dumping data for table `zen_manufacturers_info`
--


--
-- Table structure for table `zen_media_clips`
--

CREATE TABLE `zen_media_clips` (
  `clip_id` int(11) NOT NULL AUTO_INCREMENT,
  `media_id` int(11) NOT NULL DEFAULT '0',
  `clip_type` smallint(6) NOT NULL DEFAULT '0',
  `clip_filename` text NOT NULL,
  `date_added` datetime NOT NULL DEFAULT '0001-01-01 00:00:00',
  `last_modified` datetime NOT NULL DEFAULT '0001-01-01 00:00:00',
  PRIMARY KEY (`clip_id`),
  KEY `idx_media_id_zen` (`media_id`),
  KEY `idx_clip_type_zen` (`clip_type`)
) ENGINE=MyISAM DEFAULT CHARSET=latin1;

--
-- Dumping data for table `zen_media_clips`
--


--
-- Table structure for table `zen_media_manager`
--

CREATE TABLE `zen_media_manager` (
  `media_id` int(11) NOT NULL AUTO_INCREMENT,
  `media_name` varchar(255) NOT NULL DEFAULT '',
  `last_modified` datetime NOT NULL DEFAULT '0001-01-01 00:00:00',
  `date_added` datetime NOT NULL DEFAULT '0001-01-01 00:00:00',
  PRIMARY KEY (`media_id`),
  KEY `idx_media_name_zen` (`media_name`)
) ENGINE=MyISAM DEFAULT CHARSET=latin1;

--
-- Dumping data for table `zen_media_manager`
--


--
-- Table structure for table `zen_media_to_products`
--

CREATE TABLE `zen_media_to_products` (
  `media_id` int(11) NOT NULL DEFAULT '0',
  `product_id` int(11) NOT NULL DEFAULT '0',
  KEY `idx_media_product_zen` (`media_id`,`product_id`)
) ENGINE=MyISAM DEFAULT CHARSET=latin1;

--
-- Dumping data for table `zen_media_to_products`
--


--
-- Table structure for table `zen_media_types`
--

CREATE TABLE `zen_media_types` (
  `type_id` int(11) NOT NULL AUTO_INCREMENT,
  `type_name` varchar(64) NOT NULL DEFAULT '',
  `type_ext` varchar(8) NOT NULL DEFAULT '',
  PRIMARY KEY (`type_id`),
  KEY `idx_type_name_zen` (`type_name`)
) ENGINE=MyISAM AUTO_INCREMENT=2 DEFAULT CHARSET=latin1;

--
-- Dumping data for table `zen_media_types`
--

INSERT INTO `zen_media_types` VALUES (1,'MP3','.mp3');

--
-- Table structure for table `zen_meta_tags_categories_description`
--

CREATE TABLE `zen_meta_tags_categories_description` (
  `categories_id` int(11) NOT NULL,
  `language_id` int(11) NOT NULL DEFAULT '1',
  `metatags_title` varchar(255) NOT NULL DEFAULT '',
  `metatags_keywords` text,
  `metatags_description` text,
  PRIMARY KEY (`categories_id`,`language_id`)
) ENGINE=MyISAM DEFAULT CHARSET=latin1;

--
-- Dumping data for table `zen_meta_tags_categories_description`
--


--
-- Table structure for table `zen_meta_tags_products_description`
--

CREATE TABLE `zen_meta_tags_products_description` (
  `products_id` int(11) NOT NULL,
  `language_id` int(11) NOT NULL DEFAULT '1',
  `metatags_title` varchar(255) NOT NULL DEFAULT '',
  `metatags_keywords` text,
  `metatags_description` text,
  PRIMARY KEY (`products_id`,`language_id`)
) ENGINE=MyISAM DEFAULT CHARSET=latin1;

--
-- Dumping data for table `zen_meta_tags_products_description`
--


--
-- Table structure for table `zen_music_genre`
--

CREATE TABLE `zen_music_genre` (
  `music_genre_id` int(11) NOT NULL AUTO_INCREMENT,
  `music_genre_name` varchar(32) NOT NULL DEFAULT '',
  `date_added` datetime DEFAULT NULL,
  `last_modified` datetime DEFAULT NULL,
  PRIMARY KEY (`music_genre_id`),
  KEY `idx_music_genre_name_zen` (`music_genre_name`)
) ENGINE=MyISAM DEFAULT CHARSET=latin1;

--
-- Dumping data for table `zen_music_genre`
--


--
-- Table structure for table `zen_newsletters`
--

CREATE TABLE `zen_newsletters` (
  `newsletters_id` int(11) NOT NULL AUTO_INCREMENT,
  `title` varchar(255) NOT NULL DEFAULT '',
  `content` text NOT NULL,
  `content_html` text NOT NULL,
  `module` varchar(255) NOT NULL DEFAULT '',
  `date_added` datetime NOT NULL DEFAULT '0001-01-01 00:00:00',
  `date_sent` datetime DEFAULT NULL,
  `status` int(1) DEFAULT NULL,
  `locked` int(1) DEFAULT '0',
  PRIMARY KEY (`newsletters_id`)
) ENGINE=MyISAM DEFAULT CHARSET=latin1;

--
-- Dumping data for table `zen_newsletters`
--


--
-- Table structure for table `zen_nochex_apc_transactions`
--

CREATE TABLE `zen_nochex_apc_transactions` (
  `nochex_apc_id` int(11) unsigned NOT NULL AUTO_INCREMENT,
  `order_id` int(11) unsigned NOT NULL DEFAULT '0',
  `nc_transaction_id` varchar(30) NOT NULL,
  `nc_transaction_date` varchar(100) NOT NULL,
  `nc_to_email` varchar(255) NOT NULL,
  `nc_from_email` varchar(255) NOT NULL,
  `nc_order_id` varchar(255) NOT NULL,
  `nc_custom` varchar(255) NOT NULL,
  `nc_amount` decimal(9,2) NOT NULL,
  `nc_security_key` varchar(255) NOT NULL,
  `nc_status` varchar(15) NOT NULL,
  `nochex_response` varchar(255) NOT NULL,
  `last_modified` datetime NOT NULL DEFAULT '0001-01-01 00:00:00',
  `date_added` datetime NOT NULL DEFAULT '0001-01-01 00:00:00',
  `memo` text,
  PRIMARY KEY (`nochex_apc_id`),
  KEY `idx_order_id_zen` (`order_id`)
) ENGINE=MyISAM DEFAULT CHARSET=latin1;

--
-- Dumping data for table `zen_nochex_apc_transactions`
--


--
-- Table structure for table `zen_nochex_sessions`
--

CREATE TABLE `zen_nochex_sessions` (
  `unique_id` int(11) NOT NULL AUTO_INCREMENT,
  `session_id` text NOT NULL,
  `saved_session` mediumblob NOT NULL,
  `expiry` int(17) NOT NULL DEFAULT '0',
  PRIMARY KEY (`unique_id`),
  KEY `idx_session_id_zen` (`session_id`(36))
) ENGINE=MyISAM DEFAULT CHARSET=latin1;

--
-- Dumping data for table `zen_nochex_sessions`
--


--
-- Table structure for table `zen_orders`
--

CREATE TABLE `zen_orders` (
  `orders_id` int(11) NOT NULL AUTO_INCREMENT,
  `customers_id` int(11) NOT NULL DEFAULT '0',
  `customers_name` varchar(64) NOT NULL DEFAULT '',
  `customers_company` varchar(64) DEFAULT NULL,
  `customers_street_address` varchar(64) NOT NULL DEFAULT '',
  `customers_suburb` varchar(32) DEFAULT NULL,
  `customers_city` varchar(32) NOT NULL DEFAULT '',
  `customers_postcode` varchar(10) NOT NULL DEFAULT '',
  `customers_state` varchar(32) DEFAULT NULL,
  `customers_country` varchar(32) NOT NULL DEFAULT '',
  `customers_telephone` varchar(32) NOT NULL DEFAULT '',
  `customers_email_address` varchar(96) NOT NULL DEFAULT '',
  `customers_address_format_id` int(5) NOT NULL DEFAULT '0',
  `delivery_name` varchar(64) NOT NULL DEFAULT '',
  `delivery_company` varchar(64) DEFAULT NULL,
  `delivery_street_address` varchar(64) NOT NULL DEFAULT '',
  `delivery_suburb` varchar(32) DEFAULT NULL,
  `delivery_city` varchar(32) NOT NULL DEFAULT '',
  `delivery_postcode` varchar(10) NOT NULL DEFAULT '',
  `delivery_state` varchar(32) DEFAULT NULL,
  `delivery_country` varchar(32) NOT NULL DEFAULT '',
  `delivery_address_format_id` int(5) NOT NULL DEFAULT '0',
  `billing_name` varchar(64) NOT NULL DEFAULT '',
  `billing_company` varchar(64) DEFAULT NULL,
  `billing_street_address` varchar(64) NOT NULL DEFAULT '',
  `billing_suburb` varchar(32) DEFAULT NULL,
  `billing_city` varchar(32) NOT NULL DEFAULT '',
  `billing_postcode` varchar(10) NOT NULL DEFAULT '',
  `billing_state` varchar(32) DEFAULT NULL,
  `billing_country` varchar(32) NOT NULL DEFAULT '',
  `billing_address_format_id` int(5) NOT NULL DEFAULT '0',
  `payment_method` varchar(128) NOT NULL DEFAULT '',
  `payment_module_code` varchar(32) NOT NULL DEFAULT '',
  `shipping_method` varchar(128) NOT NULL DEFAULT '',
  `shipping_module_code` varchar(32) NOT NULL DEFAULT '',
  `coupon_code` varchar(32) NOT NULL DEFAULT '',
  `cc_type` varchar(20) DEFAULT NULL,
  `cc_owner` varchar(64) DEFAULT NULL,
  `cc_number` varchar(32) DEFAULT NULL,
  `cc_expires` varchar(4) DEFAULT NULL,
  `cc_cvv` blob,
  `last_modified` datetime DEFAULT NULL,
  `date_purchased` datetime DEFAULT NULL,
  `orders_status` int(5) NOT NULL DEFAULT '0',
  `orders_date_finished` datetime DEFAULT NULL,
  `currency` char(3) DEFAULT NULL,
  `currency_value` decimal(14,6) DEFAULT NULL,
  `order_total` decimal(14,2) DEFAULT NULL,
  `order_tax` decimal(14,2) DEFAULT NULL,
  `paypal_ipn_id` int(11) NOT NULL DEFAULT '0',
  `ip_address` varchar(96) NOT NULL DEFAULT '',
  PRIMARY KEY (`orders_id`),
  KEY `idx_status_orders_cust_zen` (`orders_status`,`orders_id`,`customers_id`),
  KEY `idx_date_purchased_zen` (`date_purchased`),
  KEY `idx_cust_id_orders_id_zen` (`customers_id`,`orders_id`)
) ENGINE=MyISAM AUTO_INCREMENT=12 DEFAULT CHARSET=latin1;

--
-- Dumping data for table `zen_orders`
--

INSERT INTO `zen_orders` VALUES (1,1,'Henry Shu','','1234 West Street','','Howell','48843','Michigan','United States','2222222222','jhbrake@comcast.net',2,'Henry Shu','','1234 West Street','','Howell','48843','Michigan','United States',2,'Henry Shu','','1234 West Street','','Howell','48843','Michigan','United States',2,'Check/Money Order','moneyorder','Flat Rate (Best Way)','flat','','','','','',NULL,NULL,'2010-03-31 19:22:43',1,NULL,'USD',1.000000,101.60,0.00,0,'76.234.131.21 - 76.234.131.21'),(2,1,'Henry Shu','','1234 West Street','','Howell','48843','Michigan','United States','2222222222','jhbrake@comcast.net',2,' ','','','','','','','',0,'Henry Shu','','1234 West Street','','Howell','48843','Michigan','United States',2,'Check/Money Order','moneyorder','f','free','','','','','',NULL,NULL,'2010-04-02 19:56:49',1,NULL,'USD',1.000000,44.60,0.00,0,'76.221.246.255 - 76.221.246.255'),(3,2,'JOHN BRAKE','','9079 PIERSON RD','','FOWLERVILLE','48836','Michigan','United States','2482406863','jhbrake@nsconstruct.com',2,' ','','','','','','','',0,'JOHN BRAKE','','9079 PIERSON RD','','FOWLERVILLE','48836','Michigan','United States',2,'Credit Card','cc','f','free','','Visa','JOHN BRAKE','4447XXXXXXXX3275','0911',NULL,NULL,'2011-01-08 10:03:20',1,NULL,'USD',1.000000,4.95,0.00,0,'97.146.164.10 - 97.146.164.10'),(4,2,'JOHN BRAKE','','9079 PIERSON RD','','FOWLERVILLE','48836','Michigan','United States','2482406863','jhbrake@nsconstruct.com',2,' ','','','','','','','',0,'JOHN BRAKE','','9079 PIERSON RD','','FOWLERVILLE','48836','Michigan','United States',2,'Credit Card','cc','f','free','','Visa','JOHN BRAKE','4447XXXXXXXX3275','0911',NULL,NULL,'2011-01-08 10:11:15',1,NULL,'USD',1.000000,1.75,0.00,0,'97.146.164.10 - 97.146.164.10'),(5,2,'JOHN BRAKE','','9079 PIERSON RD','','FOWLERVILLE','48836','Michigan','United States','2482406863','jhbrake@nsconstruct.com',2,' ','','','','','','','',0,'JOHN BRAKE','','9079 PIERSON RD','','FOWLERVILLE','48836','Michigan','United States',2,'Credit Card','cc','f','free','','Visa','JOHN BRAKE','4447XXXXXXXX3275','0911',NULL,NULL,'2011-01-08 10:54:20',1,NULL,'USD',1.000000,1.75,0.00,0,'97.146.164.10 - 97.146.164.10'),(6,2,'JOHN BRAKE','','9079 PIERSON RD','','FOWLERVILLE','48836','Michigan','United States','2482406863','jhbrake@nsconstruct.com',2,' ','','','','','','','',0,'JOHN BRAKE','','9079 PIERSON RD','','FOWLERVILLE','48836','Michigan','United States',2,'Credit Card','cc','f','free','','Visa','JOHN BRAKE','4447XXXXXXXX3275','0911',NULL,NULL,'2011-01-08 11:02:03',1,NULL,'USD',1.000000,1.75,0.00,0,'97.146.164.10 - 97.146.164.10'),(7,2,'JOHN BRAKE','','9079 PIERSON RD','','FOWLERVILLE','48836','Michigan','United States','2482406863','jhbrake@nsconstruct.com',2,' ','','','','','','','',0,'JOHN BRAKE','','9079 PIERSON RD','','FOWLERVILLE','48836','Michigan','United States',2,'Credit Card','cc','f','free','','Visa','JOHN BRAKE','4447XXXXXXXX8075','1113',NULL,NULL,'2011-01-08 14:17:43',1,NULL,'USD',1.000000,7.45,0.00,0,'67.142.161.32 - 67.142.161.32'),(8,2,'JOHN BRAKE','','9079 PIERSON RD','','FOWLERVILLE','48836','Michigan','United States','2482406863','jhbrake@nsconstruct.com',2,' ','','','','','','','',0,'JOHN BRAKE','','9079 PIERSON RD','','FOWLERVILLE','48836','Michigan','United States',2,'Credit Card','cc','f','free','','Visa','JOHN BRAKE','4447XXXXXXXX8075','1111',NULL,NULL,'2011-01-08 15:56:18',1,NULL,'USD',1.000000,1.75,0.00,0,'97.179.75.77 - 97.179.75.77'),(9,2,'JOHN BRAKE','','9079 PIERSON RD','','FOWLERVILLE','48836','Michigan','United States','2482406863','jhbrake@nsconstruct.com',2,' ','','','','','','','',0,'JOHN BRAKE','','9079 PIERSON RD','','FOWLERVILLE','48836','Michigan','United States',2,'Credit Card','cc','f','free','','Visa','JOHN BRAKE','4447XXXXXXXX8075','1111',NULL,NULL,'2011-01-08 17:09:05',1,NULL,'USD',1.000000,1.75,0.00,0,'97.179.75.77 - 97.179.75.77'),(10,3,'john brake','','2210 ridgewood circle','','royal palm beach','33411','Florida','United States','','jack.b@aaasurvivalproducts.com',2,'john brake','','2210 ridgewood circle','','royal palm beach','33411','Florida','United States',2,'john brake','','2210 ridgewood circle','','royal palm beach','33411','Florida','United States',2,'PayPal','paypalwpp','FREE SHIPPING! (Free Shipping Only)','freeshipper','','','','','',NULL,NULL,'2011-05-24 22:53:21',2,NULL,'USD',1.000000,0.10,0.00,0,'184.61.202.44 - 184.61.202.44'),(11,4,'John Brake','','9079 Pierson Rd','','Fowlerville','48836','Michigan','United States','','jbrake@nsconstruct.com',2,'John Brake','','9079 Pierson Rd','','Fowlerville','48836','Michigan','United States',2,'John Brake','','9079 Pierson Rd','','Fowlerville','48836','Michigan','United States',2,'PayPal','paypalwpp','FREE SHIPPING! (Free Shipping Only)','freeshipper','','','','','',NULL,NULL,'2011-05-25 22:56:19',2,NULL,'USD',1.000000,0.10,0.00,0,'184.61.202.44 - 184.61.202.44');

--
-- Table structure for table `zen_orders_products`
--

CREATE TABLE `zen_orders_products` (
  `orders_products_id` int(11) NOT NULL AUTO_INCREMENT,
  `orders_id` int(11) NOT NULL DEFAULT '0',
  `products_id` int(11) NOT NULL DEFAULT '0',
  `products_model` varchar(32) DEFAULT NULL,
  `products_name` varchar(64) NOT NULL DEFAULT '',
  `products_price` decimal(15,4) NOT NULL DEFAULT '0.0000',
  `final_price` decimal(15,4) NOT NULL DEFAULT '0.0000',
  `products_tax` decimal(7,4) NOT NULL DEFAULT '0.0000',
  `products_quantity` float NOT NULL DEFAULT '0',
  `onetime_charges` decimal(15,4) NOT NULL DEFAULT '0.0000',
  `products_priced_by_attribute` tinyint(1) NOT NULL DEFAULT '0',
  `product_is_free` tinyint(1) NOT NULL DEFAULT '0',
  `products_discount_type` tinyint(1) NOT NULL DEFAULT '0',
  `products_discount_type_from` tinyint(1) NOT NULL DEFAULT '0',
  `products_prid` tinytext NOT NULL,
  PRIMARY KEY (`orders_products_id`),
  KEY `idx_orders_id_prod_id_zen` (`orders_id`,`products_id`),
  KEY `idx_prod_id_orders_id_zen` (`products_id`,`orders_id`)
) ENGINE=MyISAM AUTO_INCREMENT=17 DEFAULT CHARSET=latin1;

--
-- Dumping data for table `zen_orders_products`
--

INSERT INTO `zen_orders_products` VALUES (1,1,131,'','Chop Suey (Served with Rice)',0.0000,5.9500,0.0000,1,0.0000,0,0,0,0,'131:58ffa379ef119dd81538a3cd0ae8432f'),(2,1,128,'','THE MANDARIN DINNER',0.0000,90.6500,0.0000,1,0.0000,0,0,0,0,'128:6c1d114371273c6d429f959ca4afa40c'),(3,2,1,'','CHINESE CHICKEN SALAD',7.9500,7.9500,0.0000,1,0.0000,0,0,0,0,'1'),(4,2,5,'','SWEET AND SOUR SHRIMP',11.2500,11.2500,0.0000,1,0.0000,0,0,0,0,'5'),(5,2,140,'','*  MANDARIN SPICY CHICKEN',5.9500,5.9500,0.0000,1,0.0000,0,0,0,0,'140'),(6,2,143,'','* CHICKEN GREEN BEANS',6.7500,6.7500,0.0000,2,0.0000,0,0,0,0,'143'),(7,2,142,'','SNOW WHITE CHICKEN',5.9500,5.9500,0.0000,1,0.0000,0,0,0,0,'142'),(8,3,115,'','CRABMEAT CHEESE (4)',4.9500,4.9500,0.0000,1,0.0000,0,0,0,0,'115'),(9,4,3,'','EGG DROP SOUP',0.0000,1.7500,0.0000,1,0.0000,0,0,0,0,'3:9d2458150f98263abbde3fa39f5a952c'),(10,5,3,'','EGG DROP SOUP',0.0000,1.7500,0.0000,1,0.0000,0,0,0,0,'3:9d2458150f98263abbde3fa39f5a952c'),(11,6,3,'','EGG DROP SOUP',0.0000,1.7500,0.0000,1,0.0000,0,0,0,0,'3:9d2458150f98263abbde3fa39f5a952c'),(12,7,103,'','PORK FRIED RICE',7.4500,7.4500,0.0000,1,0.0000,0,0,0,0,'103'),(13,8,3,'','EGG DROP SOUP',0.0000,1.7500,0.0000,1,0.0000,0,0,0,0,'3:9d2458150f98263abbde3fa39f5a952c'),(14,9,3,'','EGG DROP SOUP',0.0000,1.7500,0.0000,1,0.0000,0,0,0,0,'3:9d2458150f98263abbde3fa39f5a952c'),(15,10,165,'test01','test',0.1000,0.1000,0.0000,1,0.0000,0,0,0,0,'165:3a98e7b694cf93ceb76f20e3165f04c7'),(16,11,165,'test01','test product dig down',0.1000,0.1000,0.0000,1,0.0000,1,0,0,0,'165:3a98e7b694cf93ceb76f20e3165f04c7');

--
-- Table structure for table `zen_orders_products_attributes`
--

CREATE TABLE `zen_orders_products_attributes` (
  `orders_products_attributes_id` int(11) NOT NULL AUTO_INCREMENT,
  `orders_id` int(11) NOT NULL DEFAULT '0',
  `orders_products_id` int(11) NOT NULL DEFAULT '0',
  `products_options` varchar(32) NOT NULL DEFAULT '',
  `products_options_values` text NOT NULL,
  `options_values_price` decimal(15,4) NOT NULL DEFAULT '0.0000',
  `price_prefix` char(1) NOT NULL DEFAULT '',
  `product_attribute_is_free` tinyint(1) NOT NULL DEFAULT '0',
  `products_attributes_weight` float NOT NULL DEFAULT '0',
  `products_attributes_weight_prefix` char(1) NOT NULL DEFAULT '',
  `attributes_discounted` tinyint(1) NOT NULL DEFAULT '1',
  `attributes_price_base_included` tinyint(1) NOT NULL DEFAULT '1',
  `attributes_price_onetime` decimal(15,4) NOT NULL DEFAULT '0.0000',
  `attributes_price_factor` decimal(15,4) NOT NULL DEFAULT '0.0000',
  `attributes_price_factor_offset` decimal(15,4) NOT NULL DEFAULT '0.0000',
  `attributes_price_factor_onetime` decimal(15,4) NOT NULL DEFAULT '0.0000',
  `attributes_price_factor_onetime_offset` decimal(15,4) NOT NULL DEFAULT '0.0000',
  `attributes_qty_prices` text,
  `attributes_qty_prices_onetime` text,
  `attributes_price_words` decimal(15,4) NOT NULL DEFAULT '0.0000',
  `attributes_price_words_free` int(4) NOT NULL DEFAULT '0',
  `attributes_price_letters` decimal(15,4) NOT NULL DEFAULT '0.0000',
  `attributes_price_letters_free` int(4) NOT NULL DEFAULT '0',
  `products_options_id` int(11) NOT NULL DEFAULT '0',
  `products_options_values_id` int(11) NOT NULL DEFAULT '0',
  `products_prid` tinytext NOT NULL,
  PRIMARY KEY (`orders_products_attributes_id`),
  KEY `idx_orders_id_prod_id_zen` (`orders_id`,`orders_products_id`)
) ENGINE=MyISAM AUTO_INCREMENT=10 DEFAULT CHARSET=latin1;

--
-- Dumping data for table `zen_orders_products_attributes`
--

INSERT INTO `zen_orders_products_attributes` VALUES (1,1,1,'Chop Suey','Chicken, Pork or Vegetable',5.9500,'',1,0,'+',1,1,0.0000,0.0000,0.0000,0.0000,0.0000,'','',0.0000,0,0.0000,0,5,17,'131:58ffa379ef119dd81538a3cd0ae8432f'),(2,1,2,'Number of Persons','7 Persons',90.6500,'',1,0,'+',1,1,0.0000,0.0000,0.0000,0.0000,0.0000,'','',0.0000,0,0.0000,0,2,8,'128:6c1d114371273c6d429f959ca4afa40c'),(3,4,9,'Size','Small (8 oz.)',1.7500,'',1,0,'+',1,1,0.0000,0.0000,0.0000,0.0000,0.0000,'','',0.0000,0,0.0000,0,1,1,'3:9d2458150f98263abbde3fa39f5a952c'),(4,5,10,'Size','Small (8 oz.)',1.7500,'',1,0,'+',1,1,0.0000,0.0000,0.0000,0.0000,0.0000,'','',0.0000,0,0.0000,0,1,1,'3:9d2458150f98263abbde3fa39f5a952c'),(5,6,11,'Size','Small (8 oz.)',1.7500,'',1,0,'+',1,1,0.0000,0.0000,0.0000,0.0000,0.0000,'','',0.0000,0,0.0000,0,1,1,'3:9d2458150f98263abbde3fa39f5a952c'),(6,8,13,'Size','Small (8 oz.)',1.7500,'',1,0,'+',1,1,0.0000,0.0000,0.0000,0.0000,0.0000,'','',0.0000,0,0.0000,0,1,1,'3:9d2458150f98263abbde3fa39f5a952c'),(7,9,14,'Size','Small (8 oz.)',1.7500,'',1,0,'+',1,1,0.0000,0.0000,0.0000,0.0000,0.0000,'','',0.0000,0,0.0000,0,1,1,'3:9d2458150f98263abbde3fa39f5a952c'),(8,10,15,'download','zip',0.0000,'+',1,0,'+',1,1,0.0000,0.0000,0.0000,0.0000,0.0000,'','',0.0000,0,0.0000,0,7,29,'165:3a98e7b694cf93ceb76f20e3165f04c7'),(9,11,16,'download','zip',0.0000,'+',1,0,'+',1,1,0.0000,0.0000,0.0000,0.0000,0.0000,'','',0.0000,0,0.0000,0,7,29,'165:3a98e7b694cf93ceb76f20e3165f04c7');

--
-- Table structure for table `zen_orders_products_download`
--

CREATE TABLE `zen_orders_products_download` (
  `orders_products_download_id` int(11) NOT NULL AUTO_INCREMENT,
  `orders_id` int(11) NOT NULL DEFAULT '0',
  `orders_products_id` int(11) NOT NULL DEFAULT '0',
  `orders_products_filename` varchar(255) NOT NULL DEFAULT '',
  `download_maxdays` int(2) NOT NULL DEFAULT '0',
  `download_count` int(2) NOT NULL DEFAULT '0',
  `products_prid` tinytext NOT NULL,
  PRIMARY KEY (`orders_products_download_id`),
  KEY `idx_orders_id_zen` (`orders_id`),
  KEY `idx_orders_products_id_zen` (`orders_products_id`)
) ENGINE=MyISAM DEFAULT CHARSET=latin1;

--
-- Dumping data for table `zen_orders_products_download`
--


--
-- Table structure for table `zen_orders_status`
--

CREATE TABLE `zen_orders_status` (
  `orders_status_id` int(11) NOT NULL DEFAULT '0',
  `language_id` int(11) NOT NULL DEFAULT '1',
  `orders_status_name` varchar(32) NOT NULL DEFAULT '',
  PRIMARY KEY (`orders_status_id`,`language_id`),
  KEY `idx_orders_status_name_zen` (`orders_status_name`)
) ENGINE=MyISAM DEFAULT CHARSET=latin1;

--
-- Dumping data for table `zen_orders_status`
--

INSERT INTO `zen_orders_status` VALUES (1,1,'Pending'),(2,1,'Processing'),(3,1,'Delivered'),(4,1,'Update'),(100,1,'Google New'),(101,1,'Google Processing'),(103,1,'Google Digital Processed'),(105,1,'Google Shipped'),(107,1,'Google Refunded'),(109,1,'Google Shipped and Refunded'),(111,1,'Google Canceled');

--
-- Table structure for table `zen_orders_status_history`
--

CREATE TABLE `zen_orders_status_history` (
  `orders_status_history_id` int(11) NOT NULL AUTO_INCREMENT,
  `orders_id` int(11) NOT NULL DEFAULT '0',
  `orders_status_id` int(5) NOT NULL DEFAULT '0',
  `date_added` datetime NOT NULL DEFAULT '0001-01-01 00:00:00',
  `customer_notified` int(1) DEFAULT '0',
  `comments` text,
  PRIMARY KEY (`orders_status_history_id`),
  KEY `idx_orders_id_status_id_zen` (`orders_id`,`orders_status_id`)
) ENGINE=MyISAM AUTO_INCREMENT=14 DEFAULT CHARSET=latin1;

--
-- Dumping data for table `zen_orders_status_history`
--

INSERT INTO `zen_orders_status_history` VALUES (1,1,1,'2010-03-31 19:22:43',1,''),(2,2,1,'2010-04-02 19:56:49',1,''),(3,3,1,'2011-01-08 10:03:20',1,'MAKE IT HOT AND SPICY'),(4,4,1,'2011-01-08 10:11:15',1,'HOT N SPICY'),(5,5,1,'2011-01-08 10:54:20',1,'HOT N SPICY BOYS'),(6,6,1,'2011-01-08 11:02:03',1,'HOT N GOOD'),(7,7,1,'2011-01-08 14:17:43',1,'hot n good'),(8,8,1,'2011-01-08 15:56:18',1,'hot n good'),(9,9,1,'2011-01-08 17:09:05',1,'hot n ready'),(10,10,2,'2011-05-24 22:53:21',1,''),(11,10,2,'2011-05-24 22:53:21',0,'Transaction ID: 5K02035550982172A \nPayment Type: PayPal Express Checkout (instant) \nTimestamp: 2011-05-25T03:53:20Z \nPayment Status: Completed \nAmount: 0.10 USD '),(12,11,2,'2011-05-25 22:56:19',1,''),(13,11,2,'2011-05-25 22:56:19',0,'Transaction ID: 1WF82056VF891643W \nPayment Type: PayPal Express Checkout (instant) \nTimestamp: 2011-05-26T03:56:18Z \nPayment Status: Completed \nAmount: 0.10 USD ');

--
-- Table structure for table `zen_orders_total`
--

CREATE TABLE `zen_orders_total` (
  `orders_total_id` int(10) unsigned NOT NULL AUTO_INCREMENT,
  `orders_id` int(11) NOT NULL DEFAULT '0',
  `title` varchar(255) NOT NULL DEFAULT '',
  `text` varchar(255) NOT NULL DEFAULT '',
  `value` decimal(15,4) NOT NULL DEFAULT '0.0000',
  `class` varchar(32) NOT NULL DEFAULT '',
  `sort_order` int(11) NOT NULL DEFAULT '0',
  PRIMARY KEY (`orders_total_id`),
  KEY `idx_ot_orders_id_zen` (`orders_id`),
  KEY `idx_ot_class_zen` (`class`)
) ENGINE=MyISAM AUTO_INCREMENT=24 DEFAULT CHARSET=latin1;

--
-- Dumping data for table `zen_orders_total`
--

INSERT INTO `zen_orders_total` VALUES (1,1,'Sub-Total:','$96.60',96.6000,'ot_subtotal',100),(2,1,'Flat Rate (Best Way):','$5.00',5.0000,'ot_shipping',200),(3,1,'Total:','$101.60',101.6000,'ot_total',999),(4,2,'Sub-Total:','$44.60',44.6000,'ot_subtotal',100),(5,2,'Total:','$44.60',44.6000,'ot_total',999),(6,3,'Sub-Total:','$4.95',4.9500,'ot_subtotal',100),(7,3,'Total:','$4.95',4.9500,'ot_total',999),(8,4,'Sub-Total:','$1.75',1.7500,'ot_subtotal',100),(9,4,'Total:','$1.75',1.7500,'ot_total',999),(10,5,'Sub-Total:','$1.75',1.7500,'ot_subtotal',100),(11,5,'Total:','$1.75',1.7500,'ot_total',999),(12,6,'Sub-Total:','$1.75',1.7500,'ot_subtotal',100),(13,6,'Total:','$1.75',1.7500,'ot_total',999),(14,7,'Sub-Total:','$7.45',7.4500,'ot_subtotal',100),(15,7,'Total:','$7.45',7.4500,'ot_total',999),(16,8,'Sub-Total:','$1.75',1.7500,'ot_subtotal',100),(17,8,'Total:','$1.75',1.7500,'ot_total',999),(18,9,'Sub-Total:','$1.75',1.7500,'ot_subtotal',100),(19,9,'Total:','$1.75',1.7500,'ot_total',999),(20,10,'Sub-Total:','$0.10',0.1000,'ot_subtotal',100),(21,10,'Total:','$0.10',0.1000,'ot_total',999),(22,11,'Sub-Total:','$0.10',0.1000,'ot_subtotal',100),(23,11,'Total:','$0.10',0.1000,'ot_total',999);

--
-- Table structure for table `zen_paypal`
--

CREATE TABLE `zen_paypal` (
  `paypal_ipn_id` int(11) unsigned NOT NULL AUTO_INCREMENT,
  `order_id` int(11) unsigned NOT NULL DEFAULT '0',
  `txn_type` varchar(40) NOT NULL DEFAULT '',
  `module_name` varchar(40) NOT NULL DEFAULT '',
  `module_mode` varchar(40) NOT NULL DEFAULT '',
  `reason_code` varchar(40) DEFAULT NULL,
  `payment_type` varchar(40) NOT NULL DEFAULT '',
  `payment_status` varchar(32) NOT NULL DEFAULT '',
  `pending_reason` varchar(32) DEFAULT NULL,
  `invoice` varchar(128) DEFAULT NULL,
  `mc_currency` char(3) NOT NULL DEFAULT '',
  `first_name` varchar(32) NOT NULL DEFAULT '',
  `last_name` varchar(32) NOT NULL DEFAULT '',
  `payer_business_name` varchar(128) DEFAULT NULL,
  `address_name` varchar(64) DEFAULT NULL,
  `address_street` varchar(254) DEFAULT NULL,
  `address_city` varchar(120) DEFAULT NULL,
  `address_state` varchar(120) DEFAULT NULL,
  `address_zip` varchar(10) DEFAULT NULL,
  `address_country` varchar(64) DEFAULT NULL,
  `address_status` varchar(11) DEFAULT NULL,
  `payer_email` varchar(128) NOT NULL DEFAULT '',
  `payer_id` varchar(32) NOT NULL DEFAULT '',
  `payer_status` varchar(10) NOT NULL DEFAULT '',
  `payment_date` datetime NOT NULL DEFAULT '0001-01-01 00:00:00',
  `business` varchar(128) NOT NULL DEFAULT '',
  `receiver_email` varchar(128) NOT NULL DEFAULT '',
  `receiver_id` varchar(32) NOT NULL DEFAULT '',
  `txn_id` varchar(20) NOT NULL DEFAULT '',
  `parent_txn_id` varchar(20) DEFAULT NULL,
  `num_cart_items` tinyint(4) unsigned NOT NULL DEFAULT '1',
  `mc_gross` decimal(7,2) NOT NULL DEFAULT '0.00',
  `mc_fee` decimal(7,2) NOT NULL DEFAULT '0.00',
  `payment_gross` decimal(7,2) DEFAULT NULL,
  `payment_fee` decimal(7,2) DEFAULT NULL,
  `settle_amount` decimal(7,2) DEFAULT NULL,
  `settle_currency` char(3) DEFAULT NULL,
  `exchange_rate` decimal(4,2) DEFAULT NULL,
  `notify_version` varchar(6) NOT NULL DEFAULT '',
  `verify_sign` varchar(128) NOT NULL DEFAULT '',
  `last_modified` datetime NOT NULL DEFAULT '0001-01-01 00:00:00',
  `date_added` datetime NOT NULL DEFAULT '0001-01-01 00:00:00',
  `memo` text,
  PRIMARY KEY (`paypal_ipn_id`,`txn_id`),
  KEY `idx_order_id_zen` (`order_id`)
) ENGINE=MyISAM AUTO_INCREMENT=3 DEFAULT CHARSET=latin1;

--
-- Dumping data for table `zen_paypal`
--

INSERT INTO `zen_paypal` VALUES (1,10,'expresscheckout','paypalwpp','PayPal','None','PayPal Express Checkout (instant)','Completed','None','EC-13P49337UB2738432','USD','John','Brake','','John Brake','2210 Ridgewood Circle','Royal Palm Beach','FL','33411','','Confirmed','jack.b@aaasurvivalproducts.com','7AUEEUBBE22H4','unverified','2011-05-25 03:53:20','','eorder.adirondakchairs.net','','5K02035550982172A','',1,0.10,0.10,NULL,NULL,0.00,'USD',1.00,'0','','0001-01-01 00:00:00','2011-05-24 22:53:21','{Record generated by payment module}'),(2,11,'expresscheckout','paypalwpp','PayPal','None','PayPal Express Checkout (instant)','Completed','None','EC-8YD88380SM970580L','USD','John','Brake','','John Brake','9079 Pierson Rd','Fowlerville','MI','48836','','Confirmed','jbrake@nsconstruct.com','3C7X2QVAB5RJL','unverified','2011-05-26 03:56:18','','eorder.adirondakchairs.net','','1WF82056VF891643W','',1,0.10,0.10,NULL,NULL,0.00,'USD',1.00,'0','','0001-01-01 00:00:00','2011-05-25 22:56:19','{Record generated by payment module}');

--
-- Table structure for table `zen_paypal_payment_status`
--

CREATE TABLE `zen_paypal_payment_status` (
  `payment_status_id` int(11) NOT NULL AUTO_INCREMENT,
  `payment_status_name` varchar(64) NOT NULL DEFAULT '',
  PRIMARY KEY (`payment_status_id`)
) ENGINE=MyISAM AUTO_INCREMENT=8 DEFAULT CHARSET=latin1;

--
-- Dumping data for table `zen_paypal_payment_status`
--

INSERT INTO `zen_paypal_payment_status` VALUES (1,'Completed'),(2,'Pending'),(3,'Failed'),(4,'Denied'),(5,'Refunded'),(6,'Canceled_Reversal'),(7,'Reversed');

--
-- Table structure for table `zen_paypal_payment_status_history`
--

CREATE TABLE `zen_paypal_payment_status_history` (
  `payment_status_history_id` int(11) NOT NULL AUTO_INCREMENT,
  `paypal_ipn_id` int(11) NOT NULL DEFAULT '0',
  `txn_id` varchar(64) NOT NULL DEFAULT '',
  `parent_txn_id` varchar(64) NOT NULL DEFAULT '',
  `payment_status` varchar(17) NOT NULL DEFAULT '',
  `pending_reason` varchar(14) DEFAULT NULL,
  `date_added` datetime NOT NULL DEFAULT '0001-01-01 00:00:00',
  PRIMARY KEY (`payment_status_history_id`),
  KEY `idx_paypal_ipn_id_zen` (`paypal_ipn_id`)
) ENGINE=MyISAM DEFAULT CHARSET=latin1;

--
-- Dumping data for table `zen_paypal_payment_status_history`
--


--
-- Table structure for table `zen_paypal_session`
--

CREATE TABLE `zen_paypal_session` (
  `unique_id` int(11) NOT NULL AUTO_INCREMENT,
  `session_id` text NOT NULL,
  `saved_session` mediumblob NOT NULL,
  `expiry` int(17) NOT NULL DEFAULT '0',
  PRIMARY KEY (`unique_id`),
  KEY `idx_session_id_zen` (`session_id`(36))
) ENGINE=MyISAM DEFAULT CHARSET=latin1;

--
-- Dumping data for table `zen_paypal_session`
--


--
-- Table structure for table `zen_paypal_testing`
--

CREATE TABLE `zen_paypal_testing` (
  `paypal_ipn_id` int(11) unsigned NOT NULL AUTO_INCREMENT,
  `order_id` int(11) unsigned NOT NULL DEFAULT '0',
  `custom` varchar(255) NOT NULL DEFAULT '',
  `txn_type` varchar(40) NOT NULL DEFAULT '',
  `module_name` varchar(40) NOT NULL DEFAULT '',
  `module_mode` varchar(40) NOT NULL DEFAULT '',
  `reason_code` varchar(40) DEFAULT NULL,
  `payment_type` varchar(40) NOT NULL DEFAULT '',
  `payment_status` varchar(32) NOT NULL DEFAULT '',
  `pending_reason` varchar(32) DEFAULT NULL,
  `invoice` varchar(128) DEFAULT NULL,
  `mc_currency` char(3) NOT NULL DEFAULT '',
  `first_name` varchar(32) NOT NULL DEFAULT '',
  `last_name` varchar(32) NOT NULL DEFAULT '',
  `payer_business_name` varchar(128) DEFAULT NULL,
  `address_name` varchar(64) DEFAULT NULL,
  `address_street` varchar(254) DEFAULT NULL,
  `address_city` varchar(120) DEFAULT NULL,
  `address_state` varchar(120) DEFAULT NULL,
  `address_zip` varchar(10) DEFAULT NULL,
  `address_country` varchar(64) DEFAULT NULL,
  `address_status` varchar(11) DEFAULT NULL,
  `payer_email` varchar(128) NOT NULL DEFAULT '',
  `payer_id` varchar(32) NOT NULL DEFAULT '',
  `payer_status` varchar(10) NOT NULL DEFAULT '',
  `payment_date` datetime NOT NULL DEFAULT '0001-01-01 00:00:00',
  `business` varchar(128) NOT NULL DEFAULT '',
  `receiver_email` varchar(128) NOT NULL DEFAULT '',
  `receiver_id` varchar(32) NOT NULL DEFAULT '',
  `txn_id` varchar(20) NOT NULL DEFAULT '',
  `parent_txn_id` varchar(20) DEFAULT NULL,
  `num_cart_items` tinyint(4) unsigned NOT NULL DEFAULT '1',
  `mc_gross` decimal(7,2) NOT NULL DEFAULT '0.00',
  `mc_fee` decimal(7,2) NOT NULL DEFAULT '0.00',
  `payment_gross` decimal(7,2) DEFAULT NULL,
  `payment_fee` decimal(7,2) DEFAULT NULL,
  `settle_amount` decimal(7,2) DEFAULT NULL,
  `settle_currency` char(3) DEFAULT NULL,
  `exchange_rate` decimal(4,2) DEFAULT NULL,
  `notify_version` decimal(2,1) NOT NULL DEFAULT '0.0',
  `verify_sign` varchar(128) NOT NULL DEFAULT '',
  `last_modified` datetime NOT NULL DEFAULT '0001-01-01 00:00:00',
  `date_added` datetime NOT NULL DEFAULT '0001-01-01 00:00:00',
  `memo` text,
  PRIMARY KEY (`paypal_ipn_id`,`txn_id`),
  KEY `idx_order_id_zen` (`order_id`)
) ENGINE=MyISAM DEFAULT CHARSET=latin1;

--
-- Dumping data for table `zen_paypal_testing`
--


--
-- Table structure for table `zen_product_music_extra`
--

CREATE TABLE `zen_product_music_extra` (
  `products_id` int(11) NOT NULL DEFAULT '0',
  `artists_id` int(11) NOT NULL DEFAULT '0',
  `record_company_id` int(11) NOT NULL DEFAULT '0',
  `music_genre_id` int(11) NOT NULL DEFAULT '0',
  PRIMARY KEY (`products_id`),
  KEY `idx_music_genre_id_zen` (`music_genre_id`),
  KEY `idx_artists_id_zen` (`artists_id`),
  KEY `idx_record_company_id_zen` (`record_company_id`)
) ENGINE=MyISAM DEFAULT CHARSET=latin1;

--
-- Dumping data for table `zen_product_music_extra`
--


--
-- Table structure for table `zen_product_type_layout`
--

CREATE TABLE `zen_product_type_layout` (
  `configuration_id` int(11) NOT NULL AUTO_INCREMENT,
  `configuration_title` text NOT NULL,
  `configuration_key` varchar(255) NOT NULL DEFAULT '',
  `configuration_value` text NOT NULL,
  `configuration_description` text NOT NULL,
  `product_type_id` int(11) NOT NULL DEFAULT '0',
  `sort_order` int(5) DEFAULT NULL,
  `last_modified` datetime DEFAULT NULL,
  `date_added` datetime NOT NULL DEFAULT '0001-01-01 00:00:00',
  `use_function` text,
  `set_function` text,
  PRIMARY KEY (`configuration_id`),
  UNIQUE KEY `unq_config_key_zen` (`configuration_key`),
  KEY `idx_key_value_zen` (`configuration_key`,`configuration_value`(10)),
  KEY `idx_type_id_sort_order_zen` (`product_type_id`,`sort_order`)
) ENGINE=MyISAM AUTO_INCREMENT=144 DEFAULT CHARSET=latin1;

--
-- Dumping data for table `zen_product_type_layout`
--

INSERT INTO `zen_product_type_layout` VALUES (1,'Show Model Number','SHOW_PRODUCT_INFO_MODEL','0','Display Model Number on Product Info 0= off 1= on',1,1,'2010-03-05 11:27:24','2010-03-04 18:39:24',NULL,'zen_cfg_select_drop_down(array(array(\'id\'=>\'1\', \'text\'=>\'True\'), array(\'id\'=>\'0\', \'text\'=>\'False\')), '),(2,'Show Weight','SHOW_PRODUCT_INFO_WEIGHT','0','Display Weight on Product Info 0= off 1= on',1,2,'2010-03-04 22:35:15','2010-03-04 18:39:24',NULL,'zen_cfg_select_drop_down(array(array(\'id\'=>\'1\', \'text\'=>\'True\'), array(\'id\'=>\'0\', \'text\'=>\'False\')), '),(3,'Show Attribute Weight','SHOW_PRODUCT_INFO_WEIGHT_ATTRIBUTES','0','Display Attribute Weight on Product Info 0= off 1= on',1,3,'2010-03-04 22:35:26','2010-03-04 18:39:24',NULL,'zen_cfg_select_drop_down(array(array(\'id\'=>\'1\', \'text\'=>\'True\'), array(\'id\'=>\'0\', \'text\'=>\'False\')), '),(4,'Show Manufacturer','SHOW_PRODUCT_INFO_MANUFACTURER','1','Display Manufacturer Name on Product Info 0= off 1= on',1,4,NULL,'2010-03-04 18:39:24',NULL,'zen_cfg_select_drop_down(array(array(\'id\'=>\'1\', \'text\'=>\'True\'), array(\'id\'=>\'0\', \'text\'=>\'False\')), '),(5,'Show Quantity in Shopping Cart','SHOW_PRODUCT_INFO_IN_CART_QTY','1','Display Quantity in Current Shopping Cart on Product Info 0= off 1= on',1,5,NULL,'2010-03-04 18:39:24',NULL,'zen_cfg_select_drop_down(array(array(\'id\'=>\'1\', \'text\'=>\'True\'), array(\'id\'=>\'0\', \'text\'=>\'False\')), '),(6,'Show Quantity in Stock','SHOW_PRODUCT_INFO_QUANTITY','0','Display Quantity in Stock on Product Info 0= off 1= on',1,6,'2010-03-04 22:20:08','2010-03-04 18:39:24',NULL,'zen_cfg_select_drop_down(array(array(\'id\'=>\'1\', \'text\'=>\'True\'), array(\'id\'=>\'0\', \'text\'=>\'False\')), '),(7,'Show Product Reviews Count','SHOW_PRODUCT_INFO_REVIEWS_COUNT','0','Display Product Reviews Count on Product Info 0= off 1= on',1,7,'2010-03-04 22:20:25','2010-03-04 18:39:24',NULL,'zen_cfg_select_drop_down(array(array(\'id\'=>\'1\', \'text\'=>\'True\'), array(\'id\'=>\'0\', \'text\'=>\'False\')), '),(8,'Show Product Reviews Button','SHOW_PRODUCT_INFO_REVIEWS','1','Display Product Reviews Button on Product Info 0= off 1= on',1,8,NULL,'2010-03-04 18:39:24',NULL,'zen_cfg_select_drop_down(array(array(\'id\'=>\'1\', \'text\'=>\'True\'), array(\'id\'=>\'0\', \'text\'=>\'False\')), '),(9,'Show Date Available','SHOW_PRODUCT_INFO_DATE_AVAILABLE','0','Display Date Available on Product Info 0= off 1= on',1,9,'2010-03-05 11:28:27','2010-03-04 18:39:24',NULL,'zen_cfg_select_drop_down(array(array(\'id\'=>\'1\', \'text\'=>\'True\'), array(\'id\'=>\'0\', \'text\'=>\'False\')), '),(10,'Show Date Added','SHOW_PRODUCT_INFO_DATE_ADDED','0','Display Date Added on Product Info 0= off 1= on',1,10,'2010-03-05 11:28:12','2010-03-04 18:39:24',NULL,'zen_cfg_select_drop_down(array(array(\'id\'=>\'1\', \'text\'=>\'True\'), array(\'id\'=>\'0\', \'text\'=>\'False\')), '),(11,'Show Product URL','SHOW_PRODUCT_INFO_URL','1','Display URL on Product Info 0= off 1= on',1,11,NULL,'2010-03-04 18:39:24',NULL,'zen_cfg_select_drop_down(array(array(\'id\'=>\'1\', \'text\'=>\'True\'), array(\'id\'=>\'0\', \'text\'=>\'False\')), '),(12,'Show Product Additional Images','SHOW_PRODUCT_INFO_ADDITIONAL_IMAGES','1','Display Additional Images on Product Info 0= off 1= on',1,13,NULL,'2010-03-04 18:39:24',NULL,'zen_cfg_select_drop_down(array(array(\'id\'=>\'1\', \'text\'=>\'True\'), array(\'id\'=>\'0\', \'text\'=>\'False\')), '),(13,'Show Starting At text on Price','SHOW_PRODUCT_INFO_STARTING_AT','0','Display Starting At text on products with attributes Product Info 0= off 1= on',1,12,'2010-03-25 10:31:20','2010-03-04 18:39:24',NULL,'zen_cfg_select_drop_down(array(array(\'id\'=>\'1\', \'text\'=>\'True\'), array(\'id\'=>\'0\', \'text\'=>\'False\')), '),(14,'Show Product Tell a Friend button','SHOW_PRODUCT_INFO_TELL_A_FRIEND','0','Display the Tell a Friend button on Product Info<br /><br />Note: Turning this setting off does not affect the Tell a Friend box in the columns and turning off the Tell a Friend box does not affect the button<br />0= off 1= on',1,15,'2010-03-04 22:20:45','2010-03-04 18:39:24',NULL,'zen_cfg_select_drop_down(array(array(\'id\'=>\'1\', \'text\'=>\'True\'), array(\'id\'=>\'0\', \'text\'=>\'False\')), '),(15,'Product Free Shipping Image Status - Catalog','SHOW_PRODUCT_INFO_ALWAYS_FREE_SHIPPING_IMAGE_SWITCH','0','Show the Free Shipping image/text in the catalog?',1,16,NULL,'2010-03-04 18:39:24',NULL,'zen_cfg_select_drop_down(array(array(\'id\'=>\'1\', \'text\'=>\'Yes\'), array(\'id\'=>\'0\', \'text\'=>\'No\')), '),(16,'Product Price Tax Class Default - When adding new products?','DEFAULT_PRODUCT_TAX_CLASS_ID','0','What should the Product Price Tax Class Default ID be when adding new products?',1,100,NULL,'2010-03-04 18:39:24','',''),(17,'Product Virtual Default Status - Skip Shipping Address - When adding new products?','DEFAULT_PRODUCT_PRODUCTS_VIRTUAL','0','Default Virtual Product status to be ON when adding new products?',1,101,NULL,'2010-03-04 18:39:24',NULL,'zen_cfg_select_drop_down(array(array(\'id\'=>\'1\', \'text\'=>\'True\'), array(\'id\'=>\'0\', \'text\'=>\'False\')), '),(18,'Product Free Shipping Default Status - Normal Shipping Rules - When adding new products?','DEFAULT_PRODUCT_PRODUCTS_IS_ALWAYS_FREE_SHIPPING','0','What should the Default Free Shipping status be when adding new products?<br />Yes, Always Free Shipping ON<br />No, Always Free Shipping OFF<br />Special, Product/Download Requires Shipping',1,102,NULL,'2010-03-04 18:39:24',NULL,'zen_cfg_select_drop_down(array(array(\'id\'=>\'1\', \'text\'=>\'Yes, Always ON\'), array(\'id\'=>\'0\', \'text\'=>\'No, Always OFF\'), array(\'id\'=>\'2\', \'text\'=>\'Special\')), '),(19,'Show Model Number','SHOW_PRODUCT_MUSIC_INFO_MODEL','1','Display Model Number on Product Info 0= off 1= on',2,1,NULL,'2010-03-04 18:39:24',NULL,'zen_cfg_select_drop_down(array(array(\'id\'=>\'1\', \'text\'=>\'True\'), array(\'id\'=>\'0\', \'text\'=>\'False\')), '),(20,'Show Weight','SHOW_PRODUCT_MUSIC_INFO_WEIGHT','0','Display Weight on Product Info 0= off 1= on',2,2,NULL,'2010-03-04 18:39:24',NULL,'zen_cfg_select_drop_down(array(array(\'id\'=>\'1\', \'text\'=>\'True\'), array(\'id\'=>\'0\', \'text\'=>\'False\')), '),(21,'Show Attribute Weight','SHOW_PRODUCT_MUSIC_INFO_WEIGHT_ATTRIBUTES','1','Display Attribute Weight on Product Info 0= off 1= on',2,3,NULL,'2010-03-04 18:39:24',NULL,'zen_cfg_select_drop_down(array(array(\'id\'=>\'1\', \'text\'=>\'True\'), array(\'id\'=>\'0\', \'text\'=>\'False\')), '),(22,'Show Artist','SHOW_PRODUCT_MUSIC_INFO_ARTIST','1','Display Artists Name on Product Info 0= off 1= on',2,4,NULL,'2010-03-04 18:39:24',NULL,'zen_cfg_select_drop_down(array(array(\'id\'=>\'1\', \'text\'=>\'True\'), array(\'id\'=>\'0\', \'text\'=>\'False\')), '),(23,'Show Music Genre','SHOW_PRODUCT_MUSIC_INFO_GENRE','1','Display Music Genre on Product Info 0= off 1= on',2,4,NULL,'2010-03-04 18:39:24',NULL,'zen_cfg_select_drop_down(array(array(\'id\'=>\'1\', \'text\'=>\'True\'), array(\'id\'=>\'0\', \'text\'=>\'False\')), '),(24,'Show Record Company','SHOW_PRODUCT_MUSIC_INFO_RECORD_COMPANY','1','Display Record Company on Product Info 0= off 1= on',2,4,NULL,'2010-03-04 18:39:24',NULL,'zen_cfg_select_drop_down(array(array(\'id\'=>\'1\', \'text\'=>\'True\'), array(\'id\'=>\'0\', \'text\'=>\'False\')), '),(25,'Show Quantity in Shopping Cart','SHOW_PRODUCT_MUSIC_INFO_IN_CART_QTY','1','Display Quantity in Current Shopping Cart on Product Info 0= off 1= on',2,5,NULL,'2010-03-04 18:39:24',NULL,'zen_cfg_select_drop_down(array(array(\'id\'=>\'1\', \'text\'=>\'True\'), array(\'id\'=>\'0\', \'text\'=>\'False\')), '),(26,'Show Quantity in Stock','SHOW_PRODUCT_MUSIC_INFO_QUANTITY','0','Display Quantity in Stock on Product Info 0= off 1= on',2,6,NULL,'2010-03-04 18:39:24',NULL,'zen_cfg_select_drop_down(array(array(\'id\'=>\'1\', \'text\'=>\'True\'), array(\'id\'=>\'0\', \'text\'=>\'False\')), '),(27,'Show Product Reviews Count','SHOW_PRODUCT_MUSIC_INFO_REVIEWS_COUNT','1','Display Product Reviews Count on Product Info 0= off 1= on',2,7,NULL,'2010-03-04 18:39:24',NULL,'zen_cfg_select_drop_down(array(array(\'id\'=>\'1\', \'text\'=>\'True\'), array(\'id\'=>\'0\', \'text\'=>\'False\')), '),(28,'Show Product Reviews Button','SHOW_PRODUCT_MUSIC_INFO_REVIEWS','1','Display Product Reviews Button on Product Info 0= off 1= on',2,8,NULL,'2010-03-04 18:39:24',NULL,'zen_cfg_select_drop_down(array(array(\'id\'=>\'1\', \'text\'=>\'True\'), array(\'id\'=>\'0\', \'text\'=>\'False\')), '),(29,'Show Date Available','SHOW_PRODUCT_MUSIC_INFO_DATE_AVAILABLE','1','Display Date Available on Product Info 0= off 1= on',2,9,NULL,'2010-03-04 18:39:24',NULL,'zen_cfg_select_drop_down(array(array(\'id\'=>\'1\', \'text\'=>\'True\'), array(\'id\'=>\'0\', \'text\'=>\'False\')), '),(30,'Show Date Added','SHOW_PRODUCT_MUSIC_INFO_DATE_ADDED','1','Display Date Added on Product Info 0= off 1= on',2,10,NULL,'2010-03-04 18:39:24',NULL,'zen_cfg_select_drop_down(array(array(\'id\'=>\'1\', \'text\'=>\'True\'), array(\'id\'=>\'0\', \'text\'=>\'False\')), '),(31,'Show Starting At text on Price','SHOW_PRODUCT_MUSIC_INFO_STARTING_AT','1','Display Starting At text on products with attributes Product Info 0= off 1= on',2,12,NULL,'2010-03-04 18:39:24',NULL,'zen_cfg_select_drop_down(array(array(\'id\'=>\'1\', \'text\'=>\'True\'), array(\'id\'=>\'0\', \'text\'=>\'False\')), '),(32,'Show Product Additional Images','SHOW_PRODUCT_MUSIC_INFO_ADDITIONAL_IMAGES','1','Display Additional Images on Product Info 0= off 1= on',2,13,NULL,'2010-03-04 18:39:24',NULL,'zen_cfg_select_drop_down(array(array(\'id\'=>\'1\', \'text\'=>\'True\'), array(\'id\'=>\'0\', \'text\'=>\'False\')), '),(33,'Show Product Tell a Friend button','SHOW_PRODUCT_MUSIC_INFO_TELL_A_FRIEND','1','Display the Tell a Friend button on Product Info<br /><br />Note: Turning this setting off does not affect the Tell a Friend box in the columns and turning off the Tell a Friend box does not affect the button<br />0= off 1= on',2,15,NULL,'2010-03-04 18:39:24',NULL,'zen_cfg_select_drop_down(array(array(\'id\'=>\'1\', \'text\'=>\'True\'), array(\'id\'=>\'0\', \'text\'=>\'False\')), '),(34,'Product Free Shipping Image Status - Catalog','SHOW_PRODUCT_MUSIC_INFO_ALWAYS_FREE_SHIPPING_IMAGE_SWITCH','0','Show the Free Shipping image/text in the catalog?',2,16,NULL,'2010-03-04 18:39:24',NULL,'zen_cfg_select_drop_down(array(array(\'id\'=>\'1\', \'text\'=>\'Yes\'), array(\'id\'=>\'0\', \'text\'=>\'No\')), '),(35,'Product Price Tax Class Default - When adding new products?','DEFAULT_PRODUCT_MUSIC_TAX_CLASS_ID','0','What should the Product Price Tax Class Default ID be when adding new products?',2,100,NULL,'2010-03-04 18:39:24','',''),(36,'Product Virtual Default Status - Skip Shipping Address - When adding new products?','DEFAULT_PRODUCT_MUSIC_PRODUCTS_VIRTUAL','0','Default Virtual Product status to be ON when adding new products?',2,101,NULL,'2010-03-04 18:39:24',NULL,'zen_cfg_select_drop_down(array(array(\'id\'=>\'1\', \'text\'=>\'True\'), array(\'id\'=>\'0\', \'text\'=>\'False\')), '),(37,'Product Free Shipping Default Status - Normal Shipping Rules - When adding new products?','DEFAULT_PRODUCT_MUSIC_PRODUCTS_IS_ALWAYS_FREE_SHIPPING','0','What should the Default Free Shipping status be when adding new products?<br />Yes, Always Free Shipping ON<br />No, Always Free Shipping OFF<br />Special, Product/Download Requires Shipping',2,102,NULL,'2010-03-04 18:39:24',NULL,'zen_cfg_select_drop_down(array(array(\'id\'=>\'1\', \'text\'=>\'Yes, Always ON\'), array(\'id\'=>\'0\', \'text\'=>\'No, Always OFF\'), array(\'id\'=>\'2\', \'text\'=>\'Special\')), '),(38,'Show Product Reviews Count','SHOW_DOCUMENT_GENERAL_INFO_REVIEWS_COUNT','1','Display Product Reviews Count on Product Info 0= off 1= on',3,7,NULL,'2010-03-04 18:39:24',NULL,'zen_cfg_select_drop_down(array(array(\'id\'=>\'1\', \'text\'=>\'True\'), array(\'id\'=>\'0\', \'text\'=>\'False\')), '),(39,'Show Product Reviews Button','SHOW_DOCUMENT_GENERAL_INFO_REVIEWS','1','Display Product Reviews Button on Product Info 0= off 1= on',3,8,NULL,'2010-03-04 18:39:24',NULL,'zen_cfg_select_drop_down(array(array(\'id\'=>\'1\', \'text\'=>\'True\'), array(\'id\'=>\'0\', \'text\'=>\'False\')), '),(40,'Show Date Available','SHOW_DOCUMENT_GENERAL_INFO_DATE_AVAILABLE','1','Display Date Available on Product Info 0= off 1= on',3,9,NULL,'2010-03-04 18:39:24',NULL,'zen_cfg_select_drop_down(array(array(\'id\'=>\'1\', \'text\'=>\'True\'), array(\'id\'=>\'0\', \'text\'=>\'False\')), '),(41,'Show Date Added','SHOW_DOCUMENT_GENERAL_INFO_DATE_ADDED','1','Display Date Added on Product Info 0= off 1= on',3,10,NULL,'2010-03-04 18:39:24',NULL,'zen_cfg_select_drop_down(array(array(\'id\'=>\'1\', \'text\'=>\'True\'), array(\'id\'=>\'0\', \'text\'=>\'False\')), '),(42,'Show Product Tell a Friend button','SHOW_DOCUMENT_GENERAL_INFO_TELL_A_FRIEND','1','Display the Tell a Friend button on Product Info<br /><br />Note: Turning this setting off does not affect the Tell a Friend box in the columns and turning off the Tell a Friend box does not affect the button<br />0= off 1= on',3,15,NULL,'2010-03-04 18:39:24',NULL,'zen_cfg_select_drop_down(array(array(\'id\'=>\'1\', \'text\'=>\'True\'), array(\'id\'=>\'0\', \'text\'=>\'False\')), '),(43,'Show Product URL','SHOW_DOCUMENT_GENERAL_INFO_URL','1','Display URL on Product Info 0= off 1= on',3,11,NULL,'2010-03-04 18:39:24',NULL,'zen_cfg_select_drop_down(array(array(\'id\'=>\'1\', \'text\'=>\'True\'), array(\'id\'=>\'0\', \'text\'=>\'False\')), '),(44,'Show Product Additional Images','SHOW_DOCUMENT_GENERAL_INFO_ADDITIONAL_IMAGES','1','Display Additional Images on Product Info 0= off 1= on',3,13,NULL,'2010-03-04 18:39:24',NULL,'zen_cfg_select_drop_down(array(array(\'id\'=>\'1\', \'text\'=>\'True\'), array(\'id\'=>\'0\', \'text\'=>\'False\')), '),(45,'Show Model Number','SHOW_DOCUMENT_PRODUCT_INFO_MODEL','1','Display Model Number on Product Info 0= off 1= on',4,1,NULL,'2010-03-04 18:39:24',NULL,'zen_cfg_select_drop_down(array(array(\'id\'=>\'1\', \'text\'=>\'True\'), array(\'id\'=>\'0\', \'text\'=>\'False\')), '),(46,'Show Weight','SHOW_DOCUMENT_PRODUCT_INFO_WEIGHT','0','Display Weight on Product Info 0= off 1= on',4,2,NULL,'2010-03-04 18:39:24',NULL,'zen_cfg_select_drop_down(array(array(\'id\'=>\'1\', \'text\'=>\'True\'), array(\'id\'=>\'0\', \'text\'=>\'False\')), '),(47,'Show Attribute Weight','SHOW_DOCUMENT_PRODUCT_INFO_WEIGHT_ATTRIBUTES','1','Display Attribute Weight on Product Info 0= off 1= on',4,3,NULL,'2010-03-04 18:39:24',NULL,'zen_cfg_select_drop_down(array(array(\'id\'=>\'1\', \'text\'=>\'True\'), array(\'id\'=>\'0\', \'text\'=>\'False\')), '),(48,'Show Manufacturer','SHOW_DOCUMENT_PRODUCT_INFO_MANUFACTURER','1','Display Manufacturer Name on Product Info 0= off 1= on',4,4,NULL,'2010-03-04 18:39:24',NULL,'zen_cfg_select_drop_down(array(array(\'id\'=>\'1\', \'text\'=>\'True\'), array(\'id\'=>\'0\', \'text\'=>\'False\')), '),(49,'Show Quantity in Shopping Cart','SHOW_DOCUMENT_PRODUCT_INFO_IN_CART_QTY','1','Display Quantity in Current Shopping Cart on Product Info 0= off 1= on',4,5,NULL,'2010-03-04 18:39:24',NULL,'zen_cfg_select_drop_down(array(array(\'id\'=>\'1\', \'text\'=>\'True\'), array(\'id\'=>\'0\', \'text\'=>\'False\')), '),(50,'Show Quantity in Stock','SHOW_DOCUMENT_PRODUCT_INFO_QUANTITY','0','Display Quantity in Stock on Product Info 0= off 1= on',4,6,NULL,'2010-03-04 18:39:24',NULL,'zen_cfg_select_drop_down(array(array(\'id\'=>\'1\', \'text\'=>\'True\'), array(\'id\'=>\'0\', \'text\'=>\'False\')), '),(51,'Show Product Reviews Count','SHOW_DOCUMENT_PRODUCT_INFO_REVIEWS_COUNT','1','Display Product Reviews Count on Product Info 0= off 1= on',4,7,NULL,'2010-03-04 18:39:24',NULL,'zen_cfg_select_drop_down(array(array(\'id\'=>\'1\', \'text\'=>\'True\'), array(\'id\'=>\'0\', \'text\'=>\'False\')), '),(52,'Show Product Reviews Button','SHOW_DOCUMENT_PRODUCT_INFO_REVIEWS','1','Display Product Reviews Button on Product Info 0= off 1= on',4,8,NULL,'2010-03-04 18:39:24',NULL,'zen_cfg_select_drop_down(array(array(\'id\'=>\'1\', \'text\'=>\'True\'), array(\'id\'=>\'0\', \'text\'=>\'False\')), '),(53,'Show Date Available','SHOW_DOCUMENT_PRODUCT_INFO_DATE_AVAILABLE','1','Display Date Available on Product Info 0= off 1= on',4,9,NULL,'2010-03-04 18:39:24',NULL,'zen_cfg_select_drop_down(array(array(\'id\'=>\'1\', \'text\'=>\'True\'), array(\'id\'=>\'0\', \'text\'=>\'False\')), '),(54,'Show Date Added','SHOW_DOCUMENT_PRODUCT_INFO_DATE_ADDED','1','Display Date Added on Product Info 0= off 1= on',4,10,NULL,'2010-03-04 18:39:24',NULL,'zen_cfg_select_drop_down(array(array(\'id\'=>\'1\', \'text\'=>\'True\'), array(\'id\'=>\'0\', \'text\'=>\'False\')), '),(55,'Show Product URL','SHOW_DOCUMENT_PRODUCT_INFO_URL','1','Display URL on Product Info 0= off 1= on',4,11,NULL,'2010-03-04 18:39:24',NULL,'zen_cfg_select_drop_down(array(array(\'id\'=>\'1\', \'text\'=>\'True\'), array(\'id\'=>\'0\', \'text\'=>\'False\')), '),(56,'Show Product Additional Images','SHOW_DOCUMENT_PRODUCT_INFO_ADDITIONAL_IMAGES','1','Display Additional Images on Product Info 0= off 1= on',4,13,NULL,'2010-03-04 18:39:24',NULL,'zen_cfg_select_drop_down(array(array(\'id\'=>\'1\', \'text\'=>\'True\'), array(\'id\'=>\'0\', \'text\'=>\'False\')), '),(57,'Show Starting At text on Price','SHOW_DOCUMENT_PRODUCT_INFO_STARTING_AT','1','Display Starting At text on products with attributes Product Info 0= off 1= on',4,12,NULL,'2010-03-04 18:39:24',NULL,'zen_cfg_select_drop_down(array(array(\'id\'=>\'1\', \'text\'=>\'True\'), array(\'id\'=>\'0\', \'text\'=>\'False\')), '),(58,'Show Product Tell a Friend button','SHOW_DOCUMENT_PRODUCT_INFO_TELL_A_FRIEND','1','Display the Tell a Friend button on Product Info<br /><br />Note: Turning this setting off does not affect the Tell a Friend box in the columns and turning off the Tell a Friend box does not affect the button<br />0= off 1= on',4,15,NULL,'2010-03-04 18:39:24',NULL,'zen_cfg_select_drop_down(array(array(\'id\'=>\'1\', \'text\'=>\'True\'), array(\'id\'=>\'0\', \'text\'=>\'False\')), '),(59,'Product Free Shipping Image Status - Catalog','SHOW_DOCUMENT_PRODUCT_INFO_ALWAYS_FREE_SHIPPING_IMAGE_SWITCH','0','Show the Free Shipping image/text in the catalog?',4,16,NULL,'2010-03-04 18:39:24',NULL,'zen_cfg_select_drop_down(array(array(\'id\'=>\'1\', \'text\'=>\'Yes\'), array(\'id\'=>\'0\', \'text\'=>\'No\')), '),(60,'Product Price Tax Class Default - When adding new products?','DEFAULT_DOCUMENT_PRODUCT_TAX_CLASS_ID','0','What should the Product Price Tax Class Default ID be when adding new products?',4,100,NULL,'2010-03-04 18:39:24','',''),(61,'Product Virtual Default Status - Skip Shipping Address - When adding new products?','DEFAULT_DOCUMENT_PRODUCT_PRODUCTS_VIRTUAL','0','Default Virtual Product status to be ON when adding new products?',4,101,NULL,'2010-03-04 18:39:24',NULL,'zen_cfg_select_drop_down(array(array(\'id\'=>\'1\', \'text\'=>\'True\'), array(\'id\'=>\'0\', \'text\'=>\'False\')), '),(62,'Product Free Shipping Default Status - Normal Shipping Rules - When adding new products?','DEFAULT_DOCUMENT_PRODUCT_PRODUCTS_IS_ALWAYS_FREE_SHIPPING','0','What should the Default Free Shipping status be when adding new products?<br />Yes, Always Free Shipping ON<br />No, Always Free Shipping OFF<br />Special, Product/Download Requires Shipping',4,102,NULL,'2010-03-04 18:39:24',NULL,'zen_cfg_select_drop_down(array(array(\'id\'=>\'1\', \'text\'=>\'Yes, Always ON\'), array(\'id\'=>\'0\', \'text\'=>\'No, Always OFF\'), array(\'id\'=>\'2\', \'text\'=>\'Special\')), '),(63,'Show Model Number','SHOW_PRODUCT_FREE_SHIPPING_INFO_MODEL','1','Display Model Number on Product Info 0= off 1= on',5,1,NULL,'2010-03-04 18:39:24',NULL,'zen_cfg_select_drop_down(array(array(\'id\'=>\'1\', \'text\'=>\'True\'), array(\'id\'=>\'0\', \'text\'=>\'False\')), '),(64,'Show Weight','SHOW_PRODUCT_FREE_SHIPPING_INFO_WEIGHT','0','Display Weight on Product Info 0= off 1= on',5,2,NULL,'2010-03-04 18:39:24',NULL,'zen_cfg_select_drop_down(array(array(\'id\'=>\'1\', \'text\'=>\'True\'), array(\'id\'=>\'0\', \'text\'=>\'False\')), '),(65,'Show Attribute Weight','SHOW_PRODUCT_FREE_SHIPPING_INFO_WEIGHT_ATTRIBUTES','1','Display Attribute Weight on Product Info 0= off 1= on',5,3,NULL,'2010-03-04 18:39:24',NULL,'zen_cfg_select_drop_down(array(array(\'id\'=>\'1\', \'text\'=>\'True\'), array(\'id\'=>\'0\', \'text\'=>\'False\')), '),(66,'Show Manufacturer','SHOW_PRODUCT_FREE_SHIPPING_INFO_MANUFACTURER','1','Display Manufacturer Name on Product Info 0= off 1= on',5,4,NULL,'2010-03-04 18:39:24',NULL,'zen_cfg_select_drop_down(array(array(\'id\'=>\'1\', \'text\'=>\'True\'), array(\'id\'=>\'0\', \'text\'=>\'False\')), '),(67,'Show Quantity in Shopping Cart','SHOW_PRODUCT_FREE_SHIPPING_INFO_IN_CART_QTY','1','Display Quantity in Current Shopping Cart on Product Info 0= off 1= on',5,5,NULL,'2010-03-04 18:39:24',NULL,'zen_cfg_select_drop_down(array(array(\'id\'=>\'1\', \'text\'=>\'True\'), array(\'id\'=>\'0\', \'text\'=>\'False\')), '),(68,'Show Quantity in Stock','SHOW_PRODUCT_FREE_SHIPPING_INFO_QUANTITY','1','Display Quantity in Stock on Product Info 0= off 1= on',5,6,NULL,'2010-03-04 18:39:24',NULL,'zen_cfg_select_drop_down(array(array(\'id\'=>\'1\', \'text\'=>\'True\'), array(\'id\'=>\'0\', \'text\'=>\'False\')), '),(69,'Show Product Reviews Count','SHOW_PRODUCT_FREE_SHIPPING_INFO_REVIEWS_COUNT','1','Display Product Reviews Count on Product Info 0= off 1= on',5,7,NULL,'2010-03-04 18:39:24',NULL,'zen_cfg_select_drop_down(array(array(\'id\'=>\'1\', \'text\'=>\'True\'), array(\'id\'=>\'0\', \'text\'=>\'False\')), '),(70,'Show Product Reviews Button','SHOW_PRODUCT_FREE_SHIPPING_INFO_REVIEWS','1','Display Product Reviews Button on Product Info 0= off 1= on',5,8,NULL,'2010-03-04 18:39:24',NULL,'zen_cfg_select_drop_down(array(array(\'id\'=>\'1\', \'text\'=>\'True\'), array(\'id\'=>\'0\', \'text\'=>\'False\')), '),(71,'Show Date Available','SHOW_PRODUCT_FREE_SHIPPING_INFO_DATE_AVAILABLE','0','Display Date Available on Product Info 0= off 1= on',5,9,NULL,'2010-03-04 18:39:24',NULL,'zen_cfg_select_drop_down(array(array(\'id\'=>\'1\', \'text\'=>\'True\'), array(\'id\'=>\'0\', \'text\'=>\'False\')), '),(72,'Show Date Added','SHOW_PRODUCT_FREE_SHIPPING_INFO_DATE_ADDED','1','Display Date Added on Product Info 0= off 1= on',5,10,NULL,'2010-03-04 18:39:24',NULL,'zen_cfg_select_drop_down(array(array(\'id\'=>\'1\', \'text\'=>\'True\'), array(\'id\'=>\'0\', \'text\'=>\'False\')), '),(73,'Show Product URL','SHOW_PRODUCT_FREE_SHIPPING_INFO_URL','1','Display URL on Product Info 0= off 1= on',5,11,NULL,'2010-03-04 18:39:24',NULL,'zen_cfg_select_drop_down(array(array(\'id\'=>\'1\', \'text\'=>\'True\'), array(\'id\'=>\'0\', \'text\'=>\'False\')), '),(74,'Show Product Additional Images','SHOW_PRODUCT_FREE_SHIPPING_INFO_ADDITIONAL_IMAGES','1','Display Additional Images on Product Info 0= off 1= on',5,13,NULL,'2010-03-04 18:39:24',NULL,'zen_cfg_select_drop_down(array(array(\'id\'=>\'1\', \'text\'=>\'True\'), array(\'id\'=>\'0\', \'text\'=>\'False\')), '),(75,'Show Starting At text on Price','SHOW_PRODUCT_FREE_SHIPPING_INFO_STARTING_AT','1','Display Starting At text on products with attributes Product Info 0= off 1= on',5,12,NULL,'2010-03-04 18:39:24',NULL,'zen_cfg_select_drop_down(array(array(\'id\'=>\'1\', \'text\'=>\'True\'), array(\'id\'=>\'0\', \'text\'=>\'False\')), '),(76,'Show Product Tell a Friend button','SHOW_PRODUCT_FREE_SHIPPING_INFO_TELL_A_FRIEND','1','Display the Tell a Friend button on Product Info<br /><br />Note: Turning this setting off does not affect the Tell a Friend box in the columns and turning off the Tell a Friend box does not affect the button<br />0= off 1= on',5,15,NULL,'2010-03-04 18:39:24',NULL,'zen_cfg_select_drop_down(array(array(\'id\'=>\'1\', \'text\'=>\'True\'), array(\'id\'=>\'0\', \'text\'=>\'False\')), '),(77,'Product Free Shipping Image Status - Catalog','SHOW_PRODUCT_FREE_SHIPPING_INFO_ALWAYS_FREE_SHIPPING_IMAGE_SWITCH','1','Show the Free Shipping image/text in the catalog?',5,16,NULL,'2010-03-04 18:39:24',NULL,'zen_cfg_select_drop_down(array(array(\'id\'=>\'1\', \'text\'=>\'Yes\'), array(\'id\'=>\'0\', \'text\'=>\'No\')), '),(78,'Product Price Tax Class Default - When adding new products?','DEFAULT_PRODUCT_FREE_SHIPPING_TAX_CLASS_ID','0','What should the Product Price Tax Class Default ID be when adding new products?',5,100,NULL,'2010-03-04 18:39:24','',''),(79,'Product Virtual Default Status - Skip Shipping Address - When adding new products?','DEFAULT_PRODUCT_FREE_SHIPPING_PRODUCTS_VIRTUAL','0','Default Virtual Product status to be ON when adding new products?',5,101,NULL,'2010-03-04 18:39:24',NULL,'zen_cfg_select_drop_down(array(array(\'id\'=>\'1\', \'text\'=>\'True\'), array(\'id\'=>\'0\', \'text\'=>\'False\')), '),(80,'Product Free Shipping Default Status - Normal Shipping Rules - When adding new products?','DEFAULT_PRODUCT_FREE_SHIPPING_PRODUCTS_IS_ALWAYS_FREE_SHIPPING','1','What should the Default Free Shipping status be when adding new products?<br />Yes, Always Free Shipping ON<br />No, Always Free Shipping OFF<br />Special, Product/Download Requires Shipping',5,102,NULL,'2010-03-04 18:39:24',NULL,'zen_cfg_select_drop_down(array(array(\'id\'=>\'1\', \'text\'=>\'Yes, Always ON\'), array(\'id\'=>\'0\', \'text\'=>\'No, Always OFF\'), array(\'id\'=>\'2\', \'text\'=>\'Special\')), '),(81,'Show Metatags Title Default - Product Title','SHOW_PRODUCT_INFO_METATAGS_TITLE_STATUS','1','Display Product Title in Meta Tags Title 0= off 1= on',1,50,NULL,'2010-03-04 18:39:24',NULL,'zen_cfg_select_drop_down(array(array(\'id\'=>\'1\', \'text\'=>\'True\'), array(\'id\'=>\'0\', \'text\'=>\'False\')), '),(82,'Show Metatags Title Default - Product Name','SHOW_PRODUCT_INFO_METATAGS_PRODUCTS_NAME_STATUS','1','Display Product Name in Meta Tags Title 0= off 1= on',1,51,NULL,'2010-03-04 18:39:24',NULL,'zen_cfg_select_drop_down(array(array(\'id\'=>\'1\', \'text\'=>\'True\'), array(\'id\'=>\'0\', \'text\'=>\'False\')), '),(83,'Show Metatags Title Default - Product Model','SHOW_PRODUCT_INFO_METATAGS_MODEL_STATUS','1','Display Product Model in Meta Tags Title 0= off 1= on',1,52,NULL,'2010-03-04 18:39:24',NULL,'zen_cfg_select_drop_down(array(array(\'id\'=>\'1\', \'text\'=>\'True\'), array(\'id\'=>\'0\', \'text\'=>\'False\')), '),(84,'Show Metatags Title Default - Product Price','SHOW_PRODUCT_INFO_METATAGS_PRICE_STATUS','1','Display Product Price in Meta Tags Title 0= off 1= on',1,53,NULL,'2010-03-04 18:39:24',NULL,'zen_cfg_select_drop_down(array(array(\'id\'=>\'1\', \'text\'=>\'True\'), array(\'id\'=>\'0\', \'text\'=>\'False\')), '),(85,'Show Metatags Title Default - Product Tagline','SHOW_PRODUCT_INFO_METATAGS_TITLE_TAGLINE_STATUS','1','Display Product Tagline in Meta Tags Title 0= off 1= on',1,54,NULL,'2010-03-04 18:39:24',NULL,'zen_cfg_select_drop_down(array(array(\'id\'=>\'1\', \'text\'=>\'True\'), array(\'id\'=>\'0\', \'text\'=>\'False\')), '),(86,'Show Metatags Title Default - Product Title','SHOW_PRODUCT_MUSIC_INFO_METATAGS_TITLE_STATUS','1','Display Product Title in Meta Tags Title 0= off 1= on',2,50,NULL,'2010-03-04 18:39:24',NULL,'zen_cfg_select_drop_down(array(array(\'id\'=>\'1\', \'text\'=>\'True\'), array(\'id\'=>\'0\', \'text\'=>\'False\')), '),(87,'Show Metatags Title Default - Product Name','SHOW_PRODUCT_MUSIC_INFO_METATAGS_PRODUCTS_NAME_STATUS','1','Display Product Name in Meta Tags Title 0= off 1= on',2,51,NULL,'2010-03-04 18:39:24',NULL,'zen_cfg_select_drop_down(array(array(\'id\'=>\'1\', \'text\'=>\'True\'), array(\'id\'=>\'0\', \'text\'=>\'False\')), '),(88,'Show Metatags Title Default - Product Model','SHOW_PRODUCT_MUSIC_INFO_METATAGS_MODEL_STATUS','1','Display Product Model in Meta Tags Title 0= off 1= on',2,52,NULL,'2010-03-04 18:39:24',NULL,'zen_cfg_select_drop_down(array(array(\'id\'=>\'1\', \'text\'=>\'True\'), array(\'id\'=>\'0\', \'text\'=>\'False\')), '),(89,'Show Metatags Title Default - Product Price','SHOW_PRODUCT_MUSIC_INFO_METATAGS_PRICE_STATUS','1','Display Product Price in Meta Tags Title 0= off 1= on',2,53,NULL,'2010-03-04 18:39:24',NULL,'zen_cfg_select_drop_down(array(array(\'id\'=>\'1\', \'text\'=>\'True\'), array(\'id\'=>\'0\', \'text\'=>\'False\')), '),(90,'Show Metatags Title Default - Product Tagline','SHOW_PRODUCT_MUSIC_INFO_METATAGS_TITLE_TAGLINE_STATUS','1','Display Product Tagline in Meta Tags Title 0= off 1= on',2,54,NULL,'2010-03-04 18:39:24',NULL,'zen_cfg_select_drop_down(array(array(\'id\'=>\'1\', \'text\'=>\'True\'), array(\'id\'=>\'0\', \'text\'=>\'False\')), '),(91,'Show Metatags Title Default - Document Title','SHOW_DOCUMENT_GENERAL_INFO_METATAGS_TITLE_STATUS','1','Display Document Title in Meta Tags Title 0= off 1= on',3,50,NULL,'2010-03-04 18:39:24',NULL,'zen_cfg_select_drop_down(array(array(\'id\'=>\'1\', \'text\'=>\'True\'), array(\'id\'=>\'0\', \'text\'=>\'False\')), '),(92,'Show Metatags Title Default - Document Name','SHOW_DOCUMENT_GENERAL_INFO_METATAGS_PRODUCTS_NAME_STATUS','1','Display Document Name in Meta Tags Title 0= off 1= on',3,51,NULL,'2010-03-04 18:39:24',NULL,'zen_cfg_select_drop_down(array(array(\'id\'=>\'1\', \'text\'=>\'True\'), array(\'id\'=>\'0\', \'text\'=>\'False\')), '),(93,'Show Metatags Title Default - Document Tagline','SHOW_DOCUMENT_GENERAL_INFO_METATAGS_TITLE_TAGLINE_STATUS','1','Display Document Tagline in Meta Tags Title 0= off 1= on',3,54,NULL,'2010-03-04 18:39:24',NULL,'zen_cfg_select_drop_down(array(array(\'id\'=>\'1\', \'text\'=>\'True\'), array(\'id\'=>\'0\', \'text\'=>\'False\')), '),(94,'Show Metatags Title Default - Document Title','SHOW_DOCUMENT_PRODUCT_INFO_METATAGS_TITLE_STATUS','1','Display Document Title in Meta Tags Title 0= off 1= on',4,50,NULL,'2010-03-04 18:39:24',NULL,'zen_cfg_select_drop_down(array(array(\'id\'=>\'1\', \'text\'=>\'True\'), array(\'id\'=>\'0\', \'text\'=>\'False\')), '),(95,'Show Metatags Title Default - Document Name','SHOW_DOCUMENT_PRODUCT_INFO_METATAGS_PRODUCTS_NAME_STATUS','1','Display Document Name in Meta Tags Title 0= off 1= on',4,51,NULL,'2010-03-04 18:39:24',NULL,'zen_cfg_select_drop_down(array(array(\'id\'=>\'1\', \'text\'=>\'True\'), array(\'id\'=>\'0\', \'text\'=>\'False\')), '),(96,'Show Metatags Title Default - Document Model','SHOW_DOCUMENT_PRODUCT_INFO_METATAGS_MODEL_STATUS','1','Display Document Model in Meta Tags Title 0= off 1= on',4,52,NULL,'2010-03-04 18:39:24',NULL,'zen_cfg_select_drop_down(array(array(\'id\'=>\'1\', \'text\'=>\'True\'), array(\'id\'=>\'0\', \'text\'=>\'False\')), '),(97,'Show Metatags Title Default - Document Price','SHOW_DOCUMENT_PRODUCT_INFO_METATAGS_PRICE_STATUS','1','Display Document Price in Meta Tags Title 0= off 1= on',4,53,NULL,'2010-03-04 18:39:24',NULL,'zen_cfg_select_drop_down(array(array(\'id\'=>\'1\', \'text\'=>\'True\'), array(\'id\'=>\'0\', \'text\'=>\'False\')), '),(98,'Show Metatags Title Default - Document Tagline','SHOW_DOCUMENT_PRODUCT_INFO_METATAGS_TITLE_TAGLINE_STATUS','1','Display Document Tagline in Meta Tags Title 0= off 1= on',4,54,NULL,'2010-03-04 18:39:24',NULL,'zen_cfg_select_drop_down(array(array(\'id\'=>\'1\', \'text\'=>\'True\'), array(\'id\'=>\'0\', \'text\'=>\'False\')), '),(99,'Show Metatags Title Default - Product Title','SHOW_PRODUCT_FREE_SHIPPING_INFO_METATAGS_TITLE_STATUS','1','Display Product Title in Meta Tags Title 0= off 1= on',5,50,NULL,'2010-03-04 18:39:24',NULL,'zen_cfg_select_drop_down(array(array(\'id\'=>\'1\', \'text\'=>\'True\'), array(\'id\'=>\'0\', \'text\'=>\'False\')), '),(100,'Show Metatags Title Default - Product Name','SHOW_PRODUCT_FREE_SHIPPING_INFO_METATAGS_PRODUCTS_NAME_STATUS','1','Display Product Name in Meta Tags Title 0= off 1= on',5,51,NULL,'2010-03-04 18:39:24',NULL,'zen_cfg_select_drop_down(array(array(\'id\'=>\'1\', \'text\'=>\'True\'), array(\'id\'=>\'0\', \'text\'=>\'False\')), '),(101,'Show Metatags Title Default - Product Model','SHOW_PRODUCT_FREE_SHIPPING_INFO_METATAGS_MODEL_STATUS','1','Display Product Model in Meta Tags Title 0= off 1= on',5,52,NULL,'2010-03-04 18:39:24',NULL,'zen_cfg_select_drop_down(array(array(\'id\'=>\'1\', \'text\'=>\'True\'), array(\'id\'=>\'0\', \'text\'=>\'False\')), '),(102,'Show Metatags Title Default - Product Price','SHOW_PRODUCT_FREE_SHIPPING_INFO_METATAGS_PRICE_STATUS','1','Display Product Price in Meta Tags Title 0= off 1= on',5,53,NULL,'2010-03-04 18:39:24',NULL,'zen_cfg_select_drop_down(array(array(\'id\'=>\'1\', \'text\'=>\'True\'), array(\'id\'=>\'0\', \'text\'=>\'False\')), '),(103,'Show Metatags Title Default - Product Tagline','SHOW_PRODUCT_FREE_SHIPPING_INFO_METATAGS_TITLE_TAGLINE_STATUS','1','Display Product Tagline in Meta Tags Title 0= off 1= on',5,54,NULL,'2010-03-04 18:39:24',NULL,'zen_cfg_select_drop_down(array(array(\'id\'=>\'1\', \'text\'=>\'True\'), array(\'id\'=>\'0\', \'text\'=>\'False\')), '),(104,'PRODUCT Attribute is Display Only - Default','DEFAULT_PRODUCT_ATTRIBUTES_DISPLAY_ONLY','0','PRODUCT Attribute is Display Only<br />Used For Display Purposes Only<br />0= No 1= Yes',1,200,NULL,'2010-03-04 18:39:24',NULL,'zen_cfg_select_drop_down(array(array(\'id\'=>\'1\', \'text\'=>\'Yes\'), array(\'id\'=>\'0\', \'text\'=>\'No\')), '),(105,'PRODUCT Attribute is Free - Default','DEFAULT_PRODUCT_ATTRIBUTE_IS_FREE','1','PRODUCT Attribute is Free<br />Attribute is Free When Product is Free<br />0= No 1= Yes',1,201,NULL,'2010-03-04 18:39:24',NULL,'zen_cfg_select_drop_down(array(array(\'id\'=>\'1\', \'text\'=>\'Yes\'), array(\'id\'=>\'0\', \'text\'=>\'No\')), '),(106,'PRODUCT Attribute is Default - Default','DEFAULT_PRODUCT_ATTRIBUTES_DEFAULT','0','PRODUCT Attribute is Default<br />Default Attribute to be Marked Selected<br />0= No 1= Yes',1,202,NULL,'2010-03-04 18:39:24',NULL,'zen_cfg_select_drop_down(array(array(\'id\'=>\'1\', \'text\'=>\'Yes\'), array(\'id\'=>\'0\', \'text\'=>\'No\')), '),(107,'PRODUCT Attribute is Discounted - Default','DEFAULT_PRODUCT_ATTRIBUTES_DISCOUNTED','1','PRODUCT Attribute is Discounted<br />Apply Discounts Used by Product Special/Sale<br />0= No 1= Yes',1,203,NULL,'2010-03-04 18:39:24',NULL,'zen_cfg_select_drop_down(array(array(\'id\'=>\'1\', \'text\'=>\'Yes\'), array(\'id\'=>\'0\', \'text\'=>\'No\')), '),(108,'PRODUCT Attribute is Included in Base Price - Default','DEFAULT_PRODUCT_ATTRIBUTES_PRICE_BASE_INCLUDED','1','PRODUCT Attribute is Included in Base Price<br />Include in Base Price When Priced by Attributes<br />0= No 1= Yes',1,204,NULL,'2010-03-04 18:39:24',NULL,'zen_cfg_select_drop_down(array(array(\'id\'=>\'1\', \'text\'=>\'Yes\'), array(\'id\'=>\'0\', \'text\'=>\'No\')), '),(109,'PRODUCT Attribute is Required - Default','DEFAULT_PRODUCT_ATTRIBUTES_REQUIRED','0','PRODUCT Attribute is Required<br />Attribute Required for Text<br />0= No 1= Yes',1,205,NULL,'2010-03-04 18:39:24',NULL,'zen_cfg_select_drop_down(array(array(\'id\'=>\'1\', \'text\'=>\'Yes\'), array(\'id\'=>\'0\', \'text\'=>\'No\')), '),(110,'PRODUCT Attribute Price Prefix - Default','DEFAULT_PRODUCT_PRICE_PREFIX','1','PRODUCT Attribute Price Prefix<br />Default Attribute Price Prefix for Adding<br />Blank, + or -',1,206,NULL,'2010-03-04 18:39:24',NULL,'zen_cfg_select_drop_down(array(array(\'id\'=>\'0\', \'text\'=>\'Blank\'), array(\'id\'=>\'1\', \'text\'=>\'+\'), array(\'id\'=>\'2\', \'text\'=>\'-\')), '),(111,'PRODUCT Attribute Weight Prefix - Default','DEFAULT_PRODUCT_PRODUCTS_ATTRIBUTES_WEIGHT_PREFIX','1','PRODUCT Attribute Weight Prefix<br />Default Attribute Weight Prefix<br />Blank, + or -',1,207,NULL,'2010-03-04 18:39:24',NULL,'zen_cfg_select_drop_down(array(array(\'id\'=>\'0\', \'text\'=>\'Blank\'), array(\'id\'=>\'1\', \'text\'=>\'+\'), array(\'id\'=>\'2\', \'text\'=>\'-\')), '),(112,'MUSIC Attribute is Display Only - Default','DEFAULT_PRODUCT_MUSIC_ATTRIBUTES_DISPLAY_ONLY','0','MUSIC Attribute is Display Only<br />Used For Display Purposes Only<br />0= No 1= Yes',2,200,NULL,'2010-03-04 18:39:24',NULL,'zen_cfg_select_drop_down(array(array(\'id\'=>\'1\', \'text\'=>\'Yes\'), array(\'id\'=>\'0\', \'text\'=>\'No\')), '),(113,'MUSIC Attribute is Free - Default','DEFAULT_PRODUCT_MUSIC_ATTRIBUTE_IS_FREE','1','MUSIC Attribute is Free<br />Attribute is Free When Product is Free<br />0= No 1= Yes',2,201,NULL,'2010-03-04 18:39:24',NULL,'zen_cfg_select_drop_down(array(array(\'id\'=>\'1\', \'text\'=>\'Yes\'), array(\'id\'=>\'0\', \'text\'=>\'No\')), '),(114,'MUSIC Attribute is Default - Default','DEFAULT_PRODUCT_MUSIC_ATTRIBUTES_DEFAULT','0','MUSIC Attribute is Default<br />Default Attribute to be Marked Selected<br />0= No 1= Yes',2,202,NULL,'2010-03-04 18:39:24',NULL,'zen_cfg_select_drop_down(array(array(\'id\'=>\'1\', \'text\'=>\'Yes\'), array(\'id\'=>\'0\', \'text\'=>\'No\')), '),(115,'MUSIC Attribute is Discounted - Default','DEFAULT_PRODUCT_MUSIC_ATTRIBUTES_DISCOUNTED','1','MUSIC Attribute is Discounted<br />Apply Discounts Used by Product Special/Sale<br />0= No 1= Yes',2,203,NULL,'2010-03-04 18:39:24',NULL,'zen_cfg_select_drop_down(array(array(\'id\'=>\'1\', \'text\'=>\'Yes\'), array(\'id\'=>\'0\', \'text\'=>\'No\')), '),(116,'MUSIC Attribute is Included in Base Price - Default','DEFAULT_PRODUCT_MUSIC_ATTRIBUTES_PRICE_BASE_INCLUDED','1','MUSIC Attribute is Included in Base Price<br />Include in Base Price When Priced by Attributes<br />0= No 1= Yes',2,204,NULL,'2010-03-04 18:39:24',NULL,'zen_cfg_select_drop_down(array(array(\'id\'=>\'1\', \'text\'=>\'Yes\'), array(\'id\'=>\'0\', \'text\'=>\'No\')), '),(117,'MUSIC Attribute is Required - Default','DEFAULT_PRODUCT_MUSIC_ATTRIBUTES_REQUIRED','0','MUSIC Attribute is Required<br />Attribute Required for Text<br />0= No 1= Yes',2,205,NULL,'2010-03-04 18:39:24',NULL,'zen_cfg_select_drop_down(array(array(\'id\'=>\'1\', \'text\'=>\'Yes\'), array(\'id\'=>\'0\', \'text\'=>\'No\')), '),(118,'MUSIC Attribute Price Prefix - Default','DEFAULT_PRODUCT_MUSIC_PRICE_PREFIX','1','MUSIC Attribute Price Prefix<br />Default Attribute Price Prefix for Adding<br />Blank, + or -',2,206,NULL,'2010-03-04 18:39:24',NULL,'zen_cfg_select_drop_down(array(array(\'id\'=>\'0\', \'text\'=>\'Blank\'), array(\'id\'=>\'1\', \'text\'=>\'+\'), array(\'id\'=>\'2\', \'text\'=>\'-\')), '),(119,'MUSIC Attribute Weight Prefix - Default','DEFAULT_PRODUCT_MUSIC_PRODUCTS_ATTRIBUTES_WEIGHT_PREFIX','1','MUSIC Attribute Weight Prefix<br />Default Attribute Weight Prefix<br />Blank, + or -',2,207,NULL,'2010-03-04 18:39:24',NULL,'zen_cfg_select_drop_down(array(array(\'id\'=>\'0\', \'text\'=>\'Blank\'), array(\'id\'=>\'1\', \'text\'=>\'+\'), array(\'id\'=>\'2\', \'text\'=>\'-\')), '),(120,'DOCUMENT GENERAL Attribute is Display Only - Default','DEFAULT_DOCUMENT_GENERAL_ATTRIBUTES_DISPLAY_ONLY','0','DOCUMENT GENERAL Attribute is Display Only<br />Used For Display Purposes Only<br />0= No 1= Yes',3,200,NULL,'2010-03-04 18:39:24',NULL,'zen_cfg_select_drop_down(array(array(\'id\'=>\'1\', \'text\'=>\'Yes\'), array(\'id\'=>\'0\', \'text\'=>\'No\')), '),(121,'DOCUMENT GENERAL Attribute is Free - Default','DEFAULT_DOCUMENT_GENERAL_ATTRIBUTE_IS_FREE','1','DOCUMENT GENERAL Attribute is Free<br />Attribute is Free When Product is Free<br />0= No 1= Yes',3,201,NULL,'2010-03-04 18:39:24',NULL,'zen_cfg_select_drop_down(array(array(\'id\'=>\'1\', \'text\'=>\'Yes\'), array(\'id\'=>\'0\', \'text\'=>\'No\')), '),(122,'DOCUMENT GENERAL Attribute is Default - Default','DEFAULT_DOCUMENT_GENERAL_ATTRIBUTES_DEFAULT','0','DOCUMENT GENERAL Attribute is Default<br />Default Attribute to be Marked Selected<br />0= No 1= Yes',3,202,NULL,'2010-03-04 18:39:24',NULL,'zen_cfg_select_drop_down(array(array(\'id\'=>\'1\', \'text\'=>\'Yes\'), array(\'id\'=>\'0\', \'text\'=>\'No\')), '),(123,'DOCUMENT GENERAL Attribute is Discounted - Default','DEFAULT_DOCUMENT_GENERAL_ATTRIBUTES_DISCOUNTED','1','DOCUMENT GENERAL Attribute is Discounted<br />Apply Discounts Used by Product Special/Sale<br />0= No 1= Yes',3,203,NULL,'2010-03-04 18:39:24',NULL,'zen_cfg_select_drop_down(array(array(\'id\'=>\'1\', \'text\'=>\'Yes\'), array(\'id\'=>\'0\', \'text\'=>\'No\')), '),(124,'DOCUMENT GENERAL Attribute is Included in Base Price - Default','DEFAULT_DOCUMENT_GENERAL_ATTRIBUTES_PRICE_BASE_INCLUDED','1','DOCUMENT GENERAL Attribute is Included in Base Price<br />Include in Base Price When Priced by Attributes<br />0= No 1= Yes',3,204,NULL,'2010-03-04 18:39:24',NULL,'zen_cfg_select_drop_down(array(array(\'id\'=>\'1\', \'text\'=>\'Yes\'), array(\'id\'=>\'0\', \'text\'=>\'No\')), '),(125,'DOCUMENT GENERAL Attribute is Required - Default','DEFAULT_DOCUMENT_GENERAL_ATTRIBUTES_REQUIRED','0','DOCUMENT GENERAL Attribute is Required<br />Attribute Required for Text<br />0= No 1= Yes',3,205,NULL,'2010-03-04 18:39:24',NULL,'zen_cfg_select_drop_down(array(array(\'id\'=>\'1\', \'text\'=>\'Yes\'), array(\'id\'=>\'0\', \'text\'=>\'No\')), '),(126,'DOCUMENT GENERAL Attribute Price Prefix - Default','DEFAULT_DOCUMENT_GENERAL_PRICE_PREFIX','1','DOCUMENT GENERAL Attribute Price Prefix<br />Default Attribute Price Prefix for Adding<br />Blank, + or -',3,206,NULL,'2010-03-04 18:39:24',NULL,'zen_cfg_select_drop_down(array(array(\'id\'=>\'0\', \'text\'=>\'Blank\'), array(\'id\'=>\'1\', \'text\'=>\'+\'), array(\'id\'=>\'2\', \'text\'=>\'-\')), '),(127,'DOCUMENT GENERAL Attribute Weight Prefix - Default','DEFAULT_DOCUMENT_GENERAL_PRODUCTS_ATTRIBUTES_WEIGHT_PREFIX','1','DOCUMENT GENERAL Attribute Weight Prefix<br />Default Attribute Weight Prefix<br />Blank, + or -',3,207,NULL,'2010-03-04 18:39:24',NULL,'zen_cfg_select_drop_down(array(array(\'id\'=>\'0\', \'text\'=>\'Blank\'), array(\'id\'=>\'1\', \'text\'=>\'+\'), array(\'id\'=>\'2\', \'text\'=>\'-\')), '),(128,'DOCUMENT PRODUCT Attribute is Display Only - Default','DEFAULT_DOCUMENT_PRODUCT_ATTRIBUTES_DISPLAY_ONLY','0','DOCUMENT PRODUCT Attribute is Display Only<br />Used For Display Purposes Only<br />0= No 1= Yes',4,200,NULL,'2010-03-04 18:39:24',NULL,'zen_cfg_select_drop_down(array(array(\'id\'=>\'1\', \'text\'=>\'Yes\'), array(\'id\'=>\'0\', \'text\'=>\'No\')), '),(129,'DOCUMENT PRODUCT Attribute is Free - Default','DEFAULT_DOCUMENT_PRODUCT_ATTRIBUTE_IS_FREE','1','DOCUMENT PRODUCT Attribute is Free<br />Attribute is Free When Product is Free<br />0= No 1= Yes',4,201,NULL,'2010-03-04 18:39:24',NULL,'zen_cfg_select_drop_down(array(array(\'id\'=>\'1\', \'text\'=>\'Yes\'), array(\'id\'=>\'0\', \'text\'=>\'No\')), '),(130,'DOCUMENT PRODUCT Attribute is Default - Default','DEFAULT_DOCUMENT_PRODUCT_ATTRIBUTES_DEFAULT','0','DOCUMENT PRODUCT Attribute is Default<br />Default Attribute to be Marked Selected<br />0= No 1= Yes',4,202,NULL,'2010-03-04 18:39:24',NULL,'zen_cfg_select_drop_down(array(array(\'id\'=>\'1\', \'text\'=>\'Yes\'), array(\'id\'=>\'0\', \'text\'=>\'No\')), '),(131,'DOCUMENT PRODUCT Attribute is Discounted - Default','DEFAULT_DOCUMENT_PRODUCT_ATTRIBUTES_DISCOUNTED','1','DOCUMENT PRODUCT Attribute is Discounted<br />Apply Discounts Used by Product Special/Sale<br />0= No 1= Yes',4,203,NULL,'2010-03-04 18:39:24',NULL,'zen_cfg_select_drop_down(array(array(\'id\'=>\'1\', \'text\'=>\'Yes\'), array(\'id\'=>\'0\', \'text\'=>\'No\')), '),(132,'DOCUMENT PRODUCT Attribute is Included in Base Price - Default','DEFAULT_DOCUMENT_PRODUCT_ATTRIBUTES_PRICE_BASE_INCLUDED','1','DOCUMENT PRODUCT Attribute is Included in Base Price<br />Include in Base Price When Priced by Attributes<br />0= No 1= Yes',4,204,NULL,'2010-03-04 18:39:24',NULL,'zen_cfg_select_drop_down(array(array(\'id\'=>\'1\', \'text\'=>\'Yes\'), array(\'id\'=>\'0\', \'text\'=>\'No\')), '),(133,'DOCUMENT PRODUCT Attribute is Required - Default','DEFAULT_DOCUMENT_PRODUCT_ATTRIBUTES_REQUIRED','0','DOCUMENT PRODUCT Attribute is Required<br />Attribute Required for Text<br />0= No 1= Yes',4,205,NULL,'2010-03-04 18:39:24',NULL,'zen_cfg_select_drop_down(array(array(\'id\'=>\'1\', \'text\'=>\'Yes\'), array(\'id\'=>\'0\', \'text\'=>\'No\')), '),(134,'DOCUMENT PRODUCT Attribute Price Prefix - Default','DEFAULT_DOCUMENT_PRODUCT_PRICE_PREFIX','1','DOCUMENT PRODUCT Attribute Price Prefix<br />Default Attribute Price Prefix for Adding<br />Blank, + or -',4,206,NULL,'2010-03-04 18:39:24',NULL,'zen_cfg_select_drop_down(array(array(\'id\'=>\'0\', \'text\'=>\'Blank\'), array(\'id\'=>\'1\', \'text\'=>\'+\'), array(\'id\'=>\'2\', \'text\'=>\'-\')), '),(135,'DOCUMENT PRODUCT Attribute Weight Prefix - Default','DEFAULT_DOCUMENT_PRODUCT_PRODUCTS_ATTRIBUTES_WEIGHT_PREFIX','1','DOCUMENT PRODUCT Attribute Weight Prefix<br />Default Attribute Weight Prefix<br />Blank, + or -',4,207,NULL,'2010-03-04 18:39:24',NULL,'zen_cfg_select_drop_down(array(array(\'id\'=>\'0\', \'text\'=>\'Blank\'), array(\'id\'=>\'1\', \'text\'=>\'+\'), array(\'id\'=>\'2\', \'text\'=>\'-\')), '),(136,'PRODUCT FREE SHIPPING Attribute is Display Only - Default','DEFAULT_PRODUCT_FREE_SHIPPING_ATTRIBUTES_DISPLAY_ONLY','0','PRODUCT FREE SHIPPING Attribute is Display Only<br />Used For Display Purposes Only<br />0= No 1= Yes',5,201,NULL,'2010-03-04 18:39:24',NULL,'zen_cfg_select_drop_down(array(array(\'id\'=>\'1\', \'text\'=>\'Yes\'), array(\'id\'=>\'0\', \'text\'=>\'No\')), '),(137,'PRODUCT FREE SHIPPING Attribute is Free - Default','DEFAULT_PRODUCT_FREE_SHIPPING_ATTRIBUTE_IS_FREE','1','PRODUCT FREE SHIPPING Attribute is Free<br />Attribute is Free When Product is Free<br />0= No 1= Yes',5,201,NULL,'2010-03-04 18:39:24',NULL,'zen_cfg_select_drop_down(array(array(\'id\'=>\'1\', \'text\'=>\'Yes\'), array(\'id\'=>\'0\', \'text\'=>\'No\')), '),(138,'PRODUCT FREE SHIPPING Attribute is Default - Default','DEFAULT_PRODUCT_FREE_SHIPPING_ATTRIBUTES_DEFAULT','0','PRODUCT FREE SHIPPING Attribute is Default<br />Default Attribute to be Marked Selected<br />0= No 1= Yes',5,202,NULL,'2010-03-04 18:39:24',NULL,'zen_cfg_select_drop_down(array(array(\'id\'=>\'1\', \'text\'=>\'Yes\'), array(\'id\'=>\'0\', \'text\'=>\'No\')), '),(139,'PRODUCT FREE SHIPPING Attribute is Discounted - Default','DEFAULT_PRODUCT_FREE_SHIPPING_ATTRIBUTES_DISCOUNTED','1','PRODUCT FREE SHIPPING Attribute is Discounted<br />Apply Discounts Used by Product Special/Sale<br />0= No 1= Yes',5,203,NULL,'2010-03-04 18:39:24',NULL,'zen_cfg_select_drop_down(array(array(\'id\'=>\'1\', \'text\'=>\'Yes\'), array(\'id\'=>\'0\', \'text\'=>\'No\')), '),(140,'PRODUCT FREE SHIPPING Attribute is Included in Base Price - Default','DEFAULT_PRODUCT_FREE_SHIPPING_ATTRIBUTES_PRICE_BASE_INCLUDED','1','PRODUCT FREE SHIPPING Attribute is Included in Base Price<br />Include in Base Price When Priced by Attributes<br />0= No 1= Yes',5,204,NULL,'2010-03-04 18:39:24',NULL,'zen_cfg_select_drop_down(array(array(\'id\'=>\'1\', \'text\'=>\'Yes\'), array(\'id\'=>\'0\', \'text\'=>\'No\')), '),(141,'PRODUCT FREE SHIPPING Attribute is Required - Default','DEFAULT_PRODUCT_FREE_SHIPPING_ATTRIBUTES_REQUIRED','0','PRODUCT FREE SHIPPING Attribute is Required<br />Attribute Required for Text<br />0= No 1= Yes',5,205,NULL,'2010-03-04 18:39:24',NULL,'zen_cfg_select_drop_down(array(array(\'id\'=>\'1\', \'text\'=>\'Yes\'), array(\'id\'=>\'0\', \'text\'=>\'No\')), '),(142,'PRODUCT FREE SHIPPING Attribute Price Prefix - Default','DEFAULT_PRODUCT_FREE_SHIPPING_PRICE_PREFIX','1','PRODUCT FREE SHIPPING Attribute Price Prefix<br />Default Attribute Price Prefix for Adding<br />Blank, + or -',5,206,NULL,'2010-03-04 18:39:24',NULL,'zen_cfg_select_drop_down(array(array(\'id\'=>\'0\', \'text\'=>\'Blank\'), array(\'id\'=>\'1\', \'text\'=>\'+\'), array(\'id\'=>\'2\', \'text\'=>\'-\')), '),(143,'PRODUCT FREE SHIPPING Attribute Weight Prefix - Default','DEFAULT_PRODUCT_FREE_SHIPPING_PRODUCTS_ATTRIBUTES_WEIGHT_PREFIX','1','PRODUCT FREE SHIPPING Attribute Weight Prefix<br />Default Attribute Weight Prefix<br />Blank, + or -',5,207,NULL,'2010-03-04 18:39:24',NULL,'zen_cfg_select_drop_down(array(array(\'id\'=>\'0\', \'text\'=>\'Blank\'), array(\'id\'=>\'1\', \'text\'=>\'+\'), array(\'id\'=>\'2\', \'text\'=>\'-\')), ');

--
-- Table structure for table `zen_product_types`
--

CREATE TABLE `zen_product_types` (
  `type_id` int(11) NOT NULL AUTO_INCREMENT,
  `type_name` varchar(255) NOT NULL DEFAULT '',
  `type_handler` varchar(255) NOT NULL DEFAULT '',
  `type_master_type` int(11) NOT NULL DEFAULT '1',
  `allow_add_to_cart` char(1) NOT NULL DEFAULT 'Y',
  `default_image` varchar(255) NOT NULL DEFAULT '',
  `date_added` datetime NOT NULL DEFAULT '0001-01-01 00:00:00',
  `last_modified` datetime NOT NULL DEFAULT '0001-01-01 00:00:00',
  PRIMARY KEY (`type_id`),
  KEY `idx_type_master_type_zen` (`type_master_type`)
) ENGINE=MyISAM AUTO_INCREMENT=6 DEFAULT CHARSET=latin1;

--
-- Dumping data for table `zen_product_types`
--

INSERT INTO `zen_product_types` VALUES (1,'Product - General','product',1,'Y','','2010-03-04 18:39:24','2010-03-04 18:39:24'),(2,'Product - Music','product_music',1,'Y','','2010-03-04 18:39:24','2010-03-04 18:39:24'),(3,'Document - General','document_general',3,'N','','2010-03-04 18:39:24','2010-03-04 18:39:24'),(4,'Document - Product','document_product',3,'Y','','2010-03-04 18:39:24','2010-03-04 18:39:24'),(5,'Product - Free Shipping','product_free_shipping',1,'Y','','2010-03-04 18:39:24','2010-03-04 18:39:24');

--
-- Table structure for table `zen_product_types_to_category`
--

CREATE TABLE `zen_product_types_to_category` (
  `product_type_id` int(11) NOT NULL DEFAULT '0',
  `category_id` int(11) NOT NULL DEFAULT '0',
  KEY `idx_category_id_zen` (`category_id`),
  KEY `idx_product_type_id_zen` (`product_type_id`)
) ENGINE=MyISAM DEFAULT CHARSET=latin1;

--
-- Dumping data for table `zen_product_types_to_category`
--


--
-- Table structure for table `zen_products`
--

CREATE TABLE `zen_products` (
  `products_id` int(11) NOT NULL AUTO_INCREMENT,
  `products_type` int(11) NOT NULL DEFAULT '1',
  `products_quantity` float NOT NULL DEFAULT '0',
  `products_model` varchar(32) DEFAULT NULL,
  `products_image` varchar(64) DEFAULT NULL,
  `products_price` decimal(15,4) NOT NULL DEFAULT '0.0000',
  `products_virtual` tinyint(1) NOT NULL DEFAULT '0',
  `products_date_added` datetime NOT NULL DEFAULT '0001-01-01 00:00:00',
  `products_last_modified` datetime DEFAULT NULL,
  `products_date_available` datetime DEFAULT NULL,
  `products_weight` float NOT NULL DEFAULT '0',
  `products_status` tinyint(1) NOT NULL DEFAULT '0',
  `products_tax_class_id` int(11) NOT NULL DEFAULT '0',
  `manufacturers_id` int(11) DEFAULT NULL,
  `products_ordered` float NOT NULL DEFAULT '0',
  `products_quantity_order_min` float NOT NULL DEFAULT '1',
  `products_quantity_order_units` float NOT NULL DEFAULT '1',
  `products_priced_by_attribute` tinyint(1) NOT NULL DEFAULT '0',
  `product_is_free` tinyint(1) NOT NULL DEFAULT '0',
  `product_is_call` tinyint(1) NOT NULL DEFAULT '0',
  `products_quantity_mixed` tinyint(1) NOT NULL DEFAULT '0',
  `product_is_always_free_shipping` tinyint(1) NOT NULL DEFAULT '0',
  `products_qty_box_status` tinyint(1) NOT NULL DEFAULT '1',
  `products_quantity_order_max` float NOT NULL DEFAULT '0',
  `products_sort_order` int(11) NOT NULL DEFAULT '0',
  `products_discount_type` tinyint(1) NOT NULL DEFAULT '0',
  `products_discount_type_from` tinyint(1) NOT NULL DEFAULT '0',
  `products_price_sorter` decimal(15,4) NOT NULL DEFAULT '0.0000',
  `master_categories_id` int(11) NOT NULL DEFAULT '0',
  `products_mixed_discount_quantity` tinyint(1) NOT NULL DEFAULT '1',
  `metatags_title_status` tinyint(1) NOT NULL DEFAULT '0',
  `metatags_products_name_status` tinyint(1) NOT NULL DEFAULT '0',
  `metatags_model_status` tinyint(1) NOT NULL DEFAULT '0',
  `metatags_price_status` tinyint(1) NOT NULL DEFAULT '0',
  `metatags_title_tagline_status` tinyint(1) NOT NULL DEFAULT '0',
  PRIMARY KEY (`products_id`),
  KEY `idx_products_date_added_zen` (`products_date_added`),
  KEY `idx_products_status_zen` (`products_status`),
  KEY `idx_products_date_available_zen` (`products_date_available`),
  KEY `idx_products_ordered_zen` (`products_ordered`),
  KEY `idx_products_model_zen` (`products_model`),
  KEY `idx_products_price_sorter_zen` (`products_price_sorter`),
  KEY `idx_master_categories_id_zen` (`master_categories_id`),
  KEY `idx_products_sort_order_zen` (`products_sort_order`),
  KEY `idx_manufacturers_id_zen` (`manufacturers_id`)
) ENGINE=MyISAM AUTO_INCREMENT=166 DEFAULT CHARSET=latin1;

--
-- Dumping data for table `zen_products`
--

INSERT INTO `zen_products` VALUES (1,1,0,'','medium/chicken.gif',7.9500,1,'2010-03-04 21:33:17','2010-04-02 06:47:27',NULL,0,1,0,0,1,1,1,0,0,0,1,0,1,0,0,0,0,7.9500,4,1,0,0,0,0,0),(2,1,0,'','',6.2500,1,'2010-03-04 21:36:16',NULL,NULL,0,1,0,0,0,1,1,0,0,0,1,0,1,0,1,0,0,6.2500,4,1,0,0,0,0,0),(3,1,0,'','',0.0000,1,'2010-03-04 21:38:29','2010-03-25 07:17:53',NULL,0,1,0,0,5,1,1,0,0,0,1,0,1,0,0,0,0,0.0000,5,1,0,0,0,0,0),(4,1,0,'','',0.0000,1,'2010-03-04 21:39:17','2010-03-05 12:38:25',NULL,0,1,0,0,0,1,1,0,0,0,1,0,1,0,1,0,0,0.0000,5,1,0,0,0,0,0),(5,1,0,'','swsour.gif',11.2500,1,'2010-03-04 21:40:32','2010-03-05 13:27:57',NULL,0,1,0,0,1,1,1,0,0,0,1,0,1,0,0,0,0,11.2500,6,1,0,0,0,0,0),(6,1,0,'','',11.2500,1,'2010-03-04 21:41:03','2010-03-04 21:42:14',NULL,0,1,0,0,0,1,1,0,0,0,1,0,1,0,1,0,0,11.2500,6,1,0,0,0,0,0),(7,1,0,'','',14.9500,1,'2010-03-24 20:49:13',NULL,NULL,0,1,0,0,0,1,1,0,0,0,1,0,1,0,1,0,0,14.9500,7,1,0,0,0,0,0),(8,1,0,'','',13.9500,1,'2010-03-24 20:51:56',NULL,NULL,0,1,0,0,0,1,1,0,0,0,1,0,1,0,2,0,0,13.9500,7,1,0,0,0,0,0),(9,1,0,'','',10.5000,1,'2010-03-24 20:52:53',NULL,NULL,0,1,0,0,0,1,1,0,0,0,1,0,1,0,3,0,0,10.5000,7,1,0,0,0,0,0),(10,1,0,'','',9.9500,1,'2010-03-24 20:54:32',NULL,NULL,0,1,0,0,0,1,1,0,0,0,1,0,1,0,4,0,0,9.9500,7,1,0,0,0,0,0),(11,1,0,'','',10.5000,1,'2010-03-24 20:55:24',NULL,NULL,0,1,0,0,0,1,1,0,0,0,1,0,1,0,5,0,0,10.5000,7,1,0,0,0,0,0),(12,1,0,'','',10.5000,1,'2010-03-24 20:56:31',NULL,NULL,0,1,0,0,0,1,1,0,0,0,1,0,1,0,5,0,0,10.5000,7,1,0,0,0,0,0),(13,1,0,'','',13.9500,1,'2010-03-24 20:57:22',NULL,NULL,0,1,0,0,0,1,1,0,0,0,1,0,1,0,6,0,0,13.9500,7,1,0,0,0,0,0),(14,1,0,'','',13.9500,1,'2010-03-24 20:58:57',NULL,NULL,0,1,0,0,0,1,1,0,0,0,1,0,1,0,8,0,0,13.9500,7,1,0,0,0,0,0),(15,1,0,'','',13.9500,1,'2010-03-24 20:59:59',NULL,NULL,0,1,0,0,0,1,1,0,0,0,1,0,1,0,9,0,0,13.9500,7,1,0,0,0,0,0),(16,1,0,'','',13.9500,1,'2010-03-24 21:01:05',NULL,NULL,0,1,0,0,0,1,1,0,0,0,1,0,1,0,10,0,0,13.9500,7,1,0,0,0,0,0),(17,1,0,'','',13.9500,1,'2010-03-24 21:15:57',NULL,NULL,0,1,0,0,0,1,1,0,0,0,1,0,1,0,11,0,0,13.9500,7,1,0,0,0,0,0),(18,1,0,'','',13.9500,1,'2010-03-24 21:17:46',NULL,NULL,0,1,0,0,0,1,1,0,0,0,1,0,1,0,12,0,0,13.9500,7,1,0,0,0,0,0),(19,1,0,'','',13.9500,1,'2010-03-24 21:18:51',NULL,NULL,0,1,0,0,0,1,1,0,0,0,1,0,1,0,13,0,0,13.9500,7,1,0,0,0,0,0),(20,1,0,'','',13.9500,1,'2010-03-24 21:19:31',NULL,NULL,0,1,0,0,0,1,1,0,0,0,1,0,1,0,14,0,0,13.9500,7,1,0,0,0,0,0),(21,1,0,'','',9.9500,1,'2010-03-24 21:22:41',NULL,NULL,0,1,0,0,0,1,1,0,0,0,1,0,1,0,15,0,0,9.9500,7,1,0,0,0,0,0),(22,1,0,'','',13.9500,1,'2010-03-24 21:23:23',NULL,NULL,0,1,0,0,0,1,1,0,0,0,1,0,1,0,16,0,0,13.9500,7,1,0,0,0,0,0),(23,1,0,'','',13.9500,1,'2010-03-24 21:24:17',NULL,NULL,0,1,0,0,0,1,1,0,0,0,1,0,1,0,17,0,0,13.9500,7,1,0,0,0,0,0),(24,1,0,'','',0.0000,1,'2010-03-24 21:26:02',NULL,NULL,0,1,0,0,0,1,1,0,0,0,1,0,1,0,18,0,0,0.0000,7,1,0,0,0,0,0),(25,1,0,'','',11.2500,1,'2010-03-25 05:32:42',NULL,NULL,0,1,0,0,0,1,1,0,0,0,1,0,1,0,3,0,0,11.2500,6,1,0,0,0,0,0),(26,1,0,'','',11.2500,1,'2010-03-25 05:33:35',NULL,NULL,0,1,0,0,0,1,1,0,0,0,1,0,1,0,4,0,0,11.2500,6,1,0,0,0,0,0),(27,1,0,'','',11.2500,1,'2010-03-25 05:34:13',NULL,NULL,0,1,0,0,0,1,1,0,0,0,1,0,1,0,5,0,0,11.2500,6,1,0,0,0,0,0),(28,1,0,'','',13.9500,1,'2010-03-25 05:35:25',NULL,NULL,0,1,0,0,0,1,1,0,0,0,1,0,1,0,6,0,0,13.9500,6,1,0,0,0,0,0),(29,1,0,'','',13.9500,1,'2010-03-25 05:36:59',NULL,NULL,0,1,0,0,0,1,1,0,0,0,1,0,1,0,7,0,0,13.9500,6,1,0,0,0,0,0),(30,1,0,'','',11.2500,1,'2010-03-25 05:38:22',NULL,NULL,0,1,0,0,0,1,1,0,0,0,1,0,1,0,9,0,0,11.2500,6,1,0,0,0,0,0),(31,1,0,'','',11.2500,1,'2010-03-25 05:39:23',NULL,NULL,0,1,0,0,0,1,1,0,0,0,1,0,1,0,10,0,0,11.2500,6,1,0,0,0,0,0),(32,1,0,'','',11.2500,1,'2010-03-25 05:40:15',NULL,NULL,0,1,0,0,0,1,1,0,0,0,1,0,1,0,11,0,0,11.2500,6,1,0,0,0,0,0),(33,1,0,'','',11.2500,1,'2010-03-25 05:40:43',NULL,NULL,0,1,0,0,0,1,1,0,0,0,1,0,1,0,12,0,0,11.2500,6,1,0,0,0,0,0),(34,1,0,'','',11.2500,1,'2010-03-25 05:41:11',NULL,NULL,0,1,0,0,0,1,1,0,0,0,1,0,1,0,13,0,0,11.2500,6,1,0,0,0,0,0),(35,1,0,'','',8.9500,1,'2010-03-25 05:43:45',NULL,NULL,0,1,0,0,0,1,1,0,0,0,1,0,1,0,0,0,0,8.9500,8,1,0,0,0,0,0),(36,1,0,'','',8.9500,1,'2010-03-25 05:44:15',NULL,NULL,0,1,0,0,0,1,1,0,0,0,1,0,1,0,1,0,0,8.9500,8,1,0,0,0,0,0),(37,1,0,'','',10.5000,1,'2010-03-25 05:45:04',NULL,NULL,0,1,0,0,0,1,1,0,0,0,1,0,1,0,2,0,0,10.5000,8,1,0,0,0,0,0),(38,1,0,'','',10.5000,1,'2010-03-25 05:45:48',NULL,NULL,0,1,0,0,0,1,1,0,0,0,1,0,1,0,3,0,0,10.5000,8,1,0,0,0,0,0),(39,1,0,'','',8.9500,1,'2010-03-25 05:46:46',NULL,NULL,0,1,0,0,0,1,1,0,0,0,1,0,1,0,4,0,0,8.9500,8,1,0,0,0,0,0),(40,1,0,'','',8.9500,1,'2010-03-25 05:47:19',NULL,NULL,0,1,0,0,0,1,1,0,0,0,1,0,1,0,5,0,0,8.9500,8,1,0,0,0,0,0),(41,1,0,'','',8.9500,1,'2010-03-25 05:48:04','2010-03-25 05:48:36',NULL,0,1,0,0,0,1,1,0,0,0,1,0,1,0,6,0,0,8.9500,8,1,0,0,0,0,0),(42,1,0,'','',8.9500,1,'2010-03-25 05:49:09',NULL,NULL,0,1,0,0,0,1,1,0,0,0,1,0,1,0,7,0,0,8.9500,8,1,0,0,0,0,0),(43,1,0,'','',8.9500,1,'2010-03-25 05:49:44',NULL,NULL,0,1,0,0,0,1,1,0,0,0,1,0,1,0,8,0,0,8.9500,8,1,0,0,0,0,0),(44,1,0,'','',10.5000,1,'2010-03-25 05:50:23',NULL,NULL,0,1,0,0,0,1,1,0,0,0,1,0,1,0,9,0,0,10.5000,8,1,0,0,0,0,0),(45,1,0,'','',13.9500,1,'2010-03-25 05:50:58',NULL,NULL,0,1,0,0,0,1,1,0,0,0,1,0,1,0,10,0,0,13.9500,8,1,0,0,0,0,0),(46,1,0,'','',13.9500,1,'2010-03-25 05:51:23',NULL,NULL,0,1,0,0,0,1,1,0,0,0,1,0,1,0,11,0,0,13.9500,8,1,0,0,0,0,0),(47,1,0,'','',8.9500,1,'2010-03-25 05:52:37',NULL,NULL,0,1,0,0,0,1,1,0,0,0,1,0,1,0,12,0,0,8.9500,8,1,0,0,0,0,0),(48,1,0,'','',10.5000,1,'2010-03-25 05:53:31','2010-03-25 05:53:47',NULL,0,1,0,0,0,1,1,0,0,0,1,0,1,0,13,0,0,10.5000,8,1,0,0,0,0,0),(49,1,0,'','',8.9500,1,'2010-03-25 05:54:18',NULL,NULL,0,1,0,0,0,1,1,0,0,0,1,0,1,0,14,0,0,8.9500,8,1,0,0,0,0,0),(50,1,0,'','',8.9500,1,'2010-03-25 05:55:25',NULL,NULL,0,1,0,0,0,1,1,0,0,0,1,0,1,0,15,0,0,8.9500,8,1,0,0,0,0,0),(51,1,0,'','',8.9500,1,'2010-03-25 05:56:17',NULL,NULL,0,1,0,0,0,1,1,0,0,0,1,0,1,0,16,0,0,8.9500,8,1,0,0,0,0,0),(52,1,0,'','',8.9500,1,'2010-03-25 05:57:09',NULL,NULL,0,1,0,0,0,1,1,0,0,0,1,0,1,0,17,0,0,8.9500,8,1,0,0,0,0,0),(53,1,0,'','',8.9500,1,'2010-03-25 05:57:48',NULL,NULL,0,1,0,0,0,1,1,0,0,0,1,0,1,0,18,0,0,8.9500,8,1,0,0,0,0,0),(54,1,0,'','',8.9500,1,'2010-03-25 05:58:09',NULL,NULL,0,1,0,0,0,1,1,0,0,0,1,0,1,0,19,0,0,8.9500,8,1,0,0,0,0,0),(55,1,0,'','',8.9500,1,'2010-03-25 05:59:07',NULL,NULL,0,1,0,0,0,1,1,0,0,0,1,0,1,0,20,0,0,8.9500,8,1,0,0,0,0,0),(56,1,0,'','',10.5000,1,'2010-03-25 05:59:55',NULL,NULL,0,1,0,0,0,1,1,0,0,0,1,0,1,0,21,0,0,10.5000,8,1,0,0,0,0,0),(57,1,0,'','',10.5000,1,'2010-03-25 06:01:59',NULL,NULL,0,1,0,0,0,1,1,0,0,0,1,0,1,0,0,0,0,10.5000,9,1,0,0,0,0,0),(58,1,0,'','',10.5000,1,'2010-03-25 06:02:53',NULL,NULL,0,1,0,0,0,1,1,0,0,0,1,0,1,0,1,0,0,10.5000,9,1,0,0,0,0,0),(59,1,0,'','',10.5000,1,'2010-03-25 06:03:21',NULL,NULL,0,1,0,0,0,1,1,0,0,0,1,0,1,0,2,0,0,10.5000,9,1,0,0,0,0,0),(60,1,0,'','',10.5000,1,'2010-03-25 06:03:51','2010-03-25 06:04:30',NULL,0,1,0,0,0,1,1,0,0,0,1,0,1,0,4,0,0,10.5000,9,1,0,0,0,0,0),(61,1,0,'','',10.5000,1,'2010-03-25 06:04:17',NULL,NULL,0,1,0,0,0,1,1,0,0,0,1,0,1,0,3,0,0,10.5000,9,1,0,0,0,0,0),(62,1,0,'','',10.5000,1,'2010-03-25 06:05:18',NULL,NULL,0,1,0,0,0,1,1,0,0,0,1,0,1,0,5,0,0,10.5000,9,1,0,0,0,0,0),(63,1,0,'','',10.5000,1,'2010-03-25 06:06:33',NULL,NULL,0,1,0,0,0,1,1,0,0,0,1,0,1,0,6,0,0,10.5000,9,1,0,0,0,0,0),(64,1,0,'','',10.5000,1,'2010-03-25 06:06:57',NULL,NULL,0,1,0,0,0,1,1,0,0,0,1,0,1,0,7,0,0,10.5000,9,1,0,0,0,0,0),(65,1,0,'','',10.5000,1,'2010-03-25 06:07:58',NULL,NULL,0,1,0,0,0,1,1,0,0,0,1,0,1,0,8,0,0,10.5000,9,1,0,0,0,0,0),(66,1,0,'','',10.5000,1,'2010-03-25 06:08:24',NULL,NULL,0,1,0,0,0,1,1,0,0,0,1,0,1,0,9,0,0,10.5000,9,1,0,0,0,0,0),(67,1,0,'','',10.5000,1,'2010-03-25 06:08:53',NULL,NULL,0,1,0,0,0,1,1,0,0,0,1,0,1,0,10,0,0,10.5000,9,1,0,0,0,0,0),(68,1,0,'','',8.7500,1,'2010-03-25 06:15:54',NULL,NULL,0,1,0,0,0,1,1,0,0,0,1,0,1,0,0,0,0,8.7500,10,1,0,0,0,0,0),(69,1,0,'','',8.7500,1,'2010-03-25 06:16:57',NULL,NULL,0,1,0,0,0,1,1,0,0,0,1,0,1,0,1,0,0,8.7500,10,1,0,0,0,0,0),(70,1,0,'','',8.7500,1,'2010-03-25 06:19:01',NULL,NULL,0,1,0,0,0,1,1,0,0,0,1,0,1,0,2,0,0,8.7500,10,1,0,0,0,0,0),(71,1,0,'','',10.5000,1,'2010-03-25 06:19:59',NULL,NULL,0,1,0,0,0,1,1,0,0,0,1,0,1,0,3,0,0,10.5000,10,1,0,0,0,0,0),(72,1,0,'','',8.7500,1,'2010-03-25 06:20:28',NULL,NULL,0,1,0,0,0,1,1,0,0,0,1,0,1,0,4,0,0,8.7500,10,1,0,0,0,0,0),(73,1,0,'','',8.7500,1,'2010-03-25 06:22:36',NULL,NULL,0,1,0,0,0,1,1,0,0,0,1,0,1,0,1,0,0,8.7500,11,1,0,0,0,0,0),(74,1,0,'','',8.7500,1,'2010-03-25 06:23:18',NULL,NULL,0,1,0,0,0,1,1,0,0,0,1,0,1,0,2,0,0,8.7500,11,1,0,0,0,0,0),(75,1,0,'','',8.7500,1,'2010-03-25 06:24:17',NULL,NULL,0,1,0,0,0,1,1,0,0,0,1,0,1,0,3,0,0,8.7500,11,1,0,0,0,0,0),(76,1,0,'','',8.7500,1,'2010-03-25 06:24:47',NULL,NULL,0,1,0,0,0,1,1,0,0,0,1,0,1,0,4,0,0,8.7500,11,1,0,0,0,0,0),(77,1,0,'','',8.7500,1,'2010-03-25 06:25:52',NULL,NULL,0,1,0,0,0,1,1,0,0,0,1,0,1,0,0,0,0,8.7500,12,1,0,0,0,0,0),(78,1,0,'','',8.7500,1,'2010-03-25 06:26:34',NULL,NULL,0,1,0,0,0,1,1,0,0,0,1,0,1,0,1,0,0,8.7500,12,1,0,0,0,0,0),(79,1,0,'','',8.9500,1,'2010-03-25 06:27:14',NULL,NULL,0,1,0,0,0,1,1,0,0,0,1,0,1,0,2,0,0,8.9500,12,1,0,0,0,0,0),(80,1,0,'','',11.2500,1,'2010-03-25 06:28:01','2010-03-25 06:28:14',NULL,0,1,0,0,0,1,1,0,0,0,1,0,1,0,3,0,0,11.2500,12,1,0,0,0,0,0),(81,1,0,'','',13.9500,1,'2010-03-25 06:28:44',NULL,NULL,0,1,0,0,0,1,1,0,0,0,1,0,1,0,4,0,0,13.9500,12,1,0,0,0,0,0),(82,1,0,'','',8.7500,1,'2010-03-25 06:30:51',NULL,NULL,0,1,0,0,0,1,1,0,0,0,1,0,1,0,0,0,0,8.7500,13,1,0,0,0,0,0),(83,1,0,'','',8.7500,1,'2010-03-25 06:31:33',NULL,NULL,0,1,0,0,0,1,1,0,0,0,1,0,1,0,1,0,0,8.7500,13,1,0,0,0,0,0),(84,1,0,'','',8.7500,1,'2010-03-25 06:31:59',NULL,NULL,0,1,0,0,0,1,1,0,0,0,1,0,1,0,2,0,0,8.7500,13,1,0,0,0,0,0),(85,1,0,'','',10.5000,1,'2010-03-25 06:32:25',NULL,NULL,0,1,0,0,0,1,1,0,0,0,1,0,1,0,3,0,0,10.5000,13,1,0,0,0,0,0),(86,1,0,'','',11.2500,1,'2010-03-25 06:32:48','2010-03-25 06:33:13',NULL,0,1,0,0,0,1,1,0,0,0,1,0,1,0,4,0,0,11.2500,13,1,0,0,0,0,0),(87,1,0,'','',8.7500,1,'2010-03-25 06:35:05',NULL,NULL,0,1,0,0,0,1,1,0,0,0,1,0,1,0,0,0,0,8.7500,14,1,0,0,0,0,0),(88,1,0,'','',8.7500,1,'2010-03-25 06:35:31',NULL,NULL,0,1,0,0,0,1,1,0,0,0,1,0,1,0,1,0,0,8.7500,14,1,0,0,0,0,0),(89,1,0,'','',8.9500,1,'2010-03-25 06:35:57',NULL,NULL,0,1,0,0,0,1,1,0,0,0,1,0,1,0,2,0,0,8.9500,14,1,0,0,0,0,0),(90,1,0,'','',10.5000,1,'2010-03-25 06:36:29',NULL,NULL,0,1,0,0,0,1,1,0,0,0,1,0,1,0,3,0,0,10.5000,14,1,0,0,0,0,0),(91,1,0,'','',11.2500,1,'2010-03-25 06:37:05','2010-03-25 06:37:27',NULL,0,1,0,0,0,1,1,0,0,0,1,0,1,0,4,0,0,11.2500,14,1,0,0,0,0,0),(92,1,0,'','',8.7500,1,'2010-03-25 06:39:44',NULL,NULL,0,1,0,0,0,1,1,0,0,0,1,0,1,0,0,0,0,8.7500,15,1,0,0,0,0,0),(93,1,0,'','',8.7500,1,'2010-03-25 06:40:08',NULL,NULL,0,1,0,0,0,1,1,0,0,0,1,0,1,0,1,0,0,8.7500,15,1,0,0,0,0,0),(94,1,0,'','',8.9500,1,'2010-03-25 06:40:33',NULL,NULL,0,1,0,0,0,1,1,0,0,0,1,0,1,0,2,0,0,8.9500,15,1,0,0,0,0,0),(95,1,0,'','',10.5000,1,'2010-03-25 06:40:56','2010-03-25 06:41:12',NULL,0,1,0,0,0,1,1,0,0,0,1,0,1,0,3,0,0,10.5000,15,1,0,0,0,0,0),(96,1,0,'','',11.2500,1,'2010-03-25 06:41:38',NULL,NULL,0,1,0,0,0,1,1,0,0,0,1,0,1,0,4,0,0,11.2500,15,1,0,0,0,0,0),(97,1,0,'','',8.7500,1,'2010-03-25 06:43:31','2010-03-25 06:53:12',NULL,0,1,0,0,0,1,1,0,0,0,1,0,1,0,5,0,0,8.7500,15,1,0,0,0,0,0),(98,1,0,'','',8.7500,1,'2010-03-25 06:43:56','2010-03-25 06:53:28',NULL,0,1,0,0,0,1,1,0,0,0,1,0,1,0,6,0,0,8.7500,15,1,0,0,0,0,0),(99,1,0,'','',8.9500,1,'2010-03-25 06:44:17','2010-03-25 06:53:46',NULL,0,1,0,0,0,1,1,0,0,0,1,0,1,0,7,0,0,8.9500,15,1,0,0,0,0,0),(100,1,0,'','',10.5000,1,'2010-03-25 06:44:38','2010-03-25 06:54:16',NULL,0,1,0,0,0,1,1,0,0,0,1,0,1,0,8,0,0,10.5000,15,1,0,0,0,0,0),(101,1,0,'','',11.2500,1,'2010-03-25 06:45:10','2010-03-25 06:54:38',NULL,0,1,0,0,0,1,1,0,0,0,1,0,1,0,9,0,0,11.2500,15,1,0,0,0,0,0),(102,1,0,'','',7.4500,1,'2010-03-25 06:55:14',NULL,NULL,0,1,0,0,0,1,1,0,0,0,1,0,1,0,0,0,0,7.4500,17,1,0,0,0,0,0),(103,1,0,'','',7.4500,1,'2010-03-25 06:55:42',NULL,NULL,0,1,0,0,1,1,1,0,0,0,1,0,1,0,1,0,0,7.4500,17,1,0,0,0,0,0),(104,1,0,'','',7.4500,1,'2010-03-25 06:56:06',NULL,NULL,0,1,0,0,0,1,1,0,0,0,1,0,1,0,2,0,0,7.4500,17,1,0,0,0,0,0),(105,1,0,'','',7.9500,1,'2010-03-25 06:56:35',NULL,NULL,0,1,0,0,0,1,1,0,0,0,1,0,1,0,3,0,0,7.9500,17,1,0,0,0,0,0),(106,1,0,'','',8.9500,1,'2010-03-25 06:57:04',NULL,NULL,0,1,0,0,0,1,1,0,0,0,1,0,1,0,4,0,0,8.9500,17,1,0,0,0,0,0),(107,1,0,'','',9.4500,1,'2010-03-25 06:57:35',NULL,NULL,0,1,0,0,0,1,1,0,0,0,1,0,1,0,5,0,0,9.4500,17,1,0,0,0,0,0),(108,1,0,'','',7.9500,1,'2010-03-25 06:58:02','2010-03-25 06:58:52',NULL,0,1,0,0,0,1,1,0,0,0,1,0,1,0,6,0,0,7.9500,17,1,0,0,0,0,0),(109,1,0,'','',7.9500,1,'2010-03-25 06:58:36',NULL,NULL,0,1,0,0,0,1,1,0,0,0,1,0,1,0,7,0,0,7.9500,17,1,0,0,0,0,0),(110,1,0,'','',7.9500,1,'2010-03-25 06:59:27',NULL,NULL,0,1,0,0,0,1,1,0,0,0,1,0,1,0,8,0,0,7.9500,17,1,0,0,0,0,0),(111,1,0,'','',8.4500,1,'2010-03-25 06:59:53',NULL,NULL,0,1,0,0,0,1,1,0,0,0,1,0,1,0,9,0,0,8.4500,17,1,0,0,0,0,0),(112,1,0,'','',9.4500,1,'2010-03-25 07:00:24',NULL,NULL,0,1,0,0,0,1,1,0,0,0,1,0,1,0,10,0,0,9.4500,17,1,0,0,0,0,0),(113,1,0,'','',9.9500,1,'2010-03-25 07:00:57','2010-03-25 07:01:10',NULL,0,1,0,0,0,1,1,0,0,0,1,0,1,0,11,0,0,9.9500,17,1,0,0,0,0,0),(115,1,0,'','',4.9500,1,'2010-03-25 07:05:03',NULL,NULL,0,1,0,0,1,1,1,0,0,0,1,0,1,0,2,0,0,4.9500,4,1,0,0,0,0,0),(116,1,0,'','',4.9500,1,'2010-03-25 07:06:42',NULL,NULL,0,1,0,0,0,1,1,0,0,0,1,0,1,0,4,0,0,4.9500,4,1,0,0,0,0,0),(117,1,0,'','',1.5000,1,'2010-03-25 07:07:09',NULL,NULL,0,1,0,0,0,1,1,0,0,0,1,0,1,0,5,0,0,1.5000,4,1,0,0,0,0,0),(118,1,0,'','',1.5000,1,'2010-03-25 07:07:45',NULL,NULL,0,1,0,0,0,1,1,0,0,0,1,0,1,0,6,0,0,1.5000,4,1,0,0,0,0,0),(119,1,0,'','',7.2500,1,'2010-03-25 07:08:18',NULL,NULL,0,1,0,0,0,1,1,0,0,0,1,0,1,0,7,0,0,7.2500,4,1,0,0,0,0,0),(120,1,0,'','',5.9500,1,'2010-03-25 07:09:02','2010-03-25 07:09:24',NULL,0,1,0,0,0,1,1,0,0,0,1,0,1,0,8,0,0,5.9500,4,1,0,0,0,0,0),(121,1,0,'','',4.9500,1,'2010-03-25 07:09:50',NULL,NULL,0,1,0,0,0,1,1,0,0,0,1,0,1,0,9,0,0,4.9500,4,1,0,0,0,0,0),(122,1,0,'','',4.9500,1,'2010-03-25 07:10:22',NULL,NULL,0,1,0,0,0,1,1,0,0,0,1,0,1,0,10,0,0,4.9500,4,1,0,0,0,0,0),(123,1,0,'','',0.0000,1,'2010-03-25 07:18:48',NULL,NULL,0,1,0,0,0,1,1,0,0,0,1,0,1,0,4,0,0,0.0000,5,1,0,0,0,0,0),(124,1,0,'','',0.0000,1,'2010-03-25 07:19:23',NULL,NULL,0,1,0,0,0,1,1,0,0,0,1,0,1,0,3,0,0,0.0000,5,1,0,0,0,0,0),(125,1,0,'','',0.0000,1,'2010-03-25 07:19:52',NULL,NULL,0,1,0,0,0,1,1,0,0,0,1,0,1,0,5,0,0,0.0000,5,1,0,0,0,0,0),(126,1,0,'','',10.5000,1,'2010-03-25 07:20:36',NULL,NULL,0,1,0,0,0,1,1,0,0,0,1,0,1,0,6,0,0,10.5000,5,1,0,0,0,0,0),(128,1,0,'','',0.0000,1,'2010-03-28 18:32:17','2010-03-28 20:51:04',NULL,0,1,0,0,1,1,1,0,0,0,1,0,1,0,0,0,0,0.0000,18,1,0,0,0,0,0),(129,1,0,'','',0.0000,1,'2010-03-28 20:00:12','2010-03-28 20:52:40',NULL,0,1,0,0,0,1,1,0,0,0,1,0,1,0,1,0,0,0.0000,18,1,0,0,0,0,0),(130,1,0,'','',0.0000,1,'2010-03-28 23:36:15','2010-03-29 13:11:46',NULL,0,1,0,0,0,1,1,0,0,0,1,0,1,0,0,0,0,0.0000,27,1,0,0,0,0,0),(131,1,0,'','',0.0000,1,'2010-03-28 23:37:33','2010-03-29 13:10:30',NULL,0,1,0,0,1,1,1,0,0,0,1,0,1,0,0,0,0,0.0000,26,1,0,0,0,0,0),(132,1,0,'','',0.0000,1,'2010-03-28 23:38:10','2010-03-29 13:03:03',NULL,0,1,0,0,0,1,1,0,0,0,1,0,1,0,0,0,0,0.0000,25,1,0,0,0,0,0),(133,1,0,'','',0.0000,1,'2010-03-28 23:38:37','2010-03-29 12:52:52',NULL,0,1,0,0,0,1,1,0,0,0,1,0,1,0,0,0,0,0.0000,24,1,0,0,0,0,0),(134,1,0,'','',6.7500,1,'2010-03-29 13:22:28',NULL,NULL,0,1,0,0,0,1,1,0,0,0,1,0,1,0,1,0,0,6.7500,19,1,0,0,0,0,0),(135,1,0,'','',5.9500,1,'2010-03-29 13:23:12','2010-03-29 13:23:36',NULL,0,1,0,0,0,1,1,0,0,0,1,0,1,0,2,0,0,5.9500,19,1,0,0,0,0,0),(136,1,0,'','',5.9500,1,'2010-03-29 13:24:22',NULL,NULL,0,1,0,0,0,1,1,0,0,0,1,0,1,0,3,0,0,5.9500,19,1,0,0,0,0,0),(137,1,0,'','',5.9500,1,'2010-03-29 13:25:07',NULL,NULL,0,1,0,0,0,1,1,0,0,0,1,0,1,0,4,0,0,5.9500,19,1,0,0,0,0,0),(138,1,0,'','',6.7500,1,'2010-03-29 13:25:50',NULL,NULL,0,1,0,0,0,1,1,0,0,0,1,0,1,0,5,0,0,6.7500,19,1,0,0,0,0,0),(139,1,0,'','',5.9500,1,'2010-03-29 13:26:40',NULL,NULL,0,1,0,0,0,1,1,0,0,0,1,0,1,0,6,0,0,5.9500,19,1,0,0,0,0,0),(140,1,0,'','',5.9500,1,'2010-03-29 13:27:15',NULL,NULL,0,1,0,0,1,1,1,0,0,0,1,0,1,0,7,0,0,5.9500,19,1,0,0,0,0,0),(141,1,0,'','',5.9500,1,'2010-03-29 13:27:59',NULL,NULL,0,1,0,0,0,1,1,0,0,0,1,0,1,0,8,0,0,5.9500,19,1,0,0,0,0,0),(142,1,0,'','',5.9500,1,'2010-03-29 13:28:30',NULL,NULL,0,1,0,0,1,1,1,0,0,0,1,0,1,0,9,0,0,5.9500,19,1,0,0,0,0,0),(143,1,0,'','',6.7500,1,'2010-03-29 13:29:16',NULL,NULL,0,1,0,0,2,1,1,0,0,0,1,0,1,0,10,0,0,6.7500,19,1,0,0,0,0,0),(144,1,0,'','',5.9500,1,'2010-03-29 13:29:53',NULL,NULL,0,1,0,0,0,1,1,0,0,0,1,0,1,0,11,0,0,5.9500,19,1,0,0,0,0,0),(145,1,0,'','',6.7500,1,'2010-03-29 13:30:27',NULL,NULL,0,1,0,0,0,1,1,0,0,0,1,0,1,0,12,0,0,6.7500,19,1,0,0,0,0,0),(146,1,0,'','',6.7500,1,'2010-03-29 13:31:03',NULL,NULL,0,1,0,0,0,1,1,0,0,0,1,0,1,0,13,0,0,6.7500,19,1,0,0,0,0,0),(147,1,0,'','',5.9500,1,'2010-03-29 13:31:33',NULL,NULL,0,1,0,0,0,1,1,0,0,0,1,0,1,0,14,0,0,5.9500,19,1,0,0,0,0,0),(148,1,0,'','',6.2500,1,'2010-03-29 13:32:48',NULL,NULL,0,1,0,0,0,1,1,0,0,0,1,0,1,0,15,0,0,6.2500,20,1,0,0,0,0,0),(149,1,0,'','',6.2500,1,'2010-03-29 13:33:27',NULL,NULL,0,1,0,0,0,1,1,0,0,0,1,0,1,0,16,0,0,6.2500,20,1,0,0,0,0,0),(150,1,0,'','',6.2500,1,'2010-03-29 13:33:58',NULL,NULL,0,1,0,0,0,1,1,0,0,0,1,0,1,0,17,0,0,6.2500,20,1,0,0,0,0,0),(151,1,0,'','',6.2500,1,'2010-03-29 13:34:29',NULL,NULL,0,1,0,0,0,1,1,0,0,0,1,0,1,0,18,0,0,6.2500,20,1,0,0,0,0,0),(152,1,0,'','',6.2500,1,'2010-03-29 13:35:52','2010-03-29 13:37:03',NULL,0,1,0,0,0,1,1,0,0,0,1,0,1,0,19,0,0,6.2500,20,1,0,0,0,0,0),(153,1,0,'','',6.7500,1,'2010-03-29 13:36:44',NULL,NULL,0,1,0,0,0,1,1,0,0,0,1,0,1,0,20,0,0,6.7500,20,1,0,0,0,0,0),(154,1,0,'','',5.9500,1,'2010-03-29 13:38:14',NULL,NULL,0,1,0,0,0,1,1,0,0,0,1,0,1,0,21,0,0,5.9500,21,1,0,0,0,0,0),(155,1,0,'','',5.9500,1,'2010-03-29 13:38:56',NULL,NULL,0,1,0,0,0,1,1,0,0,0,1,0,1,0,22,0,0,5.9500,21,1,0,0,0,0,0),(156,1,0,'','',5.9500,1,'2010-03-29 13:39:36',NULL,NULL,0,1,0,0,0,1,1,0,0,0,1,0,1,0,23,0,0,5.9500,21,1,0,0,0,0,0),(157,1,0,'','',5.9500,1,'2010-03-29 13:40:08',NULL,NULL,0,1,0,0,0,1,1,0,0,0,1,0,1,0,24,0,0,5.9500,21,1,0,0,0,0,0),(158,1,0,'','',6.9500,1,'2010-03-29 13:46:55',NULL,NULL,0,1,0,0,0,1,1,0,0,0,1,0,1,0,25,0,0,6.9500,22,1,0,0,0,0,0),(159,1,0,'','',6.9500,1,'2010-03-29 13:47:34',NULL,NULL,0,1,0,0,0,1,1,0,0,0,1,0,1,0,26,0,0,6.9500,22,1,0,0,0,0,0),(160,1,0,'','',6.9500,1,'2010-03-29 13:48:11',NULL,NULL,0,1,0,0,0,1,1,0,0,0,1,0,1,0,27,0,0,6.9500,22,1,0,0,0,0,0),(161,1,0,'','',6.9500,1,'2010-03-29 13:49:00',NULL,NULL,0,1,0,0,0,1,1,0,0,0,1,0,1,0,28,0,0,6.9500,22,1,0,0,0,0,0),(162,1,0,'','',5.9500,1,'2010-03-29 13:50:15',NULL,NULL,0,1,0,0,0,1,1,0,0,0,1,0,1,0,29,0,0,5.9500,23,1,0,0,0,0,0),(163,1,0,'','',5.9500,1,'2010-03-29 13:52:01',NULL,NULL,0,1,0,0,0,1,1,0,0,0,1,0,1,0,30,0,0,5.9500,23,1,0,0,0,0,0),(164,1,0,'','',5.9500,1,'2010-03-29 13:52:39',NULL,NULL,0,1,0,0,0,1,1,0,0,0,1,0,1,0,31,0,0,5.9500,23,1,0,0,0,0,0),(165,1,1000,'test01','chinese_delight24.png',0.1000,1,'2011-05-24 21:04:12','2011-05-25 22:33:16',NULL,0,1,0,0,2,1,1,1,0,0,1,0,0,1,0,0,0,0.1000,28,1,0,0,0,0,0);

--
-- Table structure for table `zen_products_attributes`
--

CREATE TABLE `zen_products_attributes` (
  `products_attributes_id` int(11) NOT NULL AUTO_INCREMENT,
  `products_id` int(11) NOT NULL DEFAULT '0',
  `options_id` int(11) NOT NULL DEFAULT '0',
  `options_values_id` int(11) NOT NULL DEFAULT '0',
  `options_values_price` decimal(15,4) NOT NULL DEFAULT '0.0000',
  `price_prefix` char(1) NOT NULL DEFAULT '',
  `products_options_sort_order` int(11) NOT NULL DEFAULT '0',
  `product_attribute_is_free` tinyint(1) NOT NULL DEFAULT '0',
  `products_attributes_weight` float NOT NULL DEFAULT '0',
  `products_attributes_weight_prefix` char(1) NOT NULL DEFAULT '',
  `attributes_display_only` tinyint(1) NOT NULL DEFAULT '0',
  `attributes_default` tinyint(1) NOT NULL DEFAULT '0',
  `attributes_discounted` tinyint(1) NOT NULL DEFAULT '1',
  `attributes_image` varchar(64) DEFAULT NULL,
  `attributes_price_base_included` tinyint(1) NOT NULL DEFAULT '1',
  `attributes_price_onetime` decimal(15,4) NOT NULL DEFAULT '0.0000',
  `attributes_price_factor` decimal(15,4) NOT NULL DEFAULT '0.0000',
  `attributes_price_factor_offset` decimal(15,4) NOT NULL DEFAULT '0.0000',
  `attributes_price_factor_onetime` decimal(15,4) NOT NULL DEFAULT '0.0000',
  `attributes_price_factor_onetime_offset` decimal(15,4) NOT NULL DEFAULT '0.0000',
  `attributes_qty_prices` text,
  `attributes_qty_prices_onetime` text,
  `attributes_price_words` decimal(15,4) NOT NULL DEFAULT '0.0000',
  `attributes_price_words_free` int(4) NOT NULL DEFAULT '0',
  `attributes_price_letters` decimal(15,4) NOT NULL DEFAULT '0.0000',
  `attributes_price_letters_free` int(4) NOT NULL DEFAULT '0',
  `attributes_required` tinyint(1) NOT NULL DEFAULT '0',
  PRIMARY KEY (`products_attributes_id`),
  KEY `idx_id_options_id_values_zen` (`products_id`,`options_id`,`options_values_id`),
  KEY `idx_opt_sort_order_zen` (`products_options_sort_order`)
) ENGINE=MyISAM AUTO_INCREMENT=57 DEFAULT CHARSET=latin1;

--
-- Dumping data for table `zen_products_attributes`
--

INSERT INTO `zen_products_attributes` VALUES (1,3,1,1,1.7500,'',0,1,0,'+',0,0,1,'',1,0.0000,0.0000,0.0000,0.0000,0.0000,'','',0.0000,0,0.0000,0,0),(2,3,1,2,3.5000,'',1,1,0,'+',0,0,1,'',1,0.0000,0.0000,0.0000,0.0000,0.0000,'','',0.0000,0,0.0000,0,0),(3,3,1,3,5.2500,'',2,1,0,'+',0,0,1,'',1,0.0000,0.0000,0.0000,0.0000,0.0000,'','',0.0000,0,0.0000,0,0),(4,4,1,1,1.9500,'',0,1,0,'+',0,0,1,'',1,0.0000,0.0000,0.0000,0.0000,0.0000,'','',0.0000,0,0.0000,0,0),(5,4,1,2,3.9000,'',1,1,0,'+',0,0,1,'',1,0.0000,0.0000,0.0000,0.0000,0.0000,'','',0.0000,0,0.0000,0,0),(6,4,1,3,5.7500,'',2,1,0,'+',0,0,1,'',1,0.0000,0.0000,0.0000,0.0000,0.0000,'','',0.0000,0,0.0000,0,0),(7,123,1,1,1.9500,'+',0,1,0,'+',0,0,1,'',1,0.0000,0.0000,0.0000,0.0000,0.0000,'','',0.0000,0,0.0000,0,0),(8,123,1,2,3.9000,'',1,1,0,'+',0,0,1,'',1,0.0000,0.0000,0.0000,0.0000,0.0000,'','',0.0000,0,0.0000,0,0),(9,123,1,3,5.7500,'',2,1,0,'+',0,0,1,'',1,0.0000,0.0000,0.0000,0.0000,0.0000,'','',0.0000,0,0.0000,0,0),(10,125,1,1,1.9500,'',0,1,0,'+',0,0,1,'',1,0.0000,0.0000,0.0000,0.0000,0.0000,'','',0.0000,0,0.0000,0,0),(11,125,1,2,3.9000,'',1,1,0,'+',0,0,1,'',1,0.0000,0.0000,0.0000,0.0000,0.0000,'','',0.0000,0,0.0000,0,0),(12,125,1,3,5.7500,'',2,1,0,'+',0,0,1,'',1,0.0000,0.0000,0.0000,0.0000,0.0000,'','',0.0000,0,0.0000,0,0),(13,124,1,1,1.9500,'',0,1,0,'+',0,0,1,'',1,0.0000,0.0000,0.0000,0.0000,0.0000,'','',0.0000,0,0.0000,0,0),(14,124,1,2,3.9000,'',1,1,0,'+',0,0,1,'',1,0.0000,0.0000,0.0000,0.0000,0.0000,'','',0.0000,0,0.0000,0,0),(15,124,1,3,5.7500,'',2,1,0,'+',0,0,1,'',1,0.0000,0.0000,0.0000,0.0000,0.0000,'','',0.0000,0,0.0000,0,0),(16,128,2,11,129.5000,'',10,1,0,'+',0,0,1,'',1,0.0000,0.0000,0.0000,0.0000,0.0000,'','',0.0000,0,0.0000,0,0),(17,128,2,4,38.8500,'',0,1,0,'+',0,0,1,'',1,0.0000,0.0000,0.0000,0.0000,0.0000,'','',0.0000,0,0.0000,0,0),(18,128,2,12,25.9000,'',0,1,0,'+',0,0,1,'',1,0.0000,0.0000,0.0000,0.0000,0.0000,'','',0.0000,0,0.0000,0,0),(19,128,2,5,51.8000,'',0,1,0,'+',0,0,1,'',1,0.0000,0.0000,0.0000,0.0000,0.0000,'','',0.0000,0,0.0000,0,0),(20,128,2,6,64.7500,'',0,1,0,'+',0,0,1,'',1,0.0000,0.0000,0.0000,0.0000,0.0000,'','',0.0000,0,0.0000,0,0),(21,128,2,7,77.7000,'',0,1,0,'+',0,0,1,'',1,0.0000,0.0000,0.0000,0.0000,0.0000,'','',0.0000,0,0.0000,0,0),(22,128,2,8,90.6500,'',0,1,0,'+',0,0,1,'',1,0.0000,0.0000,0.0000,0.0000,0.0000,'','',0.0000,0,0.0000,0,0),(23,128,2,9,103.6000,'',0,1,0,'+',0,0,1,'',1,0.0000,0.0000,0.0000,0.0000,0.0000,'','',0.0000,0,0.0000,0,0),(24,128,2,10,116.5500,'',0,1,0,'+',0,0,1,'',1,0.0000,0.0000,0.0000,0.0000,0.0000,'','',0.0000,0,0.0000,0,0),(25,129,2,11,139.5000,'',10,1,0,'+',0,0,1,'',1,0.0000,0.0000,0.0000,0.0000,0.0000,'','',0.0000,0,0.0000,0,0),(26,129,2,12,27.9000,'',2,1,0,'+',0,0,1,'',1,0.0000,0.0000,0.0000,0.0000,0.0000,'','',0.0000,0,0.0000,0,0),(27,129,2,4,41.8500,'',3,1,0,'+',0,0,1,'',1,0.0000,0.0000,0.0000,0.0000,0.0000,'','',0.0000,0,0.0000,0,0),(28,129,2,5,55.8000,'',4,1,0,'+',0,0,1,'',1,0.0000,0.0000,0.0000,0.0000,0.0000,'','',0.0000,0,0.0000,0,0),(29,129,2,6,69.7500,'',5,1,0,'+',0,0,1,'',1,0.0000,0.0000,0.0000,0.0000,0.0000,'','',0.0000,0,0.0000,0,0),(30,129,2,7,83.7000,'',6,1,0,'+',0,0,1,'',1,0.0000,0.0000,0.0000,0.0000,0.0000,'','',0.0000,0,0.0000,0,0),(31,129,2,8,97.6500,'',7,1,0,'+',0,0,1,'',1,0.0000,0.0000,0.0000,0.0000,0.0000,'','',0.0000,0,0.0000,0,0),(32,129,2,9,111.6000,'',8,1,0,'+',0,0,1,'',1,0.0000,0.0000,0.0000,0.0000,0.0000,'','',0.0000,0,0.0000,0,0),(33,129,2,10,125.5500,'',9,1,0,'+',0,0,1,'',1,0.0000,0.0000,0.0000,0.0000,0.0000,'','',0.0000,0,0.0000,0,0),(35,133,3,13,5.9500,'',0,1,0,'+',0,0,1,'',1,0.0000,0.0000,0.0000,0.0000,0.0000,'','',0.0000,0,0.0000,0,0),(36,133,3,14,6.2500,'',1,1,0,'+',0,0,1,'',1,0.0000,0.0000,0.0000,0.0000,0.0000,'','',0.0000,0,0.0000,0,0),(37,133,3,15,6.9500,'',2,1,0,'+',0,0,1,'',1,0.0000,0.0000,0.0000,0.0000,0.0000,'','',0.0000,0,0.0000,0,0),(38,133,3,16,7.4500,'',3,1,0,'+',0,0,1,'',1,0.0000,0.0000,0.0000,0.0000,0.0000,'','',0.0000,0,0.0000,0,0),(46,132,4,28,7.4500,'',3,1,0,'+',0,0,1,'',1,0.0000,0.0000,0.0000,0.0000,0.0000,'','',0.0000,0,0.0000,0,0),(45,132,4,27,6.9500,'',2,1,0,'+',0,0,1,'',1,0.0000,0.0000,0.0000,0.0000,0.0000,'','',0.0000,0,0.0000,0,0),(44,132,4,26,6.2500,'',1,1,0,'+',0,0,1,'',1,0.0000,0.0000,0.0000,0.0000,0.0000,'','',0.0000,0,0.0000,0,0),(43,132,4,25,5.9500,'',0,1,0,'+',0,0,1,'',1,0.0000,0.0000,0.0000,0.0000,0.0000,'','',0.0000,0,0.0000,0,0),(47,131,5,17,5.9500,'',0,1,0,'+',0,0,1,'',1,0.0000,0.0000,0.0000,0.0000,0.0000,'','',0.0000,0,0.0000,0,0),(48,131,5,18,6.2500,'',1,1,0,'+',0,0,1,'',1,0.0000,0.0000,0.0000,0.0000,0.0000,'','',0.0000,0,0.0000,0,0),(49,131,5,20,7.4500,'',3,1,0,'+',0,0,1,'',1,0.0000,0.0000,0.0000,0.0000,0.0000,'','',0.0000,0,0.0000,0,0),(50,131,5,19,6.9500,'',2,1,0,'+',0,0,1,'',1,0.0000,0.0000,0.0000,0.0000,0.0000,'','',0.0000,0,0.0000,0,0),(51,130,6,21,5.9500,'',0,1,0,'+',0,0,1,'',1,0.0000,0.0000,0.0000,0.0000,0.0000,'','',0.0000,0,0.0000,0,0),(52,130,6,22,6.2500,'',1,1,0,'+',0,0,1,'',1,0.0000,0.0000,0.0000,0.0000,0.0000,'','',0.0000,0,0.0000,0,0),(53,130,6,23,6.9500,'',2,1,0,'+',0,0,1,'',1,0.0000,0.0000,0.0000,0.0000,0.0000,'','',0.0000,0,0.0000,0,0),(54,130,6,24,7.4500,'',3,1,0,'+',0,0,1,'',1,0.0000,0.0000,0.0000,0.0000,0.0000,'','',0.0000,0,0.0000,0,0),(55,165,7,29,0.0000,'+',0,1,0,'+',0,0,1,'',1,0.0000,0.0000,0.0000,0.0000,0.0000,'','',0.0000,0,0.0000,0,0),(56,165,0,0,0.0000,'+',0,1,0,'+',0,1,1,'',1,0.0000,0.0000,0.0000,0.0000,0.0000,'','',0.0000,0,0.0000,0,0);

--
-- Table structure for table `zen_products_attributes_download`
--

CREATE TABLE `zen_products_attributes_download` (
  `products_attributes_id` int(11) NOT NULL DEFAULT '0',
  `products_attributes_filename` varchar(255) NOT NULL DEFAULT '',
  `products_attributes_maxdays` int(2) DEFAULT '0',
  `products_attributes_maxcount` int(2) DEFAULT '0',
  PRIMARY KEY (`products_attributes_id`)
) ENGINE=MyISAM DEFAULT CHARSET=latin1;

--
-- Dumping data for table `zen_products_attributes_download`
--

INSERT INTO `zen_products_attributes_download` VALUES (56,'pdf_sample.zip',1,2);

--
-- Table structure for table `zen_products_description`
--

CREATE TABLE `zen_products_description` (
  `products_id` int(11) NOT NULL AUTO_INCREMENT,
  `language_id` int(11) NOT NULL DEFAULT '1',
  `products_name` varchar(64) NOT NULL DEFAULT '',
  `products_description` text,
  `products_url` varchar(255) DEFAULT NULL,
  `products_viewed` int(5) DEFAULT '0',
  PRIMARY KEY (`products_id`,`language_id`),
  KEY `idx_products_name_zen` (`products_name`)
) ENGINE=MyISAM AUTO_INCREMENT=166 DEFAULT CHARSET=latin1;

--
-- Dumping data for table `zen_products_description`
--

INSERT INTO `zen_products_description` VALUES (1,1,'CHINESE CHICKEN SALAD','Crispy chicken tossed with greens, sesame seeds and imperial spices. </br>(For each additional person, increase by a half order)\r\n</br>\r\nServes 1-2','',15),(2,1,'FLAMING PU PU PLATTER','An assortment of fried shrimp, crabmeat cheese, egg rolls, foil wrapped chicken, pot stickers and beef skewers served with flaming habachi. <br />\r\n\r\n(Minimum of 2)<br />\r\nPer Person 6.25','',6),(3,1,'EGG DROP SOUP','','',36),(4,1,'* HOT AND SOUR SOUP','','',14),(5,1,'SWEET AND SOUR SHRIMP','','',10),(6,1,'SHRIMP WITH LOBSTER SAUCE','','',1),(7,1,'HOUSE SPECIAL SIZZLING PLATE','A classic combination of seafood, meat, and vegetables sautéed in a house brown sauce and served on a sizzling hot plate.','',0),(8,1,'TEA SMOKED DUCK','Marinated half duck in a Chinese wok smoked oven burning tea leaves, served with 4 Chinese pancakes, green onion and plum sauce. Haunting flavors.','',0),(9,1,'RAINBOW CHICKEN','Stir fried minced chicken, rice noodle, ground almond nut, sesame seed, served with plum sauce in lettuce cup.','',0),(10,1,'MU SHU PORK (OR CHICKEN AND VEGETABLES)','Served with 4 pancakes.','',0),(11,1,'* GENERAL TSOU\'S CHICKEN','Browned chunky chicken in chef\'s special garlic sauce and garnish with broccoli and tomatoes.','',0),(12,1,'* ORANGE CRISPY CHICKEN OR BEEF','Lightly battered meats with orange peel in a famous spicy orange flavor sauce.','',0),(13,1,'* KUNG PO THREE COMBO','Hot tender beef, scallops, shrimps, and peanuts with a famous spicy Kung Po sauce.','',1),(14,1,'* YU SHIANG COMBINATION','Shrimp, beef, chicken with vegetables in house special spicy ginger and garlic sauce.','',0),(15,1,'DRAGON AND PHOENIX BIRD\'S NEST','Shrimp and chicken stir fried with vegetables served in a bird\'s nest.','',1),(16,1,'SHRIMP WITH HONEYED WALNUTS','Crispy shrimp in a tangy white cream sauce with honey glazed walnuts.','',0),(17,1,'* SPICY SALT & PEPPER SHRIMP','Crispy marinated shrimp sautéed and coated with a salt and hot pepper flavor.','',0),(18,1,'THREE DELICACIES','Shrimp, scallops, crabmeat with vegetables in delightful light garlic sauce.','',0),(19,1,'* HUNAN DOUBLE DELIGHT','Shrimp and beef sautéed with vegetables in a spicy brown sauce.','',0),(20,1,'SIZZLING BEEF AND SCALLOPS','Sea scallops and beef and fresh vegetables with homemade brown sauce served on a sizzling hot plate.','',0),(21,1,'* SEAFOOD NOODLE SOUP','An assortment of stir seafood, beef and vegetables soup broth with noodle.','',0),(22,1,'FISH FILET','Any style you wish - black bean sauce, sweet and sour, *Szechuan crispy.','',0),(23,1,'LAMB','Your choice of flavors - *Mongolian, *Hunan style or * Szechuan spicy style','',0),(24,1,'PEKING DUCK','Market Price.\r\n\r\nA traditional gourmet\'s  \"MUST\". One day notice required','',0),(25,1,'SHRIMP WITH SNOW PEAS','','',0),(26,1,'SHRIMP WITH BLACK BEAN SAUCE','','',0),(27,1,'SHRIMP VEGETABLE DELIGHT','','',0),(28,1,'SCALLOPS','Any style you wish:* Hunan style, * Szechuan Spicy style.* Kung Pao style, * Yu Shiang style or Sautéed with vegetables.','',0),(29,1,'CALAMARI','Any style you wish:* Hunan style, * Szechuan Spicy style.* Kung Pao style, * Yu Shiang style or Sautéed with vegetables.','',0),(30,1,'* KUNG PO SHRIMP','Shrimp, bamboo shoots and peanuts with red pepper in a famous spicy Kung Po sauce.','',3),(31,1,'* YU SHIANG SHRIMP','Shrimp and vegetables in spicy ginger and garlic sauce.','',0),(32,1,'* SZECHUAN CRISPY SHRIMP','Light battered shrimp glazed with a mild spicy Szechuan sauce.','',0),(33,1,'* HUNAN SHRIMP','','',0),(34,1,'* SZECHUAN SPICY SHRIMP','','',0),(35,1,'CASHEW OR ALMOND CHICKEN','Diced chicken with vegetable in brown sauce.','',0),(36,1,'SWEET AND SOUR CHICKEN','','',0),(37,1,'LEMON CHICKEN','Fried chicken with tangy lemon sauce.','',0),(38,1,'SESAME CHICKEN','','',0),(39,1,'* SZECHUAN CRISPY CHICKEN','Fried chicken with house special spicy ketchup sauce.','',0),(40,1,'* CHICKEN WITH GREEN BEANS','','',0),(41,1,'* GARLIC CHICKEN','For the garlic lovers!','',0),(42,1,'CHICKEN VEGETABLE DELIGHT','','',0),(43,1,'CHICKEN WITH BROCCOLI','','',0),(44,1,'CHICKEN WITH HONEYED WALNUTS','','',0),(45,1,'HOUSE DUCK','','',0),(46,1,'CRISPY DUCK','','',1),(47,1,'SNOW WHITE CHICKEN','Sliced chicken breast and fresh vegetables sauteed in a delightful garlic sauce.','',0),(48,1,'ALMOND BONELESS CHICKEN','Fried chicken breast with yellow gravy.','',0),(49,1,'* YU SHIANG CHICKEN','','',0),(50,1,'* HUNAN CHICKEN','Tender chicken with vegetables in a spicy brown sauce.','',0),(51,1,'* MANDARIN SPICY CHICKEN','Fried chicken with vegetables in spicy garlic sauce.','',0),(52,1,'AMAZING CHICKEN','Sliced chicken with vegetable sautéed in sweet and sour ketchup sauce.','',0),(53,1,'* KUNG PO CHICKEN','','',0),(54,1,'* CURRY CHICKEN','','',0),(55,1,'* SZECHUAN SPICY CHICKEN','Sliced chicken with vegetable sautéed in Szechuan spicy brown sauce.','',0),(56,1,'CHICKEN TERIYAKI','','',0),(57,1,'BEEF WITH BROCCOLI','','',0),(58,1,'BEEF WITH BLACK MUSHROOM','Tender beef stir fried with black mushroom and snow peas. A very tasty dish.','',0),(59,1,'BEEF WITH SNOW PEAS','','',0),(60,1,'BEEF WITH OYSTER SAUCE','','',0),(61,1,'BEEF VEGETABLE DELIGHT','','',0),(62,1,'* MANDARIN CRISPY BEEF','Lightly battered beef glazed with a spicy Mandarin ginger and garlic sauce.','',0),(63,1,'* MONGOLIAN BEEF','Slices of beef filet sauteed with fresh onion and ginger in a dark seasoned sauce.','',0),(64,1,'PEPPER STEAK','','',0),(65,1,'* SZECHUAN SPICY BEEF','Slices of beef filet sauteed with Chinese vegetables in s hot brown garlic sauce.','',0),(66,1,'* KUNG PO BEEF','','',0),(67,1,'* HUNAN BEEF','','',0),(68,1,'SWEET AND SOUR PORK','','',1),(69,1,'* TWICE COOKED PORK','Sliced port sauteed with cabbage and	bell peppers in a five spiced Peking sauce.','',0),(70,1,'* MANDARIN CRISPY PORK','','',0),(71,1,'PEKING SPARERIBS','Fried baby ribs and lean pork glazed with sweet and pungent sauce.','',0),(72,1,'PORK VEGETABLE DELIGHT','','',0),(73,1,'VEGETABLE DELIGHT','Seasonal vegetables toss cooked in alight sauce. A very healthy and delightful dish!','',0),(74,1,'* SZECHUAN GREEN BEAN','','',0),(75,1,'* FAMILY STYLE TO FU','Fried bean curds and vegetables braised in spicy brown sauce.','',0),(76,1,'* YU SHIANG TO FU','','',0),(77,1,'STEAMED VEGETABLE','','',0),(78,1,'STEAMED VEGETABLE WITH TOFU','','',0),(79,1,'STEAMED VEGETABLE WITH CHICKEN','','',1),(80,1,'STEAMED VEGETABLE WITH SHRIMP','','',0),(81,1,'STEAMED VEGETABLE WITH SEAFOOD','','',0),(82,1,'PORK EGG FOO YOUNG','','',0),(83,1,'VEGETABLE EGG FOO YOUNG','','',0),(84,1,'CHICKEN EGG FOO YOUNG','','',0),(85,1,'BEEF EGG FOO YOUNG','','',0),(86,1,'SHRIMP EGG FOO YOUNG','','',0),(87,1,'PORK PAN FRIED CHOW MEIN','','',1),(88,1,'VEGETABLE PAN FRIED CHOW MEIN','','',0),(89,1,'CHICKEN PAN FRIED CHOW MEIN','','',0),(90,1,'BEEF PAN FRIED CHOW MEIN','','',0),(91,1,'SHRIMP PAN FRIED CHOW MEIN','','',0),(92,1,'PORK CHOP SUEY','','',0),(93,1,'VEGETABLE CHOP SUEY','','',0),(94,1,'CHICKEN CHOP SUEY','','',0),(95,1,'BEEF CHOP SUEY','','',0),(96,1,'SHRIMP CHOP SUEY','','',0),(97,1,'PORK CHOW MEIN','','',0),(98,1,'VEGETABLE CHOW MEIN','','',0),(99,1,'CHICKEN CHOW MEIN','','',0),(100,1,'BEEF CHOW MEIN','','',0),(101,1,'SHRIMP CHOW MEIN','','',0),(102,1,'CHICKEN FRIED RICE','','',0),(103,1,'PORK FRIED RICE','','',2),(104,1,'VEGETABLE FRIED RICE','','',0),(105,1,'BEEF FRIED RICE','','',0),(106,1,'SHRIMP FRIED RICE','','',0),(107,1,'COMBINATION FRIED RICE','','',0),(108,1,'CHICKEN LOW MEIN','','',0),(109,1,'PORK LOW MEIN','','',0),(110,1,'VEGETABLE LOW MEIN','','',0),(111,1,'BEEF LOW MEIN','','',0),(112,1,'SHRIMP LOW MEIN','','',0),(113,1,'COMBINATION LOW MEIN','','',0),(115,1,'CRABMEAT CHEESE (4)','Wrapped fillings of crabmeat and cheese, deep fried to create a delectable appetizer.','',0),(116,1,'POT STICKERS (4)','','',0),(117,1,'EGG ROLL','','',0),(118,1,'SPRING ROLL  ( Vegetarian )','','',0),(119,1,'FRIED SHRIMP (6)','','',0),(120,1,'BBQ SPARE RIBS (4)','','',0),(121,1,'FOIL WRAPPED CHICKEN (4)','','',0),(122,1,'BEEF SKEWERS (4)','','',0),(123,1,'SIZZLING RICE','','',3),(124,1,'WONTON','','',8),(125,1,'VEGETARIAN','','',7),(126,1,'SEAFOOD','','',2),(128,1,'THE MANDARIN DINNER','<p align=\"center\"><em>Service for Two or More …12.95 Per Person<br />\r\n  </em><br />\r\n <em>Appetizers:</em><strong>  FRIED SHRIMP, EGG ROLL, CRABMEAT CHEESE</strong></br>\r\n<br />\r\n  <em>Soup:</em> <strong>  WON TON SOUP</strong><br />\r\n  <br />\r\n  <em><br />\r\n  <strong>ENTRÉES</strong></em> \r\n  <br />\r\n  <br />\r\n  <strong>BEEF BROCCOLI                              SWEET AND SOUR PORK</strong><br />\r\n  <em><br />\r\n  Steamed  or Fried Rice<br />\r\n  Cookies</em><br />\r\n  <br />\r\n  </br>\r\n  <em>For 3 Add:</em> <strong>ALMOND BONELESS CHICKEN</br>\r\n  </strong><br />\r\n  <em>For 4 Add:</em><strong> MOO SHU PORK</strong><br />\r\n  </br>\r\n  <em>For 5 Add:</em> <strong>SHRIMP WITH LOBSTER SAUCE</strong></br>\r\n  <br />\r\n  <em>For 6 Add: </em><strong>VEGETABLE DELIGHT</strong><br />\r\n  <em></br>\r\n  For 7 or More:</em> Portions of above will be increased.</p>','',18),(129,1,'THE SZECHUAN DINNER','<p align=\"center\"><em>Service for Two or More …13.95 Per Person<br />\r\n  </em><br />\r\n  <em>Appetizers: </em> <strong>FRIED SHRIMP, EGG ROLL, CRABMEAT CHEESE</strong></br>\r\n<br />\r\n   <em>Soup: </em><strong>* HOT AND SOUR SOUP<br />\r\n  <br />\r\n  <em><br />\r\n  ENTRÉES</em></strong>\r\n  <br />\r\n  <br />\r\n  <strong>*    MONGOLIAN BEEF              * YU SHIANG CHICKEN</strong><br />\r\n  <em><br />\r\n  Steamed  or Fried Rice<br />\r\n  Cookies</em><br />\r\n  <br />\r\n  </br>\r\n  <em>For 3 Add:</em> <strong>SHRIMP VEGETABLE DELIGHT</br>\r\n  </strong><br />\r\n  <em>For 4 Add:</em><strong> MOO SHU BEEF</strong><br />\r\n  </br>\r\n  <em>For 5 Add:</em> <strong>* KUNG PO THREE COMBO</strong></br>\r\n  <br />\r\n  <em>For 6 Add: </em><strong>* SZECHUAN GREEN BEAN</strong><br />\r\n  <em></br>\r\n  For 7 or More:</em> Portions of above will be increased.</p>','',9),(130,1,'Chow Mein (Served with Hard Noodle)','','',7),(131,1,'Chop Suey (Served with Rice)','','',4),(132,1,'Low Mein (Stir Fried Soft Noodle)','','',4),(133,1,'Fried Rice','','',8),(134,1,'CHINESE CHICKEN SALAD','','',0),(135,1,'CHICKEN TERIYAKI','','',1),(136,1,'SWEET AND SOUR CHICKEN','','',0),(137,1,'CASHEW OR ALMOND CHICKEN','','',0),(138,1,'ALMOND BONELESS CHICKEN','','',0),(139,1,'* KUNG PO CHICKEN','','',0),(140,1,'*  MANDARIN SPICY CHICKEN','','',1),(141,1,'* SZECHUAN CRISPY CHICKEN','','',0),(142,1,'SNOW WHITE CHICKEN','','',1),(143,1,'* CHICKEN GREEN BEANS','','',9),(144,1,'GARLIC CHICKEN','','',0),(145,1,'* GENERAL TSOU\'S CHICKEN','','',0),(146,1,'SESAME CHICKEN','','',0),(147,1,'CHINESE VEGETABLE DELIGHT','','',0),(148,1,'BEEF WITH BROCCOLI','','',0),(149,1,'* HUNAN BEEF','','',0),(150,1,'PEPPER STEAK','','',0),(151,1,'* SZECHUAN SPICY BEEF','','',0),(152,1,'* MONGOLIAN BEEF','','',1),(153,1,'* ORANGE CRISPY BEEF','','',0),(154,1,'SWEET AND SOUR PORK','','',0),(155,1,'PORK WITH BLACK MUSHROOM','','',0),(156,1,'* MANDARIN CRISPY PORK','','',0),(157,1,'* TWICE COOKED PORK','','',0),(158,1,'SWEET AND SOUR SHRIMP','','',0),(159,1,'* YU SHIANG SHRIMP','','',0),(160,1,'SHRIMP WITH SNOW PEAS','','',0),(161,1,'SHRIMP WITH LOBSTER SAUCE','','',0),(162,1,'VEGETABLE DELIGHT','','',0),(163,1,'STEAM VEGETABLES','Vegetarian, To Fu or Chicken','',0),(164,1,'* FAMILY TO FU','','',0),(165,1,'test product dig down','','',14);

--
-- Table structure for table `zen_products_discount_quantity`
--

CREATE TABLE `zen_products_discount_quantity` (
  `discount_id` int(4) NOT NULL DEFAULT '0',
  `products_id` int(11) NOT NULL DEFAULT '0',
  `discount_qty` float NOT NULL DEFAULT '0',
  `discount_price` decimal(15,4) NOT NULL DEFAULT '0.0000',
  KEY `idx_id_qty_zen` (`products_id`,`discount_qty`)
) ENGINE=MyISAM DEFAULT CHARSET=latin1;

--
-- Dumping data for table `zen_products_discount_quantity`
--


--
-- Table structure for table `zen_products_notifications`
--

CREATE TABLE `zen_products_notifications` (
  `products_id` int(11) NOT NULL DEFAULT '0',
  `customers_id` int(11) NOT NULL DEFAULT '0',
  `date_added` datetime NOT NULL DEFAULT '0001-01-01 00:00:00',
  PRIMARY KEY (`products_id`,`customers_id`)
) ENGINE=MyISAM DEFAULT CHARSET=latin1;

--
-- Dumping data for table `zen_products_notifications`
--


--
-- Table structure for table `zen_products_options`
--

CREATE TABLE `zen_products_options` (
  `products_options_id` int(11) NOT NULL DEFAULT '0',
  `language_id` int(11) NOT NULL DEFAULT '1',
  `products_options_name` varchar(32) NOT NULL DEFAULT '',
  `products_options_sort_order` int(11) NOT NULL DEFAULT '0',
  `products_options_type` int(5) NOT NULL DEFAULT '0',
  `products_options_length` smallint(2) NOT NULL DEFAULT '32',
  `products_options_comment` varchar(64) DEFAULT NULL,
  `products_options_size` smallint(2) NOT NULL DEFAULT '32',
  `products_options_images_per_row` int(2) DEFAULT '5',
  `products_options_images_style` int(1) DEFAULT '0',
  `products_options_rows` smallint(2) NOT NULL DEFAULT '1',
  PRIMARY KEY (`products_options_id`,`language_id`),
  KEY `idx_lang_id_zen` (`language_id`),
  KEY `idx_products_options_sort_order_zen` (`products_options_sort_order`),
  KEY `idx_products_options_name_zen` (`products_options_name`)
) ENGINE=MyISAM DEFAULT CHARSET=latin1;

--
-- Dumping data for table `zen_products_options`
--

INSERT INTO `zen_products_options` VALUES (3,1,'Fried Rice',0,2,32,NULL,32,0,0,0),(2,1,'Number of Persons',1,0,32,'',32,0,0,1),(1,1,'Size',0,2,32,'',32,0,0,0),(4,1,'Low Mein',1,2,32,'',32,0,0,0),(5,1,'Chop Suey',2,2,32,NULL,32,0,0,0),(6,1,'Chow Mein',3,2,32,NULL,32,0,0,0),(7,1,'download',0,2,32,'',32,0,0,0);

--
-- Table structure for table `zen_products_options_types`
--

CREATE TABLE `zen_products_options_types` (
  `products_options_types_id` int(11) NOT NULL DEFAULT '0',
  `products_options_types_name` varchar(32) DEFAULT NULL,
  PRIMARY KEY (`products_options_types_id`)
) ENGINE=MyISAM DEFAULT CHARSET=latin1;

--
-- Dumping data for table `zen_products_options_types`
--

INSERT INTO `zen_products_options_types` VALUES (0,'Dropdown'),(1,'Text'),(2,'Radio'),(3,'Checkbox'),(4,'File'),(5,'Read Only');

--
-- Table structure for table `zen_products_options_values`
--

CREATE TABLE `zen_products_options_values` (
  `products_options_values_id` int(11) NOT NULL DEFAULT '0',
  `language_id` int(11) NOT NULL DEFAULT '1',
  `products_options_values_name` varchar(64) NOT NULL DEFAULT '',
  `products_options_values_sort_order` int(11) NOT NULL DEFAULT '0',
  PRIMARY KEY (`products_options_values_id`,`language_id`),
  KEY `idx_products_options_values_name_zen` (`products_options_values_name`),
  KEY `idx_products_options_values_sort_order_zen` (`products_options_values_sort_order`)
) ENGINE=MyISAM DEFAULT CHARSET=latin1;

--
-- Dumping data for table `zen_products_options_values`
--

INSERT INTO `zen_products_options_values` VALUES (0,1,'TEXT',0),(1,1,'Small (8 oz.)',0),(2,1,'Medium (16 oz.)',1),(3,1,'Large (32 oz.)',2),(4,1,'3 Persons',3),(5,1,'4 Persons',4),(6,1,'5 Persons',5),(7,1,'6 Persons',6),(8,1,'7 Persons',7),(9,1,'8 Persons',8),(10,1,'9 Persons',9),(11,1,'10 Persons',11),(12,1,'2 Persons',2),(13,1,'Chicken, Pork or Vegetable',0),(14,1,'Beef',1),(15,1,'Shrimp',2),(16,1,'Combination',3),(17,1,'Chicken, Pork or Vegetable',0),(18,1,'Beef',1),(19,1,'Shrimp',2),(20,1,'Combination',3),(21,1,'Chicken, Pork or Vegetable',0),(22,1,'Beef',1),(23,1,'Shrimp',2),(24,1,'Combination',3),(25,1,'Chicken, Pork or Vegetable',0),(26,1,'Beef',1),(27,1,'Shrimp',2),(28,1,'Combination',3),(29,1,'zip',0);

--
-- Table structure for table `zen_products_options_values_to_products_options`
--

CREATE TABLE `zen_products_options_values_to_products_options` (
  `products_options_values_to_products_options_id` int(11) NOT NULL AUTO_INCREMENT,
  `products_options_id` int(11) NOT NULL DEFAULT '0',
  `products_options_values_id` int(11) NOT NULL DEFAULT '0',
  PRIMARY KEY (`products_options_values_to_products_options_id`),
  KEY `idx_products_options_id_zen` (`products_options_id`),
  KEY `idx_products_options_values_id_zen` (`products_options_values_id`)
) ENGINE=MyISAM AUTO_INCREMENT=31 DEFAULT CHARSET=latin1;

--
-- Dumping data for table `zen_products_options_values_to_products_options`
--

INSERT INTO `zen_products_options_values_to_products_options` VALUES (1,1,1),(2,1,2),(3,1,3),(5,2,4),(6,2,5),(7,2,6),(8,2,7),(9,2,8),(10,2,9),(11,2,10),(12,2,11),(13,2,12),(14,3,13),(15,3,14),(16,3,15),(17,3,16),(18,5,17),(19,5,18),(20,5,19),(21,5,20),(22,6,21),(23,6,22),(24,6,23),(25,6,24),(26,4,25),(27,4,26),(28,4,27),(29,4,28),(30,7,29);

--
-- Table structure for table `zen_products_to_categories`
--

CREATE TABLE `zen_products_to_categories` (
  `products_id` int(11) NOT NULL DEFAULT '0',
  `categories_id` int(11) NOT NULL DEFAULT '0',
  PRIMARY KEY (`products_id`,`categories_id`),
  KEY `idx_cat_prod_id_zen` (`categories_id`,`products_id`)
) ENGINE=MyISAM DEFAULT CHARSET=latin1;

--
-- Dumping data for table `zen_products_to_categories`
--

INSERT INTO `zen_products_to_categories` VALUES (1,4),(2,4),(3,5),(4,5),(5,6),(6,6),(7,7),(8,7),(9,7),(10,7),(11,7),(12,7),(13,7),(14,7),(15,7),(16,7),(17,7),(18,7),(19,7),(20,7),(21,7),(22,7),(23,7),(24,7),(25,6),(26,6),(27,6),(28,6),(29,6),(30,6),(31,6),(32,6),(33,6),(34,6),(35,8),(36,8),(37,8),(38,8),(39,8),(40,8),(41,8),(42,8),(43,8),(44,8),(45,8),(46,8),(47,8),(48,8),(49,8),(50,8),(51,8),(52,8),(53,8),(54,8),(55,8),(56,8),(57,9),(58,9),(59,9),(60,9),(61,9),(62,9),(63,9),(64,9),(65,9),(66,9),(67,9),(68,10),(69,10),(70,10),(71,10),(72,10),(73,11),(74,11),(75,11),(76,11),(77,12),(78,12),(79,12),(80,12),(81,12),(82,13),(83,13),(84,13),(85,13),(86,13),(87,14),(88,14),(89,14),(90,14),(91,14),(92,15),(93,15),(94,15),(95,15),(96,15),(97,15),(98,15),(99,15),(100,15),(101,15),(102,17),(103,17),(104,17),(105,17),(106,17),(107,17),(108,17),(109,17),(110,17),(111,17),(112,17),(113,17),(115,4),(116,4),(117,4),(118,4),(119,4),(120,4),(121,4),(122,4),(123,5),(124,5),(125,5),(126,5),(128,18),(129,18),(130,27),(131,26),(132,25),(133,24),(134,19),(135,19),(136,19),(137,19),(138,19),(139,19),(140,19),(141,19),(142,19),(143,19),(144,19),(145,19),(146,19),(147,19),(148,20),(149,20),(150,20),(151,20),(152,20),(153,20),(154,21),(155,21),(156,21),(157,21),(158,22),(159,22),(160,22),(161,22),(162,23),(163,23),(164,23),(165,28);

--
-- Table structure for table `zen_project_version`
--

CREATE TABLE `zen_project_version` (
  `project_version_id` tinyint(3) NOT NULL AUTO_INCREMENT,
  `project_version_key` varchar(40) NOT NULL DEFAULT '',
  `project_version_major` varchar(20) NOT NULL DEFAULT '',
  `project_version_minor` varchar(20) NOT NULL DEFAULT '',
  `project_version_patch1` varchar(20) NOT NULL DEFAULT '',
  `project_version_patch2` varchar(20) NOT NULL DEFAULT '',
  `project_version_patch1_source` varchar(20) NOT NULL DEFAULT '',
  `project_version_patch2_source` varchar(20) NOT NULL DEFAULT '',
  `project_version_comment` varchar(250) NOT NULL DEFAULT '',
  `project_version_date_applied` datetime NOT NULL DEFAULT '0001-01-01 01:01:01',
  PRIMARY KEY (`project_version_id`),
  UNIQUE KEY `idx_project_version_key_zen` (`project_version_key`)
) ENGINE=MyISAM AUTO_INCREMENT=3 DEFAULT CHARSET=latin1;

--
-- Dumping data for table `zen_project_version`
--

INSERT INTO `zen_project_version` VALUES (1,'Zen-Cart Main','1','3.9b','','','','','Version Update 1.3.8->1.3.9b','2010-06-06 12:04:30'),(2,'Zen-Cart Database','1','3.9b','','','','','Version Update 1.3.8->1.3.9b','2010-06-06 12:04:30');

--
-- Table structure for table `zen_project_version_history`
--

CREATE TABLE `zen_project_version_history` (
  `project_version_id` tinyint(3) NOT NULL AUTO_INCREMENT,
  `project_version_key` varchar(40) NOT NULL DEFAULT '',
  `project_version_major` varchar(20) NOT NULL DEFAULT '',
  `project_version_minor` varchar(20) NOT NULL DEFAULT '',
  `project_version_patch` varchar(20) NOT NULL DEFAULT '',
  `project_version_comment` varchar(250) NOT NULL DEFAULT '',
  `project_version_date_applied` datetime NOT NULL DEFAULT '0001-01-01 01:01:01',
  PRIMARY KEY (`project_version_id`)
) ENGINE=MyISAM AUTO_INCREMENT=5 DEFAULT CHARSET=latin1;

--
-- Dumping data for table `zen_project_version_history`
--

INSERT INTO `zen_project_version_history` VALUES (1,'Zen-Cart Main','1','3.8','','Fresh Installation','2010-03-04 18:39:24'),(2,'Zen-Cart Database','1','3.8','','Fresh Installation','2010-03-04 18:39:24'),(3,'Zen-Cart Main','1','3.8','','Fresh Installation','2010-03-04 18:39:24'),(4,'Zen-Cart Database','1','3.8','','Fresh Installation','2010-03-04 18:39:24');

--
-- Table structure for table `zen_query_builder`
--

CREATE TABLE `zen_query_builder` (
  `query_id` int(11) NOT NULL AUTO_INCREMENT,
  `query_category` varchar(40) NOT NULL DEFAULT '',
  `query_name` varchar(80) NOT NULL DEFAULT '',
  `query_description` text NOT NULL,
  `query_string` text NOT NULL,
  `query_keys_list` text NOT NULL,
  PRIMARY KEY (`query_id`),
  UNIQUE KEY `query_name` (`query_name`)
) ENGINE=MyISAM AUTO_INCREMENT=8 DEFAULT CHARSET=latin1;

--
-- Dumping data for table `zen_query_builder`
--

INSERT INTO `zen_query_builder` VALUES (1,'email','All Customers','Returns all customers name and email address for sending mass emails (ie: for newsletters, coupons, GVs, messages, etc).','select customers_email_address, customers_firstname, customers_lastname from TABLE_CUSTOMERS order by customers_lastname, customers_firstname, customers_email_address',''),(2,'email,newsletters','All Newsletter Subscribers','Returns name and email address of newsletter subscribers','select customers_firstname, customers_lastname, customers_email_address from TABLE_CUSTOMERS where customers_newsletter = \'1\'',''),(3,'email,newsletters','Dormant Customers (>3months) (Subscribers)','Subscribers who HAVE purchased something, but have NOT purchased for at least three months.','select o.date_purchased, c.customers_email_address, c.customers_lastname, c.customers_firstname from TABLE_CUSTOMERS c, TABLE_ORDERS o WHERE c.customers_id = o.customers_id AND c.customers_newsletter = 1 GROUP BY c.customers_email_address HAVING max(o.date_purchased) <= subdate(now(),INTERVAL 3 MONTH) ORDER BY c.customers_lastname, c.customers_firstname ASC',''),(4,'email,newsletters','Active customers in past 3 months (Subscribers)','Newsletter subscribers who are also active customers (purchased something) in last 3 months.','select c.customers_email_address, c.customers_lastname, c.customers_firstname from TABLE_CUSTOMERS c, TABLE_ORDERS o where c.customers_newsletter = \'1\' AND c.customers_id = o.customers_id and o.date_purchased > subdate(now(),INTERVAL 3 MONTH) GROUP BY c.customers_email_address order by c.customers_lastname, c.customers_firstname ASC',''),(5,'email,newsletters','Active customers in past 3 months (Regardless of subscription status)','All active customers (purchased something) in last 3 months, ignoring newsletter-subscription status.','select c.customers_email_address, c.customers_lastname, c.customers_firstname from TABLE_CUSTOMERS c, TABLE_ORDERS o WHERE c.customers_id = o.customers_id and o.date_purchased > subdate(now(),INTERVAL 3 MONTH) GROUP BY c.customers_email_address order by c.customers_lastname, c.customers_firstname ASC',''),(6,'email,newsletters','Administrator','Just the email account of the current administrator','select \'ADMIN\' as customers_firstname, admin_name as customers_lastname, admin_email as customers_email_address from TABLE_ADMIN where admin_id = $SESSION:admin_id',''),(7,'email,newsletters','Customers who have never completed a purchase','For sending newsletter to all customers who registered but have never completed a purchase','SELECT DISTINCT c.customers_email_address as customers_email_address, c.customers_lastname as customers_lastname, c.customers_firstname as customers_firstname FROM TABLE_CUSTOMERS c LEFT JOIN  TABLE_ORDERS o ON c.customers_id=o.customers_id WHERE o.date_purchased IS NULL','');

--
-- Table structure for table `zen_record_artists`
--

CREATE TABLE `zen_record_artists` (
  `artists_id` int(11) NOT NULL AUTO_INCREMENT,
  `artists_name` varchar(32) NOT NULL DEFAULT '',
  `artists_image` varchar(64) DEFAULT NULL,
  `date_added` datetime DEFAULT NULL,
  `last_modified` datetime DEFAULT NULL,
  PRIMARY KEY (`artists_id`),
  KEY `idx_rec_artists_name_zen` (`artists_name`)
) ENGINE=MyISAM DEFAULT CHARSET=latin1;

--
-- Dumping data for table `zen_record_artists`
--


--
-- Table structure for table `zen_record_artists_info`
--

CREATE TABLE `zen_record_artists_info` (
  `artists_id` int(11) NOT NULL DEFAULT '0',
  `languages_id` int(11) NOT NULL DEFAULT '0',
  `artists_url` varchar(255) NOT NULL DEFAULT '',
  `url_clicked` int(5) NOT NULL DEFAULT '0',
  `date_last_click` datetime DEFAULT NULL,
  PRIMARY KEY (`artists_id`,`languages_id`)
) ENGINE=MyISAM DEFAULT CHARSET=latin1;

--
-- Dumping data for table `zen_record_artists_info`
--


--
-- Table structure for table `zen_record_company`
--

CREATE TABLE `zen_record_company` (
  `record_company_id` int(11) NOT NULL AUTO_INCREMENT,
  `record_company_name` varchar(32) NOT NULL DEFAULT '',
  `record_company_image` varchar(64) DEFAULT NULL,
  `date_added` datetime DEFAULT NULL,
  `last_modified` datetime DEFAULT NULL,
  PRIMARY KEY (`record_company_id`),
  KEY `idx_rec_company_name_zen` (`record_company_name`)
) ENGINE=MyISAM DEFAULT CHARSET=latin1;

--
-- Dumping data for table `zen_record_company`
--


--
-- Table structure for table `zen_record_company_info`
--

CREATE TABLE `zen_record_company_info` (
  `record_company_id` int(11) NOT NULL DEFAULT '0',
  `languages_id` int(11) NOT NULL DEFAULT '0',
  `record_company_url` varchar(255) NOT NULL DEFAULT '',
  `url_clicked` int(5) NOT NULL DEFAULT '0',
  `date_last_click` datetime DEFAULT NULL,
  PRIMARY KEY (`record_company_id`,`languages_id`)
) ENGINE=MyISAM DEFAULT CHARSET=latin1;

--
-- Dumping data for table `zen_record_company_info`
--


--
-- Table structure for table `zen_reviews`
--

CREATE TABLE `zen_reviews` (
  `reviews_id` int(11) NOT NULL AUTO_INCREMENT,
  `products_id` int(11) NOT NULL DEFAULT '0',
  `customers_id` int(11) DEFAULT NULL,
  `customers_name` varchar(64) NOT NULL DEFAULT '',
  `reviews_rating` int(1) DEFAULT NULL,
  `date_added` datetime DEFAULT NULL,
  `last_modified` datetime DEFAULT NULL,
  `reviews_read` int(5) NOT NULL DEFAULT '0',
  `status` int(1) NOT NULL DEFAULT '1',
  PRIMARY KEY (`reviews_id`),
  KEY `idx_products_id_zen` (`products_id`),
  KEY `idx_customers_id_zen` (`customers_id`),
  KEY `idx_status_zen` (`status`),
  KEY `idx_date_added_zen` (`date_added`)
) ENGINE=MyISAM DEFAULT CHARSET=latin1;

--
-- Dumping data for table `zen_reviews`
--


--
-- Table structure for table `zen_reviews_description`
--

CREATE TABLE `zen_reviews_description` (
  `reviews_id` int(11) NOT NULL DEFAULT '0',
  `languages_id` int(11) NOT NULL DEFAULT '0',
  `reviews_text` text NOT NULL,
  PRIMARY KEY (`reviews_id`,`languages_id`)
) ENGINE=MyISAM DEFAULT CHARSET=latin1;

--
-- Dumping data for table `zen_reviews_description`
--


--
-- Table structure for table `zen_salemaker_sales`
--

CREATE TABLE `zen_salemaker_sales` (
  `sale_id` int(11) NOT NULL AUTO_INCREMENT,
  `sale_status` tinyint(4) NOT NULL DEFAULT '0',
  `sale_name` varchar(30) NOT NULL DEFAULT '',
  `sale_deduction_value` decimal(15,4) NOT NULL DEFAULT '0.0000',
  `sale_deduction_type` tinyint(4) NOT NULL DEFAULT '0',
  `sale_pricerange_from` decimal(15,4) NOT NULL DEFAULT '0.0000',
  `sale_pricerange_to` decimal(15,4) NOT NULL DEFAULT '0.0000',
  `sale_specials_condition` tinyint(4) NOT NULL DEFAULT '0',
  `sale_categories_selected` text,
  `sale_categories_all` text,
  `sale_date_start` date NOT NULL DEFAULT '0001-01-01',
  `sale_date_end` date NOT NULL DEFAULT '0001-01-01',
  `sale_date_added` date NOT NULL DEFAULT '0001-01-01',
  `sale_date_last_modified` date NOT NULL DEFAULT '0001-01-01',
  `sale_date_status_change` date NOT NULL DEFAULT '0001-01-01',
  PRIMARY KEY (`sale_id`),
  KEY `idx_sale_status_zen` (`sale_status`),
  KEY `idx_sale_date_start_zen` (`sale_date_start`),
  KEY `idx_sale_date_end_zen` (`sale_date_end`)
) ENGINE=MyISAM DEFAULT CHARSET=latin1;

--
-- Dumping data for table `zen_salemaker_sales`
--


--
-- Table structure for table `zen_sessions`
--

CREATE TABLE `zen_sessions` (
  `sesskey` varchar(32) NOT NULL DEFAULT '',
  `expiry` int(11) unsigned NOT NULL DEFAULT '0',
  `value` mediumblob NOT NULL,
  PRIMARY KEY (`sesskey`)
) ENGINE=MyISAM DEFAULT CHARSET=latin1;

--
-- Dumping data for table `zen_sessions`
--

INSERT INTO `zen_sessions` VALUES ('fd521910ff1b1b616903e8230a69acf8',1310493966,_binary 'c2VjdXJpdHlUb2tlbnxzOjMyOiJhMDAzOWE5NjM2NzU3MzE3ZjBmNWI3OWI0MmYyNjEzMiI7Y3VzdG9tZXJzX2hvc3RfYWRkcmVzc3xzOjMzOiJjLTY4LTQwLTQ1LTkzLmhzZDEubWkuY29tY2FzdC5uZXQiO2NhcnRJRHxzOjA6IiI7Y2FydHxPOjEyOiJzaG9wcGluZ0NhcnQiOjc6e3M6ODoiY29udGVudHMiO2E6MDp7fXM6NToidG90YWwiO2k6MDtzOjY6IndlaWdodCI7aTowO3M6MTI6ImNvbnRlbnRfdHlwZSI7YjowO3M6MTg6ImZyZWVfc2hpcHBpbmdfaXRlbSI7aTowO3M6MjA6ImZyZWVfc2hpcHBpbmdfd2VpZ2h0IjtpOjA7czoxOToiZnJlZV9zaGlwcGluZ19wcmljZSI7aTowO31uYXZpZ2F0aW9ufE86MTc6Im5hdmlnYXRpb25IaXN0b3J5IjoyOntzOjQ6InBhdGgiO2E6MTp7aTowO2E6NDp7czo0OiJwYWdlIjtzOjU6ImluZGV4IjtzOjQ6Im1vZGUiO3M6NjoiTk9OU1NMIjtzOjM6ImdldCI7czowOiIiO3M6NDoicG9zdCI7YTowOnt9fX1zOjg6InNuYXBzaG90IjthOjA6e319Y2hlY2tfdmFsaWR8czo0OiJ0cnVlIjtsYW5ndWFnZXxzOjc6ImVuZ2xpc2giO2xhbmd1YWdlc19pZHxzOjE6IjEiO2xhbmd1YWdlc19jb2RlfHM6MjoiZW4iO2N1cnJlbmN5fHM6MzoiVVNEIjt0b2RheV9pc3xzOjEwOiIyMDExLTA3LTEyIjt1cGRhdGVFeHBpcmF0aW9uc3xiOjE7c2Vzc2lvbl9jb3VudGVyfGI6MTtjdXN0b21lcnNfaXBfYWRkcmVzc3xzOjExOiI2OC40MC40NS45MyI7'),('efe93767ede9045670ec46d2836198c6',1312815452,_binary 'c2VjdXJpdHlUb2tlbnxzOjMyOiJjMThhZDI1NjA0YjJmOGVmZGMzYTU4NzQ2N2Q3MDZlNCI7Y3VzdG9tZXJzX2hvc3RfYWRkcmVzc3xzOjMzOiJjLTY4LTQwLTQ1LTkzLmhzZDEubWkuY29tY2FzdC5uZXQiO2NhcnRJRHxzOjA6IiI7Y2FydHxPOjEyOiJzaG9wcGluZ0NhcnQiOjg6e3M6ODoiY29udGVudHMiO2E6MDp7fXM6NToidG90YWwiO2k6MDtzOjY6IndlaWdodCI7aTowO3M6NjoiY2FydElEIjtOO3M6MTI6ImNvbnRlbnRfdHlwZSI7YjowO3M6MTg6ImZyZWVfc2hpcHBpbmdfaXRlbSI7aTowO3M6MjA6ImZyZWVfc2hpcHBpbmdfd2VpZ2h0IjtpOjA7czoxOToiZnJlZV9zaGlwcGluZ19wcmljZSI7aTowO31uYXZpZ2F0aW9ufE86MTc6Im5hdmlnYXRpb25IaXN0b3J5IjoyOntzOjQ6InBhdGgiO2E6MTp7aTowO2E6NDp7czo0OiJwYWdlIjtzOjU6ImluZGV4IjtzOjQ6Im1vZGUiO3M6NjoiTk9OU1NMIjtzOjM6ImdldCI7YToyOntzOjU6ImNQYXRoIjtzOjE6IjEiO3M6NToiemVuaWQiO3M6MzI6ImVmZTkzNzY3ZWRlOTA0NTY3MGVjNDZkMjgzNjE5OGM2Ijt9czo0OiJwb3N0IjthOjA6e319fXM6ODoic25hcHNob3QiO2E6MDp7fX1jaGVja192YWxpZHxzOjQ6InRydWUiO2xhbmd1YWdlfHM6NzoiZW5nbGlzaCI7bGFuZ3VhZ2VzX2lkfHM6MToiMSI7bGFuZ3VhZ2VzX2NvZGV8czoyOiJlbiI7Y3VycmVuY3l8czozOiJVU0QiO3RvZGF5X2lzfHM6MTA6IjIwMTEtMDgtMDgiO3VwZGF0ZUV4cGlyYXRpb25zfGI6MTtzZXNzaW9uX2NvdW50ZXJ8YjoxO2N1c3RvbWVyc19pcF9hZGRyZXNzfHM6MTE6IjY4LjQwLjQ1LjkzIjs=');

--
-- Table structure for table `zen_specials`
--

CREATE TABLE `zen_specials` (
  `specials_id` int(11) NOT NULL AUTO_INCREMENT,
  `products_id` int(11) NOT NULL DEFAULT '0',
  `specials_new_products_price` decimal(15,4) NOT NULL DEFAULT '0.0000',
  `specials_date_added` datetime DEFAULT NULL,
  `specials_last_modified` datetime DEFAULT NULL,
  `expires_date` date NOT NULL DEFAULT '0001-01-01',
  `date_status_change` datetime DEFAULT NULL,
  `status` int(1) NOT NULL DEFAULT '1',
  `specials_date_available` date NOT NULL DEFAULT '0001-01-01',
  PRIMARY KEY (`specials_id`),
  KEY `idx_status_zen` (`status`),
  KEY `idx_products_id_zen` (`products_id`),
  KEY `idx_date_avail_zen` (`specials_date_available`),
  KEY `idx_expires_date_zen` (`expires_date`)
) ENGINE=MyISAM AUTO_INCREMENT=2 DEFAULT CHARSET=latin1;

--
-- Dumping data for table `zen_specials`
--

INSERT INTO `zen_specials` VALUES (1,5,10.1250,'2010-03-04 22:09:21','2010-03-04 22:10:39','2010-04-01','2010-04-02 05:00:22',0,'2010-03-04');

--
-- Table structure for table `zen_tax_class`
--

CREATE TABLE `zen_tax_class` (
  `tax_class_id` int(11) NOT NULL AUTO_INCREMENT,
  `tax_class_title` varchar(32) NOT NULL DEFAULT '',
  `tax_class_description` varchar(255) NOT NULL DEFAULT '',
  `last_modified` datetime DEFAULT NULL,
  `date_added` datetime NOT NULL DEFAULT '0001-01-01 00:00:00',
  PRIMARY KEY (`tax_class_id`)
) ENGINE=MyISAM AUTO_INCREMENT=2 DEFAULT CHARSET=latin1;

--
-- Dumping data for table `zen_tax_class`
--

INSERT INTO `zen_tax_class` VALUES (1,'Taxable Goods','The following types of products are included: non-food, services, etc',NULL,'2010-03-04 18:39:24');

--
-- Table structure for table `zen_tax_rates`
--

CREATE TABLE `zen_tax_rates` (
  `tax_rates_id` int(11) NOT NULL AUTO_INCREMENT,
  `tax_zone_id` int(11) NOT NULL DEFAULT '0',
  `tax_class_id` int(11) NOT NULL DEFAULT '0',
  `tax_priority` int(5) DEFAULT '1',
  `tax_rate` decimal(7,4) NOT NULL DEFAULT '0.0000',
  `tax_description` varchar(255) NOT NULL DEFAULT '',
  `last_modified` datetime DEFAULT NULL,
  `date_added` datetime NOT NULL DEFAULT '0001-01-01 00:00:00',
  PRIMARY KEY (`tax_rates_id`),
  KEY `idx_tax_zone_id_zen` (`tax_zone_id`),
  KEY `idx_tax_class_id_zen` (`tax_class_id`)
) ENGINE=MyISAM AUTO_INCREMENT=2 DEFAULT CHARSET=latin1;

--
-- Dumping data for table `zen_tax_rates`
--

INSERT INTO `zen_tax_rates` VALUES (1,1,1,1,7.0000,'FL TAX 7.0%','2010-03-04 18:39:24','2010-03-04 18:39:24');

--
-- Table structure for table `zen_template_select`
--

CREATE TABLE `zen_template_select` (
  `template_id` int(11) NOT NULL AUTO_INCREMENT,
  `template_dir` varchar(64) NOT NULL DEFAULT '',
  `template_language` varchar(64) NOT NULL DEFAULT '0',
  PRIMARY KEY (`template_id`),
  KEY `idx_tpl_lang_zen` (`template_language`)
) ENGINE=MyISAM AUTO_INCREMENT=2 DEFAULT CHARSET=latin1;

--
-- Dumping data for table `zen_template_select`
--

INSERT INTO `zen_template_select` VALUES (1,'cd','0');

--
-- Table structure for table `zen_upgrade_exceptions`
--

CREATE TABLE `zen_upgrade_exceptions` (
  `upgrade_exception_id` smallint(5) NOT NULL AUTO_INCREMENT,
  `sql_file` varchar(50) DEFAULT NULL,
  `reason` varchar(200) DEFAULT NULL,
  `errordate` datetime DEFAULT '0001-01-01 00:00:00',
  `sqlstatement` text,
  PRIMARY KEY (`upgrade_exception_id`)
) ENGINE=MyISAM DEFAULT CHARSET=latin1;

--
-- Dumping data for table `zen_upgrade_exceptions`
--


--
-- Table structure for table `zen_whos_online`
--

CREATE TABLE `zen_whos_online` (
  `customer_id` int(11) DEFAULT NULL,
  `full_name` varchar(64) NOT NULL DEFAULT '',
  `session_id` varchar(128) NOT NULL DEFAULT '',
  `ip_address` varchar(15) NOT NULL DEFAULT '',
  `time_entry` varchar(14) NOT NULL DEFAULT '',
  `time_last_click` varchar(14) NOT NULL DEFAULT '',
  `last_page_url` varchar(255) NOT NULL DEFAULT '',
  `host_address` text NOT NULL,
  `user_agent` varchar(255) NOT NULL DEFAULT '',
  KEY `idx_ip_address_zen` (`ip_address`),
  KEY `idx_session_id_zen` (`session_id`),
  KEY `idx_customer_id_zen` (`customer_id`),
  KEY `idx_time_entry_zen` (`time_entry`),
  KEY `idx_time_last_click_zen` (`time_last_click`),
  KEY `idx_last_page_url_zen` (`last_page_url`)
) ENGINE=MyISAM DEFAULT CHARSET=latin1;

--
-- Dumping data for table `zen_whos_online`
--

INSERT INTO `zen_whos_online` VALUES (0,'&yen;Spider','','76.226.224.250','1320190730','1320191145','/chinese_delight/index.php?main_page=page&id=3','76.226.224.250','Mozilla/4.0 (compatible; MSIE 8.0; Windows NT 5.1; Trident/4.0; SearchToolbar 1.2; GTB7.1; .NET CLR 2.0.50727; .NET CLR 3.0.4506.2152; .NET CLR 3.5.30729; .NET CLR 1.1.4322)');

--
-- Table structure for table `zen_zones`
--

CREATE TABLE `zen_zones` (
  `zone_id` int(11) NOT NULL AUTO_INCREMENT,
  `zone_country_id` int(11) NOT NULL DEFAULT '0',
  `zone_code` varchar(32) NOT NULL DEFAULT '',
  `zone_name` varchar(32) NOT NULL DEFAULT '',
  PRIMARY KEY (`zone_id`),
  KEY `idx_zone_country_id_zen` (`zone_country_id`),
  KEY `idx_zone_code_zen` (`zone_code`)
) ENGINE=MyISAM AUTO_INCREMENT=190 DEFAULT CHARSET=latin1;

--
-- Dumping data for table `zen_zones`
--

INSERT INTO `zen_zones` VALUES (1,223,'AL','Alabama'),(2,223,'AK','Alaska'),(3,223,'AS','American Samoa'),(4,223,'AZ','Arizona'),(5,223,'AR','Arkansas'),(6,223,'AF','Armed Forces Africa'),(7,223,'AA','Armed Forces Americas'),(8,223,'AC','Armed Forces Canada'),(9,223,'AE','Armed Forces Europe'),(10,223,'AM','Armed Forces Middle East'),(11,223,'AP','Armed Forces Pacific'),(12,223,'CA','California'),(13,223,'CO','Colorado'),(14,223,'CT','Connecticut'),(15,223,'DE','Delaware'),(16,223,'DC','District of Columbia'),(17,223,'FM','Federated States Of Micronesia'),(18,223,'FL','Florida'),(19,223,'GA','Georgia'),(20,223,'GU','Guam'),(21,223,'HI','Hawaii'),(22,223,'ID','Idaho'),(23,223,'IL','Illinois'),(24,223,'IN','Indiana'),(25,223,'IA','Iowa'),(26,223,'KS','Kansas'),(27,223,'KY','Kentucky'),(28,223,'LA','Louisiana'),(29,223,'ME','Maine'),(30,223,'MH','Marshall Islands'),(31,223,'MD','Maryland'),(32,223,'MA','Massachusetts'),(33,223,'MI','Michigan'),(34,223,'MN','Minnesota'),(35,223,'MS','Mississippi'),(36,223,'MO','Missouri'),(37,223,'MT','Montana'),(38,223,'NE','Nebraska'),(39,223,'NV','Nevada'),(40,223,'NH','New Hampshire'),(41,223,'NJ','New Jersey'),(42,223,'NM','New Mexico'),(43,223,'NY','New York'),(44,223,'NC','North Carolina'),(45,223,'ND','North Dakota'),(46,223,'MP','Northern Mariana Islands'),(47,223,'OH','Ohio'),(48,223,'OK','Oklahoma'),(49,223,'OR','Oregon'),(50,163,'PW','Palau'),(51,223,'PA','Pennsylvania'),(52,223,'PR','Puerto Rico'),(53,223,'RI','Rhode Island'),(54,223,'SC','South Carolina'),(55,223,'SD','South Dakota'),(56,223,'TN','Tennessee'),(57,223,'TX','Texas'),(58,223,'UT','Utah'),(59,223,'VT','Vermont'),(60,223,'VI','Virgin Islands'),(61,223,'VA','Virginia'),(62,223,'WA','Washington'),(63,223,'WV','West Virginia'),(64,223,'WI','Wisconsin'),(65,223,'WY','Wyoming'),(66,38,'AB','Alberta'),(67,38,'BC','British Columbia'),(68,38,'MB','Manitoba'),(69,38,'NL','Newfoundland'),(70,38,'NB','New Brunswick'),(71,38,'NS','Nova Scotia'),(72,38,'NT','Northwest Territories'),(73,38,'NU','Nunavut'),(74,38,'ON','Ontario'),(75,38,'PE','Prince Edward Island'),(76,38,'QC','Quebec'),(77,38,'SK','Saskatchewan'),(78,38,'YT','Yukon Territory'),(79,81,'NDS','Niedersachsen'),(80,81,'BAW','Baden WÃ¼rtemberg'),(81,81,'BAY','Bayern'),(82,81,'BER','Berlin'),(83,81,'BRG','Brandenburg'),(84,81,'BRE','Bremen'),(85,81,'HAM','Hamburg'),(86,81,'HES','Hessen'),(87,81,'MEC','Mecklenburg-Vorpommern'),(88,81,'NRW','Nordrhein-Westfalen'),(89,81,'RHE','Rheinland-Pfalz'),(90,81,'SAR','Saarland'),(91,81,'SAS','Sachsen'),(92,81,'SAC','Sachsen-Anhalt'),(93,81,'SCN','Schleswig-Holstein'),(94,81,'THE','Thringen'),(95,14,'WI','Wien'),(96,14,'NO','Niedersterreich'),(97,14,'OO','Obersterreich'),(98,14,'SB','Salzburg'),(99,14,'KN','KÃ¤rnten'),(100,14,'ST','Steiermark'),(101,14,'TI','Tirol'),(102,14,'BL','Burgenland'),(103,14,'VB','Voralberg'),(104,204,'AG','Aargau'),(105,204,'AI','Appenzell Innerrhoden'),(106,204,'AR','Appenzell Ausserrhoden'),(107,204,'BE','Bern'),(108,204,'BL','Basel-Landschaft'),(109,204,'BS','Basel-Stadt'),(110,204,'FR','Freiburg'),(111,204,'GE','Genf'),(112,204,'GL','Glarus'),(113,204,'JU','Graubnden'),(114,204,'JU','Jura'),(115,204,'LU','Luzern'),(116,204,'NE','Neuenburg'),(117,204,'NW','Nidwalden'),(118,204,'OW','Obwalden'),(119,204,'SG','St. Gallen'),(120,204,'SH','Schaffhausen'),(121,204,'SO','Solothurn'),(122,204,'SZ','Schwyz'),(123,204,'TG','Thurgau'),(124,204,'TI','Tessin'),(125,204,'UR','Uri'),(126,204,'VD','Waadt'),(127,204,'VS','Wallis'),(128,204,'ZG','Zug'),(129,204,'ZH','Zrich'),(130,195,'A Corua','A Corua'),(131,195,'Alava','Alava'),(132,195,'Albacete','Albacete'),(133,195,'Alicante','Alicante'),(134,195,'Almeria','Almeria'),(135,195,'Asturias','Asturias'),(136,195,'Avila','Avila'),(137,195,'Badajoz','Badajoz'),(138,195,'Baleares','Baleares'),(139,195,'Barcelona','Barcelona'),(140,195,'Burgos','Burgos'),(141,195,'Caceres','Caceres'),(142,195,'Cadiz','Cadiz'),(143,195,'Cantabria','Cantabria'),(144,195,'Castellon','Castellon'),(145,195,'Ceuta','Ceuta'),(146,195,'Ciudad Real','Ciudad Real'),(147,195,'Cordoba','Cordoba'),(148,195,'Cuenca','Cuenca'),(149,195,'Girona','Girona'),(150,195,'Granada','Granada'),(151,195,'Guadalajara','Guadalajara'),(152,195,'Guipuzcoa','Guipuzcoa'),(153,195,'Huelva','Huelva'),(154,195,'Huesca','Huesca'),(155,195,'Jaen','Jaen'),(156,195,'La Rioja','La Rioja'),(157,195,'Las Palmas','Las Palmas'),(158,195,'Leon','Leon'),(159,195,'Lleida','Lleida'),(160,195,'Lugo','Lugo'),(161,195,'Madrid','Madrid'),(162,195,'Malaga','Malaga'),(163,195,'Melilla','Melilla'),(164,195,'Murcia','Murcia'),(165,195,'Navarra','Navarra'),(166,195,'Ourense','Ourense'),(167,195,'Palencia','Palencia'),(168,195,'Pontevedra','Pontevedra'),(169,195,'Salamanca','Salamanca'),(170,195,'Santa Cruz de Tenerife','Santa Cruz de Tenerife'),(171,195,'Segovia','Segovia'),(172,195,'Sevilla','Sevilla'),(173,195,'Soria','Soria'),(174,195,'Tarragona','Tarragona'),(175,195,'Teruel','Teruel'),(176,195,'Toledo','Toledo'),(177,195,'Valencia','Valencia'),(178,195,'Valladolid','Valladolid'),(179,195,'Vizcaya','Vizcaya'),(180,195,'Zamora','Zamora'),(181,195,'Zaragoza','Zaragoza'),(182,13,'ACT','Australian Capital Territory'),(183,13,'NSW','New South Wales'),(184,13,'NT','Northern Territory'),(185,13,'QLD','Queensland'),(186,13,'SA','South Australia'),(187,13,'TAS','Tasmania'),(188,13,'VIC','Victoria'),(189,13,'WA','Western Australia');

--
-- Table structure for table `zen_zones_to_geo_zones`
--

CREATE TABLE `zen_zones_to_geo_zones` (
  `association_id` int(11) NOT NULL AUTO_INCREMENT,
  `zone_country_id` int(11) NOT NULL DEFAULT '0',
  `zone_id` int(11) DEFAULT NULL,
  `geo_zone_id` int(11) DEFAULT NULL,
  `last_modified` datetime DEFAULT NULL,
  `date_added` datetime NOT NULL DEFAULT '0001-01-01 00:00:00',
  PRIMARY KEY (`association_id`),
  KEY `idx_zones_zen` (`geo_zone_id`,`zone_country_id`,`zone_id`)
) ENGINE=MyISAM AUTO_INCREMENT=2 DEFAULT CHARSET=latin1;

--
-- Dumping data for table `zen_zones_to_geo_zones`
--

INSERT INTO `zen_zones_to_geo_zones` VALUES (1,223,18,1,NULL,'2010-03-04 18:39:24');

--
-- Dumping events for database 'nsadmin_zc1'
--

--
-- Dumping routines for database 'nsadmin_zc1'
--


