--
-- Host: localhost    Database: surpro_try12
-- ------------------------------------------------------


--
-- Table structure for table `address_book`
--

CREATE TABLE `address_book` (
  `address_book_id` int(11) NOT NULL AUTO_INCREMENT,
  `customers_id` int(11) NOT NULL DEFAULT '0',
  `entry_gender` char(1) NOT NULL DEFAULT '',
  `entry_company` varchar(64) DEFAULT NULL,
  `entry_firstname` varchar(32) NOT NULL DEFAULT '',
  `entry_lastname` varchar(32) NOT NULL DEFAULT '',
  `entry_street_address` varchar(64) NOT NULL DEFAULT '',
  `entry_suburb` varchar(32) DEFAULT NULL,
  `entry_postcode` varchar(10) NOT NULL DEFAULT '',
  `entry_city` varchar(32) NOT NULL DEFAULT '',
  `entry_state` varchar(32) DEFAULT NULL,
  `entry_country_id` int(11) NOT NULL DEFAULT '0',
  `entry_zone_id` int(11) NOT NULL DEFAULT '0',
  PRIMARY KEY (`address_book_id`),
  KEY `idx_address_book_customers_id_zen` (`customers_id`)
) ENGINE=MyISAM AUTO_INCREMENT=2 DEFAULT CHARSET=utf8mb4;

--
-- Dumping data for table `address_book`
--

INSERT INTO `address_book` VALUES (1,1,'m','JustaDemo','Bill','Smith','123 Any Avenue','','12345','Here','',223,12);

--
-- Table structure for table `address_format`
--

CREATE TABLE `address_format` (
  `address_format_id` int(11) NOT NULL AUTO_INCREMENT,
  `address_format` varchar(128) NOT NULL DEFAULT '',
  `address_summary` varchar(48) NOT NULL DEFAULT '',
  PRIMARY KEY (`address_format_id`)
) ENGINE=MyISAM AUTO_INCREMENT=8 DEFAULT CHARSET=utf8mb4;

--
-- Dumping data for table `address_format`
--

INSERT INTO `address_format` VALUES (1,'$firstname $lastname$cr$streets$cr$city, $postcode$cr$statecomma$country','$city / $country'),(2,'$firstname $lastname$cr$streets$cr$city, $state    $postcode$cr$country','$city, $state / $country'),(3,'$firstname $lastname$cr$streets$cr$city$cr$postcode - $statecomma$country','$state / $country'),(4,'$firstname $lastname$cr$streets$cr$city ($postcode)$cr$country','$postcode / $country'),(5,'$firstname $lastname$cr$streets$cr$postcode $city$cr$country','$city / $country'),(6,'$firstname $lastname$cr$streets$cr$city$cr$state$cr$postcode$cr$country','$postcode / $country'),(7,'$firstname $lastname$cr$streets$cr$city $state $postcode$cr$country','$city $state / $country');

--
-- Table structure for table `admin`
--

CREATE TABLE `admin` (
  `admin_id` int(11) NOT NULL AUTO_INCREMENT,
  `admin_name` varchar(32) NOT NULL DEFAULT '',
  `admin_email` varchar(96) NOT NULL DEFAULT '',
  `admin_profile` int(11) NOT NULL DEFAULT '0',
  `admin_pass` varchar(255) NOT NULL DEFAULT '',
  `prev_pass1` varchar(255) NOT NULL DEFAULT '',
  `prev_pass2` varchar(255) NOT NULL DEFAULT '',
  `prev_pass3` varchar(255) NOT NULL DEFAULT '',
  `pwd_last_change_date` datetime NOT NULL DEFAULT '0001-01-01 00:00:00',
  `reset_token` varchar(255) NOT NULL DEFAULT '',
  `last_modified` datetime NOT NULL DEFAULT '0001-01-01 00:00:00',
  `last_login_date` datetime NOT NULL DEFAULT '0001-01-01 00:00:00',
  `last_login_ip` varchar(45) NOT NULL DEFAULT '',
  `failed_logins` smallint(4) unsigned NOT NULL DEFAULT '0',
  `lockout_expires` int(11) NOT NULL DEFAULT '0',
  `last_failed_attempt` datetime NOT NULL DEFAULT '0001-01-01 00:00:00',
  `last_failed_ip` varchar(45) NOT NULL DEFAULT '',
  PRIMARY KEY (`admin_id`),
  KEY `idx_admin_name_zen` (`admin_name`),
  KEY `idx_admin_email_zen` (`admin_email`),
  KEY `idx_admin_profile_zen` (`admin_profile`)
) ENGINE=MyISAM AUTO_INCREMENT=2 DEFAULT CHARSET=utf8mb4;

--
-- Dumping data for table `admin`
--

INSERT INTO `admin` VALUES (1,'eagle1','jack.b@aaasurvivalproducts.com',1,'$2y$10$ZT1c92sqQqdS7b.L.DZOB.z5jSZ7y03aZLScrU.AS3HCosLtCjPFC','','','','2020-04-06 19:14:50','','2020-04-06 19:07:48','0001-01-01 00:00:00','',0,0,'0001-01-01 00:00:00','');

--
-- Table structure for table `admin_activity_log`
--

CREATE TABLE `admin_activity_log` (
  `log_id` bigint(15) NOT NULL AUTO_INCREMENT,
  `access_date` datetime NOT NULL DEFAULT '0001-01-01 00:00:00',
  `admin_id` int(11) NOT NULL DEFAULT '0',
  `page_accessed` varchar(80) NOT NULL DEFAULT '',
  `page_parameters` text,
  `ip_address` varchar(45) NOT NULL DEFAULT '',
  `flagged` tinyint(4) NOT NULL DEFAULT '0',
  `attention` varchar(255) NOT NULL DEFAULT '',
  `gzpost` mediumblob,
  `logmessage` mediumtext NOT NULL,
  `severity` varchar(9) NOT NULL DEFAULT 'info',
  PRIMARY KEY (`log_id`),
  KEY `idx_page_accessed_zen` (`page_accessed`),
  KEY `idx_access_date_zen` (`access_date`),
  KEY `idx_flagged_zen` (`flagged`),
  KEY `idx_ip_zen` (`ip_address`)
) ENGINE=MyISAM DEFAULT CHARSET=utf8mb4;

--
-- Dumping data for table `admin_activity_log`
--


--
-- Table structure for table `admin_menus`
--

CREATE TABLE `admin_menus` (
  `menu_key` varchar(191) NOT NULL DEFAULT '',
  `language_key` varchar(255) NOT NULL DEFAULT '',
  `sort_order` int(11) NOT NULL DEFAULT '0',
  UNIQUE KEY `menu_key` (`menu_key`)
) ENGINE=MyISAM DEFAULT CHARSET=utf8mb4;

--
-- Dumping data for table `admin_menus`
--

INSERT INTO `admin_menus` VALUES ('configuration','BOX_HEADING_CONFIGURATION',1),('catalog','BOX_HEADING_CATALOG',2),('modules','BOX_HEADING_MODULES',3),('customers','BOX_HEADING_CUSTOMERS',4),('taxes','BOX_HEADING_LOCATION_AND_TAXES',5),('localization','BOX_HEADING_LOCALIZATION',6),('reports','BOX_HEADING_REPORTS',7),('tools','BOX_HEADING_TOOLS',8),('gv','BOX_HEADING_GV_ADMIN',9),('access','BOX_HEADING_ADMIN_ACCESS',10),('extras','BOX_HEADING_EXTRAS',11);

--
-- Table structure for table `admin_notifications`
--

CREATE TABLE `admin_notifications` (
  `notification_key` varchar(40) NOT NULL,
  `admin_id` int(11) DEFAULT NULL,
  `dismissed` char(1) DEFAULT NULL,
  UNIQUE KEY `notification_key` (`notification_key`)
) ENGINE=MyISAM DEFAULT CHARSET=utf8mb4;

--
-- Dumping data for table `admin_notifications`
--


--
-- Table structure for table `admin_pages`
--

CREATE TABLE `admin_pages` (
  `page_key` varchar(191) NOT NULL DEFAULT '',
  `language_key` varchar(255) NOT NULL DEFAULT '',
  `main_page` varchar(255) NOT NULL DEFAULT '',
  `page_params` varchar(255) NOT NULL DEFAULT '',
  `menu_key` varchar(191) NOT NULL DEFAULT '',
  `display_on_menu` char(1) NOT NULL DEFAULT 'N',
  `sort_order` int(11) NOT NULL DEFAULT '0',
  UNIQUE KEY `page_key` (`page_key`)
) ENGINE=MyISAM DEFAULT CHARSET=utf8mb4;

--
-- Dumping data for table `admin_pages`
--

INSERT INTO `admin_pages` VALUES ('configMyStore','BOX_CONFIGURATION_MY_STORE','FILENAME_CONFIGURATION','gID=1','configuration','Y',1),('configMinimumValues','BOX_CONFIGURATION_MINIMUM_VALUES','FILENAME_CONFIGURATION','gID=2','configuration','Y',2),('configMaximumValues','BOX_CONFIGURATION_MAXIMUM_VALUES','FILENAME_CONFIGURATION','gID=3','configuration','Y',3),('configImages','BOX_CONFIGURATION_IMAGES','FILENAME_CONFIGURATION','gID=4','configuration','Y',4),('configCustomerDetails','BOX_CONFIGURATION_CUSTOMER_DETAILS','FILENAME_CONFIGURATION','gID=5','configuration','Y',5),('configShipping','BOX_CONFIGURATION_SHIPPING_PACKAGING','FILENAME_CONFIGURATION','gID=7','configuration','Y',6),('configProductListing','BOX_CONFIGURATION_PRODUCT_LISTING','FILENAME_CONFIGURATION','gID=8','configuration','Y',7),('configStock','BOX_CONFIGURATION_STOCK','FILENAME_CONFIGURATION','gID=9','configuration','Y',8),('configLogging','BOX_CONFIGURATION_LOGGING','FILENAME_CONFIGURATION','gID=10','configuration','Y',9),('configEmail','BOX_CONFIGURATION_EMAIL_OPTIONS','FILENAME_CONFIGURATION','gID=12','configuration','Y',10),('configAttributes','BOX_CONFIGURATION_ATTRIBUTE_OPTIONS','FILENAME_CONFIGURATION','gID=13','configuration','Y',11),('configGzipCompression','BOX_CONFIGURATION_GZIP_COMPRESSION','FILENAME_CONFIGURATION','gID=14','configuration','Y',12),('configSessions','BOX_CONFIGURATION_SESSIONS','FILENAME_CONFIGURATION','gID=15','configuration','Y',13),('configRegulations','BOX_CONFIGURATION_REGULATIONS','FILENAME_CONFIGURATION','gID=11','configuration','Y',14),('configGvCoupons','BOX_CONFIGURATION_GV_COUPONS','FILENAME_CONFIGURATION','gID=16','configuration','Y',15),('configCreditCards','BOX_CONFIGURATION_CREDIT_CARDS','FILENAME_CONFIGURATION','gID=17','configuration','Y',16),('configProductInfo','BOX_CONFIGURATION_PRODUCT_INFO','FILENAME_CONFIGURATION','gID=18','configuration','Y',17),('configLayoutSettings','BOX_CONFIGURATION_LAYOUT_SETTINGS','FILENAME_CONFIGURATION','gID=19','configuration','Y',18),('configWebsiteMaintenance','BOX_CONFIGURATION_WEBSITE_MAINTENANCE','FILENAME_CONFIGURATION','gID=20','configuration','Y',19),('configNewListing','BOX_CONFIGURATION_NEW_LISTING','FILENAME_CONFIGURATION','gID=21','configuration','Y',20),('configFeaturedListing','BOX_CONFIGURATION_FEATURED_LISTING','FILENAME_CONFIGURATION','gID=22','configuration','Y',21),('configAllListing','BOX_CONFIGURATION_ALL_LISTING','FILENAME_CONFIGURATION','gID=23','configuration','Y',22),('configIndexListing','BOX_CONFIGURATION_INDEX_LISTING','FILENAME_CONFIGURATION','gID=24','configuration','Y',23),('configDefinePageStatus','BOX_CONFIGURATION_DEFINE_PAGE_STATUS','FILENAME_CONFIGURATION','gID=25','configuration','Y',24),('configEzPagesSettings','BOX_CONFIGURATION_EZPAGES_SETTINGS','FILENAME_CONFIGURATION','gID=30','configuration','Y',25),('categories','BOX_CATALOG_CATEGORY','FILENAME_CATEGORIES','','catalog','N',18),('categoriesProductListing','BOX_CATALOG_CATEGORIES_PRODUCTS','FILENAME_CATEGORY_PRODUCT_LISTING','','catalog','Y',1),('productTypes','BOX_CATALOG_PRODUCT_TYPES','FILENAME_PRODUCT_TYPES','','catalog','Y',2),('priceManager','BOX_CATALOG_PRODUCTS_PRICE_MANAGER','FILENAME_PRODUCTS_PRICE_MANAGER','','catalog','Y',3),('optionNames','BOX_CATALOG_CATEGORIES_OPTIONS_NAME_MANAGER','FILENAME_OPTIONS_NAME_MANAGER','','catalog','Y',4),('optionValues','BOX_CATALOG_CATEGORIES_OPTIONS_VALUES_MANAGER','FILENAME_OPTIONS_VALUES_MANAGER','','catalog','Y',5),('attributes','BOX_CATALOG_CATEGORIES_ATTRIBUTES_CONTROLLER','FILENAME_ATTRIBUTES_CONTROLLER','','catalog','Y',6),('downloads','BOX_CATALOG_CATEGORIES_ATTRIBUTES_DOWNLOADS_MANAGER','FILENAME_DOWNLOADS_MANAGER','','catalog','Y',7),('optionNameSorter','BOX_CATALOG_PRODUCT_OPTIONS_NAME','FILENAME_PRODUCTS_OPTIONS_NAME','','catalog','Y',8),('optionValueSorter','BOX_CATALOG_PRODUCT_OPTIONS_VALUES','FILENAME_PRODUCTS_OPTIONS_VALUES','','catalog','Y',9),('manufacturers','BOX_CATALOG_MANUFACTURERS','FILENAME_MANUFACTURERS','','catalog','Y',10),('reviews','BOX_CATALOG_REVIEWS','FILENAME_REVIEWS','','catalog','Y',11),('specials','BOX_CATALOG_SPECIALS','FILENAME_SPECIALS','','catalog','Y',12),('featured','BOX_CATALOG_FEATURED','FILENAME_FEATURED','','catalog','Y',13),('salemaker','BOX_CATALOG_SALEMAKER','FILENAME_SALEMAKER','','catalog','Y',14),('productsExpected','BOX_CATALOG_PRODUCTS_EXPECTED','FILENAME_PRODUCTS_EXPECTED','','catalog','Y',15),('product','BOX_CATALOG_PRODUCT','FILENAME_PRODUCT','','catalog','N',16),('productsToCategories','BOX_CATALOG_PRODUCTS_TO_CATEGORIES','FILENAME_PRODUCTS_TO_CATEGORIES','','catalog','N',17),('payment','BOX_MODULES_PAYMENT','FILENAME_MODULES','set=payment','modules','Y',1),('shipping','BOX_MODULES_SHIPPING','FILENAME_MODULES','set=shipping','modules','Y',2),('orderTotal','BOX_MODULES_ORDER_TOTAL','FILENAME_MODULES','set=ordertotal','modules','Y',3),('customers','BOX_CUSTOMERS_CUSTOMERS','FILENAME_CUSTOMERS','','customers','Y',1),('orders','BOX_CUSTOMERS_ORDERS','FILENAME_ORDERS','','customers','Y',2),('groupPricing','BOX_CUSTOMERS_GROUP_PRICING','FILENAME_GROUP_PRICING','','customers','Y',3),('paypal','BOX_CUSTOMERS_PAYPAL','FILENAME_PAYPAL','','customers','Y',4),('invoice','BOX_CUSTOMERS_INVOICE','FILENAME_ORDERS_INVOICE','','customers','N',5),('packingslip','BOX_CUSTOMERS_PACKING_SLIP','FILENAME_ORDERS_PACKINGSLIP','','customers','N',6),('countries','BOX_TAXES_COUNTRIES','FILENAME_COUNTRIES','','taxes','Y',1),('zones','BOX_TAXES_ZONES','FILENAME_ZONES','','taxes','Y',2),('geoZones','BOX_TAXES_GEO_ZONES','FILENAME_GEO_ZONES','','taxes','Y',3),('taxClasses','BOX_TAXES_TAX_CLASSES','FILENAME_TAX_CLASSES','','taxes','Y',4),('taxRates','BOX_TAXES_TAX_RATES','FILENAME_TAX_RATES','','taxes','Y',5),('currencies','BOX_LOCALIZATION_CURRENCIES','FILENAME_CURRENCIES','','localization','Y',1),('languages','BOX_LOCALIZATION_LANGUAGES','FILENAME_LANGUAGES','','localization','Y',2),('ordersStatus','BOX_LOCALIZATION_ORDERS_STATUS','FILENAME_ORDERS_STATUS','','localization','Y',3),('reportCustomers','BOX_REPORTS_ORDERS_TOTAL','FILENAME_STATS_CUSTOMERS','','reports','Y',1),('reportReferrals','BOX_REPORTS_CUSTOMERS_REFERRALS','FILENAME_STATS_CUSTOMERS_REFERRALS','','reports','Y',2),('reportLowStock','BOX_REPORTS_PRODUCTS_LOWSTOCK','FILENAME_STATS_PRODUCTS_LOWSTOCK','','reports','Y',3),('reportProductsSold','BOX_REPORTS_PRODUCTS_PURCHASED','FILENAME_STATS_PRODUCTS_PURCHASED','','reports','Y',4),('reportProductsViewed','BOX_REPORTS_PRODUCTS_VIEWED','FILENAME_STATS_PRODUCTS_VIEWED','','reports','Y',5),('templateSelect','BOX_TOOLS_TEMPLATE_SELECT','FILENAME_TEMPLATE_SELECT','','tools','Y',1),('layoutController','BOX_TOOLS_LAYOUT_CONTROLLER','FILENAME_LAYOUT_CONTROLLER','','tools','Y',2),('banners','BOX_TOOLS_BANNER_MANAGER','FILENAME_BANNER_MANAGER','','tools','Y',3),('mail','BOX_TOOLS_MAIL','FILENAME_MAIL','','tools','Y',4),('newsletters','BOX_TOOLS_NEWSLETTER_MANAGER','FILENAME_NEWSLETTERS','','tools','Y',5),('server','BOX_TOOLS_SERVER_INFO','FILENAME_SERVER_INFO','','tools','Y',6),('whosOnline','BOX_TOOLS_WHOS_ONLINE','FILENAME_WHOS_ONLINE','','tools','Y',7),('storeManager','BOX_TOOLS_STORE_MANAGER','FILENAME_STORE_MANAGER','','tools','Y',9),('developersToolKit','BOX_TOOLS_DEVELOPERS_TOOL_KIT','FILENAME_DEVELOPERS_TOOL_KIT','','tools','Y',10),('ezpages','BOX_TOOLS_EZPAGES','FILENAME_EZPAGES_ADMIN','','tools','Y',11),('definePagesEditor','BOX_TOOLS_DEFINE_PAGES_EDITOR','FILENAME_DEFINE_PAGES_EDITOR','','tools','Y',12),('sqlPatch','BOX_TOOLS_SQLPATCH','FILENAME_SQLPATCH','','tools','Y',13),('couponAdmin','BOX_COUPON_ADMIN','FILENAME_COUPON_ADMIN','','gv','Y',1),('couponRestrict','BOX_COUPON_RESTRICT','FILENAME_COUPON_RESTRICT','','gv','N',1),('gvQueue','BOX_GV_ADMIN_QUEUE','FILENAME_GV_QUEUE','','gv','Y',2),('gvMail','BOX_GV_ADMIN_MAIL','FILENAME_GV_MAIL','','gv','Y',3),('gvSent','BOX_GV_ADMIN_SENT','FILENAME_GV_SENT','','gv','Y',4),('profiles','BOX_ADMIN_ACCESS_PROFILES','FILENAME_PROFILES','','access','Y',1),('users','BOX_ADMIN_ACCESS_USERS','FILENAME_USERS','','access','Y',2),('pageRegistration','BOX_ADMIN_ACCESS_PAGE_REGISTRATION','FILENAME_ADMIN_PAGE_REGISTRATION','','access','Y',3),('adminlogs','BOX_ADMIN_ACCESS_LOGS','FILENAME_ADMIN_ACTIVITY','','access','Y',4),('recordArtists','BOX_CATALOG_RECORD_ARTISTS','FILENAME_RECORD_ARTISTS','','extras','Y',1),('recordCompanies','BOX_CATALOG_RECORD_COMPANY','FILENAME_RECORD_COMPANY','','extras','Y',2),('musicGenre','BOX_CATALOG_MUSIC_GENRE','FILENAME_MUSIC_GENRE','','extras','Y',3),('mediaManager','BOX_CATALOG_MEDIA_MANAGER','FILENAME_MEDIA_MANAGER','','extras','Y',4),('mediaTypes','BOX_CATALOG_MEDIA_TYPES','FILENAME_MEDIA_TYPES','','extras','Y',5);

--
-- Table structure for table `admin_pages_to_profiles`
--

CREATE TABLE `admin_pages_to_profiles` (
  `profile_id` int(11) NOT NULL DEFAULT '0',
  `page_key` varchar(191) NOT NULL DEFAULT '',
  UNIQUE KEY `profile_page` (`profile_id`,`page_key`),
  UNIQUE KEY `page_profile` (`page_key`,`profile_id`)
) ENGINE=MyISAM DEFAULT CHARSET=utf8mb4;

--
-- Dumping data for table `admin_pages_to_profiles`
--

INSERT INTO `admin_pages_to_profiles` VALUES (2,'currencies'),(2,'customers'),(2,'gvMail'),(2,'gvQueue'),(2,'gvSent'),(2,'invoice'),(2,'orders'),(2,'packingslip'),(2,'paypal'),(2,'reportCustomers'),(2,'reportLowStock'),(2,'reportProductsSold'),(2,'reportProductsViewed'),(2,'reportReferrals'),(2,'whosOnline');

--
-- Table structure for table `admin_profiles`
--

CREATE TABLE `admin_profiles` (
  `profile_id` int(11) NOT NULL AUTO_INCREMENT,
  `profile_name` varchar(255) NOT NULL DEFAULT '',
  PRIMARY KEY (`profile_id`)
) ENGINE=MyISAM AUTO_INCREMENT=3 DEFAULT CHARSET=utf8mb4;

--
-- Dumping data for table `admin_profiles`
--

INSERT INTO `admin_profiles` VALUES (1,'Superuser'),(2,'Order Processing');

--
-- Table structure for table `authorizenet`
--

CREATE TABLE `authorizenet` (
  `id` int(11) unsigned NOT NULL AUTO_INCREMENT,
  `customer_id` int(11) NOT NULL DEFAULT '0',
  `order_id` int(11) NOT NULL DEFAULT '0',
  `response_code` int(1) NOT NULL DEFAULT '0',
  `response_text` varchar(255) NOT NULL DEFAULT '',
  `authorization_type` varchar(50) NOT NULL DEFAULT '',
  `transaction_id` varchar(32) DEFAULT NULL,
  `sent` longtext NOT NULL,
  `received` longtext NOT NULL,
  `time` varchar(50) NOT NULL DEFAULT '',
  `session_id` varchar(255) NOT NULL DEFAULT '',
  PRIMARY KEY (`id`)
) ENGINE=MyISAM DEFAULT CHARSET=utf8mb4;

--
-- Dumping data for table `authorizenet`
--


--
-- Table structure for table `banners`
--

CREATE TABLE `banners` (
  `banners_id` int(11) NOT NULL AUTO_INCREMENT,
  `banners_title` varchar(64) NOT NULL DEFAULT '',
  `banners_url` varchar(255) NOT NULL DEFAULT '',
  `banners_image` varchar(255) NOT NULL DEFAULT '',
  `banners_group` varchar(15) NOT NULL DEFAULT '',
  `banners_html_text` text,
  `expires_impressions` int(7) DEFAULT '0',
  `expires_date` datetime DEFAULT NULL,
  `date_scheduled` datetime DEFAULT NULL,
  `date_added` datetime NOT NULL DEFAULT '0001-01-01 00:00:00',
  `date_status_change` datetime DEFAULT NULL,
  `status` int(1) NOT NULL DEFAULT '1',
  `banners_open_new_windows` int(1) NOT NULL DEFAULT '1',
  `banners_on_ssl` int(1) NOT NULL DEFAULT '1',
  `banners_sort_order` int(11) NOT NULL DEFAULT '0',
  PRIMARY KEY (`banners_id`),
  KEY `idx_status_group_zen` (`status`,`banners_group`),
  KEY `idx_expires_date_zen` (`expires_date`),
  KEY `idx_date_scheduled_zen` (`date_scheduled`)
) ENGINE=MyISAM AUTO_INCREMENT=8 DEFAULT CHARSET=utf8mb4;

--
-- Dumping data for table `banners`
--

INSERT INTO `banners` VALUES (1,'Zen Cart','https://www.zen-cart.com','banners/zencart_468_60_02.gif','Wide-Banners','',0,NULL,NULL,'2004-01-11 20:59:12',NULL,1,1,1,0),(2,'Zen Cart the art of e-commerce','https://www.zen-cart.com','banners/125zen_logo.gif','SideBox-Banners','',0,NULL,NULL,'2004-01-11 20:59:12',NULL,1,1,1,0),(3,'Zen Cart the art of e-commerce','https://www.zen-cart.com','banners/125x125_zen_logo.gif','SideBox-Banners','',0,NULL,NULL,'2004-01-11 20:59:12',NULL,1,1,1,0),(4,'if you have to think ... you haven\'t been Zenned!','https://www.zen-cart.com','banners/think_anim.gif','Wide-Banners','',0,NULL,NULL,'2004-01-12 20:53:18',NULL,1,1,1,0),(5,'Zen Cart the art of e-commerce','https://www.zen-cart.com','banners/bw_zen_88wide.gif','BannersAll','',0,NULL,NULL,'2005-05-13 10:54:38',NULL,1,1,1,10),(6,'Zen Cart','https://www.zen-cart.com','','Wide-Banners','<script><!--//<![CDATA[\r\n   var loc = \'//pan.zen-cart.com/display/group/1/\';\r\n   var rd = Math.floor(Math.random()*99999999999);\r\n   document.write (\"<scr\"+\"ipt src=\'\"+loc);\r\n   document.write (\'?rd=\' + rd);\r\n   document.write (\"\'></scr\"+\"ipt>\");\r\n//]]>--></script>',0,NULL,NULL,'2004-01-11 20:59:12',NULL,1,1,1,0),(7,'Credit Card Processing','https://www.zen-cart.com/partners/square_promo','banners/cardsvcs_468x60.gif','Wide-Banners','',0,NULL,NULL,'2005-05-13 10:54:38',NULL,1,1,1,0);

--
-- Table structure for table `banners_history`
--

CREATE TABLE `banners_history` (
  `banners_history_id` int(11) NOT NULL AUTO_INCREMENT,
  `banners_id` int(11) NOT NULL DEFAULT '0',
  `banners_shown` int(5) NOT NULL DEFAULT '0',
  `banners_clicked` int(5) NOT NULL DEFAULT '0',
  `banners_history_date` datetime NOT NULL DEFAULT '0001-01-01 00:00:00',
  PRIMARY KEY (`banners_history_id`),
  KEY `idx_banners_id_zen` (`banners_id`)
) ENGINE=MyISAM AUTO_INCREMENT=9 DEFAULT CHARSET=utf8mb4;

--
-- Dumping data for table `banners_history`
--

INSERT INTO `banners_history` VALUES (1,2,7,0,'2020-04-06 19:21:23'),(2,5,6,0,'2020-04-06 19:21:23'),(3,2,7,0,'2020-04-06 19:21:23'),(4,4,4,0,'2020-04-06 19:21:23'),(5,3,3,0,'2020-04-06 19:22:35'),(6,3,3,0,'2020-04-06 19:22:35'),(7,6,1,0,'2020-04-06 19:35:35'),(8,1,1,0,'2020-04-06 19:35:44');

--
-- Table structure for table `categories`
--

CREATE TABLE `categories` (
  `categories_id` int(11) NOT NULL AUTO_INCREMENT,
  `categories_image` varchar(255) DEFAULT NULL,
  `parent_id` int(11) NOT NULL DEFAULT '0',
  `sort_order` int(3) DEFAULT NULL,
  `date_added` datetime DEFAULT NULL,
  `last_modified` datetime DEFAULT NULL,
  `categories_status` tinyint(1) NOT NULL DEFAULT '1',
  PRIMARY KEY (`categories_id`),
  KEY `idx_parent_id_cat_id_zen` (`parent_id`,`categories_id`),
  KEY `idx_status_zen` (`categories_status`),
  KEY `idx_sort_order_zen` (`sort_order`)
) ENGINE=MyISAM AUTO_INCREMENT=65 DEFAULT CHARSET=utf8mb4;

--
-- Dumping data for table `categories`
--

INSERT INTO `categories` VALUES (1,'categories/category_hardware.gif',0,1,'2003-12-23 03:18:19','2004-05-21 00:32:17',1),(2,'categories/category_software.gif',0,2,'2003-12-23 03:18:19','2004-05-22 21:14:57',1),(3,'categories/category_dvd_movies.gif',0,3,'2003-12-23 03:18:19','2004-05-21 00:22:39',1),(4,'categories/subcategory_graphic_cards.gif',1,0,'2003-12-23 03:18:19',NULL,1),(5,'categories/subcategory_printers.gif',1,0,'2003-12-23 03:18:19',NULL,1),(6,'categories/subcategory_monitors.gif',1,0,'2003-12-23 03:18:19',NULL,1),(7,'categories/subcategory_speakers.gif',1,0,'2003-12-23 03:18:19',NULL,1),(8,'categories/subcategory_keyboards.gif',1,0,'2003-12-23 03:18:19',NULL,1),(9,'categories/subcategory_mice.gif',1,0,'2003-12-23 03:18:19','2004-05-21 00:34:10',1),(10,'categories/subcategory_action.gif',3,0,'2003-12-23 03:18:19','2004-05-21 00:39:17',1),(11,'categories/subcategory_science_fiction.gif',3,0,'2003-12-23 03:18:19',NULL,1),(12,'categories/subcategory_comedy.gif',3,0,'2003-12-23 03:18:19',NULL,1),(13,'categories/subcategory_cartoons.gif',3,0,'2003-12-23 03:18:19','2004-05-21 00:23:13',1),(14,'categories/subcategory_thriller.gif',3,0,'2003-12-23 03:18:19',NULL,1),(15,'categories/subcategory_drama.gif',3,0,'2003-12-23 03:18:19',NULL,1),(16,'categories/subcategory_memory.gif',1,0,'2003-12-23 03:18:19',NULL,1),(17,'categories/subcategory_cdrom_drives.gif',1,0,'2003-12-23 03:18:19',NULL,1),(18,'categories/subcategory_simulation.gif',2,0,'2003-12-23 03:18:19',NULL,1),(19,'categories/subcategory_action_games.gif',2,0,'2003-12-23 03:18:19',NULL,1),(20,'categories/subcategory_strategy.gif',2,0,'2003-12-23 03:18:19',NULL,1),(21,'categories/gv_25.gif',0,4,'2003-12-23 03:18:19','2004-05-21 00:26:06',1),(22,'categories/box_of_color.gif',0,5,'2003-12-23 03:18:19','2004-05-21 00:28:43',1),(23,'waybkgnd.gif',0,500,'2003-12-28 02:26:19','2003-12-29 23:21:35',1),(24,'categories/category_free.gif',0,600,'2003-12-28 11:48:46','2004-01-02 19:13:45',1),(25,'sample_image.gif',0,515,'2003-12-31 02:39:17','2004-01-24 01:49:12',1),(27,'sample_image.gif',49,10,'2004-01-04 14:13:08','2004-01-24 16:16:23',1),(28,'sample_image.gif',0,510,'2004-01-04 17:13:47','2004-01-05 23:54:23',1),(31,'sample_image.gif',48,30,'2004-01-04 23:16:46','2004-01-24 01:48:29',1),(32,'sample_image.gif',48,40,'2004-01-05 01:34:56','2004-01-24 01:48:36',1),(33,'categories/subcategory.gif',0,700,'2004-01-05 02:08:31','2004-05-20 10:35:31',1),(34,'categories/subcategory.gif',33,10,'2004-01-05 02:08:50','2004-05-20 10:35:57',1),(35,'categories/subcategory.gif',33,20,'2004-01-05 02:09:01','2004-01-24 00:07:33',1),(36,'categories/subcategory.gif',33,30,'2004-01-05 02:09:12','2004-01-24 00:07:41',1),(37,'categories/subcategory.gif',35,10,'2004-01-05 02:09:28','2004-01-24 00:22:39',1),(38,'categories/subcategory.gif',35,20,'2004-01-05 02:09:39','2004-01-24 00:22:46',1),(39,'categories/subcategory.gif',35,30,'2004-01-05 02:09:49','2004-01-24 00:22:53',1),(40,'categories/subcategory.gif',34,10,'2004-01-05 02:17:27','2004-05-20 10:36:19',1),(41,'categories/subcategory.gif',36,10,'2004-01-05 02:21:02','2004-01-24 00:23:04',1),(42,'categories/subcategory.gif',36,30,'2004-01-05 02:21:14','2004-01-24 00:23:18',1),(43,'categories/subcategory.gif',34,20,'2004-01-05 02:21:29','2004-01-24 00:21:37',1),(44,'categories/subcategory.gif',36,20,'2004-01-05 02:21:47','2004-01-24 00:23:11',1),(45,'sample_image.gif',48,10,'2004-01-05 23:54:56','2004-01-24 01:48:22',1),(46,'sample_image.gif',50,10,'2004-01-06 00:01:48','2004-01-24 01:39:56',1),(47,'sample_image.gif',48,20,'2004-01-06 03:09:57','2004-01-24 01:48:05',1),(48,'sample_image.gif',0,1000,'2004-01-07 02:24:07','2004-01-07 02:44:26',1),(49,'sample_image.gif',0,1100,'2004-01-07 02:27:31','2004-01-07 02:44:34',1),(50,'sample_image.gif',0,1200,'2004-01-07 02:28:18','2004-01-07 02:47:19',1),(51,'sample_image.gif',50,20,'2004-01-07 02:33:55','2004-01-24 01:40:05',1),(52,'sample_image.gif',49,20,'2004-01-24 16:09:35','2004-01-24 16:16:33',1),(53,'categories/subcategory.gif',0,1500,'2004-04-25 23:07:41',NULL,1),(54,'categories/subcategory.gif',0,1510,'2004-04-26 12:02:35','2004-05-20 11:45:20',1),(55,'categories/subcategory.gif',54,0,'2004-04-28 01:48:47','2004-05-20 11:45:51',1),(56,'categories/subcategory.gif',54,0,'2004-04-28 01:49:16','2004-04-28 01:53:14',1),(57,'categories/subcategory.gif',54,0,'2004-05-01 01:29:13',NULL,1),(58,'categories/subcategory.gif',54,110,'2004-05-02 12:35:02','2004-05-18 10:46:13',1),(60,'categories/subcategory.gif',54,0,'2004-05-02 23:45:21',NULL,1),(61,'categories/subcategory.gif',54,100,'2004-05-18 10:13:46','2004-05-18 10:46:02',1),(62,'sample_image.gif',0,1520,'2003-12-23 03:18:19','2004-05-22 21:14:57',1),(63,'categories/subcategory.gif',0,1530,'2003-12-23 03:18:19','2004-07-12 17:45:24',1),(64,'categories/subcategory.gif',0,1550,'2004-07-12 15:22:27',NULL,1);

--
-- Table structure for table `categories_description`
--

CREATE TABLE `categories_description` (
  `categories_id` int(11) NOT NULL DEFAULT '0',
  `language_id` int(11) NOT NULL DEFAULT '1',
  `categories_name` varchar(32) NOT NULL DEFAULT '',
  `categories_description` text NOT NULL,
  PRIMARY KEY (`categories_id`,`language_id`),
  KEY `idx_categories_name_zen` (`categories_name`)
) ENGINE=MyISAM DEFAULT CHARSET=utf8mb4;

--
-- Dumping data for table `categories_description`
--

INSERT INTO `categories_description` VALUES (1,1,'Hardware','We offer a variety of Hardware from printers to graphics cards and mice to keyboards.'),(2,1,'Software','Select from an exciting list of software titles. <br /><br />Not seeing a title that you are looking for?'),(3,1,'DVD Movies','We offer a variety of DVD movies enjoyable for the whole family.<br /><br />Please browse the various categories to find your favorite movie today!'),(4,1,'Graphics Cards',''),(5,1,'Printers',''),(6,1,'Monitors',''),(7,1,'Speakers',''),(8,1,'Keyboards',''),(9,1,'Mice','Pick the right mouse for your individual computer needs!<br /><br />Contact Us if you are looking for a particular mouse that we do not currently have in stock.'),(10,1,'Action','<p>Get into the action with our Action collection of DVD movies!<br /><br />Don\'t miss the excitement and order your\'s today!<br /><br /></p>'),(11,1,'Science Fiction',''),(12,1,'Comedy',''),(13,1,'Cartoons','Something you can enjoy with children of all ages!'),(14,1,'Thriller',''),(15,1,'Drama',''),(16,1,'Memory',''),(17,1,'CDROM Drives',''),(18,1,'Simulation',''),(19,1,'Action',''),(20,1,'Strategy',''),(60,1,'Downloads',''),(58,1,'Real Sale',''),(21,1,'Gift Certificates','Send a Gift Certificate today!<br /><br />Gift Certificates are good for anything in the store.'),(57,1,'Text Pricing',''),(56,1,'Attributes',''),(22,1,'Big Linked','All of these products are &quot;Linked Products&quot;.<br /><br />This means that they appear in more than one Category.<br /><br />However, you only have to maintain the product in one place.<br /><br />The Master Product is used for pricing purposes.'),(55,1,'Discount Qty','<p>Discount Quantities can be set for Products or on the individual attributes.<br /><br />Discounts on the Product do NOT reflect on the attributes price.<br /><br />Only discounts based on Special and Sale Prices are applied to attribute prices.</p>'),(23,1,'Test Examples',''),(24,1,'Free Call Stuff',''),(25,1,'Test 10% by Attrib',''),(27,1,'$5.00 off',''),(28,1,'Test 10%',''),(31,1,'10% off Skip',''),(32,1,'10% off Price',''),(47,1,'10% off Attrib',''),(33,1,'A Top Level Cat','<p>This is a top level category description.</p>'),(34,1,'SubLevel 2 A','This is a sublevel category description.'),(35,1,'SubLevel 2 B',''),(36,1,'SubLevel 2 C',''),(37,1,'Sub Sub Cat 2B1',''),(38,1,'Sub Sub Cat 2B2',''),(39,1,'Sub Sub Cat 2B3',''),(40,1,'Sub Sub Cat 2A1','This is a sub-sub level category description.'),(41,1,'Sub Sub Cat 2C1',''),(42,1,'Sub Sub Cat 2C3',''),(43,1,'Sub Sub Cat 2A2',''),(44,1,'Sub Sub Cat 2C2',''),(45,1,'10% off',''),(46,1,'Set $100',''),(48,1,'Sale Percentage',''),(49,1,'Sale Deduction',''),(50,1,'Sale New Price',''),(51,1,'Set $100 Skip',''),(52,1,'$5.00 off Skip',''),(53,1,'Big Unlinked',''),(54,1,'New v1.2','<p>The New Products show many of the newest features that have been added to Zen Cart.<br /><br />Take the time to review these and the other Demo Products to better understand all the options and features that Zen Cart has to offer.</p>'),(61,1,'Real',''),(62,1,'Music',''),(63,1,'Documents','Documents can now be added to the category tree. For example you may want to add servicing/Technical documents. Or use Documents as an integrated FAQ system on your site. The implemetation here is fairly spartan, but could be expanded to offer PDF downloads, links to purchaseable download files. The possibilities are endless and left to your imagination.'),(64,1,'Mixed Product Types','This is a category with mixed product types.\r\n\r\nThis includes both products and documents. There are two types of documents - Documents that are for reading and Documents that are for reading and purchasing.');

--
-- Table structure for table `configuration`
--

CREATE TABLE `configuration` (
  `configuration_id` int(11) NOT NULL AUTO_INCREMENT,
  `configuration_title` text NOT NULL,
  `configuration_key` varchar(180) NOT NULL DEFAULT '',
  `configuration_value` text NOT NULL,
  `configuration_description` text NOT NULL,
  `configuration_group_id` int(11) NOT NULL DEFAULT '0',
  `sort_order` int(5) DEFAULT NULL,
  `last_modified` datetime DEFAULT NULL,
  `date_added` datetime NOT NULL DEFAULT '0001-01-01 00:00:00',
  `use_function` text,
  `set_function` text,
  `val_function` text,
  PRIMARY KEY (`configuration_id`),
  UNIQUE KEY `unq_config_key_zen` (`configuration_key`),
  KEY `idx_key_value_zen` (`configuration_key`,`configuration_value`(10)),
  KEY `idx_cfg_grp_id_zen` (`configuration_group_id`)
) ENGINE=MyISAM AUTO_INCREMENT=545 DEFAULT CHARSET=utf8mb4;

--
-- Dumping data for table `configuration`
--

INSERT INTO `configuration` VALUES (1,'Store Name','STORE_NAME','','The name of my store',1,1,NULL,'2020-04-06 19:07:48',NULL,NULL,NULL),(2,'Store Owner','STORE_OWNER','','The name of my store owner',1,2,NULL,'2020-04-06 19:07:48',NULL,NULL,NULL),(3,'Telephone - Customer Service','STORE_TELEPHONE_CUSTSERVICE','','Enter a telephone number for customers to reach your Customer Service department. This number may be sent as part of payment transaction details.',1,3,NULL,'2020-04-06 19:07:48',NULL,NULL,NULL),(4,'Country','STORE_COUNTRY','223','The country my store is located in <br /><br /><strong>Note: Please remember to update the store zone.</strong>',1,6,NULL,'2020-04-06 19:07:48','zen_get_country_name','zen_cfg_pull_down_country_list(',NULL),(5,'Zone','STORE_ZONE','18','The zone my store is located in',1,7,NULL,'2020-04-06 19:07:48','zen_cfg_get_zone_name','zen_cfg_pull_down_zone_list(',NULL),(6,'Expected Sort Order','EXPECTED_PRODUCTS_SORT','desc','This is the sort order used in the expected products box.',1,8,NULL,'2020-04-06 19:07:48',NULL,'zen_cfg_select_option(array(\'asc\', \'desc\'), ',NULL),(7,'Expected Sort Field','EXPECTED_PRODUCTS_FIELD','date_expected','The column to sort by in the expected products box.',1,9,NULL,'2020-04-06 19:07:48',NULL,'zen_cfg_select_option(array(\'products_name\', \'date_expected\'), ',NULL),(8,'Switch To Default Language Currency','USE_DEFAULT_LANGUAGE_CURRENCY','false','Automatically switch to the language\'s currency when it is changed',1,10,NULL,'2020-04-06 19:07:48',NULL,'zen_cfg_select_option(array(\'true\', \'false\'), ',NULL),(9,'Language Selector','LANGUAGE_DEFAULT_SELECTOR','Default','Should the default language be based on the Store preferences, or the customer\'s browser settings?<br /><br />Default: Store\'s default settings',1,11,NULL,'2020-04-06 19:07:48',NULL,'zen_cfg_select_option(array(\'Default\', \'Browser\'), ',NULL),(10,'Use Search-Engine Safe URLs (still in development)','SEARCH_ENGINE_FRIENDLY_URLS','false','Use search-engine safe urls for all site links',6,12,NULL,'2020-04-06 19:07:48',NULL,'zen_cfg_select_option(array(\'true\', \'false\'), ',NULL),(11,'Display Cart After Adding Product','DISPLAY_CART','true','Display the shopping cart after adding a product (or return back to their origin)',1,14,NULL,'2020-04-06 19:07:48',NULL,'zen_cfg_select_option(array(\'true\', \'false\'), ',NULL),(12,'Default Search Operator','ADVANCED_SEARCH_DEFAULT_OPERATOR','and','Default search operators',1,17,NULL,'2020-04-06 19:07:48',NULL,'zen_cfg_select_option(array(\'and\', \'or\'), ',NULL),(13,'Store Address and Phone','STORE_NAME_ADDRESS','Store Name\nAddress\nCountry\nPhone','This is the Store Name, Address and Phone used on printable documents and displayed online',1,7,NULL,'2020-04-06 19:07:48',NULL,'zen_cfg_textarea(',NULL),(14,'Show Category Counts','SHOW_COUNTS','true','Count recursively how many products are in each category',1,19,NULL,'2020-04-06 19:07:48',NULL,'zen_cfg_select_option(array(\'true\', \'false\'), ',NULL),(15,'Tax Decimal Places','TAX_DECIMAL_PLACES','0','Pad the tax value this amount of decimal places',1,20,NULL,'2020-04-06 19:07:48',NULL,NULL,NULL),(16,'Display Prices with Tax','DISPLAY_PRICE_WITH_TAX','false','Display prices with tax included (true) or add the tax at the end (false)',1,21,NULL,'2020-04-06 19:07:48',NULL,'zen_cfg_select_option(array(\'true\', \'false\'), ',NULL),(17,'Display Prices with Tax in Admin','DISPLAY_PRICE_WITH_TAX_ADMIN','false','Display prices with tax included (true) or add the tax at the end (false) in Admin(Invoices)',1,21,NULL,'2020-04-06 19:07:48',NULL,'zen_cfg_select_option(array(\'true\', \'false\'), ',NULL),(18,'Basis of Product Tax','STORE_PRODUCT_TAX_BASIS','Shipping','On what basis is Product Tax calculated. Options are<br />Shipping - Based on customers Shipping Address<br />Billing Based on customers Billing address<br />Store - Based on Store address if Billing/Shipping Zone equals Store zone',1,21,NULL,'2020-04-06 19:07:48',NULL,'zen_cfg_select_option(array(\'Shipping\', \'Billing\', \'Store\'), ',NULL),(19,'Basis of Shipping Tax','STORE_SHIPPING_TAX_BASIS','Shipping','On what basis is Shipping Tax calculated. Options are<br />Shipping - Based on customers Shipping Address<br />Billing Based on customers Billing address<br />Store - Based on Store address if Billing/Shipping Zone equals Store zone - Can be overriden by correctly written Shipping Module',1,21,NULL,'2020-04-06 19:07:48',NULL,'zen_cfg_select_option(array(\'Shipping\', \'Billing\', \'Store\'), ',NULL),(20,'Sales Tax Display Status','STORE_TAX_DISPLAY_STATUS','0','Always show Sales Tax even when amount is $0.00?<br />0= Off<br />1= On',1,21,NULL,'2020-04-06 19:07:48',NULL,'zen_cfg_select_option(array(\'0\', \'1\'), ',NULL),(21,'Show Split Tax Lines','SHOW_SPLIT_TAX_CHECKOUT','false','If multiple tax rates apply, show each rate as a separate line at checkout',1,22,NULL,'2020-04-06 19:07:48',NULL,'zen_cfg_select_option(array(\'true\', \'false\'), ',NULL),(22,'PA-DSS Admin Session Timeout Enforced?','PADSS_ADMIN_SESSION_TIMEOUT_ENFORCED','1','PA-DSS Compliance requires that any Admin login sessions expire after 15 minutes of inactivity. <strong>Disabling this makes your site NON-COMPLIANT with PA-DSS rules, thus invalidating any certification.</strong>',1,30,'2020-04-06 19:07:48','2020-04-06 19:07:48',NULL,'zen_cfg_select_drop_down(array(array(\'id\'=>\'0\', \'text\'=>\'Non-Compliant\'), array(\'id\'=>\'1\', \'text\'=>\'On\')),',NULL),(23,'PA-DSS Strong Password Rules Enforced?','PADSS_PWD_EXPIRY_ENFORCED','1','PA-DSS Compliance requires that admin passwords must be changed after 90 days and cannot re-use the last 4 passwords. <strong>Disabling this makes your site NON-COMPLIANT with PA-DSS rules, thus invalidating any certification.</strong>',1,30,'2020-04-06 19:07:48','2020-04-06 19:07:48',NULL,'zen_cfg_select_drop_down(array(array(\'id\'=>\'0\', \'text\'=>\'Non-Compliant\'), array(\'id\'=>\'1\', \'text\'=>\'On\')),',NULL),(24,'PA-DSS Ajax Checkout?','PADSS_AJAX_CHECKOUT','1','PA-DSS Compliance requires that for some inbuilt payment methods, that we use ajax to draw the checkout confirmation screen. While this will only happen if one of those payment methods is actually present, some people may want the traditional checkout flow <strong>Disabling this makes your site NON-COMPLIANT with PA-DSS rules, thus invalidating any certification.</strong>',1,30,'2020-04-06 19:07:48','2020-04-06 19:07:48',NULL,'zen_cfg_select_drop_down(array(array(\'id\'=>\'0\', \'text\'=>\'Non-Compliant\'), array(\'id\'=>\'1\', \'text\'=>\'On\')),',NULL),(25,'Admin Session Time Out in Seconds','SESSION_TIMEOUT_ADMIN','900','Enter the time in seconds.<br />Max allowed is 900 for PCI Compliance Reasons.<br /> Default=900<br />Example: 900= 15 min <br /><br />Note: Too few seconds can result in timeout issues when adding/editing products',1,40,NULL,'2020-04-06 19:07:48',NULL,NULL,NULL),(26,'Admin Set max_execution_time for processes','GLOBAL_SET_TIME_LIMIT','60','Enter the time in seconds for how long the max_execution_time of processes should be. Default=60<br />Example: 60= 1 minute<br /><br />Note: Changing the time limit is only needed if you are having problems with the execution time of a process',1,42,NULL,'2020-04-06 19:07:48',NULL,NULL,NULL),(27,'Show if version update available','SHOW_VERSION_UPDATE_IN_HEADER','true','Automatically check to see if a new version of Zen Cart is available. Enabling this can sometimes slow down the loading of Admin pages. (Displayed on main Index page after login, and Server Info page.)',1,44,NULL,'2020-04-06 19:07:48',NULL,'zen_cfg_select_option(array(\'true\', \'false\'), ',NULL),(28,'Store Status','STORE_STATUS','0','What is your Store Status<br />0= Normal Store<br />1= Showcase no prices<br />2= Showcase with prices',1,25,NULL,'2020-04-06 19:07:48',NULL,'zen_cfg_select_option(array(\'0\', \'1\', \'2\'), ',NULL),(29,'Server Uptime','DISPLAY_SERVER_UPTIME','true','Displaying Server uptime can cause entries in error logs on some servers. (true = Display, false = don\'t display)',1,46,'2003-11-08 20:24:47','0001-01-01 00:00:00','','zen_cfg_select_option(array(\'true\', \'false\'),',NULL),(30,'Missing Page Check','MISSING_PAGE_CHECK','Page Not Found','Zen Cart can check for missing pages in the URL and redirect to Index page. For debugging you may want to turn this off. <br /><br /><strong>Default=On</strong><br />On = Send missing pages to \'index\'<br />Off = Don\'t check for missing pages<br />Page Not Found = display the Page-Not-Found page',1,48,'2003-11-08 20:24:47','0001-01-01 00:00:00','','zen_cfg_select_option(array(\'On\', \'Off\', \'Page Not Found\'),',NULL),(31,'cURL Proxy Status','CURL_PROXY_REQUIRED','False','Does your host require that you use a proxy for cURL communication?',6,50,NULL,'2020-04-06 19:07:48',NULL,'zen_cfg_select_option(array(\'True\', \'False\'), ',NULL),(32,'cURL Proxy Address','CURL_PROXY_SERVER_DETAILS','','If you have a hosting service that requires use of a proxy to talk to external sites via cURL, enter their proxy address here.<br />format: address:port<br />ie: 127.0.0.1:3128',6,51,NULL,'2020-04-06 19:07:48',NULL,NULL,NULL),(33,'HTML Editor','HTML_EDITOR_PREFERENCE','NONE','Please select the HTML/Rich-Text editor you wish to use for composing Admin-related emails, newsletters, and product descriptions',1,110,NULL,'2020-04-06 19:07:48',NULL,'zen_cfg_pull_down_htmleditors(',NULL),(34,'Show Category Counts - Admin','SHOW_COUNTS_ADMIN','true','Show Category Counts in Admin?',1,19,NULL,'2020-04-06 19:07:48',NULL,'zen_cfg_select_option(array(\'true\', \'false\'), ',NULL),(35,'Show linked status for categories','SHOW_CATEGORY_PRODUCTS_LINKED_STATUS','true','Show Category products linked status?',1,19,NULL,'2020-04-06 19:07:48',NULL,'zen_cfg_select_option(array(\'true\', \'false\'), ',NULL),(36,'Currency Conversion Ratio','CURRENCY_UPLIFT_RATIO','1.05','When auto-updating currencies, what \"uplift\" ratio should be used to calculate the exchange rate used by your store?<br />ie: the bank rate is obtained from the currency-exchange servers; how much extra do you want to charge in order to make up the difference between the bank rate and the consumer rate?<br /><br /><strong>Default: 1.05 </strong><br />This will cause the published bank rate to be multiplied by 1.05 to set the currency rates in your store.',1,55,NULL,'2020-04-06 19:07:48',NULL,NULL,NULL),(37,'Currency Exchange Rate: Primary Source','CURRENCY_SERVER_PRIMARY','ecb','Where to request external currency updates from (Primary source)<br><br>Additional sources can be installed via plugins.',1,55,NULL,'2020-04-06 19:07:48',NULL,'zen_cfg_pull_down_exchange_rate_sources(',NULL),(38,'Currency Exchange Rate: Secondary Source','CURRENCY_SERVER_BACKUP','boc','Where to request external currency updates from (Secondary source)<br><br>Additional sources can be installed via plugins.',1,55,NULL,'2020-04-06 19:07:48',NULL,'zen_cfg_pull_down_exchange_rate_sources(',NULL),(39,'First Name','ENTRY_FIRST_NAME_MIN_LENGTH','2','Minimum length of first name',2,1,NULL,'2020-04-06 19:07:48',NULL,NULL,NULL),(40,'Last Name','ENTRY_LAST_NAME_MIN_LENGTH','2','Minimum length of last name',2,2,NULL,'2020-04-06 19:07:48',NULL,NULL,NULL),(41,'Date of Birth','ENTRY_DOB_MIN_LENGTH','10','Minimum length of date of birth',2,3,NULL,'2020-04-06 19:07:48',NULL,NULL,NULL),(42,'E-Mail Address','ENTRY_EMAIL_ADDRESS_MIN_LENGTH','6','Minimum length of e-mail address',2,4,NULL,'2020-04-06 19:07:48',NULL,NULL,NULL),(43,'Street Address','ENTRY_STREET_ADDRESS_MIN_LENGTH','5','Minimum length of street address',2,5,NULL,'2020-04-06 19:07:48',NULL,NULL,NULL),(44,'Company','ENTRY_COMPANY_MIN_LENGTH','0','Minimum length of company name',2,6,NULL,'2020-04-06 19:07:48',NULL,NULL,NULL),(45,'Post Code','ENTRY_POSTCODE_MIN_LENGTH','4','Minimum length of post code',2,7,NULL,'2020-04-06 19:07:48',NULL,NULL,NULL),(46,'City','ENTRY_CITY_MIN_LENGTH','2','Minimum length of city',2,8,NULL,'2020-04-06 19:07:48',NULL,NULL,NULL),(47,'State','ENTRY_STATE_MIN_LENGTH','2','Minimum length of state',2,9,NULL,'2020-04-06 19:07:48',NULL,NULL,NULL),(48,'Telephone Number','ENTRY_TELEPHONE_MIN_LENGTH','3','Minimum length of telephone number',2,10,NULL,'2020-04-06 19:07:48',NULL,NULL,NULL),(49,'Password','ENTRY_PASSWORD_MIN_LENGTH','7','Minimum length of password',2,11,NULL,'2020-04-06 19:07:48',NULL,NULL,NULL),(50,'Credit Card Owner Name','CC_OWNER_MIN_LENGTH','3','Minimum length of credit card owner name',2,12,NULL,'2020-04-06 19:07:48',NULL,NULL,NULL),(51,'Credit Card Number','CC_NUMBER_MIN_LENGTH','10','Minimum length of credit card number',2,13,NULL,'2020-04-06 19:07:48',NULL,NULL,NULL),(52,'Credit Card CVV Number','CC_CVV_MIN_LENGTH','3','Minimum length of credit card CVV number',2,13,NULL,'2020-04-06 19:07:48',NULL,NULL,NULL),(53,'Product Review Text','REVIEW_TEXT_MIN_LENGTH','50','Minimum length of product review text',2,14,NULL,'2020-04-06 19:07:48',NULL,NULL,NULL),(54,'Best Sellers','MIN_DISPLAY_BESTSELLERS','1','Minimum number of best sellers to display',2,15,NULL,'2020-04-06 19:07:48',NULL,NULL,NULL),(55,'Also Purchased Products','MIN_DISPLAY_ALSO_PURCHASED','1','Minimum number of products to display in the \'This Customer Also Purchased\' box',2,16,NULL,'2020-04-06 19:07:48',NULL,NULL,NULL),(56,'Nick Name','ENTRY_NICK_MIN_LENGTH','3','Minimum length of Nick Name',2,1,NULL,'2020-04-06 19:07:48',NULL,NULL,NULL),(57,'Admin Usernames','ADMIN_NAME_MINIMUM_LENGTH','4','Minimum length of admin usernames (must be 4 or more)',2,18,NULL,'2020-04-06 19:07:48',NULL,NULL,'{\"error\":\"TEXT_MIN_ADMIN_USER_LENGTH\",\"id\":\"FILTER_VALIDATE_INT\",\"options\":{\"options\":{\"min_range\":4}}}'),(58,'Address Book Entries','MAX_ADDRESS_BOOK_ENTRIES','5','Maximum address book entries a customer is allowed to have',3,1,NULL,'2020-04-06 19:07:48',NULL,NULL,NULL),(59,'Admin Search Results Per Page','MAX_DISPLAY_SEARCH_RESULTS','20','Number of products to list on an Admin search result page',3,2,NULL,'2020-04-06 19:07:48',NULL,NULL,NULL),(60,'Prev/Next Navigation Page Links (Desktop)','MAX_DISPLAY_PAGE_LINKS','5','Number of numbered pagination links to display.',3,3,NULL,'2020-04-06 19:07:48',NULL,NULL,NULL),(61,'Prev/Next Navigation Page Links (Mobile)','MAX_DISPLAY_PAGE_LINKS_MOBILE','3','Number of numbered pagination links to display on Mobile devices (assuming your template supports mobile-specific settings)',3,3,NULL,'2020-04-06 19:07:48',NULL,NULL,NULL),(62,'Products on Special ','MAX_DISPLAY_SPECIAL_PRODUCTS','9','Number of products on special to display',3,4,NULL,'2020-04-06 19:07:48',NULL,NULL,NULL),(63,'New Products Module','MAX_DISPLAY_NEW_PRODUCTS','9','Number of new products to display in a category',3,5,NULL,'2020-04-06 19:07:48',NULL,NULL,NULL),(64,'Upcoming Products ','MAX_DISPLAY_UPCOMING_PRODUCTS','10','Number of \'upcoming\' products to display',3,6,NULL,'2020-04-06 19:07:48',NULL,NULL,NULL),(65,'Manufacturers List - Scroll Box Size/Style','MAX_MANUFACTURERS_LIST','3','Number of manufacturers names to be displayed in the scroll box window. Setting this to 1 or 0 will display a dropdown list.',3,7,NULL,'2020-04-06 19:07:48',NULL,NULL,NULL),(66,'Manufacturers List - Verify Product Exist','PRODUCTS_MANUFACTURERS_STATUS','1','Verify that at least 1 product exists and is active for the manufacturer name to show<br /><br />Note: When this feature is ON it can produce slower results on sites with a large number of products and/or manufacturers<br />0= off 1= on',3,7,NULL,'2020-04-06 19:07:48',NULL,'zen_cfg_select_option(array(\'0\', \'1\'), ',NULL),(67,'Music Genre List - Scroll Box Size/Style','MAX_MUSIC_GENRES_LIST','3','Number of music genre names to be displayed in the scroll box window. Setting this to 1 or 0 will display a dropdown list.',3,7,NULL,'2020-04-06 19:07:48',NULL,NULL,NULL),(68,'Record Company List - Scroll Box Size/Style','MAX_RECORD_COMPANY_LIST','3','Number of record company names to be displayed in the scroll box window. Setting this to 1 or 0 will display a dropdown list.',3,7,NULL,'2020-04-06 19:07:48',NULL,NULL,NULL),(69,'Length of Record Company Name','MAX_DISPLAY_RECORD_COMPANY_NAME_LEN','15','Used in record companies box; maximum length of record company name to display. Longer names will be truncated.',3,8,NULL,'2020-04-06 19:07:48',NULL,NULL,NULL),(70,'Length of Music Genre Name','MAX_DISPLAY_MUSIC_GENRES_NAME_LEN','15','Used in music genres box; maximum length of music genre name to display. Longer names will be truncated.',3,8,NULL,'2020-04-06 19:07:48',NULL,NULL,NULL),(71,'Length of Manufacturers Name','MAX_DISPLAY_MANUFACTURER_NAME_LEN','15','Used in manufacturers box; maximum length of manufacturers name to display. Longer names will be truncated.',3,8,NULL,'2020-04-06 19:07:48',NULL,NULL,NULL),(72,'New Product Reviews Per Page','MAX_DISPLAY_NEW_REVIEWS','6','Number of new reviews to display on each page',3,9,NULL,'2020-04-06 19:07:48',NULL,NULL,NULL),(73,'Random Product Reviews for SideBox','MAX_RANDOM_SELECT_REVIEWS','1','Number of random product REVIEWS to rotate in the sidebox<br />Enter the number of products to display in this sidebox at one time.<br /><br />How many products do you want to display in this sidebox?',3,10,NULL,'2020-04-06 19:07:48',NULL,NULL,NULL),(74,'Random New Products for SideBox','MAX_RANDOM_SELECT_NEW','3','Number of random NEW products to rotate in the sidebox<br />Enter the number of products to display in this sidebox at one time.<br /><br />How many products do you want to display in this sidebox?',3,11,NULL,'2020-04-06 19:07:48',NULL,NULL,NULL),(75,'Random Products On Special for SideBox','MAX_RANDOM_SELECT_SPECIALS','2','Number of random products on SPECIAL to rotate in the sidebox<br />Enter the number of products to display in this sidebox at one time.<br /><br />How many products do you want to display in this sidebox?',3,12,NULL,'2020-04-06 19:07:48',NULL,NULL,NULL),(76,'Categories To List Per Row','MAX_DISPLAY_CATEGORIES_PER_ROW','3','How many categories to list per row',3,13,NULL,'2020-04-06 19:07:48',NULL,NULL,NULL),(77,'New Products Listing- Number Per Page','MAX_DISPLAY_PRODUCTS_NEW','10','Number of new products listed per page',3,14,NULL,'2020-04-06 19:07:48',NULL,NULL,NULL),(78,'Best Sellers For Box','MAX_DISPLAY_BESTSELLERS','10','Number of best sellers to display in box',3,15,NULL,'2020-04-06 19:07:48',NULL,NULL,NULL),(79,'Also Purchased Products','MAX_DISPLAY_ALSO_PURCHASED','6','Number of products to display in the \'This Customer Also Purchased\' box',3,16,NULL,'2020-04-06 19:07:48',NULL,NULL,NULL),(80,'Recent Purchases Box- NOTE: box is disabled ','MAX_DISPLAY_PRODUCTS_IN_ORDER_HISTORY_BOX','6','Number of products to display in the recent purchases box',3,17,NULL,'2020-04-06 19:07:48',NULL,NULL,NULL),(81,'Customer Order History List Per Page','MAX_DISPLAY_ORDER_HISTORY','10','Number of orders to display in the order history list in \'My Account\'',3,18,NULL,'2020-04-06 19:07:48',NULL,NULL,NULL),(82,'Maximum Display of Customers on Customers Page','MAX_DISPLAY_SEARCH_RESULTS_CUSTOMER','20','',3,19,NULL,'2020-04-06 19:07:48',NULL,NULL,NULL),(83,'Maximum Display of Orders on Orders Page','MAX_DISPLAY_SEARCH_RESULTS_ORDERS','20','',3,20,NULL,'2020-04-06 19:07:48',NULL,NULL,NULL),(84,'Maximum Display of Products on Reports','MAX_DISPLAY_SEARCH_RESULTS_REPORTS','20','',3,21,NULL,'2020-04-06 19:07:48',NULL,NULL,NULL),(85,'Maximum Categories Products Display List','MAX_DISPLAY_RESULTS_CATEGORIES','10','Number of products to list per screen',3,22,NULL,'2020-04-06 19:07:48',NULL,NULL,NULL),(86,'Products Listing- Number Per Page','MAX_DISPLAY_PRODUCTS_LISTING','10','Maximum Number of Products to list per page on main page',3,30,NULL,'2020-04-06 19:07:48',NULL,NULL,NULL),(87,'Products Attributes - Option Names and Values Display','MAX_ROW_LISTS_OPTIONS','10','Maximum number of option names and values to display in the products attributes page',3,24,NULL,'2020-04-06 19:07:48',NULL,NULL,NULL),(88,'Products Attributes - Attributes Controller Display','MAX_ROW_LISTS_ATTRIBUTES_CONTROLLER','30','Maximum number of attributes to display in the Attributes Controller page',3,25,NULL,'2020-04-06 19:07:48',NULL,NULL,NULL),(89,'Products Attributes - Downloads Manager Display','MAX_DISPLAY_SEARCH_RESULTS_DOWNLOADS_MANAGER','30','Maximum number of attributes downloads to display in the Downloads Manager page',3,26,NULL,'2020-04-06 19:07:48',NULL,NULL,NULL),(90,'Featured Products - Number to Display Admin','MAX_DISPLAY_SEARCH_RESULTS_FEATURED_ADMIN','10','Number of featured products to list per screen - Admin',3,27,NULL,'2020-04-06 19:07:48',NULL,NULL,NULL),(91,'Maximum Display of Featured Products - Main Page','MAX_DISPLAY_SEARCH_RESULTS_FEATURED','9','Number of featured products to list on main page',3,28,NULL,'2020-04-06 19:07:48',NULL,NULL,NULL),(92,'Maximum Display of Featured Products Page','MAX_DISPLAY_PRODUCTS_FEATURED_PRODUCTS','10','Number of featured products to list per screen',3,29,NULL,'2020-04-06 19:07:48',NULL,NULL,NULL),(93,'Random Featured Products for SideBox','MAX_RANDOM_SELECT_FEATURED_PRODUCTS','2','Number of random FEATURED products to rotate in the sidebox<br />Enter the number of products to display in this sidebox at one time.<br /><br />How many products do you want to display in this sidebox?',3,30,NULL,'2020-04-06 19:07:48',NULL,NULL,NULL),(94,'Maximum Display of Specials Products - Main Page','MAX_DISPLAY_SPECIAL_PRODUCTS_INDEX','9','Number of special products to list on main page',3,31,NULL,'2020-04-06 19:07:48',NULL,NULL,NULL),(95,'New Product Listing - Limited to ...','SHOW_NEW_PRODUCTS_LIMIT','0','Limit the New Product Listing to<br />0= All Products<br />1= Current Month<br />7= 7 Days<br />14= 14 Days<br />30= 30 Days<br />60= 60 Days<br />90= 90 Days<br />120= 120 Days',3,40,NULL,'2020-04-06 19:07:48',NULL,'zen_cfg_select_option(array(\'0\', \'1\', \'7\', \'14\', \'30\', \'60\', \'90\', \'120\'), ',NULL),(96,'Maximum Display of Products All Page','MAX_DISPLAY_PRODUCTS_ALL','10','Number of products to list per screen',3,45,NULL,'2020-04-06 19:07:48',NULL,NULL,NULL),(97,'Maximum Display of Language Flags in Language Side Box','MAX_LANGUAGE_FLAGS_COLUMNS','3','Number of Language Flags per Row',3,50,NULL,'2020-04-06 19:07:48',NULL,NULL,NULL),(98,'Maximum File Upload Size','MAX_FILE_UPLOAD_SIZE','2048000','What is the Maximum file size for uploads?<br />Default= 2048000',3,60,NULL,'2020-04-06 19:07:48',NULL,NULL,NULL),(99,'Allowed Filename Extensions for uploading','UPLOAD_FILENAME_EXTENSIONS','jpg,jpeg,gif,png,eps,cdr,ai,pdf,tif,tiff,bmp,zip','List the permissible filetypes (filename extensions) to be allowed when files are uploaded to your site by customers. Separate multiple values with commas(,). Do not include the dot(.).<br /><br />Suggested setting: \"jpg,jpeg,gif,png,eps,cdr,ai,pdf,tif,tiff,bmp,zip\"',3,61,NULL,'2020-04-06 19:07:48',NULL,'zen_cfg_textarea(',NULL),(100,'Maximum Orders Detail Display on Admin Orders Listing','MAX_DISPLAY_RESULTS_ORDERS_DETAILS_LISTING','0','Maximum number of Order Details<br />0 = Unlimited',3,65,NULL,'2020-04-06 19:07:48',NULL,NULL,NULL),(101,'Maximum PayPal IPN Display on Admin Listing','MAX_DISPLAY_SEARCH_RESULTS_PAYPAL_IPN','20','Maximum number of PayPal IPN Lisings in Admin<br />Default is 20',3,66,NULL,'2020-04-06 19:07:48',NULL,NULL,NULL),(102,'Maximum Display Columns Products to Multiple Categories Manager','MAX_DISPLAY_PRODUCTS_TO_CATEGORIES_COLUMNS','3','Maximum Display Columns Products to Multiple Categories Manager<br />3 = Default',3,70,NULL,'2020-04-06 19:07:48',NULL,NULL,NULL),(103,'Maximum Display EZ-Pages','MAX_DISPLAY_SEARCH_RESULTS_EZPAGE','20','Maximum Display EZ-Pages<br />20 = Default',3,71,NULL,'2020-04-06 19:07:48',NULL,NULL,NULL),(104,'Small Image Width','SMALL_IMAGE_WIDTH','100','The pixel width of small images',4,1,NULL,'2020-04-06 19:07:48',NULL,NULL,NULL),(105,'Small Image Height','SMALL_IMAGE_HEIGHT','80','The pixel height of small images',4,2,NULL,'2020-04-06 19:07:48',NULL,NULL,NULL),(106,'Heading Image Width - Admin','HEADING_IMAGE_WIDTH','57','The pixel width of heading images in the Admin<br />NOTE: Presently, this adjusts the spacing on the pages in the Admin Pages or could be used to add images to the heading in the Admin',4,3,NULL,'2020-04-06 19:07:48',NULL,NULL,NULL),(107,'Heading Image Height - Admin','HEADING_IMAGE_HEIGHT','40','The pixel height of heading images in the Admin<br />NOTE: Presently, this adjusts the spacing on the pages in the Admin Pages or could be used to add images to the heading in the Admin',4,4,NULL,'2020-04-06 19:07:48',NULL,NULL,NULL),(108,'Subcategory Image Width','SUBCATEGORY_IMAGE_WIDTH','100','The pixel width of subcategory images',4,5,NULL,'2020-04-06 19:07:48',NULL,NULL,NULL),(109,'Subcategory Image Height','SUBCATEGORY_IMAGE_HEIGHT','57','The pixel height of subcategory images',4,6,NULL,'2020-04-06 19:07:48',NULL,NULL,NULL),(110,'Calculate Image Size','CONFIG_CALCULATE_IMAGE_SIZE','true','Calculate the size of images?',4,7,NULL,'2020-04-06 19:07:48',NULL,'zen_cfg_select_option(array(\'true\', \'false\'), ',NULL),(111,'Image Required','IMAGE_REQUIRED','true','Enable to display broken images. Good for development.',4,8,NULL,'2020-04-06 19:07:48',NULL,'zen_cfg_select_option(array(\'true\', \'false\'), ',NULL),(112,'Image - Shopping Cart Status','IMAGE_SHOPPING_CART_STATUS','1','Show product image in the shopping cart?<br />0= off 1= on',4,9,NULL,'2020-04-06 19:07:48',NULL,'zen_cfg_select_option(array(\'0\', \'1\'), ',NULL),(113,'Image - Shopping Cart Width','IMAGE_SHOPPING_CART_WIDTH','50','Default = 50',4,10,NULL,'2020-04-06 19:07:48',NULL,NULL,NULL),(114,'Image - Shopping Cart Height','IMAGE_SHOPPING_CART_HEIGHT','40','Default = 40',4,11,NULL,'2020-04-06 19:07:48',NULL,NULL,NULL),(115,'Category Icon Image Width - Product Info Pages','CATEGORY_ICON_IMAGE_WIDTH','57','The pixel width of Category Icon heading images for Product Info Pages',4,13,NULL,'2020-04-06 19:07:48',NULL,NULL,NULL),(116,'Category Icon Image Height - Product Info Pages','CATEGORY_ICON_IMAGE_HEIGHT','40','The pixel height of Category Icon heading images for Product Info Pages',4,14,NULL,'2020-04-06 19:07:48',NULL,NULL,NULL),(117,'Top Subcategory Image Width','SUBCATEGORY_IMAGE_TOP_WIDTH','150','The pixel width of Top subcategory images<br />Top subcategory is when the Category contains subcategories',4,15,NULL,'2020-04-06 19:07:48',NULL,NULL,NULL),(118,'Top Subcategory Image Height','SUBCATEGORY_IMAGE_TOP_HEIGHT','85','The pixel height of Top subcategory images<br />Top subcategory is when the Category contains subcategories',4,16,NULL,'2020-04-06 19:07:48',NULL,NULL,NULL),(119,'Product Info - Image Width','MEDIUM_IMAGE_WIDTH','150','The pixel width of Product Info images',4,20,NULL,'2020-04-06 19:07:48',NULL,NULL,NULL),(120,'Product Info - Image Height','MEDIUM_IMAGE_HEIGHT','120','The pixel height of Product Info images',4,21,NULL,'2020-04-06 19:07:48',NULL,NULL,NULL),(121,'Product Info - Image Medium Suffix','IMAGE_SUFFIX_MEDIUM','_MED','Product Info Medium Image Suffix<br />Default = _MED',4,22,NULL,'2020-04-06 19:07:48',NULL,NULL,NULL),(122,'Product Info - Image Large Suffix','IMAGE_SUFFIX_LARGE','_LRG','Product Info Large Image Suffix<br />Default = _LRG',4,23,NULL,'2020-04-06 19:07:48',NULL,NULL,NULL),(123,'Product Info - Number of Additional Images per Row','IMAGES_AUTO_ADDED','3','Product Info - Enter the number of additional images to display per row<br />Default = 3',4,30,NULL,'2020-04-06 19:07:48',NULL,NULL,NULL),(124,'Image - Product Listing Width','IMAGE_PRODUCT_LISTING_WIDTH','100','Default = 100',4,40,NULL,'2020-04-06 19:07:48',NULL,NULL,NULL),(125,'Image - Product Listing Height','IMAGE_PRODUCT_LISTING_HEIGHT','80','Default = 80',4,41,NULL,'2020-04-06 19:07:48',NULL,NULL,NULL),(126,'Image - Product New Listing Width','IMAGE_PRODUCT_NEW_LISTING_WIDTH','100','Default = 100',4,42,NULL,'2020-04-06 19:07:48',NULL,NULL,NULL),(127,'Image - Product New Listing Height','IMAGE_PRODUCT_NEW_LISTING_HEIGHT','80','Default = 80',4,43,NULL,'2020-04-06 19:07:48',NULL,NULL,NULL),(128,'Image - New Products Width','IMAGE_PRODUCT_NEW_WIDTH','100','Default = 100',4,44,NULL,'2020-04-06 19:07:48',NULL,NULL,NULL),(129,'Image - New Products Height','IMAGE_PRODUCT_NEW_HEIGHT','80','Default = 80',4,45,NULL,'2020-04-06 19:07:48',NULL,NULL,NULL),(130,'Image - Featured Products Width','IMAGE_FEATURED_PRODUCTS_LISTING_WIDTH','100','Default = 100',4,46,NULL,'2020-04-06 19:07:48',NULL,NULL,NULL),(131,'Image - Featured Products Height','IMAGE_FEATURED_PRODUCTS_LISTING_HEIGHT','80','Default = 80',4,47,NULL,'2020-04-06 19:07:48',NULL,NULL,NULL),(132,'Image - Product All Listing Width','IMAGE_PRODUCT_ALL_LISTING_WIDTH','100','Default = 100',4,48,NULL,'2020-04-06 19:07:48',NULL,NULL,NULL),(133,'Image - Product All Listing Height','IMAGE_PRODUCT_ALL_LISTING_HEIGHT','80','Default = 80',4,49,NULL,'2020-04-06 19:07:48',NULL,NULL,NULL),(134,'Product Image - No Image Status','PRODUCTS_IMAGE_NO_IMAGE_STATUS','1','Use automatic No Image when none is added to product<br />0= off<br />1= On',4,60,NULL,'2020-04-06 19:07:48',NULL,'zen_cfg_select_option(array(\'0\', \'1\'), ',NULL),(135,'Product Image - No Image picture','PRODUCTS_IMAGE_NO_IMAGE','no_picture.gif','Use automatic No Image when none is added to product<br />Default = no_picture.gif',4,61,NULL,'2020-04-06 19:07:48',NULL,NULL,NULL),(136,'Image - Use Proportional Images on Products and Categories','PROPORTIONAL_IMAGES_STATUS','1','Use Proportional Images on Products and Categories?<br /><br />NOTE: Do not use 0 height or width settings for Proportion Images<br />0= off 1= on',4,75,NULL,'2020-04-06 19:07:48',NULL,'zen_cfg_select_option(array(\'0\', \'1\'), ',NULL),(137,'Email Salutation','ACCOUNT_GENDER','false','Display salutation choice during account creation and with account information',5,1,NULL,'2020-04-06 19:07:48',NULL,'zen_cfg_select_option(array(\'true\', \'false\'), ',NULL),(138,'Date of Birth','ACCOUNT_DOB','false','Display date of birth field during account creation and with account information<br />NOTE: Set Minimum Value Date of Birth to blank for not required<br />Set Minimum Value Date of Birth > 0 to require',5,2,NULL,'2020-04-06 19:07:48',NULL,'zen_cfg_select_option(array(\'true\', \'false\'), ',NULL),(139,'Company','ACCOUNT_COMPANY','true','Display company field during account creation and with account information',5,3,NULL,'2020-04-06 19:07:48',NULL,'zen_cfg_select_option(array(\'true\', \'false\'), ',NULL),(140,'Address Line 2','ACCOUNT_SUBURB','true','Display address line 2 field during account creation and with account information',5,4,NULL,'2020-04-06 19:07:48',NULL,'zen_cfg_select_option(array(\'true\', \'false\'), ',NULL),(141,'State','ACCOUNT_STATE','true','Display state field during account creation and with account information',5,5,NULL,'2020-04-06 19:07:48',NULL,'zen_cfg_select_option(array(\'true\', \'false\'), ',NULL),(142,'State - Always display as pulldown?','ACCOUNT_STATE_DRAW_INITIAL_DROPDOWN','false','When state field is displayed, should it always be a pulldown menu?',5,5,NULL,'2020-04-06 19:07:48',NULL,'zen_cfg_select_option(array(\'true\', \'false\'), ',NULL),(143,'Create Account Default Country ID','SHOW_CREATE_ACCOUNT_DEFAULT_COUNTRY','223','Set Create Account Default Country ID to:<br />Default is 223',5,6,NULL,'2020-04-06 19:07:48','zen_get_country_name','zen_cfg_pull_down_country_list_none(',NULL),(144,'Fax Number','ACCOUNT_FAX_NUMBER','true','Display fax number field during account creation and with account information',5,10,NULL,'2020-04-06 19:07:48',NULL,'zen_cfg_select_option(array(\'true\', \'false\'), ',NULL),(145,'Show Newsletter Checkbox','ACCOUNT_NEWSLETTER_STATUS','1','Show Newsletter Checkbox<br />0= off<br />1= Display Unchecked<br />2= Display Checked<br /><strong>Note: Defaulting this to accepted may be in violation of certain regulations for your state or country</strong>',5,45,NULL,'2020-04-06 19:07:48',NULL,'zen_cfg_select_option(array(\'0\', \'1\', \'2\'), ',NULL),(146,'Customer Default Email Preference','ACCOUNT_EMAIL_PREFERENCE','0','Set the Default Customer Default Email Preference<br />0= Text<br />1= HTML<br />',5,46,NULL,'2020-04-06 19:07:48',NULL,'zen_cfg_select_option(array(\'0\', \'1\'), ',NULL),(147,'Customer Product Notification Status','CUSTOMERS_PRODUCTS_NOTIFICATION_STATUS','1','Customer should be asked about product notifications after checkout success and in account preferences<br />0= Never ask<br />1= Ask (ignored on checkout if has already selected global notifications)<br /><br />Note: Sidebox must be turned off separately',5,50,NULL,'2020-04-06 19:07:48',NULL,'zen_cfg_select_option(array(\'0\', \'1\'), ',NULL),(148,'Customer Shop Status - View Shop and Prices','CUSTOMERS_APPROVAL','0','Customer must be approved to shop<br />0= Not required<br />1= Must login to browse<br />2= May browse but no prices unless logged in<br />3= Showroom Only<br /><br />It is recommended that Option 2 be used for the purposes of Spiders if you wish customers to login to see prices.',5,55,NULL,'2020-04-06 19:07:48',NULL,'zen_cfg_select_option(array(\'0\', \'1\', \'2\', \'3\'), ',NULL),(149,'Customer Approval Status - Authorization Pending','CUSTOMERS_APPROVAL_AUTHORIZATION','0','Customer must be Authorized to shop<br />0= Not required<br />1= Must be Authorized to Browse<br />2= May browse but no prices unless Authorized<br />3= Customer May Browse and May see Prices but Must be Authorized to Buy<br /><br />It is recommended that Option 2 or 3 be used for the purposes of Spiders',5,65,NULL,'2020-04-06 19:07:48',NULL,'zen_cfg_select_option(array(\'0\', \'1\', \'2\', \'3\'), ',NULL),(150,'Customer Authorization: filename','CUSTOMERS_AUTHORIZATION_FILENAME','customers_authorization','Customer Authorization filename<br />Note: Do not include the extension<br />Default=customers_authorization',5,66,NULL,'2020-04-06 19:07:48',NULL,'',NULL),(151,'Customer Authorization: Hide Header','CUSTOMERS_AUTHORIZATION_HEADER_OFF','false','Customer Authorization: Hide Header <br />(true=hide false=show)',5,67,NULL,'2020-04-06 19:07:48',NULL,'zen_cfg_select_option(array(\'true\', \'false\'), ',NULL),(152,'Customer Authorization: Hide Column Left','CUSTOMERS_AUTHORIZATION_COLUMN_LEFT_OFF','false','Customer Authorization: Hide Column Left <br />(true=hide false=show)',5,68,NULL,'2020-04-06 19:07:48',NULL,'zen_cfg_select_option(array(\'true\', \'false\'), ',NULL),(153,'Customer Authorization: Hide Column Right','CUSTOMERS_AUTHORIZATION_COLUMN_RIGHT_OFF','false','Customer Authorization: Hide Column Right <br />(true=hide false=show)',5,69,NULL,'2020-04-06 19:07:48',NULL,'zen_cfg_select_option(array(\'true\', \'false\'), ',NULL),(154,'Customer Authorization: Hide Footer','CUSTOMERS_AUTHORIZATION_FOOTER_OFF','false','Customer Authorization: Hide Footer <br />(true=hide false=show)',5,70,NULL,'2020-04-06 19:07:48',NULL,'zen_cfg_select_option(array(\'true\', \'false\'), ',NULL),(155,'Customer Authorization: Hide Prices','CUSTOMERS_AUTHORIZATION_PRICES_OFF','false','Customer Authorization: Hide Prices <br />(true=hide false=show)',5,71,NULL,'2020-04-06 19:07:49',NULL,'zen_cfg_select_option(array(\'true\', \'false\'), ',NULL),(156,'Customers Referral Status','CUSTOMERS_REFERRAL_STATUS','0','Customers Referral Code is created from<br />0= Off<br />1= 1st Discount Coupon Code used<br />2= Customer can add during create account or edit if blank<br /><br />NOTE: Once the Customers Referral Code has been set it can only be changed in the Admin Customer',5,80,NULL,'2020-04-06 19:07:49',NULL,'zen_cfg_select_option(array(\'0\', \'1\', \'2\'), ',NULL),(157,'Installed Modules','MODULE_PAYMENT_INSTALLED','freecharger.php;moneyorder.php','List of payment module filenames separated by a semi-colon. This is automatically updated. No need to edit. (Example: freecharger.php;cod.php;paypal.php)',6,0,NULL,'2020-04-06 19:07:49',NULL,NULL,NULL),(158,'Installed Modules','MODULE_ORDER_TOTAL_INSTALLED','ot_subtotal.php;ot_shipping.php;ot_coupon.php;ot_group_pricing.php;ot_tax.php;ot_loworderfee.php;ot_gv.php;ot_total.php','List of order_total module filenames separated by a semi-colon. This is automatically updated. No need to edit. (Example: ot_subtotal.php;ot_tax.php;ot_shipping.php;ot_total.php)',6,0,NULL,'2020-04-06 19:07:49',NULL,NULL,NULL),(159,'Installed Modules','MODULE_SHIPPING_INSTALLED','flat.php;freeshipper.php;item.php;storepickup.php','List of shipping module filenames separated by a semi-colon. This is automatically updated. No need to edit. (Example: ups.php;flat.php;item.php)',6,0,NULL,'2020-04-06 19:07:49',NULL,NULL,NULL),(160,'Enable Free Shipping','MODULE_SHIPPING_FREESHIPPER_STATUS','True','Do you want to offer Free shipping?',6,0,NULL,'2020-04-06 19:07:49',NULL,'zen_cfg_select_option(array(\'True\', \'False\'), ',NULL),(161,'Pickup Locations','MODULE_SHIPPING_STOREPICKUP_LOCATIONS_LIST','Walk In','Enter a list of locations, separated by semicolons (;).<br>Optionally you may specify a fee/surcharge for each location by adding a comma and an amount. If no amount is specified, then the generic Shipping Cost amount from the next setting will be applied.<br><br>Examples:<br>121 Main Street;20 Church Street<br>Sunnyside,4.00;Lee Park,5.00;High Street,0.00<br>Dallas;Tulsa,5.00;Phoenix,0.00<br>For multilanguage use, see the define-statement in the language file for this module.',6,0,NULL,'2020-04-06 19:07:49',NULL,NULL,NULL),(162,'Free Shipping Cost','MODULE_SHIPPING_FREESHIPPER_COST','0.00','What is the Shipping cost?',6,6,NULL,'2020-04-06 19:07:49',NULL,NULL,NULL),(163,'Handling Fee','MODULE_SHIPPING_FREESHIPPER_HANDLING','0','Handling fee for this shipping method.',6,0,NULL,'2020-04-06 19:07:49',NULL,NULL,NULL),(164,'Tax Class','MODULE_SHIPPING_FREESHIPPER_TAX_CLASS','0','Use the following tax class on the shipping fee.',6,0,NULL,'2020-04-06 19:07:49','zen_get_tax_class_title','zen_cfg_pull_down_tax_classes(',NULL),(165,'Shipping Zone','MODULE_SHIPPING_FREESHIPPER_ZONE','0','If a zone is selected, only enable this shipping method for that zone.',6,0,NULL,'2020-04-06 19:07:49','zen_get_zone_class_title','zen_cfg_pull_down_zone_classes(',NULL),(166,'Sort Order','MODULE_SHIPPING_FREESHIPPER_SORT_ORDER','0','Sort order of display.',6,0,NULL,'2020-04-06 19:07:49',NULL,NULL,NULL),(167,'Enable Store Pickup Shipping','MODULE_SHIPPING_STOREPICKUP_STATUS','True','Do you want to offer In Store rate shipping?',6,0,NULL,'2020-04-06 19:07:49',NULL,'zen_cfg_select_option(array(\'True\', \'False\'), ',NULL),(168,'Shipping Cost','MODULE_SHIPPING_STOREPICKUP_COST','0.00','The shipping cost for all orders using this shipping method.',6,0,NULL,'2020-04-06 19:07:49',NULL,NULL,NULL),(169,'Tax Class','MODULE_SHIPPING_STOREPICKUP_TAX_CLASS','0','Use the following tax class on the shipping fee.',6,0,NULL,'2020-04-06 19:07:49','zen_get_tax_class_title','zen_cfg_pull_down_tax_classes(',NULL),(170,'Tax Basis','MODULE_SHIPPING_STOREPICKUP_TAX_BASIS','Shipping','On what basis is Shipping Tax calculated. Options are<br />Shipping - Based on customers Shipping Address<br />Billing Based on customers Billing address<br />Store - Based on Store address if Billing/Shipping Zone equals Store zone',6,0,NULL,'2020-04-06 19:07:49',NULL,'zen_cfg_select_option(array(\'Shipping\', \'Billing\'), ',NULL),(171,'Shipping Zone','MODULE_SHIPPING_STOREPICKUP_ZONE','0','If a zone is selected, only enable this shipping method for that zone.',6,0,NULL,'2020-04-06 19:07:49','zen_get_zone_class_title','zen_cfg_pull_down_zone_classes(',NULL),(172,'Sort Order','MODULE_SHIPPING_STOREPICKUP_SORT_ORDER','0','Sort order of display.',6,0,NULL,'2020-04-06 19:07:49',NULL,NULL,NULL),(173,'Enable Item Shipping','MODULE_SHIPPING_ITEM_STATUS','True','Do you want to offer per item rate shipping?',6,0,NULL,'2020-04-06 19:07:49',NULL,'zen_cfg_select_option(array(\'True\', \'False\'), ',NULL),(174,'Shipping Cost','MODULE_SHIPPING_ITEM_COST','2.50','The shipping cost will be multiplied by the number of items in an order that uses this shipping method.',6,0,NULL,'2020-04-06 19:07:49',NULL,NULL,NULL),(175,'Handling Fee','MODULE_SHIPPING_ITEM_HANDLING','0','Handling fee for this shipping method.',6,0,NULL,'2020-04-06 19:07:49',NULL,NULL,NULL),(176,'Tax Class','MODULE_SHIPPING_ITEM_TAX_CLASS','0','Use the following tax class on the shipping fee.',6,0,NULL,'2020-04-06 19:07:49','zen_get_tax_class_title','zen_cfg_pull_down_tax_classes(',NULL),(177,'Tax Basis','MODULE_SHIPPING_ITEM_TAX_BASIS','Shipping','On what basis is Shipping Tax calculated. Options are<br />Shipping - Based on customers Shipping Address<br />Billing Based on customers Billing address<br />Store - Based on Store address if Billing/Shipping Zone equals Store zone',6,0,NULL,'2020-04-06 19:07:49',NULL,'zen_cfg_select_option(array(\'Shipping\', \'Billing\', \'Store\'), ',NULL),(178,'Shipping Zone','MODULE_SHIPPING_ITEM_ZONE','0','If a zone is selected, only enable this shipping method for that zone.',6,0,NULL,'2020-04-06 19:07:49','zen_get_zone_class_title','zen_cfg_pull_down_zone_classes(',NULL),(179,'Sort Order','MODULE_SHIPPING_ITEM_SORT_ORDER','0','Sort order of display.',6,0,NULL,'2020-04-06 19:07:49',NULL,NULL,NULL),(180,'Enable Free Charge Module','MODULE_PAYMENT_FREECHARGER_STATUS','True','Do you want to accept Free Charge payments?',6,1,NULL,'2020-04-06 19:07:49',NULL,'zen_cfg_select_option(array(\'True\', \'False\'), ',NULL),(181,'Sort order of display.','MODULE_PAYMENT_FREECHARGER_SORT_ORDER','0','Sort order of display. Lowest is displayed first.',6,0,NULL,'2020-04-06 19:07:49',NULL,NULL,NULL),(182,'Payment Zone','MODULE_PAYMENT_FREECHARGER_ZONE','0','If a zone is selected, only enable this payment method for that zone.',6,2,NULL,'2020-04-06 19:07:49','zen_get_zone_class_title','zen_cfg_pull_down_zone_classes(',NULL),(183,'Set Order Status','MODULE_PAYMENT_FREECHARGER_ORDER_STATUS_ID','2','Set the status of orders made with this payment module to this value',6,0,NULL,'2020-04-06 19:07:49','zen_get_order_status_name','zen_cfg_pull_down_order_statuses(',NULL),(184,'Enable Check/Money Order Module','MODULE_PAYMENT_MONEYORDER_STATUS','True','Do you want to accept Check/Money Order payments?',6,1,NULL,'2020-04-06 19:07:49',NULL,'zen_cfg_select_option(array(\'True\', \'False\'), ',NULL),(185,'Make Payable to:','MODULE_PAYMENT_MONEYORDER_PAYTO','the Store Owner/Website Name','Who should payments be made payable to?',6,1,NULL,'2020-04-06 19:07:49',NULL,NULL,NULL),(186,'Sort order of display.','MODULE_PAYMENT_MONEYORDER_SORT_ORDER','0','Sort order of display. Lowest is displayed first.',6,0,NULL,'2020-04-06 19:07:49',NULL,NULL,NULL),(187,'Payment Zone','MODULE_PAYMENT_MONEYORDER_ZONE','0','If a zone is selected, only enable this payment method for that zone.',6,2,NULL,'2020-04-06 19:07:49','zen_get_zone_class_title','zen_cfg_pull_down_zone_classes(',NULL),(188,'Set Order Status','MODULE_PAYMENT_MONEYORDER_ORDER_STATUS_ID','0','Set the status of orders made with this payment module to this value',6,0,NULL,'2020-04-06 19:07:49','zen_get_order_status_name','zen_cfg_pull_down_order_statuses(',NULL),(189,'Include Tax','MODULE_ORDER_TOTAL_GROUP_PRICING_INC_TAX','false','Include Tax value in amount before discount calculation?',6,6,NULL,'2020-04-06 19:07:49',NULL,'zen_cfg_select_option(array(\'true\', \'false\'), ',NULL),(190,'This module is installed','MODULE_ORDER_TOTAL_GROUP_PRICING_STATUS','true','',6,1,NULL,'2020-04-06 19:07:49',NULL,'zen_cfg_select_option(array(\'true\'), ',NULL),(191,'Sort Order','MODULE_ORDER_TOTAL_GROUP_PRICING_SORT_ORDER','290','Sort order of display.',6,2,NULL,'2020-04-06 19:07:49',NULL,NULL,NULL),(192,'Include Shipping','MODULE_ORDER_TOTAL_GROUP_PRICING_INC_SHIPPING','false','Include Shipping value in amount before discount calculation?',6,5,NULL,'2020-04-06 19:07:49',NULL,'zen_cfg_select_option(array(\'true\', \'false\'), ',NULL),(193,'Re-calculate Tax','MODULE_ORDER_TOTAL_GROUP_PRICING_CALC_TAX','Standard','Re-Calculate Tax',6,7,NULL,'2020-04-06 19:07:49',NULL,'zen_cfg_select_option(array(\'None\', \'Standard\', \'Credit Note\'), ',NULL),(194,'Tax Class','MODULE_ORDER_TOTAL_GROUP_PRICING_TAX_CLASS','0','Use the following tax class when treating Group Discount as Credit Note.',6,0,NULL,'2020-04-06 19:07:49','zen_get_tax_class_title','zen_cfg_pull_down_tax_classes(',NULL),(195,'Enable Flat Shipping','MODULE_SHIPPING_FLAT_STATUS','True','Do you want to offer flat rate shipping?',6,0,NULL,'2020-04-06 19:07:49',NULL,'zen_cfg_select_option(array(\'True\', \'False\'), ',NULL),(196,'Shipping Cost','MODULE_SHIPPING_FLAT_COST','5.00','The shipping cost for all orders using this shipping method.',6,0,NULL,'2020-04-06 19:07:49',NULL,NULL,NULL),(197,'Tax Class','MODULE_SHIPPING_FLAT_TAX_CLASS','0','Use the following tax class on the shipping fee.',6,0,NULL,'2020-04-06 19:07:49','zen_get_tax_class_title','zen_cfg_pull_down_tax_classes(',NULL),(198,'Tax Basis','MODULE_SHIPPING_FLAT_TAX_BASIS','Shipping','On what basis is Shipping Tax calculated. Options are<br />Shipping - Based on customers Shipping Address<br />Billing Based on customers Billing address<br />Store - Based on Store address if Billing/Shipping Zone equals Store zone',6,0,NULL,'2020-04-06 19:07:49',NULL,'zen_cfg_select_option(array(\'Shipping\', \'Billing\', \'Store\'), ',NULL),(199,'Shipping Zone','MODULE_SHIPPING_FLAT_ZONE','0','If a zone is selected, only enable this shipping method for that zone.',6,0,NULL,'2020-04-06 19:07:49','zen_get_zone_class_title','zen_cfg_pull_down_zone_classes(',NULL),(200,'Sort Order','MODULE_SHIPPING_FLAT_SORT_ORDER','0','Sort order of display.',6,0,NULL,'2020-04-06 19:07:49',NULL,NULL,NULL),(201,'Default Currency','DEFAULT_CURRENCY','USD','Default Currency',6,0,NULL,'2020-04-06 19:07:49',NULL,NULL,NULL),(202,'Default Language','DEFAULT_LANGUAGE','en','Default Language',6,0,NULL,'2020-04-06 19:07:49',NULL,NULL,NULL),(203,'Default Order Status For New Orders','DEFAULT_ORDERS_STATUS_ID','1','When a new order is created, this order status will be assigned to it.',6,0,NULL,'2020-04-06 19:07:49',NULL,NULL,NULL),(204,'Admin configuration_key shows','ADMIN_CONFIGURATION_KEY_ON','0','Manually switch to value of 1 to see the configuration_key name in configuration displays',6,0,NULL,'2020-04-06 19:07:49',NULL,NULL,NULL),(205,'Country of Origin','SHIPPING_ORIGIN_COUNTRY','223','Select the country of origin to be used in shipping quotes.',7,1,NULL,'2020-04-06 19:07:49','zen_get_country_name','zen_cfg_pull_down_country_list(',NULL),(206,'Postal Code','SHIPPING_ORIGIN_ZIP','NONE','Enter the Postal Code (ZIP) of the Store to be used in shipping quotes. NOTE: For USA zip codes, only use your 5 digit zip code.',7,2,NULL,'2020-04-06 19:07:49',NULL,NULL,NULL),(207,'Enter the Maximum Package Weight you will ship','SHIPPING_MAX_WEIGHT','50','Carriers have a max weight limit for a single package. This is a common one for all.',7,3,NULL,'2020-04-06 19:07:49',NULL,NULL,NULL),(208,'Package Tare Small to Medium - added percentage:weight','SHIPPING_BOX_WEIGHT','0:3','What is the weight of typical packaging of small to medium packages?<br />Example: 10% + 1lb 10:1<br />10% + 0lbs 10:0<br />0% + 5lbs 0:5<br />0% + 0lbs 0:0',7,4,NULL,'2020-04-06 19:07:49',NULL,NULL,NULL),(209,'Larger packages - added packaging percentage:weight','SHIPPING_BOX_PADDING','10:0','What is the weight of typical packaging for Large packages?<br />Example: 10% + 1lb 10:1<br />10% + 0lbs 10:0<br />0% + 5lbs 0:5<br />0% + 0lbs 0:0',7,5,NULL,'2020-04-06 19:07:49',NULL,NULL,NULL),(210,'Display Number of Boxes and Weight Status','SHIPPING_BOX_WEIGHT_DISPLAY','3','Display Shipping Weight and Number of Boxes?<br /><br />0= off<br />1= Boxes Only<br />2= Weight Only<br />3= Both Boxes and Weight',7,15,NULL,'2020-04-06 19:07:49',NULL,'zen_cfg_select_option(array(\'0\', \'1\', \'2\', \'3\'), ',NULL),(211,'Shipping Estimator Display Settings for Shopping Cart','SHOW_SHIPPING_ESTIMATOR_BUTTON','1','<br />0= Off<br />1= Display as Button on Shopping Cart<br />2= Display as Listing on Shopping Cart Page',7,20,NULL,'2020-04-06 19:07:49',NULL,'zen_cfg_select_option(array(\'0\', \'1\', \'2\'), ',NULL),(212,'Display Order Comments on Admin Invoice','ORDER_COMMENTS_INVOICE','1','Do you want to display the Order Comments on the Admin Invoice?<br />0= OFF<br />1= First Comment by Customer only<br />2= All Comments for the Order',7,25,NULL,'2020-04-06 19:07:49',NULL,'zen_cfg_select_option(array(\'0\', \'1\', \'2\'), ',NULL),(213,'Display Order Comments on Admin Packing Slip','ORDER_COMMENTS_PACKING_SLIP','1','Do you want to display the Order Comments on the Admin Packing Slip?<br />0= OFF<br />1= First Comment by Customer only<br />2= All Comments for the Order',7,26,NULL,'2020-04-06 19:07:49',NULL,'zen_cfg_select_option(array(\'0\', \'1\', \'2\'), ',NULL),(214,'Order Free Shipping 0 Weight Status','ORDER_WEIGHT_ZERO_STATUS','0','If there is no weight to the order, does the order have Free Shipping?<br />0= no<br />1= yes<br /><br />Note: When using Free Shipping, Enable the Free Shipping Module this will only show when shipping is free.',7,15,NULL,'2020-04-06 19:07:49',NULL,'zen_cfg_select_option(array(\'0\', \'1\'), ',NULL),(215,'Display Product Image','PRODUCT_LIST_IMAGE','1','Do you want to display the Product Image?',8,1,NULL,'2020-04-06 19:07:49',NULL,NULL,NULL),(216,'Display Product Manufacturer Name','PRODUCT_LIST_MANUFACTURER','0','Do you want to display the Product Manufacturer Name?',8,2,NULL,'2020-04-06 19:07:49',NULL,NULL,NULL),(217,'Display Product Model','PRODUCT_LIST_MODEL','0','Do you want to display the Product Model?',8,3,NULL,'2020-04-06 19:07:49',NULL,NULL,NULL),(218,'Display Product Name','PRODUCT_LIST_NAME','2','Do you want to display the Product Name?',8,4,NULL,'2020-04-06 19:07:49',NULL,NULL,NULL),(219,'Display Product Price/Add to Cart','PRODUCT_LIST_PRICE','3','Do you want to display the Product Price/Add to Cart',8,5,NULL,'2020-04-06 19:07:49',NULL,NULL,NULL),(220,'Display Product Quantity','PRODUCT_LIST_QUANTITY','0','Do you want to display the Product Quantity?',8,6,NULL,'2020-04-06 19:07:49',NULL,NULL,NULL),(221,'Display Product Weight','PRODUCT_LIST_WEIGHT','0','Do you want to display the Product Weight?',8,7,NULL,'2020-04-06 19:07:49',NULL,NULL,NULL),(222,'Display Product Price/Add to Cart Column Width','PRODUCTS_LIST_PRICE_WIDTH','125','Define the width of the Price/Add to Cart column<br />Default= 125',8,8,NULL,'2020-04-06 19:07:49',NULL,NULL,NULL),(223,'Display Category/Manufacturer Filter (0=off; 1=on)','PRODUCT_LIST_FILTER','1','Do you want to display the Category/Manufacturer Filter?',8,9,NULL,'2020-04-06 19:07:49',NULL,'zen_cfg_select_option(array(\'0\', \'1\'), ',NULL),(224,'Prev/Next Split Page Navigation (1-top, 2-bottom, 3-both)','PREV_NEXT_BAR_LOCATION','3','Sets the location of the Prev/Next Split Page Navigation',8,10,NULL,'2020-04-06 19:07:49',NULL,'zen_cfg_select_option(array(\'1\', \'2\', \'3\'), ',NULL),(225,'Display Product Listing Default Sort Order','PRODUCT_LISTING_DEFAULT_SORT_ORDER','','Product Listing Default sort order?<br />NOTE: Leave Blank for Product Sort Order. Sort the Product Listing in the order you wish for the default display to start in to get the sort order setting. Example: 2a',8,15,NULL,'2020-04-06 19:07:49',NULL,NULL,NULL),(226,'Display Product Add to Cart Button (0=off; 1=on; 2=on with Qty Box per Product)','PRODUCT_LIST_PRICE_BUY_NOW','1','Do you want to display the Add to Cart Button?<br /><br /><strong>NOTE:</strong> Turn OFF Display Multiple Products Qty Box Status to use Option 2 on with Qty Box per Product',8,20,NULL,'2020-04-06 19:07:49',NULL,'zen_cfg_select_option(array(\'0\', \'1\', \'2\'), ',NULL),(227,'Display Multiple Products Qty Box Status and Set Button Location','PRODUCT_LISTING_MULTIPLE_ADD_TO_CART','3','Do you want to display Add Multiple Products Qty Box and Set Button Location?<br />0= off<br />1= Top<br />2= Bottom<br />3= Both',8,25,NULL,'2020-04-06 19:07:49',NULL,'zen_cfg_select_option(array(\'0\', \'1\', \'2\', \'3\'), ',NULL),(228,'Display Product Description','PRODUCT_LIST_DESCRIPTION','150','Do you want to display the Product Description?<br /><br />0= OFF<br />150= Suggested Length, or enter the maximum number of characters to display',8,30,NULL,'2020-04-06 19:07:49',NULL,NULL,NULL),(229,'Product Listing Ascending Sort Order','PRODUCT_LIST_SORT_ORDER_ASCENDING','+','What do you want to use to indicate Sort Order Ascending?<br />Default = +',8,40,NULL,'2020-04-06 19:07:49',NULL,'zen_cfg_textarea_small(',NULL),(230,'Product Listing Descending Sort Order','PRODUCT_LIST_SORT_ORDER_DESCENDING','-','What do you want to use to indicate Sort Order Descending?<br />Default = -',8,41,NULL,'2020-04-06 19:07:49',NULL,'zen_cfg_textarea_small(',NULL),(231,'Include Product Listing Alpha Sorter Dropdown','PRODUCT_LIST_ALPHA_SORTER','true','Do you want to include an Alpha Filter dropdown on the Product Listing?',8,50,NULL,'2020-04-06 19:07:49',NULL,'zen_cfg_select_option(array(\'true\', \'false\'), ',NULL),(232,'Include Product Listing Sub Categories Image','PRODUCT_LIST_CATEGORIES_IMAGE_STATUS','true','Do you want to include the Sub Categories Image on the Product Listing?',8,52,NULL,'2020-04-06 19:07:49',NULL,'zen_cfg_select_option(array(\'true\', \'false\'), ',NULL),(233,'Include Product Listing Top Categories Image','PRODUCT_LIST_CATEGORIES_IMAGE_STATUS_TOP','true','Do you want to include the Top Categories Image on the Product Listing?',8,53,NULL,'2020-04-06 19:07:49',NULL,'zen_cfg_select_option(array(\'true\', \'false\'), ',NULL),(234,'Show SubCategories on Main Page while navigating','PRODUCT_LIST_CATEGORY_ROW_STATUS','1','Show Sub-Categories on Main Page while navigating through Categories<br /><br />0= off<br />1= on',8,60,NULL,'2020-04-06 19:07:49',NULL,'zen_cfg_select_option(array(\'0\', \'1\'), ',NULL),(235,'Check stock level','STOCK_CHECK','true','Check to see if sufficent stock is available',9,1,NULL,'2020-04-06 19:07:49',NULL,'zen_cfg_select_option(array(\'true\', \'false\'), ',NULL),(236,'Subtract stock','STOCK_LIMITED','true','Subtract product in stock by product orders',9,2,NULL,'2020-04-06 19:07:49',NULL,'zen_cfg_select_option(array(\'true\', \'false\'), ',NULL),(237,'Allow Checkout','STOCK_ALLOW_CHECKOUT','true','Allow customer to checkout even if there is insufficient stock',9,3,NULL,'2020-04-06 19:07:49',NULL,'zen_cfg_select_option(array(\'true\', \'false\'), ',NULL),(238,'Mark product out of stock','STOCK_MARK_PRODUCT_OUT_OF_STOCK','***','Display something on screen so customer can see which product has insufficient stock',9,4,NULL,'2020-04-06 19:07:49',NULL,NULL,NULL),(239,'Stock Re-order level','STOCK_REORDER_LEVEL','5','Define when stock needs to be re-ordered',9,5,NULL,'2020-04-06 19:07:49',NULL,NULL,NULL),(240,'Products status in Catalog when out of stock should be set to','SHOW_PRODUCTS_SOLD_OUT','0','Show Products when out of stock<br /><br />0= set product status to OFF<br />1= leave product status ON',9,10,NULL,'2020-04-06 19:07:49',NULL,'zen_cfg_select_option(array(\'0\', \'1\'), ',NULL),(241,'Show Sold Out Image in place of Add to Cart','SHOW_PRODUCTS_SOLD_OUT_IMAGE','1','Show Sold Out Image instead of Add to Cart Button<br /><br />0= off<br />1= on',9,11,NULL,'2020-04-06 19:07:49',NULL,'zen_cfg_select_option(array(\'0\', \'1\'), ',NULL),(242,'Product Quantity Decimals','QUANTITY_DECIMALS','0','Allow how many decimals on Quantity<br /><br />0= off',9,15,NULL,'2020-04-06 19:07:49',NULL,'zen_cfg_select_option(array(\'0\', \'1\', \'2\', \'3\'), ',NULL),(243,'Show Shopping Cart - Delete Checkboxes or Delete Button','SHOW_SHOPPING_CART_DELETE','3','Show on Shopping Cart Delete Button and/or Checkboxes<br /><br />1= Delete Button Only<br />2= Checkbox Only<br />3= Both Delete Button and Checkbox',9,20,NULL,'2020-04-06 19:07:49',NULL,'zen_cfg_select_option(array(\'1\', \'2\', \'3\'), ',NULL),(244,'Show Shopping Cart - Update Cart Button Location','SHOW_SHOPPING_CART_UPDATE','3','Show on Shopping Cart Update Cart Button Location as:<br /><br />1= Next to each Qty Box<br />2= Below all Products<br />3= Both Next to each Qty Box and Below all Products',9,22,NULL,'2020-04-06 19:07:49',NULL,'zen_cfg_select_option(array(\'1\', \'2\', \'3\'), ',NULL),(245,'Show New Products on empty Shopping Cart Page','SHOW_SHOPPING_CART_EMPTY_NEW_PRODUCTS','1','Show New Products on empty Shopping Cart Page<br />0= off or set the sort order',9,30,NULL,'2020-04-06 19:07:49',NULL,'zen_cfg_select_option(array(\'0\', \'1\', \'2\', \'3\', \'4\'), ',NULL),(246,'Show Featured Products on empty Shopping Cart Page','SHOW_SHOPPING_CART_EMPTY_FEATURED_PRODUCTS','2','Show Featured Products on empty Shopping Cart Page<br />0= off or set the sort order',9,31,NULL,'2020-04-06 19:07:49',NULL,'zen_cfg_select_option(array(\'0\', \'1\', \'2\', \'3\', \'4\'), ',NULL),(247,'Show Special Products on empty Shopping Cart Page','SHOW_SHOPPING_CART_EMPTY_SPECIALS_PRODUCTS','3','Show Special Products on empty Shopping Cart Page<br />0= off or set the sort order',9,32,NULL,'2020-04-06 19:07:49',NULL,'zen_cfg_select_option(array(\'0\', \'1\', \'2\', \'3\', \'4\'), ',NULL),(248,'Show Upcoming Products on empty Shopping Cart Page','SHOW_SHOPPING_CART_EMPTY_UPCOMING','4','Show Upcoming Products on empty Shopping Cart Page<br />0= off or set the sort order',9,33,NULL,'2020-04-06 19:07:49',NULL,'zen_cfg_select_option(array(\'0\', \'1\', \'2\', \'3\', \'4\'), ',NULL),(249,'Show Notice of Combining Shopping Cart on Login','SHOW_SHOPPING_CART_COMBINED','1','When a customer logs in and has a previously stored shopping cart, the products are combined with the existing shopping cart.<br /><br />Do you wish to display a Notice to the customer?<br /><br />0= OFF, do not display a notice<br />1= Yes show notice and go to shopping cart<br />2= Yes show notice, but do not go to shopping cart',9,35,NULL,'2020-04-06 19:07:49',NULL,'zen_cfg_select_option(array(\'0\', \'1\', \'2\'), ',NULL),(250,'Log Page Parse Time','STORE_PAGE_PARSE_TIME','false','Record (to a log file) the time it takes to parse a page',10,1,NULL,'2020-04-06 19:07:49',NULL,'zen_cfg_select_option(array(\'true\', \'false\'), ',NULL),(251,'Log Destination','STORE_PAGE_PARSE_TIME_LOG','/home2/surpro/public_html/newzen/logs/page_parse_time.log','Directory and filename of the page parse time log',10,2,NULL,'2020-04-06 19:07:49',NULL,NULL,NULL),(252,'Log Date Format','STORE_PARSE_DATE_TIME_FORMAT','%d/%m/%Y %H:%M:%S','The date format',10,3,NULL,'2020-04-06 19:07:49',NULL,NULL,NULL),(253,'Display The Page Parse Time','DISPLAY_PAGE_PARSE_TIME','false','Display the page parse time on the bottom of each page<br />(Note: This DISPLAYS them. You do NOT need to LOG them to merely display them on your site.)',10,4,NULL,'2020-04-06 19:07:49',NULL,'zen_cfg_select_option(array(\'true\', \'false\'), ',NULL),(254,'Log Database Queries','STORE_DB_TRANSACTIONS','false','Record the database queries to files in the system /logs/ folder. USE WITH CAUTION. This can seriously degrade your site performance and blow out your disk space storage quotas.<br><strong>Enabling this makes your site NON-COMPLIANT with PCI DSS rules, thus invalidating any certification.</strong>',10,5,NULL,'2020-04-06 19:07:49',NULL,'zen_cfg_select_option(array(\'true\', \'false\'), ',NULL),(255,'E-Mail Transport Method','EMAIL_TRANSPORT','PHP','Defines the method for sending mail.<br /><strong>PHP</strong> is the default, and uses built-in PHP wrappers for processing.<br />Servers running on Windows and MacOS should change this setting to <strong>SMTP</strong>.<br /><br /><strong>SMTPAUTH</strong> should only be used if your server requires SMTP authorization to send messages. You must also configure your SMTPAUTH settings in the appropriate fields in this admin section.<br /><br /><strong>sendmail</strong> is for linux/unix hosts using the sendmail program on the server<br /><strong>\"sendmail-f\"</strong> is only for servers which require the use of the -f parameter to send mail. This is a security setting often used to prevent spoofing. Will cause errors if your host mailserver is not configured to use it.<br /><br /><strong>Qmail</strong> is used for linux/unix hosts running Qmail as sendmail wrapper at /var/qmail/bin/sendmail.',12,1,NULL,'2020-04-06 19:07:49',NULL,'zen_cfg_select_option(array(\'PHP\', \'sendmail\', \'sendmail-f\', \'smtp\', \'smtpauth\', \'Qmail\'),',NULL),(256,'SMTP Email Account Mailbox','EMAIL_SMTPAUTH_MAILBOX','YourEmailAccountNameHere','Enter the mailbox account name (me@mydomain.com) supplied by your host. This is the account name that your host requires for SMTP authentication.<br />Only required if using SMTP Authentication for email.',12,101,NULL,'2020-04-06 19:07:49',NULL,NULL,NULL),(257,'SMTP Email Account Password','EMAIL_SMTPAUTH_PASSWORD','YourPasswordHere','Enter the password for your SMTP mailbox. <br />Only required if using SMTP Authentication for email.',12,101,NULL,'2020-04-06 19:07:49','zen_cfg_password_display',NULL,NULL),(258,'SMTP Email Mail Host','EMAIL_SMTPAUTH_MAIL_SERVER','mail.EnterYourDomain.com','Enter the DNS name of your SMTP mail server.<br />ie: mail.mydomain.com<br />or 55.66.77.88<br />Only required if using SMTP Authentication for email.',12,101,NULL,'2020-04-06 19:07:49',NULL,NULL,NULL),(259,'SMTP Email Mail Server Port','EMAIL_SMTPAUTH_MAIL_SERVER_PORT','25','Enter the IP port number that your SMTP mailserver operates on.<br />Only required if using SMTP Authentication for email.<br><br>Default: 25<br>Typical values are:<br>25 - normal unencrypted SMTP<br>587 - encrypted SMTP<br>465 - older MS SMTP port',12,101,NULL,'2020-04-06 19:07:49',NULL,NULL,NULL),(260,'Send E-Mails','SEND_EMAILS','true','Send out e-mails?<br>Normally this is set to true.<br>Set to false to suppress ALL outgoing email messages from this store, such as when working with a test copy of your store offline.',12,1,NULL,'2020-04-06 19:07:49',NULL,'zen_cfg_select_option(array(\'true\', \'false\'), ',NULL),(261,'E-Mail Linefeeds','EMAIL_LINEFEED','LF','Defines the character sequence used to separate mail headers.',12,2,NULL,'2020-04-06 19:07:49',NULL,'zen_cfg_select_option(array(\'LF\', \'CRLF\'),',NULL),(262,'Enable HTML Emails?','EMAIL_USE_HTML','false','Send emails in HTML format if recipient has enabled it in their preferences.',12,3,NULL,'2020-04-06 19:07:49',NULL,'zen_cfg_select_option(array(\'true\', \'false\'),',NULL),(263,'Verify E-Mail Addresses Through DNS','ENTRY_EMAIL_ADDRESS_CHECK','false','Verify e-mail address through a DNS server',6,6,NULL,'2020-04-06 19:07:49',NULL,'zen_cfg_select_option(array(\'true\', \'false\'), ',NULL),(264,'Email Archiving Active?','EMAIL_ARCHIVE','false','If you wish to have email messages archived/stored when sent, set this to \"true\".',12,6,NULL,'2020-04-06 19:07:49',NULL,'zen_cfg_select_option(array(\'true\', \'false\'),',NULL),(265,'E-Mail Friendly-Errors','EMAIL_FRIENDLY_ERRORS','true','Do you want to display friendly errors if emails fail?  Setting this to false will display PHP errors and likely cause the script to fail. Only set to false while troubleshooting, and true for a live shop.',12,7,NULL,'2020-04-06 19:07:49',NULL,'zen_cfg_select_option(array(\'true\', \'false\'),',NULL),(266,'Email Address (Displayed to Contact you)','STORE_OWNER_EMAIL_ADDRESS','YOUR_EMAIL@aaasurvivalproducts.com','Email address of Store Owner.  Used as \"display only\" when informing customers of how to contact you.',12,10,NULL,'2020-04-06 19:07:49',NULL,NULL,NULL),(267,'Email Address (sent FROM)','EMAIL_FROM','YOUR_EMAIL@aaasurvivalproducts.com','Address from which email messages will be \"sent\" by default. Can be over-ridden at compose-time in admin modules.',12,11,NULL,'2020-04-06 19:07:49',NULL,NULL,NULL),(268,'Emails must send from known domain?','EMAIL_SEND_MUST_BE_STORE','Yes','Does your mailserver require that all outgoing emails have their \"from\" address match a known domain that exists on your webserver?<br /><br />This is often required in order to prevent spoofing and spam broadcasts.  If set to Yes, this will cause the email address (sent FROM) to be used as the \"from\" address on all outgoing mail.',12,11,NULL,'0001-01-01 00:00:00',NULL,'zen_cfg_select_option(array(\'No\', \'Yes\'), ',NULL),(269,'Email Admin Format?','ADMIN_EXTRA_EMAIL_FORMAT','TEXT','Please select the Admin extra email format (Note: Enable HTML Emails must be on for HTML option to work)',12,12,NULL,'0001-01-01 00:00:00',NULL,'zen_cfg_select_option(array(\'TEXT\', \'HTML\'), ',NULL),(270,'Send Copy of Order Confirmation Emails To','SEND_EXTRA_ORDER_EMAILS_TO','','Send COPIES of order confirmation emails to the following email addresses, in this format: Name 1 &lt;email@address1&gt;, Name 2 &lt;email@address2&gt;',12,12,NULL,'2020-04-06 19:07:49',NULL,NULL,NULL),(271,'Send Copy of Create Account Emails To - Status','SEND_EXTRA_CREATE_ACCOUNT_EMAILS_TO_STATUS','0','Send copy of Create Account Status<br />0= off 1= on',12,13,NULL,'2020-04-06 19:07:49',NULL,'zen_cfg_select_option(array(\'0\', \'1\'),',NULL),(272,'Send Copy of Create Account Emails To','SEND_EXTRA_CREATE_ACCOUNT_EMAILS_TO','','Send copy of Create Account emails to the following email addresses, in this format: Name 1 &lt;email@address1&gt;, Name 2 &lt;email@address2&gt;',12,14,NULL,'2020-04-06 19:07:49',NULL,NULL,NULL),(273,'Send Copy of Customer GV Send Emails To - Status','SEND_EXTRA_GV_CUSTOMER_EMAILS_TO_STATUS','0','Send copy of Customer GV Send Status<br />0= off 1= on',12,17,NULL,'2020-04-06 19:07:49',NULL,'zen_cfg_select_option(array(\'0\', \'1\'),',NULL),(274,'Send Copy of Customer GV Send Emails To','SEND_EXTRA_GV_CUSTOMER_EMAILS_TO','','Send copy of Customer GV Send emails to the following email addresses, in this format: Name 1 &lt;email@address1&gt;, Name 2 &lt;email@address2&gt;',12,18,NULL,'2020-04-06 19:07:49',NULL,NULL,NULL),(275,'Send Copy of Admin GV Mail Emails To - Status','SEND_EXTRA_GV_ADMIN_EMAILS_TO_STATUS','0','Send copy of Admin GV Mail Status<br />0= off 1= on',12,19,NULL,'2020-04-06 19:07:49',NULL,'zen_cfg_select_option(array(\'0\', \'1\'),',NULL),(276,'Send Copy of Customer Admin GV Mail Emails To','SEND_EXTRA_GV_ADMIN_EMAILS_TO','','Send copy of Admin GV Mail emails to the following email addresses, in this format: Name 1 &lt;email@address1&gt;, Name 2 &lt;email@address2&gt;',12,20,NULL,'2020-04-06 19:07:49',NULL,NULL,NULL),(277,'Send Copy of Admin Discount Coupon Mail Emails To - Status','SEND_EXTRA_DISCOUNT_COUPON_ADMIN_EMAILS_TO_STATUS','0','Send copy of Admin Discount Coupon Mail Status<br />0= off 1= on',12,21,NULL,'2020-04-06 19:07:49',NULL,'zen_cfg_select_option(array(\'0\', \'1\'),',NULL),(278,'Send Copy of Customer Admin Discount Coupon Mail Emails To','SEND_EXTRA_DISCOUNT_COUPON_ADMIN_EMAILS_TO','','Send copy of Admin Discount Coupon Mail emails to the following email addresses, in this format: Name 1 &lt;email@address1&gt;, Name 2 &lt;email@address2&gt;',12,22,NULL,'2020-04-06 19:07:49',NULL,NULL,NULL),(279,'Send Copy of Admin Orders Status Emails To - Status','SEND_EXTRA_ORDERS_STATUS_ADMIN_EMAILS_TO_STATUS','0','Send copy of Admin Orders Status Status<br />0= off 1= on',12,23,NULL,'2020-04-06 19:07:49',NULL,'zen_cfg_select_option(array(\'0\', \'1\'),',NULL),(280,'Send Copy of Admin Orders Status Emails To','SEND_EXTRA_ORDERS_STATUS_ADMIN_EMAILS_TO','','Send copy of Admin Orders Status emails to the following email addresses, in this format: Name 1 &lt;email@address1&gt;, Name 2 &lt;email@address2&gt;',12,24,NULL,'2020-04-06 19:07:49',NULL,NULL,NULL),(281,'Send Notice of Pending Reviews Emails To - Status','SEND_EXTRA_REVIEW_NOTIFICATION_EMAILS_TO_STATUS','0','Send copy of Pending Reviews Status<br />0= off 1= on',12,25,NULL,'2020-04-06 19:07:49',NULL,'zen_cfg_select_option(array(\'0\', \'1\'),',NULL),(282,'Send Notice of Pending Reviews Emails To','SEND_EXTRA_REVIEW_NOTIFICATION_EMAILS_TO','','Send copy of Pending Reviews emails to the following email addresses, in this format: Name 1 &lt;email@address1&gt;, Name 2 &lt;email@address2&gt;',12,26,NULL,'2020-04-06 19:07:49',NULL,NULL,NULL),(283,'Set \"Contact Us\" Email Dropdown List','CONTACT_US_LIST','','On the \"Contact Us\" Page, set the list of email addresses , in this format: Name 1 &lt;email@address1&gt;, Name 2 &lt;email@address2&gt;',12,40,NULL,'2020-04-06 19:07:49',NULL,'zen_cfg_textarea(',NULL),(284,'Contact Us - Show Store Name and Address','CONTACT_US_STORE_NAME_ADDRESS','1','Include Store Name and Address<br />0= off 1= on',12,50,NULL,'2020-04-06 19:07:49',NULL,'zen_cfg_select_option(array(\'0\', \'1\'), ',NULL),(285,'Send Low Stock Emails','SEND_LOWSTOCK_EMAIL','0','When stock level is at or below low stock level send an email<br />0= off<br />1= on',12,60,'2020-04-06 19:07:49','2020-04-06 19:07:49',NULL,'zen_cfg_select_option(array(\'0\', \'1\'),',NULL),(286,'Send Low Stock Emails To','SEND_EXTRA_LOW_STOCK_EMAILS_TO','','When stock level is at or below low stock level send an email to this address, in this format: Name 1 &lt;email@address1&gt;, Name 2 &lt;email@address2&gt;',12,61,NULL,'2020-04-06 19:07:49',NULL,NULL,NULL),(287,'Display \"Newsletter Unsubscribe\" Link?','SHOW_NEWSLETTER_UNSUBSCRIBE_LINK','true','Show \"Newsletter Unsubscribe\" link in the \"Information\" side-box?',12,70,NULL,'2020-04-06 19:07:49',NULL,'zen_cfg_select_option(array(\'true\', \'false\'),',NULL),(288,'Audience-Select Count Display','AUDIENCE_SELECT_DISPLAY_COUNTS','true','When displaying lists of available audiences/recipients, should the recipients-count be included? <br /><em>(This may make things slower if you have a lot of customers or complex audience queries)</em>',12,90,NULL,'2020-04-06 19:07:49',NULL,'zen_cfg_select_option(array(\'true\', \'false\'),',NULL),(289,'Enable Downloads','DOWNLOAD_ENABLED','true','Enable the products download functions.',13,1,NULL,'2020-04-06 19:07:49',NULL,'zen_cfg_select_option(array(\'true\', \'false\'), ',NULL),(290,'Download by Redirect','DOWNLOAD_BY_REDIRECT','true','Use browser redirection for download. Disable on non-Unix systems.<br /><br />Note: Set /pub to 777 when redirect is true',13,2,NULL,'2020-04-06 19:07:49',NULL,'zen_cfg_select_option(array(\'true\', \'false\'), ',NULL),(291,'Download by streaming','DOWNLOAD_IN_CHUNKS','false','If download-by-redirect is disabled, and your PHP memory_limit setting is under 8 MB, you might need to enable this setting so that files are streamed in smaller segments to the browser.<br /><br />Has no effect if Download By Redirect is enabled.',13,2,NULL,'2020-04-06 19:07:49',NULL,'zen_cfg_select_option(array(\'true\', \'false\'), ',NULL),(292,'Download Expiration (Number of Days)','DOWNLOAD_MAX_DAYS','7','Set number of days before the download link expires. 0 means no limit.',13,3,NULL,'2020-04-06 19:07:49',NULL,'',NULL),(293,'Number of Downloads Allowed - Per Product','DOWNLOAD_MAX_COUNT','5','Set the maximum number of downloads. 0 means no download authorized.',13,4,NULL,'2020-04-06 19:07:49',NULL,'',NULL),(294,'Downloads Controller Update Status Value','DOWNLOADS_ORDERS_STATUS_UPDATED_VALUE','4','What orders_status resets the Download days and Max Downloads - Default is 4',13,10,'2020-04-06 19:07:49','2020-04-06 19:07:49',NULL,NULL,NULL),(295,'Downloads Controller Order Status Value >= lower value','DOWNLOADS_CONTROLLER_ORDERS_STATUS','2','Downloads Controller Order Status Value - Default >= 2<br /><br />Downloads are available for checkout based on the orders status. Orders with orders status greater than this value will be available for download. The orders status is set for an order by the Payment Modules. Set the lower range for this range.',13,12,'2020-04-06 19:07:49','2020-04-06 19:07:49',NULL,NULL,NULL),(296,'Downloads Controller Order Status Value <= upper value','DOWNLOADS_CONTROLLER_ORDERS_STATUS_END','4','Downloads Controller Order Status Value - Default <= 4<br /><br />Downloads are available for checkout based on the orders status. Orders with orders status less than this value will be available for download. The orders status is set for an order by the Payment Modules.  Set the upper range for this range.',13,13,'2020-04-06 19:07:49','2020-04-06 19:07:49',NULL,NULL,NULL),(297,'Enable Price Factor','ATTRIBUTES_ENABLED_PRICE_FACTOR','true','Enable the Attributes Price Factor.',13,25,NULL,'2020-04-06 19:07:49',NULL,'zen_cfg_select_option(array(\'true\', \'false\'), ',NULL),(298,'Enable Qty Price Discount','ATTRIBUTES_ENABLED_QTY_PRICES','true','Enable the Attributes Quantity Price Discounts.',13,26,NULL,'2020-04-06 19:07:49',NULL,'zen_cfg_select_option(array(\'true\', \'false\'), ',NULL),(299,'Enable Attribute Images','ATTRIBUTES_ENABLED_IMAGES','true','Enable the Attributes Images.',13,28,NULL,'2020-04-06 19:07:49',NULL,'zen_cfg_select_option(array(\'true\', \'false\'), ',NULL),(300,'Enable Text Pricing by word or letter','ATTRIBUTES_ENABLED_TEXT_PRICES','true','Enable the Attributes Text Pricing by word or letter.',13,35,NULL,'2020-04-06 19:07:49',NULL,'zen_cfg_select_option(array(\'true\', \'false\'), ',NULL),(301,'Text Pricing - Spaces are Free','TEXT_SPACES_FREE','1','On Text pricing Spaces are Free<br /><br />0= off 1= on',13,36,NULL,'2020-04-06 19:07:49',NULL,'zen_cfg_select_option(array(\'0\', \'1\'), ',NULL),(302,'Read Only option type - Ignore for Add to Cart','PRODUCTS_OPTIONS_TYPE_READONLY_IGNORED','1','When a Product only uses READONLY attributes, should the Add to Cart button be On or Off?<br />0= OFF<br />1= ON',13,37,NULL,'2020-04-06 19:07:49',NULL,'zen_cfg_select_option(array(\'0\', \'1\'), ',NULL),(303,'Enable GZip Compression','GZIP_LEVEL','0','0= off 1= on',14,1,NULL,'2020-04-06 19:07:49',NULL,'zen_cfg_select_option(array(\'0\', \'1\'),',NULL),(304,'Session Directory','SESSION_WRITE_DIRECTORY','/tmp','This should point to the folder specified in your DIR_FS_SQL_CACHE setting in your configure.php files.',15,1,NULL,'2020-04-06 19:07:49',NULL,NULL,NULL),(305,'Cookie Domain','SESSION_USE_FQDN','True','If True the full domain name will be used to store the cookie, e.g. www.mydomain.com. If False only a partial domain name will be used, e.g. mydomain.com. If you are unsure about this, always leave set to true.',15,2,NULL,'2020-04-06 19:07:49',NULL,'zen_cfg_select_option(array(\'True\', \'False\'), ',NULL),(306,'Force Cookie Use','SESSION_FORCE_COOKIE_USE','False','Force the use of sessions when cookies are only enabled.',15,2,NULL,'2020-04-06 19:07:49',NULL,'zen_cfg_select_option(array(\'True\', \'False\'), ',NULL),(307,'Check SSL Session ID','SESSION_CHECK_SSL_SESSION_ID','False','Validate the SSL_SESSION_ID on every secure HTTPS page request.',15,3,NULL,'2020-04-06 19:07:49',NULL,'zen_cfg_select_option(array(\'True\', \'False\'), ',NULL),(308,'Check User Agent','SESSION_CHECK_USER_AGENT','False','Validate the clients browser user agent on every page request.',15,4,NULL,'2020-04-06 19:07:49',NULL,'zen_cfg_select_option(array(\'True\', \'False\'), ',NULL),(309,'Check IP Address','SESSION_CHECK_IP_ADDRESS','False','Validate the clients IP address on every page request.',15,5,NULL,'2020-04-06 19:07:49',NULL,'zen_cfg_select_option(array(\'True\', \'False\'), ',NULL),(310,'Prevent Spider Sessions','SESSION_BLOCK_SPIDERS','True','Prevent known spiders from starting a session.',15,6,NULL,'2020-04-06 19:07:49',NULL,'zen_cfg_select_option(array(\'True\', \'False\'), ',NULL),(311,'Recreate Session','SESSION_RECREATE','True','Recreate the session to generate a new session ID when the customer logs on or creates an account (PHP >=4.1 needed).',15,7,NULL,'2020-04-06 19:07:49',NULL,'zen_cfg_select_option(array(\'True\', \'False\'), ',NULL),(312,'IP to Host Conversion Status','SESSION_IP_TO_HOST_ADDRESS','true','Convert IP Address to Host Address<br /><br />Note: on some servers this can slow down the initial start of a session or execution of Emails',15,10,NULL,'2020-04-06 19:07:49',NULL,'zen_cfg_select_option(array(\'true\', \'false\'), ',NULL),(313,'Length of the redeem code','SECURITY_CODE_LENGTH','10','Enter the length of the redeem code<br />The longer the more secure',16,1,NULL,'2020-04-06 19:07:49',NULL,NULL,NULL),(314,'Default Order Status For Zero Balance Orders','DEFAULT_ZERO_BALANCE_ORDERS_STATUS_ID','2','When an order\'s balance is zero, this order status will be assigned to it.',16,0,NULL,'2020-04-06 19:07:49','zen_get_order_status_name','zen_cfg_pull_down_order_statuses(',NULL),(315,'New Signup Discount Coupon ID#','NEW_SIGNUP_DISCOUNT_COUPON','','Select the coupon<br />',16,75,NULL,'2020-04-06 19:07:49',NULL,'zen_cfg_select_coupon_id(',NULL),(316,'New Signup Gift Voucher Amount','NEW_SIGNUP_GIFT_VOUCHER_AMOUNT','','Leave blank for none<br />Or enter an amount ie. 10 for $10.00',16,76,NULL,'2020-04-06 19:07:49',NULL,NULL,NULL),(317,'Maximum Discount Coupons Per Page','MAX_DISPLAY_SEARCH_RESULTS_DISCOUNT_COUPONS','20','Number of Discount Coupons to list per Page',16,81,NULL,'2020-04-06 19:07:49',NULL,NULL,NULL),(318,'Maximum Discount Coupon Report Results Per Page','MAX_DISPLAY_SEARCH_RESULTS_DISCOUNT_COUPONS_REPORTS','20','Number of Discount Coupons to list on Reports Page',16,81,NULL,'2020-04-06 19:07:49',NULL,NULL,NULL),(319,'Credit Card Enable Status - VISA','CC_ENABLED_VISA','1','Accept VISA 0= off 1= on',17,1,NULL,'2020-04-06 19:07:49',NULL,'zen_cfg_select_option(array(\'0\', \'1\'), ',NULL),(320,'Credit Card Enable Status - MasterCard','CC_ENABLED_MC','1','Accept MasterCard 0= off 1= on',17,2,NULL,'2020-04-06 19:07:49',NULL,'zen_cfg_select_option(array(\'0\', \'1\'), ',NULL),(321,'Credit Card Enable Status - AmericanExpress','CC_ENABLED_AMEX','0','Accept AmericanExpress 0= off 1= on',17,3,NULL,'2020-04-06 19:07:49',NULL,'zen_cfg_select_option(array(\'0\', \'1\'), ',NULL),(322,'Credit Card Enable Status - Diners Club','CC_ENABLED_DINERS_CLUB','0','Accept Diners Club 0= off 1= on',17,4,NULL,'2020-04-06 19:07:49',NULL,'zen_cfg_select_option(array(\'0\', \'1\'), ',NULL),(323,'Credit Card Enable Status - Discover Card','CC_ENABLED_DISCOVER','0','Accept Discover Card 0= off 1= on',17,5,NULL,'2020-04-06 19:07:49',NULL,'zen_cfg_select_option(array(\'0\', \'1\'), ',NULL),(324,'Credit Card Enable Status - JCB','CC_ENABLED_JCB','0','Accept JCB 0= off 1= on',17,6,NULL,'2020-04-06 19:07:49',NULL,'zen_cfg_select_option(array(\'0\', \'1\'), ',NULL),(325,'Credit Card Enable Status - AUSTRALIAN BANKCARD','CC_ENABLED_AUSTRALIAN_BANKCARD','0','Accept AUSTRALIAN BANKCARD 0= off 1= on',17,7,NULL,'2020-04-06 19:07:49',NULL,'zen_cfg_select_option(array(\'0\', \'1\'), ',NULL),(326,'Credit Card Enable Status - SOLO','CC_ENABLED_SOLO','0','Accept SOLO Card 0= off 1= on',17,8,NULL,'2020-04-06 19:07:49',NULL,'zen_cfg_select_option(array(\'0\', \'1\'), ',NULL),(327,'Credit Card Enable Status - Debit','CC_ENABLED_DEBIT','0','Accept Debit Cards 0= off 1= on<br>NOTE: This is not deeply integrated at this time, and this setting may be redundant if your payment modules do not yet specifically have code to honour this switch.',17,9,NULL,'2020-04-06 19:07:49',NULL,'zen_cfg_select_option(array(\'0\', \'1\'), ',NULL),(328,'Credit Card Enable Status - Maestro','CC_ENABLED_MAESTRO','0','Accept MAESTRO Card 0= off 1= on',17,10,NULL,'2020-04-06 19:07:49',NULL,'zen_cfg_select_option(array(\'0\', \'1\'), ',NULL),(329,'Credit Card Enabled - Show on Payment','SHOW_ACCEPTED_CREDIT_CARDS','0','Show accepted credit cards on Payment page?<br />0= off<br />1= As Text<br />2= As Images<br /><br />Note: images and text must be defined in both the database and language file for specific credit card types.',17,50,NULL,'2020-04-06 19:07:49',NULL,'zen_cfg_select_option(array(\'0\', \'1\', \'2\'), ',NULL),(330,'This module is installed','MODULE_ORDER_TOTAL_GV_STATUS','true','',6,1,NULL,'2003-10-30 22:16:40',NULL,'zen_cfg_select_option(array(\'true\'),',NULL),(331,'Sort Order','MODULE_ORDER_TOTAL_GV_SORT_ORDER','840','Sort order of display.',6,2,NULL,'2003-10-30 22:16:40',NULL,NULL,NULL),(332,'Queue Purchases','MODULE_ORDER_TOTAL_GV_QUEUE','true','Do you want to queue purchases of the Gift Voucher?',6,3,NULL,'2003-10-30 22:16:40',NULL,'zen_cfg_select_option(array(\'true\', \'false\'),',NULL),(333,'Include Shipping','MODULE_ORDER_TOTAL_GV_INC_SHIPPING','true','Include Shipping in calculation',6,5,NULL,'2003-10-30 22:16:40',NULL,'zen_cfg_select_option(array(\'true\', \'false\'),',NULL),(334,'Include Tax','MODULE_ORDER_TOTAL_GV_INC_TAX','true','Include Tax in calculation.',6,6,NULL,'2003-10-30 22:16:40',NULL,'zen_cfg_select_option(array(\'true\', \'false\'),',NULL),(335,'Re-calculate Tax','MODULE_ORDER_TOTAL_GV_CALC_TAX','None','Re-Calculate Tax',6,7,NULL,'2003-10-30 22:16:40',NULL,'zen_cfg_select_option(array(\'None\', \'Standard\', \'Credit Note\'),',NULL),(336,'Tax Class','MODULE_ORDER_TOTAL_GV_TAX_CLASS','0','Use the following tax class when treating Gift Voucher as Credit Note.',6,0,NULL,'2003-10-30 22:16:40','zen_get_tax_class_title','zen_cfg_pull_down_tax_classes(',NULL),(337,'Credit including Tax','MODULE_ORDER_TOTAL_GV_CREDIT_TAX','false','Add tax to purchased Gift Voucher when crediting to Account',6,8,NULL,'2003-10-30 22:16:40',NULL,'zen_cfg_select_option(array(\'true\', \'false\'),',NULL),(338,'Set Order Status','MODULE_ORDER_TOTAL_GV_ORDER_STATUS_ID','0','Set the status of orders made where GV covers full payment',6,0,NULL,'2020-04-06 19:07:49','zen_get_order_status_name','zen_cfg_pull_down_order_statuses(',NULL),(339,'This module is installed','MODULE_ORDER_TOTAL_LOWORDERFEE_STATUS','true','',6,1,NULL,'2003-10-30 22:16:43',NULL,'zen_cfg_select_option(array(\'true\'),',NULL),(340,'Sort Order','MODULE_ORDER_TOTAL_LOWORDERFEE_SORT_ORDER','400','Sort order of display.',6,2,NULL,'2003-10-30 22:16:43',NULL,NULL,NULL),(341,'Allow Low Order Fee','MODULE_ORDER_TOTAL_LOWORDERFEE_LOW_ORDER_FEE','false','Do you want to allow low order fees?',6,3,NULL,'2003-10-30 22:16:43',NULL,'zen_cfg_select_option(array(\'true\', \'false\'),',NULL),(342,'Order Fee For Orders Under','MODULE_ORDER_TOTAL_LOWORDERFEE_ORDER_UNDER','50','Add the low order fee to orders under this amount.',6,4,NULL,'2003-10-30 22:16:43','currencies->format',NULL,NULL),(343,'Order Fee','MODULE_ORDER_TOTAL_LOWORDERFEE_FEE','5','For Percentage Calculation - include a % Example: 10%<br />For a flat amount just enter the amount - Example: 5 for $5.00',6,5,NULL,'2003-10-30 22:16:43','',NULL,NULL),(344,'Attach Low Order Fee On Orders Made','MODULE_ORDER_TOTAL_LOWORDERFEE_DESTINATION','both','Attach low order fee for orders sent to the set destination.',6,6,NULL,'2003-10-30 22:16:43',NULL,'zen_cfg_select_option(array(\'national\', \'international\', \'both\'),',NULL),(345,'Tax Class','MODULE_ORDER_TOTAL_LOWORDERFEE_TAX_CLASS','0','Use the following tax class on the low order fee.',6,7,NULL,'2003-10-30 22:16:43','zen_get_tax_class_title','zen_cfg_pull_down_tax_classes(',NULL),(346,'No Low Order Fee on Virtual Products','MODULE_ORDER_TOTAL_LOWORDERFEE_VIRTUAL','false','Do not charge Low Order Fee when cart is Virtual Products Only',6,8,NULL,'2004-04-20 22:16:43',NULL,'zen_cfg_select_option(array(\'true\', \'false\'),',NULL),(347,'No Low Order Fee on Gift Vouchers','MODULE_ORDER_TOTAL_LOWORDERFEE_GV','false','Do not charge Low Order Fee when cart is Gift Vouchers Only',6,9,NULL,'2004-04-20 22:16:43',NULL,'zen_cfg_select_option(array(\'true\', \'false\'),',NULL),(348,'This module is installed','MODULE_ORDER_TOTAL_SHIPPING_STATUS','true','',6,1,NULL,'2003-10-30 22:16:46',NULL,'zen_cfg_select_option(array(\'true\'),',NULL),(349,'Sort Order','MODULE_ORDER_TOTAL_SHIPPING_SORT_ORDER','200','Sort order of display.',6,2,NULL,'2003-10-30 22:16:46',NULL,NULL,NULL),(350,'Allow Free Shipping','MODULE_ORDER_TOTAL_SHIPPING_FREE_SHIPPING','false','Do you want to allow free shipping?',6,3,NULL,'2003-10-30 22:16:46',NULL,'zen_cfg_select_option(array(\'true\', \'false\'),',NULL),(351,'Free Shipping For Orders Over','MODULE_ORDER_TOTAL_SHIPPING_FREE_SHIPPING_OVER','50','Provide free shipping for orders over the set amount.',6,4,NULL,'2003-10-30 22:16:46','currencies->format',NULL,NULL),(352,'Provide Free Shipping For Orders Made','MODULE_ORDER_TOTAL_SHIPPING_DESTINATION','national','Provide free shipping for orders sent to the set destination.',6,5,NULL,'2003-10-30 22:16:46',NULL,'zen_cfg_select_option(array(\'national\', \'international\', \'both\'),',NULL),(353,'This module is installed','MODULE_ORDER_TOTAL_SUBTOTAL_STATUS','true','',6,1,NULL,'2003-10-30 22:16:49',NULL,'zen_cfg_select_option(array(\'true\'),',NULL),(354,'Sort Order','MODULE_ORDER_TOTAL_SUBTOTAL_SORT_ORDER','100','Sort order of display.',6,2,NULL,'2003-10-30 22:16:49',NULL,NULL,NULL),(355,'This module is installed','MODULE_ORDER_TOTAL_TAX_STATUS','true','',6,1,NULL,'2003-10-30 22:16:52',NULL,'zen_cfg_select_option(array(\'true\'),',NULL),(356,'Sort Order','MODULE_ORDER_TOTAL_TAX_SORT_ORDER','300','Sort order of display.',6,2,NULL,'2003-10-30 22:16:52',NULL,NULL,NULL),(357,'This module is installed','MODULE_ORDER_TOTAL_TOTAL_STATUS','true','',6,1,NULL,'2003-10-30 22:16:55',NULL,'zen_cfg_select_option(array(\'true\'),',NULL),(358,'Sort Order','MODULE_ORDER_TOTAL_TOTAL_SORT_ORDER','999','Sort order of display.',6,2,NULL,'2003-10-30 22:16:55',NULL,NULL,NULL),(359,'Tax Class','MODULE_ORDER_TOTAL_COUPON_TAX_CLASS','0','Use the following tax class when treating Discount Coupon as Credit Note.',6,0,NULL,'2003-10-30 22:16:36','zen_get_tax_class_title','zen_cfg_pull_down_tax_classes(',NULL),(360,'Include Tax','MODULE_ORDER_TOTAL_COUPON_INC_TAX','false','Include Tax in calculation.',6,6,NULL,'2003-10-30 22:16:36',NULL,'zen_cfg_select_option(array(\'true\', \'false\'),',NULL),(361,'Sort Order','MODULE_ORDER_TOTAL_COUPON_SORT_ORDER','280','Sort order of display.',6,2,NULL,'2003-10-30 22:16:36',NULL,NULL,NULL),(362,'Include Shipping','MODULE_ORDER_TOTAL_COUPON_INC_SHIPPING','false','Include Shipping in calculation',6,5,NULL,'2003-10-30 22:16:36',NULL,'zen_cfg_select_option(array(\'true\', \'false\'),',NULL),(363,'This module is installed','MODULE_ORDER_TOTAL_COUPON_STATUS','true','',6,1,NULL,'2003-10-30 22:16:36',NULL,'zen_cfg_select_option(array(\'true\'),',NULL),(364,'Re-calculate Tax','MODULE_ORDER_TOTAL_COUPON_CALC_TAX','Standard','Re-Calculate Tax',6,7,NULL,'2003-10-30 22:16:36',NULL,'zen_cfg_select_option(array(\'None\', \'Standard\', \'Credit Note\'),',NULL),(365,'Admin Demo Status','ADMIN_DEMO','0','Admin Demo should be on?<br />0= off 1= on',6,0,NULL,'2020-04-06 19:07:49',NULL,'zen_cfg_select_option(array(\'0\', \'1\'), ',NULL),(366,'Product option type Select','PRODUCTS_OPTIONS_TYPE_SELECT','0','The number representing the Select type of product option.',6,NULL,'2020-04-06 19:07:49','2020-04-06 19:07:49',NULL,NULL,NULL),(367,'Text product option type','PRODUCTS_OPTIONS_TYPE_TEXT','1','Numeric value of the text product option type',6,NULL,'2020-04-06 19:07:49','2020-04-06 19:07:49',NULL,NULL,NULL),(368,'Radio button product option type','PRODUCTS_OPTIONS_TYPE_RADIO','2','Numeric value of the radio button product option type',6,NULL,'2020-04-06 19:07:49','2020-04-06 19:07:49',NULL,NULL,NULL),(369,'Check box product option type','PRODUCTS_OPTIONS_TYPE_CHECKBOX','3','Numeric value of the check box product option type',6,NULL,'2020-04-06 19:07:49','2020-04-06 19:07:49',NULL,NULL,NULL),(370,'File product option type','PRODUCTS_OPTIONS_TYPE_FILE','4','Numeric value of the file product option type',6,NULL,'2020-04-06 19:07:49','2020-04-06 19:07:49',NULL,NULL,NULL),(371,'ID for text and file products options values','PRODUCTS_OPTIONS_VALUES_TEXT_ID','0','Numeric value of the products_options_values_id used by the text and file attributes.',6,NULL,'2020-04-06 19:07:49','2020-04-06 19:07:49',NULL,NULL,NULL),(372,'Upload prefix','UPLOAD_PREFIX','upload_','Prefix used to differentiate between upload options and other options',6,NULL,'2020-04-06 19:07:49','2020-04-06 19:07:49',NULL,NULL,NULL),(373,'Text prefix','TEXT_PREFIX','txt_','Prefix used to differentiate between text option values and other option values',6,NULL,'2020-04-06 19:07:49','2020-04-06 19:07:49',NULL,NULL,NULL),(374,'Read Only option type','PRODUCTS_OPTIONS_TYPE_READONLY','5','Numeric value of the file product option type',6,NULL,'2020-04-06 19:07:49','2020-04-06 19:07:49',NULL,NULL,NULL),(375,'login mode https','SSLPWSTATUSCHECK','1:1','System setting. Do not edit.',6,99,'2020-04-06 19:14:50','2020-04-06 19:07:49',NULL,NULL,NULL),(376,'Products Info - Products Option Name Sort Order','PRODUCTS_OPTIONS_SORT_ORDER','0','Sort order of Option Names for Products Info<br />0= Sort Order, Option Name<br />1= Option Name',18,35,'2020-04-06 19:07:49','2020-04-06 19:07:49',NULL,'zen_cfg_select_option(array(\'0\', \'1\'),',NULL),(377,'Products Info - Product Option Value of Attributes Sort Order','PRODUCTS_OPTIONS_SORT_BY_PRICE','1','Sort order of Product Option Values of Attributes for Products Info<br />0= Sort Order, Price<br />1= Sort Order, Option Value Name',18,36,'2020-04-06 19:07:49','2020-04-06 19:07:49',NULL,'zen_cfg_select_option(array(\'0\', \'1\'),',NULL),(378,'Product Info - Show Option Values Name Below Attributes Image','PRODUCT_IMAGES_ATTRIBUTES_NAMES','1','Product Info - Show the name of the Option Value beneath the Attribute Image?<br />0= off 1= on',18,41,NULL,'2020-04-06 19:07:49',NULL,'zen_cfg_select_option(array(\'0\', \'1\'), ',NULL),(379,'Product Info - Show Sales Discount Savings Status','SHOW_SALE_DISCOUNT_STATUS','1','Product Info - Show the amount of discount savings?<br />0= off 1= on',18,45,NULL,'2020-04-06 19:07:49',NULL,'zen_cfg_select_option(array(\'0\', \'1\'), ',NULL),(380,'Product Info - Show Sales Discount Savings Dollars or Percentage','SHOW_SALE_DISCOUNT','1','Product Info - Show the amount of discount savings display as:<br />1= % off 2= $amount off',18,46,NULL,'2020-04-06 19:07:49',NULL,'zen_cfg_select_option(array(\'1\', \'2\'), ',NULL),(381,'Product Info - Show Sales Discount Savings Percentage Decimals','SHOW_SALE_DISCOUNT_DECIMALS','0','Product Info - Show discount savings display as a Percentage with how many decimals?:<br />Default= 0',18,47,NULL,'2020-04-06 19:07:49',NULL,NULL,NULL),(382,'Product Info - Price is Free Image or Text Status','OTHER_IMAGE_PRICE_IS_FREE_ON','1','Product Info - Show the Price is Free Image or Text on Displayed Price<br />0= Text<br />1= Image',18,50,NULL,'2020-04-06 19:07:49',NULL,'zen_cfg_select_option(array(\'0\', \'1\'), ',NULL),(383,'Product Info - Price is Call for Price Image or Text Status','PRODUCTS_PRICE_IS_CALL_IMAGE_ON','1','Product Info - Show the Price is Call for Price Image or Text on Displayed Price<br />0= Text<br />1= Image',18,51,NULL,'2020-04-06 19:07:49',NULL,'zen_cfg_select_option(array(\'0\', \'1\'), ',NULL),(384,'Product Quantity Box Status - Adding New Products','PRODUCTS_QTY_BOX_STATUS','1','What should the Default Quantity Box Status be set to when adding New Products?<br /><br />0= off<br />1= on<br />NOTE: This will show a Qty Box when ON and default the Add to Cart to 1',18,55,NULL,'2020-04-06 19:07:49',NULL,'zen_cfg_select_option(array(\'0\', \'1\'), ',NULL),(385,'Product Reviews Require Approval','REVIEWS_APPROVAL','1','Do product reviews require approval?<br /><br />Note: When Review Status is off, it will also not show<br /><br />0= off 1= on',18,62,NULL,'2020-04-06 19:07:49',NULL,'zen_cfg_select_option(array(\'0\', \'1\'), ',NULL),(386,'Meta Tags - Include Product Model in Title','META_TAG_INCLUDE_MODEL','1','Do you want to include the Product Model in the Meta Tag Title?<br /><br />0= off 1= on',18,69,NULL,'2020-04-06 19:07:49',NULL,'zen_cfg_select_option(array(\'0\', \'1\'), ',NULL),(387,'Meta Tags - Include Product Price in Title','META_TAG_INCLUDE_PRICE','1','Do you want to include the Product Price in the Meta Tag Title?<br /><br />0= off 1= on',18,70,NULL,'2020-04-06 19:07:49',NULL,'zen_cfg_select_option(array(\'0\', \'1\'), ',NULL),(388,'Meta Tags Generated Description Maximum Length?','MAX_META_TAG_DESCRIPTION_LENGTH','50','Set Generated Meta Tag Description Maximum Length to (words) Default 50:',18,71,NULL,'2020-04-06 19:07:49','','',NULL),(389,'Also Purchased Products Columns per Row','SHOW_PRODUCT_INFO_COLUMNS_ALSO_PURCHASED_PRODUCTS','3','Also Purchased Products Columns per Row<br />0= off or set the sort order',18,72,NULL,'2020-04-06 19:07:49',NULL,'zen_cfg_select_option(array(\'0\', \'1\', \'2\', \'3\', \'4\', \'5\', \'6\', \'7\', \'8\', \'9\', \'10\', \'11\', \'12\'), ',NULL),(390,'Previous Next - Navigation Bar Position','PRODUCT_INFO_PREVIOUS_NEXT','1','Location of Previous/Next Navigation Bar<br />0= off<br />1= Top of Page<br />2= Bottom of Page<br />3= Both Top and Bottom of Page',18,21,'2020-04-06 19:07:49','2020-04-06 19:07:49',NULL,'zen_cfg_select_drop_down(array(array(\'id\'=>\'0\', \'text\'=>\'Off\'), array(\'id\'=>\'1\', \'text\'=>\'Top of Page\'), array(\'id\'=>\'2\', \'text\'=>\'Bottom of Page\'), array(\'id\'=>\'3\', \'text\'=>\'Both Top & Bottom of Page\')),',NULL),(391,'Previous Next - Sort Order','PRODUCT_INFO_PREVIOUS_NEXT_SORT','1','Products Display Order by<br />0= Product ID<br />1= Product Name<br />2= Model<br />3= Price, Product Name<br />4= Price, Model<br />5= Product Name, Model<br />6= Product Sort Order',18,22,'2020-04-06 19:07:49','2020-04-06 19:07:49',NULL,'zen_cfg_select_drop_down(array(array(\'id\'=>\'0\', \'text\'=>\'Product ID\'), array(\'id\'=>\'1\', \'text\'=>\'Name\'), array(\'id\'=>\'2\', \'text\'=>\'Product Model\'), array(\'id\'=>\'3\', \'text\'=>\'Product Price - Name\'), array(\'id\'=>\'4\', \'text\'=>\'Product Price - Model\'), array(\'id\'=>\'5\', \'text\'=>\'Product Name - Model\'), array(\'id\'=>\'6\', \'text\'=>\'Product Sort Order\')),',NULL),(392,'Previous Next - Button and Image Status','SHOW_PREVIOUS_NEXT_STATUS','0','Button and Product Image status settings are:<br />0= Off<br />1= On',18,20,'2020-04-06 19:07:49','2020-04-06 19:07:49',NULL,'zen_cfg_select_drop_down(array(array(\'id\'=>\'0\', \'text\'=>\'Off\'), array(\'id\'=>\'1\', \'text\'=>\'On\')),',NULL),(393,'Previous Next - Button and Image Settings','SHOW_PREVIOUS_NEXT_IMAGES','0','Show Previous/Next Button and Product Image Settings<br />0= Button Only<br />1= Button and Product Image<br />2= Product Image Only',18,21,'2020-04-06 19:07:49','2020-04-06 19:07:49',NULL,'zen_cfg_select_drop_down(array(array(\'id\'=>\'0\', \'text\'=>\'Button Only\'), array(\'id\'=>\'1\', \'text\'=>\'Button and Product Image\'), array(\'id\'=>\'2\', \'text\'=>\'Product Image Only\')),',NULL),(394,'Previous Next - Image Width?','PREVIOUS_NEXT_IMAGE_WIDTH','50','Previous/Next Image Width?',18,22,NULL,'2020-04-06 19:07:49','','',NULL),(395,'Previous Next - Image Height?','PREVIOUS_NEXT_IMAGE_HEIGHT','40','Previous/Next Image Height?',18,23,NULL,'2020-04-06 19:07:49','','',NULL),(396,'Previous Next - Navigation Includes Category Position','PRODUCT_INFO_CATEGORIES','1','Product\'s Category Image and Name Alignment Above Previous/Next Navigation Bar<br />0= off<br />1= Align Left<br />2= Align Center<br />3= Align Right',18,20,'2020-04-06 19:07:49','2020-04-06 19:07:49',NULL,'zen_cfg_select_drop_down(array(array(\'id\'=>\'0\', \'text\'=>\'Off\'), array(\'id\'=>\'1\', \'text\'=>\'Align Left\'), array(\'id\'=>\'2\', \'text\'=>\'Align Center\'), array(\'id\'=>\'3\', \'text\'=>\'Align Right\')),',NULL),(397,'Previous Next - Navigation Includes Category Name and Image Status','PRODUCT_INFO_CATEGORIES_IMAGE_STATUS','2','Product\'s Category Image and Name Status<br />0= Category Name and Image always shows<br />1= Category Name only<br />2= Category Name and Image when not blank',18,20,'2020-04-06 19:07:49','2020-04-06 19:07:49',NULL,'zen_cfg_select_drop_down(array(array(\'id\'=>\'0\', \'text\'=>\'Category Name and Image Always\'), array(\'id\'=>\'1\', \'text\'=>\'Category Name only\'), array(\'id\'=>\'2\', \'text\'=>\'Category Name and Image when not blank\')),',NULL),(398,'Column Width - Left Boxes','BOX_WIDTH_LEFT','150px','Width of the Left Column Boxes<br />px may be included<br />Default = 150px',19,1,NULL,'2003-11-21 22:16:36',NULL,NULL,NULL),(399,'Column Width - Right Boxes','BOX_WIDTH_RIGHT','150px','Width of the Right Column Boxes<br />px may be included<br />Default = 150px',19,2,NULL,'2003-11-21 22:16:36',NULL,NULL,NULL),(400,'Bread Crumbs Navigation Separator','BREAD_CRUMBS_SEPARATOR','&nbsp;::&nbsp;','Enter the separator symbol to appear between the Navigation Bread Crumb trail<br />Note: Include spaces with the &amp;nbsp; symbol if you want them part of the separator.<br />Default = &amp;nbsp;::&amp;nbsp;',19,3,NULL,'2003-11-21 22:16:36',NULL,'zen_cfg_textarea_small(',NULL),(401,'Define Breadcrumb Status','DEFINE_BREADCRUMB_STATUS','1','Enable the Breadcrumb Trail Links?<br />0= OFF<br />1= ON<br />2= Off for Home Page Only',19,4,NULL,'2020-04-06 19:07:49',NULL,'zen_cfg_select_option(array(\'0\', \'1\', \'2\'), ',NULL),(402,'Bestsellers - Number Padding','BEST_SELLERS_FILLER','&nbsp;','What do you want to Pad the numbers with?<br />Default = &amp;nbsp;',19,5,NULL,'2003-11-21 22:16:36',NULL,'zen_cfg_textarea_small(',NULL),(403,'Bestsellers - Truncate Product Names','BEST_SELLERS_TRUNCATE','35','What size do you want to truncate the Product Names?<br />Default = 35',19,6,NULL,'2003-11-21 22:16:36',NULL,NULL,NULL),(404,'Bestsellers - Truncate Product Names followed by ...','BEST_SELLERS_TRUNCATE_MORE','true','When truncated Product Names follow with ...<br />Default = true',19,7,'2003-03-21 13:08:25','2003-03-21 11:42:47',NULL,'zen_cfg_select_option(array(\'true\', \'false\'),',NULL),(405,'Categories Box - Show Specials Link','SHOW_CATEGORIES_BOX_SPECIALS','true','Show Specials Link in the Categories Box',19,8,'2003-03-21 13:08:25','2003-03-21 11:42:47',NULL,'zen_cfg_select_option(array(\'true\', \'false\'),',NULL),(406,'Categories Box - Show Products New Link','SHOW_CATEGORIES_BOX_PRODUCTS_NEW','true','Show Products New Link in the Categories Box',19,9,'2003-03-21 13:08:25','2003-03-21 11:42:47',NULL,'zen_cfg_select_option(array(\'true\', \'false\'),',NULL),(407,'Shopping Cart Box Status','SHOW_SHOPPING_CART_BOX_STATUS','1','Shopping Cart Shows<br />0= Always<br />1= Only when full<br />2= Only when full but not when viewing the Shopping Cart',19,10,NULL,'2020-04-06 19:07:49',NULL,'zen_cfg_select_option(array(\'0\', \'1\', \'2\'), ',NULL),(408,'Categories Box - Show Featured Products Link','SHOW_CATEGORIES_BOX_FEATURED_PRODUCTS','true','Show Featured Products Link in the Categories Box',19,11,'2003-03-21 13:08:25','2003-03-21 11:42:47',NULL,'zen_cfg_select_option(array(\'true\', \'false\'),',NULL),(409,'Categories Box - Show Products All Link','SHOW_CATEGORIES_BOX_PRODUCTS_ALL','true','Show Products All Link in the Categories Box',19,12,'2003-03-21 13:08:25','2003-03-21 11:42:47',NULL,'zen_cfg_select_option(array(\'true\', \'false\'),',NULL),(410,'Column Left Status - Global','COLUMN_LEFT_STATUS','1','Show Column Left, unless page override exists?<br />0= Column Left is always off<br />1= Column Left is on, unless page override',19,15,NULL,'2020-04-06 19:07:49',NULL,'zen_cfg_select_option(array(\'0\', \'1\'), ',NULL),(411,'Column Right Status - Global','COLUMN_RIGHT_STATUS','1','Show Column Right, unless page override exists?<br />0= Column Right is always off<br />1= Column Right is on, unless page override',19,16,NULL,'2020-04-06 19:07:49',NULL,'zen_cfg_select_option(array(\'0\', \'1\'), ',NULL),(412,'Column Width - Left','COLUMN_WIDTH_LEFT','150px','Width of the Left Column<br />px may be included<br />Default = 150px',19,20,NULL,'2003-11-21 22:16:36',NULL,NULL,NULL),(413,'Column Width - Right','COLUMN_WIDTH_RIGHT','150px','Width of the Right Column<br />px may be included<br />Default = 150px',19,21,NULL,'2003-11-21 22:16:36',NULL,NULL,NULL),(414,'Categories Separator between links Status','SHOW_CATEGORIES_SEPARATOR_LINK','1','Show Category Separator between Category Names and Links?<br />0= off<br />1= on',19,24,NULL,'2020-04-06 19:07:49',NULL,'zen_cfg_select_option(array(\'0\', \'1\'), ',NULL),(415,'Categories Separator between the Category Name and Count','CATEGORIES_SEPARATOR','-&gt;','What separator do you want between the Category name and the count?<br />Default = -&amp;gt;',19,25,NULL,'2003-11-21 22:16:36',NULL,'zen_cfg_textarea_small(',NULL),(416,'Categories Separator between the Category Name and Sub Categories','CATEGORIES_SEPARATOR_SUBS','|_&nbsp;','What separator do you want between the Category name and Sub Category Name?<br />Default = |_&amp;nbsp;',19,26,NULL,'2004-03-25 22:16:36',NULL,'zen_cfg_textarea_small(',NULL),(417,'Categories Count Prefix','CATEGORIES_COUNT_PREFIX','&nbsp;(','What do you want to Prefix the count with?<br />Default= (',19,27,NULL,'2003-01-21 22:16:36',NULL,'zen_cfg_textarea_small(',NULL),(418,'Categories Count Suffix','CATEGORIES_COUNT_SUFFIX',')','What do you want as a Suffix to the count?<br />Default= )',19,28,NULL,'2003-01-21 22:16:36',NULL,'zen_cfg_textarea_small(',NULL),(419,'Categories SubCategories Indent','CATEGORIES_SUBCATEGORIES_INDENT','&nbsp;&nbsp;','What do you want to use as the subcategories indent?<br />Default= &nbsp;&nbsp;',19,29,NULL,'2004-06-24 22:16:36',NULL,'zen_cfg_textarea_small(',NULL),(420,'Categories with 0 Products Status','CATEGORIES_COUNT_ZERO','0','Show Category Count for 0 Products?<br />0= off<br />1= on',19,30,NULL,'2020-04-06 19:07:49',NULL,'zen_cfg_select_option(array(\'0\', \'1\'), ',NULL),(421,'Split Categories Box','CATEGORIES_SPLIT_DISPLAY','True','Split the categories box display by product type',19,31,NULL,'2020-04-06 19:07:49',NULL,'zen_cfg_select_option(array(\'True\', \'False\'), ',NULL),(422,'Shopping Cart - Show Totals','SHOW_TOTALS_IN_CART','1','Show Totals Above Shopping Cart?<br />0= off<br />1= on: Items Weight Amount<br />2= on: Items Weight Amount, but no weight when 0<br />3= on: Items Amount',19,31,NULL,'2020-04-06 19:07:49',NULL,'zen_cfg_select_option(array(\'0\', \'1\', \'2\', \'3\'), ',NULL),(423,'Customer Greeting - Show on Index Page','SHOW_CUSTOMER_GREETING','1','Always Show Customer Greeting on Index?<br />0= off<br />1= on',19,40,NULL,'2020-04-06 19:07:49',NULL,'zen_cfg_select_option(array(\'0\', \'1\'), ',NULL),(424,'Categories - Always Show on Main Page','SHOW_CATEGORIES_ALWAYS','0','Always Show Categories on Main Page<br />0= off<br />1= on<br />Default category can be set to Top Level or a Specific Top Level',19,45,NULL,'2020-04-06 19:07:49',NULL,'zen_cfg_select_option(array(\'0\', \'1\'), ',NULL),(425,'Main Page - Opens with Category','CATEGORIES_START_MAIN','0','0= Top Level Categories<br />Or enter the Category ID#<br />Note: Sub Categories can also be used Example: 3_10',19,46,NULL,'2020-04-06 19:07:49','','',NULL),(426,'Categories - Always Open to Show SubCategories','SHOW_CATEGORIES_SUBCATEGORIES_ALWAYS','1','Always Show Categories and SubCategories<br />0= off, just show Top Categories<br />1= on, Always show Categories and SubCategories when selected',19,47,NULL,'2020-04-06 19:07:49',NULL,'zen_cfg_select_option(array(\'0\', \'1\'), ',NULL),(427,'Banner Display Groups - Header Position 1','SHOW_BANNERS_GROUP_SET1','','The Banner Display Groups can be from 1 Banner Group or Multiple Banner Groups<br /><br />For Multiple Banner Groups enter the Banner Group Name separated by a colon <strong>:</strong><br /><br />Example: Wide-Banners:SideBox-Banners<br /><br />What Banner Group(s) do you want to use in the Header Position 1?<br />Leave blank for none',19,55,NULL,'2020-04-06 19:07:49','','',NULL),(428,'Banner Display Groups - Header Position 2','SHOW_BANNERS_GROUP_SET2','','The Banner Display Groups can be from 1 Banner Group or Multiple Banner Groups<br /><br />For Multiple Banner Groups enter the Banner Group Name separated by a colon <strong>:</strong><br /><br />Example: Wide-Banners:SideBox-Banners<br /><br />What Banner Group(s) do you want to use in the Header Position 2?<br />Leave blank for none',19,56,NULL,'2020-04-06 19:07:49','','',NULL),(429,'Banner Display Groups - Header Position 3','SHOW_BANNERS_GROUP_SET3','','The Banner Display Groups can be from 1 Banner Group or Multiple Banner Groups<br /><br />For Multiple Banner Groups enter the Banner Group Name separated by a colon <strong>:</strong><br /><br />Example: Wide-Banners:SideBox-Banners<br /><br />What Banner Group(s) do you want to use in the Header Position 3?<br />Leave blank for none',19,57,NULL,'2020-04-06 19:07:49','','',NULL),(430,'Banner Display Groups - Footer Position 1','SHOW_BANNERS_GROUP_SET4','','The Banner Display Groups can be from 1 Banner Group or Multiple Banner Groups<br /><br />For Multiple Banner Groups enter the Banner Group Name separated by a colon <strong>:</strong><br /><br />Example: Wide-Banners:SideBox-Banners<br /><br />What Banner Group(s) do you want to use in the Footer Position 1?<br />Leave blank for none',19,65,NULL,'2020-04-06 19:07:49','','',NULL),(431,'Banner Display Groups - Footer Position 2','SHOW_BANNERS_GROUP_SET5','','The Banner Display Groups can be from 1 Banner Group or Multiple Banner Groups<br /><br />For Multiple Banner Groups enter the Banner Group Name separated by a colon <strong>:</strong><br /><br />Example: Wide-Banners:SideBox-Banners<br /><br />What Banner Group(s) do you want to use in the Footer Position 2?<br />Leave blank for none',19,66,NULL,'2020-04-06 19:07:49','','',NULL),(432,'Banner Display Groups - Footer Position 3','SHOW_BANNERS_GROUP_SET6','Wide-Banners','The Banner Display Groups can be from 1 Banner Group or Multiple Banner Groups<br /><br />For Multiple Banner Groups enter the Banner Group Name separated by a colon <strong>:</strong><br /><br />Example: Wide-Banners:SideBox-Banners<br /><br />Default Group is Wide-Banners<br /><br />What Banner Group(s) do you want to use in the Footer Position 3?<br />Leave blank for none',19,67,NULL,'2020-04-06 19:07:49','','',NULL),(433,'Banner Display Groups - Side Box banner_box','SHOW_BANNERS_GROUP_SET7','SideBox-Banners','The Banner Display Groups can be from 1 Banner Group or Multiple Banner Groups<br /><br />For Multiple Banner Groups enter the Banner Group Name separated by a colon <strong>:</strong><br /><br />Example: Wide-Banners:SideBox-Banners<br />Default Group is SideBox-Banners<br /><br />What Banner Group(s) do you want to use in the Side Box - banner_box?<br />Leave blank for none',19,70,NULL,'2020-04-06 19:07:49','','',NULL),(434,'Banner Display Groups - Side Box banner_box2','SHOW_BANNERS_GROUP_SET8','SideBox-Banners','The Banner Display Groups can be from 1 Banner Group or Multiple Banner Groups<br /><br />For Multiple Banner Groups enter the Banner Group Name separated by a colon <strong>:</strong><br /><br />Example: Wide-Banners:SideBox-Banners<br />Default Group is SideBox-Banners<br /><br />What Banner Group(s) do you want to use in the Side Box - banner_box2?<br />Leave blank for none',19,71,NULL,'2020-04-06 19:07:49','','',NULL),(435,'Banner Display Group - Side Box banner_box_all','SHOW_BANNERS_GROUP_SET_ALL','BannersAll','The Banner Display Group may only be from one (1) Banner Group for the Banner All sidebox<br /><br />Default Group is BannersAll<br /><br />What Banner Group do you want to use in the Side Box - banner_box_all?<br />Leave blank for none',19,72,NULL,'2020-04-06 19:07:49','','',NULL),(436,'Footer - Show IP Address status','SHOW_FOOTER_IP','1','Show Customer IP Address in the Footer<br />0= off<br />1= on<br />Should the Customer IP Address show in the footer?',19,80,NULL,'2020-04-06 19:07:49',NULL,'zen_cfg_select_option(array(\'0\', \'1\'), ',NULL),(437,'Product Discount Quantities - Add how many blank discounts?','DISCOUNT_QTY_ADD','5','How many blank discount quantities should be added for Product Pricing?',19,90,NULL,'2020-04-06 19:07:49','','',NULL),(438,'Product Discount Quantities - Display how many per row?','DISCOUNT_QUANTITY_PRICES_COLUMN','5','How many discount quantities should show per row on Product Info Pages?',19,95,NULL,'2020-04-06 19:07:49','','',NULL),(439,'Categories/Products Display Sort Order','CATEGORIES_PRODUCTS_SORT_ORDER','0','Categories/Products Display Sort Order<br />0= Categories/Products Sort Order/Name<br />1= Categories/Products Name<br />2= Products Model<br />3= Products Qty+, Products Name<br />4= Products Qty-, Products Name<br />5= Products Price+, Products Name<br />6= Products Price-, Products Name',19,100,NULL,'2020-04-06 19:07:49',NULL,'zen_cfg_select_option(array(\'0\', \'1\', \'2\', \'3\', \'4\', \'5\', \'6\'), ',NULL),(440,'Option Names and Values Global Add, Copy and Delete Features Status','OPTION_NAMES_VALUES_GLOBAL_STATUS','1','Option Names and Values Global Add, Copy and Delete Features Status<br />0= Hide Features<br />1= Show Features<br />(Default=1)',19,110,NULL,'2020-04-06 19:07:49',NULL,'zen_cfg_select_option(array(\'0\', \'1\'), ',NULL),(441,'Categories-Tabs Menu ON/OFF','CATEGORIES_TABS_STATUS','1','Categories-Tabs<br />This enables the display of your store\'s categories as a menu across the top of your header. There are many potential creative uses for this.<br />0= Hide Categories Tabs<br />1= Show Categories Tabs',19,112,NULL,'2020-04-06 19:07:49',NULL,'zen_cfg_select_option(array(\'0\', \'1\'), ',NULL),(442,'Site Map - include My Account Links?','SHOW_ACCOUNT_LINKS_ON_SITE_MAP','No','Should the links to My Account show up on the site-map?<br />Note: Spiders will try to index this page, and likely should not be sent to secure pages, since there is no benefit in indexing a login page.<br /><br />Default: false',19,115,NULL,'2020-04-06 19:07:49',NULL,'zen_cfg_select_option(array(\'Yes\', \'No\'), ',NULL),(443,'Skip 1-prod Categories','SKIP_SINGLE_PRODUCT_CATEGORIES','True','Skip single-product categories<br />If this option is set to True, then if the customer clicks on a link to a category which only contains a single item, then Zen Cart will take them directly to that product-page, rather than present them with another link to click in order to see the product.<br />Default: True',19,120,NULL,'2020-04-06 19:07:49',NULL,'zen_cfg_select_option(array(\'True\', \'False\'), ',NULL),(444,'Use split-login page','USE_SPLIT_LOGIN_MODE','False','The login page can be displayed in two modes: Split or Vertical.<br />In Split mode, the create-account options are accessed by clicking a button to get to the create-account page.  In Vertical mode, the create-account input fields are all displayed inline, below the login field, making one less click for the customer to create their account.<br />Default: False',19,121,NULL,'2020-04-06 19:07:49',NULL,'zen_cfg_select_option(array(\'True\', \'False\'), ',NULL),(445,'CSS Buttons','IMAGE_USE_CSS_BUTTONS','Yes','CSS Buttons<br />Use CSS buttons instead of images (GIF/JPG)?<br />Button styles must be configured in the stylesheet if you enable this option.',19,147,NULL,'2020-04-06 19:07:49',NULL,'zen_cfg_select_option(array(\'No\', \'Yes\'), ',NULL),(446,'<strong>Down for Maintenance: ON/OFF</strong>','DOWN_FOR_MAINTENANCE','false','Down for Maintenance <br />(true=on false=off)',20,1,NULL,'2020-04-06 19:07:49',NULL,'zen_cfg_select_option(array(\'true\', \'false\'), ',NULL),(447,'Down for Maintenance: filename','DOWN_FOR_MAINTENANCE_FILENAME','down_for_maintenance','Down for Maintenance filename<br />Note: Do not include the extension<br />Default=down_for_maintenance',20,2,NULL,'2020-04-06 19:07:49',NULL,'',NULL),(448,'Down for Maintenance: Hide Header','DOWN_FOR_MAINTENANCE_HEADER_OFF','false','Down for Maintenance: Hide Header <br />(true=hide false=show)',20,3,NULL,'2020-04-06 19:07:49',NULL,'zen_cfg_select_option(array(\'true\', \'false\'), ',NULL),(449,'Down for Maintenance: Hide Column Left','DOWN_FOR_MAINTENANCE_COLUMN_LEFT_OFF','false','Down for Maintenance: Hide Column Left <br />(true=hide false=show)',20,4,NULL,'2020-04-06 19:07:49',NULL,'zen_cfg_select_option(array(\'true\', \'false\'), ',NULL),(450,'Down for Maintenance: Hide Column Right','DOWN_FOR_MAINTENANCE_COLUMN_RIGHT_OFF','false','Down for Maintenance: Hide Column Right <br />(true=hide false=show)',20,5,NULL,'2020-04-06 19:07:49',NULL,'zen_cfg_select_option(array(\'true\', \'false\'), ',NULL),(451,'Down for Maintenance: Hide Footer','DOWN_FOR_MAINTENANCE_FOOTER_OFF','false','Down for Maintenance: Hide Footer <br />(true=hide false=show)',20,6,NULL,'2020-04-06 19:07:49',NULL,'zen_cfg_select_option(array(\'true\', \'false\'), ',NULL),(452,'Down for Maintenance: Hide Prices','DOWN_FOR_MAINTENANCE_PRICES_OFF','false','Down for Maintenance: Hide Prices <br />(true=hide false=show)',20,7,NULL,'2020-04-06 19:07:49',NULL,'zen_cfg_select_option(array(\'true\', \'false\'), ',NULL),(453,'Down For Maintenance (exclude this IP-Address)','EXCLUDE_ADMIN_IP_FOR_MAINTENANCE','your IP (ADMIN)','This IP Address is able to access the website while it is Down For Maintenance (like webmaster)<br />To enter multiple IP Addresses, separate with a comma. If you do not know your IP Address, check in the Footer of your Shop.',20,8,'2003-03-21 13:43:22','2003-03-21 21:20:07',NULL,NULL,NULL),(454,'NOTICE PUBLIC Before going Down for Maintenance: ON/OFF','WARN_BEFORE_DOWN_FOR_MAINTENANCE','false','Give a WARNING some time before you put your website Down for Maintenance<br />(true=on false=off)<br />If you set the \'Down For Maintenance: ON/OFF\' to true this will automaticly be updated to false',20,9,'2003-03-21 13:08:25','2003-03-21 11:42:47',NULL,'zen_cfg_select_option(array(\'true\', \'false\'),',NULL),(455,'Date and hours for notice before maintenance','PERIOD_BEFORE_DOWN_FOR_MAINTENANCE','15/05/2003  2-3 PM','Date and hours for notice before maintenance website, enter date and hours for maintenance website',20,10,'2003-03-21 13:08:25','2003-03-21 11:42:47',NULL,NULL,NULL),(456,'Display when webmaster has enabled maintenance','DISPLAY_MAINTENANCE_TIME','false','Display when Webmaster has enabled maintenance <br />(true=on false=off)<br />',20,11,'2003-03-21 13:08:25','2003-03-21 11:42:47',NULL,'zen_cfg_select_option(array(\'true\', \'false\'),',NULL),(457,'Display website maintenance period','DISPLAY_MAINTENANCE_PERIOD','false','Display Website maintenance period <br />(true=on false=off)<br />',20,12,'2003-03-21 13:08:25','2003-03-21 11:42:47',NULL,'zen_cfg_select_option(array(\'true\', \'false\'),',NULL),(458,'Website maintenance period','TEXT_MAINTENANCE_PERIOD_TIME','2h00','Enter Website Maintenance period (hh:mm)',20,13,'2003-03-21 13:08:25','2003-03-21 11:42:47',NULL,NULL,NULL),(459,'Confirm Terms and Conditions During Checkout Procedure','DISPLAY_CONDITIONS_ON_CHECKOUT','false','Show the Terms and Conditions during the checkout procedure which the customer must agree to.',11,1,NULL,'2020-04-06 19:07:49',NULL,'zen_cfg_select_option(array(\'true\', \'false\'), ',NULL),(460,'Confirm Privacy Notice During Account Creation Procedure','DISPLAY_PRIVACY_CONDITIONS','false','Show the Privacy Notice during the account creation procedure which the customer must agree to.',11,2,NULL,'2020-04-06 19:07:49',NULL,'zen_cfg_select_option(array(\'true\', \'false\'), ',NULL),(461,'Display Product Image','PRODUCT_NEW_LIST_IMAGE','1102','Do you want to display the Product Image?<br /><br />0= off<br />1st digit Left or Right<br />2nd and 3rd digit Sort Order<br />4th digit number of breaks after<br />',21,1,NULL,'2020-04-06 19:07:49',NULL,NULL,NULL),(462,'Display Product Quantity','PRODUCT_NEW_LIST_QUANTITY','1202','Do you want to display the Product Quantity?<br /><br />0= off<br />1st digit Left or Right<br />2nd and 3rd digit Sort Order<br />4th digit number of breaks after<br />',21,2,NULL,'2020-04-06 19:07:49',NULL,NULL,NULL),(463,'Display Product Buy Now Button','PRODUCT_NEW_BUY_NOW','1300','Do you want to display the Product Buy Now Button<br /><br />0= off<br />1st digit Left or Right<br />2nd and 3rd digit Sort Order<br />4th digit number of breaks after<br />',21,3,NULL,'2020-04-06 19:07:49',NULL,NULL,NULL),(464,'Display Product Name','PRODUCT_NEW_LIST_NAME','2101','Do you want to display the Product Name?<br /><br />0= off<br />1st digit Left or Right<br />2nd and 3rd digit Sort Order<br />4th digit number of breaks after<br />',21,4,NULL,'2020-04-06 19:07:49',NULL,NULL,NULL),(465,'Display Product Model','PRODUCT_NEW_LIST_MODEL','2201','Do you want to display the Product Model?<br /><br />0= off<br />1st digit Left or Right<br />2nd and 3rd digit Sort Order<br />4th digit number of breaks after<br />',21,5,NULL,'2020-04-06 19:07:49',NULL,NULL,NULL),(466,'Display Product Manufacturer Name','PRODUCT_NEW_LIST_MANUFACTURER','2302','Do you want to display the Product Manufacturer Name?<br /><br />0= off<br />1st digit Left or Right<br />2nd and 3rd digit Sort Order<br />4th digit number of breaks after<br />',21,6,NULL,'2020-04-06 19:07:49',NULL,NULL,NULL),(467,'Display Product Price','PRODUCT_NEW_LIST_PRICE','2402','Do you want to display the Product Price<br /><br />0= off<br />1st digit Left or Right<br />2nd and 3rd digit Sort Order<br />4th digit number of breaks after<br />',21,7,NULL,'2020-04-06 19:07:49',NULL,NULL,NULL),(468,'Display Product Weight','PRODUCT_NEW_LIST_WEIGHT','2502','Do you want to display the Product Weight?<br /><br />0= off<br />1st digit Left or Right<br />2nd and 3rd digit Sort Order<br />4th digit number of breaks after<br />',21,8,NULL,'2020-04-06 19:07:49',NULL,NULL,NULL),(469,'Display Product Date Added','PRODUCT_NEW_LIST_DATE_ADDED','2601','Do you want to display the Product Date Added?<br /><br />0= off<br />1st digit Left or Right<br />2nd and 3rd digit Sort Order<br />4th digit number of breaks after<br />',21,9,NULL,'2020-04-06 19:07:49',NULL,NULL,NULL),(470,'Display Product Description','PRODUCT_NEW_LIST_DESCRIPTION','150','How many characters do you want to display of the Product Description?<br /><br />0= OFF<br />150= Suggested Length, or enter the maximum number of characters to display',21,10,NULL,'2020-04-06 19:07:49',NULL,NULL,NULL),(471,'Display Product Display - Default Sort Order','PRODUCT_NEW_LIST_SORT_DEFAULT','6','What Sort Order Default should be used for New Products Display?<br />Default= 6 for Date New to Old<br /><br />1= Products Name<br />2= Products Name Desc<br />3= Price low to high, Products Name<br />4= Price high to low, Products Name<br />5= Model<br />6= Date Added desc<br />7= Date Added<br />8= Product Sort Order',21,11,NULL,'2020-04-06 19:07:49',NULL,'zen_cfg_select_option(array(\'1\', \'2\', \'3\', \'4\', \'5\', \'6\', \'7\', \'8\'), ',NULL),(472,'Default Products New Group ID','PRODUCT_NEW_LIST_GROUP_ID','21','Warning: Only change this if your Products New Group ID has changed from the default of 21<br />What is the configuration_group_id for New Products Listings?',21,12,NULL,'2020-04-06 19:07:49',NULL,NULL,NULL),(473,'Display Multiple Products Qty Box Status and Set Button Location','PRODUCT_NEW_LISTING_MULTIPLE_ADD_TO_CART','3','Do you want to display Add Multiple Products Qty Box and Set Button Location?<br />0= off<br />1= Top<br />2= Bottom<br />3= Both',21,25,NULL,'2020-04-06 19:07:49',NULL,'zen_cfg_select_option(array(\'0\', \'1\', \'2\', \'3\'), ',NULL),(474,'Mask Upcoming Products from being include as New Products','SHOW_NEW_PRODUCTS_UPCOMING_MASKED','0','Do you want to mask Upcoming Products from being included as New Products in Listing, Sideboxes and Centerbox?<br />0= off<br />1= on',21,30,NULL,'2020-04-06 19:07:49',NULL,'zen_cfg_select_option(array(\'0\', \'1\'), ',NULL),(475,'Display Product Image','PRODUCT_FEATURED_LIST_IMAGE','1102','Do you want to display the Product Image?<br /><br />0= off<br />1st digit Left or Right<br />2nd and 3rd digit Sort Order<br />4th digit number of breaks after<br />',22,1,NULL,'2020-04-06 19:07:49',NULL,NULL,NULL),(476,'Display Product Quantity','PRODUCT_FEATURED_LIST_QUANTITY','1202','Do you want to display the Product Quantity?<br /><br />0= off<br />1st digit Left or Right<br />2nd and 3rd digit Sort Order<br />4th digit number of breaks after<br />',22,2,NULL,'2020-04-06 19:07:49',NULL,NULL,NULL),(477,'Display Product Buy Now Button','PRODUCT_FEATURED_BUY_NOW','1300','Do you want to display the Product Buy Now Button<br /><br />0= off<br />1st digit Left or Right<br />2nd and 3rd digit Sort Order<br />4th digit number of breaks after<br />',22,3,NULL,'2020-04-06 19:07:49',NULL,NULL,NULL),(478,'Display Product Name','PRODUCT_FEATURED_LIST_NAME','2101','Do you want to display the Product Name?<br /><br />0= off<br />1st digit Left or Right<br />2nd and 3rd digit Sort Order<br />4th digit number of breaks after<br />',22,4,NULL,'2020-04-06 19:07:49',NULL,NULL,NULL),(479,'Display Product Model','PRODUCT_FEATURED_LIST_MODEL','2201','Do you want to display the Product Model?<br /><br />0= off<br />1st digit Left or Right<br />2nd and 3rd digit Sort Order<br />4th digit number of breaks after<br />',22,5,NULL,'2020-04-06 19:07:49',NULL,NULL,NULL),(480,'Display Product Manufacturer Name','PRODUCT_FEATURED_LIST_MANUFACTURER','2302','Do you want to display the Product Manufacturer Name?<br /><br />0= off<br />1st digit Left or Right<br />2nd and 3rd digit Sort Order<br />4th digit number of breaks after<br />',22,6,NULL,'2020-04-06 19:07:49',NULL,NULL,NULL),(481,'Display Product Price','PRODUCT_FEATURED_LIST_PRICE','2402','Do you want to display the Product Price<br /><br />0= off<br />1st digit Left or Right<br />2nd and 3rd digit Sort Order<br />4th digit number of breaks after<br />',22,7,NULL,'2020-04-06 19:07:49',NULL,NULL,NULL),(482,'Display Product Weight','PRODUCT_FEATURED_LIST_WEIGHT','2502','Do you want to display the Product Weight?<br /><br />0= off<br />1st digit Left or Right<br />2nd and 3rd digit Sort Order<br />4th digit number of breaks after<br />',22,8,NULL,'2020-04-06 19:07:49',NULL,NULL,NULL),(483,'Display Product Date Added','PRODUCT_FEATURED_LIST_DATE_ADDED','2601','Do you want to display the Product Date Added?<br /><br />0= off<br />1st digit Left or Right<br />2nd and 3rd digit Sort Order<br />4th digit number of breaks after<br />',22,9,NULL,'2020-04-06 19:07:49',NULL,NULL,NULL),(484,'Display Product Description','PRODUCT_FEATURED_LIST_DESCRIPTION','150','How many characters do you want to display of the Product Description?<br /><br />0= OFF<br />150= Suggested Length, or enter the maximum number of characters to display',22,10,NULL,'2020-04-06 19:07:49',NULL,NULL,NULL),(485,'Display Product Display - Default Sort Order','PRODUCT_FEATURED_LIST_SORT_DEFAULT','1','What Sort Order Default should be used for Featured Product Display?<br />Default= 1 for Product Name<br /><br />1= Products Name<br />2= Products Name Desc<br />3= Price low to high, Products Name<br />4= Price high to low, Products Name<br />5= Model<br />6= Date Added desc<br />7= Date Added<br />8= Product Sort Order',22,11,NULL,'2020-04-06 19:07:49',NULL,'zen_cfg_select_option(array(\'1\', \'2\', \'3\', \'4\', \'5\', \'6\', \'7\', \'8\'), ',NULL),(486,'Default Featured Products Group ID','PRODUCT_FEATURED_LIST_GROUP_ID','22','Warning: Only change this if your Featured Products Group ID has changed from the default of 22<br />What is the configuration_group_id for Featured Products Listings?',22,12,NULL,'2020-04-06 19:07:49',NULL,NULL,NULL),(487,'Display Multiple Products Qty Box Status and Set Button Location','PRODUCT_FEATURED_LISTING_MULTIPLE_ADD_TO_CART','3','Do you want to display Add Multiple Products Qty Box and Set Button Location?<br />0= off<br />1= Top<br />2= Bottom<br />3= Both',22,25,NULL,'2020-04-06 19:07:49',NULL,'zen_cfg_select_option(array(\'0\', \'1\', \'2\', \'3\'), ',NULL),(488,'Display Product Image','PRODUCT_ALL_LIST_IMAGE','1102','Do you want to display the Product Image?<br /><br />0= off<br />1st digit Left or Right<br />2nd and 3rd digit Sort Order<br />4th digit number of breaks after<br />',23,1,NULL,'2020-04-06 19:07:49',NULL,NULL,NULL),(489,'Display Product Quantity','PRODUCT_ALL_LIST_QUANTITY','1202','Do you want to display the Product Quantity?<br /><br />0= off<br />1st digit Left or Right<br />2nd and 3rd digit Sort Order<br />4th digit number of breaks after<br />',23,2,NULL,'2020-04-06 19:07:49',NULL,NULL,NULL),(490,'Display Product Buy Now Button','PRODUCT_ALL_BUY_NOW','1300','Do you want to display the Product Buy Now Button<br /><br />0= off<br />1st digit Left or Right<br />2nd and 3rd digit Sort Order<br />4th digit number of breaks after<br />',23,3,NULL,'2020-04-06 19:07:49',NULL,NULL,NULL),(491,'Display Product Name','PRODUCT_ALL_LIST_NAME','2101','Do you want to display the Product Name?<br /><br />0= off<br />1st digit Left or Right<br />2nd and 3rd digit Sort Order<br />4th digit number of breaks after<br />',23,4,NULL,'2020-04-06 19:07:49',NULL,NULL,NULL),(492,'Display Product Model','PRODUCT_ALL_LIST_MODEL','2201','Do you want to display the Product Model?<br /><br />0= off<br />1st digit Left or Right<br />2nd and 3rd digit Sort Order<br />4th digit number of breaks after<br />',23,5,NULL,'2020-04-06 19:07:49',NULL,NULL,NULL),(493,'Display Product Manufacturer Name','PRODUCT_ALL_LIST_MANUFACTURER','2302','Do you want to display the Product Manufacturer Name?<br /><br />0= off<br />1st digit Left or Right<br />2nd and 3rd digit Sort Order<br />4th digit number of breaks after<br />',23,6,NULL,'2020-04-06 19:07:49',NULL,NULL,NULL),(494,'Display Product Price','PRODUCT_ALL_LIST_PRICE','2402','Do you want to display the Product Price<br /><br />0= off<br />1st digit Left or Right<br />2nd and 3rd digit Sort Order<br />4th digit number of breaks after<br />',23,7,NULL,'2020-04-06 19:07:49',NULL,NULL,NULL),(495,'Display Product Weight','PRODUCT_ALL_LIST_WEIGHT','2502','Do you want to display the Product Weight?<br /><br />0= off<br />1st digit Left or Right<br />2nd and 3rd digit Sort Order<br />4th digit number of breaks after<br />',23,8,NULL,'2020-04-06 19:07:49',NULL,NULL,NULL),(496,'Display Product Date Added','PRODUCT_ALL_LIST_DATE_ADDED','2601','Do you want to display the Product Date Added?<br /><br />0= off<br />1st digit Left or Right<br />2nd and 3rd digit Sort Order<br />4th digit number of breaks after<br />',23,9,NULL,'2020-04-06 19:07:49',NULL,NULL,NULL),(497,'Display Product Description','PRODUCT_ALL_LIST_DESCRIPTION','150','How many characters do you want to display of the Product Description?<br /><br />0= OFF<br />150= Suggested Length, or enter the maximum number of characters to display',23,10,NULL,'2020-04-06 19:07:49',NULL,NULL,NULL),(498,'Display Product Display - Default Sort Order','PRODUCT_ALL_LIST_SORT_DEFAULT','1','What Sort Order Default should be used for All Products Display?<br />Default= 1 for Product Name<br /><br />1= Products Name<br />2= Products Name Desc<br />3= Price low to high, Products Name<br />4= Price high to low, Products Name<br />5= Model<br />6= Date Added desc<br />7= Date Added<br />8= Product Sort Order',23,11,NULL,'2020-04-06 19:07:49',NULL,'zen_cfg_select_option(array(\'1\', \'2\', \'3\', \'4\', \'5\', \'6\', \'7\', \'8\'), ',NULL),(499,'Default Products All Group ID','PRODUCT_ALL_LIST_GROUP_ID','23','Warning: Only change this if your Products All Group ID has changed from the default of 23<br />What is the configuration_group_id for Products All Listings?',23,12,NULL,'2020-04-06 19:07:49',NULL,NULL,NULL),(500,'Display Multiple Products Qty Box Status and Set Button Location','PRODUCT_ALL_LISTING_MULTIPLE_ADD_TO_CART','3','Do you want to display Add Multiple Products Qty Box and Set Button Location?<br />0= off<br />1= Top<br />2= Bottom<br />3= Both',23,25,NULL,'2020-04-06 19:07:49',NULL,'zen_cfg_select_option(array(\'0\', \'1\', \'2\', \'3\'), ',NULL),(501,'Show New Products on Main Page','SHOW_PRODUCT_INFO_MAIN_NEW_PRODUCTS','1','Show New Products on Main Page<br />0= off or set the sort order',24,65,NULL,'2020-04-06 19:07:49',NULL,'zen_cfg_select_option(array(\'0\', \'1\', \'2\', \'3\', \'4\'), ',NULL),(502,'Show Featured Products on Main Page','SHOW_PRODUCT_INFO_MAIN_FEATURED_PRODUCTS','2','Show Featured Products on Main Page<br />0= off or set the sort order',24,66,NULL,'2020-04-06 19:07:49',NULL,'zen_cfg_select_option(array(\'0\', \'1\', \'2\', \'3\', \'4\'), ',NULL),(503,'Show Special Products on Main Page','SHOW_PRODUCT_INFO_MAIN_SPECIALS_PRODUCTS','3','Show Special Products on Main Page<br />0= off or set the sort order',24,67,NULL,'2020-04-06 19:07:49',NULL,'zen_cfg_select_option(array(\'0\', \'1\', \'2\', \'3\', \'4\'), ',NULL),(504,'Show Upcoming Products on Main Page','SHOW_PRODUCT_INFO_MAIN_UPCOMING','4','Show Upcoming Products on Main Page<br />0= off or set the sort order',24,68,NULL,'2020-04-06 19:07:49',NULL,'zen_cfg_select_option(array(\'0\', \'1\', \'2\', \'3\', \'4\'), ',NULL),(505,'Show New Products on Main Page - Category with SubCategories','SHOW_PRODUCT_INFO_CATEGORY_NEW_PRODUCTS','1','Show New Products on Main Page - Category with SubCategories<br />0= off or set the sort order',24,70,NULL,'2020-04-06 19:07:49',NULL,'zen_cfg_select_option(array(\'0\', \'1\', \'2\', \'3\', \'4\'), ',NULL),(506,'Show Featured Products on Main Page - Category with SubCategories','SHOW_PRODUCT_INFO_CATEGORY_FEATURED_PRODUCTS','2','Show Featured Products on Main Page - Category with SubCategories<br />0= off or set the sort order',24,71,NULL,'2020-04-06 19:07:49',NULL,'zen_cfg_select_option(array(\'0\', \'1\', \'2\', \'3\', \'4\'), ',NULL),(507,'Show Special Products on Main Page - Category with SubCategories','SHOW_PRODUCT_INFO_CATEGORY_SPECIALS_PRODUCTS','3','Show Special Products on Main Page - Category with SubCategories<br />0= off or set the sort order',24,72,NULL,'2020-04-06 19:07:49',NULL,'zen_cfg_select_option(array(\'0\', \'1\', \'2\', \'3\', \'4\'), ',NULL),(508,'Show Upcoming Products on Main Page - Category with SubCategories','SHOW_PRODUCT_INFO_CATEGORY_UPCOMING','4','Show Upcoming Products on Main Page - Category with SubCategories<br />0= off or set the sort order',24,73,NULL,'2020-04-06 19:07:49',NULL,'zen_cfg_select_option(array(\'0\', \'1\', \'2\', \'3\', \'4\'), ',NULL),(509,'Show New Products on Main Page - Errors and Missing Products Page','SHOW_PRODUCT_INFO_MISSING_NEW_PRODUCTS','1','Show New Products on Main Page - Errors and Missing Product<br />0= off or set the sort order',24,75,NULL,'2020-04-06 19:07:49',NULL,'zen_cfg_select_option(array(\'0\', \'1\', \'2\', \'3\', \'4\'), ',NULL),(510,'Show Featured Products on Main Page - Errors and Missing Products Page','SHOW_PRODUCT_INFO_MISSING_FEATURED_PRODUCTS','2','Show Featured Products on Main Page - Errors and Missing Product<br />0= off or set the sort order',24,76,NULL,'2020-04-06 19:07:49',NULL,'zen_cfg_select_option(array(\'0\', \'1\', \'2\', \'3\', \'4\'), ',NULL),(511,'Show Special Products on Main Page - Errors and Missing Products Page','SHOW_PRODUCT_INFO_MISSING_SPECIALS_PRODUCTS','3','Show Special Products on Main Page - Errors and Missing Product<br />0= off or set the sort order',24,77,NULL,'2020-04-06 19:07:49',NULL,'zen_cfg_select_option(array(\'0\', \'1\', \'2\', \'3\', \'4\'), ',NULL),(512,'Show Upcoming Products on Main Page - Errors and Missing Products Page','SHOW_PRODUCT_INFO_MISSING_UPCOMING','4','Show Upcoming Products on Main Page - Errors and Missing Product<br />0= off or set the sort order',24,78,NULL,'2020-04-06 19:07:49',NULL,'zen_cfg_select_option(array(\'0\', \'1\', \'2\', \'3\', \'4\'), ',NULL),(513,'Show New Products - below Product Listing','SHOW_PRODUCT_INFO_LISTING_BELOW_NEW_PRODUCTS','1','Show New Products below Product Listing<br />0= off or set the sort order',24,85,NULL,'2020-04-06 19:07:49',NULL,'zen_cfg_select_option(array(\'0\', \'1\', \'2\', \'3\', \'4\'), ',NULL),(514,'Show Featured Products - below Product Listing','SHOW_PRODUCT_INFO_LISTING_BELOW_FEATURED_PRODUCTS','2','Show Featured Products below Product Listing<br />0= off or set the sort order',24,86,NULL,'2020-04-06 19:07:49',NULL,'zen_cfg_select_option(array(\'0\', \'1\', \'2\', \'3\', \'4\'), ',NULL),(515,'Show Special Products - below Product Listing','SHOW_PRODUCT_INFO_LISTING_BELOW_SPECIALS_PRODUCTS','3','Show Special Products below Product Listing<br />0= off or set the sort order',24,87,NULL,'2020-04-06 19:07:49',NULL,'zen_cfg_select_option(array(\'0\', \'1\', \'2\', \'3\', \'4\'), ',NULL),(516,'Show Upcoming Products - below Product Listing','SHOW_PRODUCT_INFO_LISTING_BELOW_UPCOMING','4','Show Upcoming Products below Product Listing<br />0= off or set the sort order',24,88,NULL,'2020-04-06 19:07:49',NULL,'zen_cfg_select_option(array(\'0\', \'1\', \'2\', \'3\', \'4\'), ',NULL),(517,'New Products Columns per Row','SHOW_PRODUCT_INFO_COLUMNS_NEW_PRODUCTS','3','New Products Columns per Row',24,95,NULL,'2020-04-06 19:07:49',NULL,'zen_cfg_select_option(array(\'1\', \'2\', \'3\', \'4\', \'5\', \'6\', \'7\', \'8\', \'9\', \'10\', \'11\', \'12\'), ',NULL),(518,'Featured Products Columns per Row','SHOW_PRODUCT_INFO_COLUMNS_FEATURED_PRODUCTS','3','Featured Products Columns per Row',24,96,NULL,'2020-04-06 19:07:49',NULL,'zen_cfg_select_option(array(\'1\', \'2\', \'3\', \'4\', \'5\', \'6\', \'7\', \'8\', \'9\', \'10\', \'11\', \'12\'), ',NULL),(519,'Special Products Columns per Row','SHOW_PRODUCT_INFO_COLUMNS_SPECIALS_PRODUCTS','3','Special Products Columns per Row',24,97,NULL,'2020-04-06 19:07:49',NULL,'zen_cfg_select_option(array(\'1\', \'2\', \'3\', \'4\', \'5\', \'6\', \'7\', \'8\', \'9\', \'10\', \'11\', \'12\'), ',NULL),(520,'Filter Product Listing for Current Top Level Category When Enabled','SHOW_PRODUCT_INFO_ALL_PRODUCTS','1','Filter the products when Product Listing is enabled for current Main Category or show products from all categories?<br />0= Filter Off 1=Filter On ',24,100,NULL,'2020-04-06 19:07:49',NULL,'zen_cfg_select_option(array(\'0\', \'1\'), ',NULL),(521,'Define Main Page Status','DEFINE_MAIN_PAGE_STATUS','1','Enable the Defined Main Page Link/Text?<br />0= Link ON, Define Text OFF<br />1= Link ON, Define Text ON<br />2= Link OFF, Define Text ON<br />3= Link OFF, Define Text OFF',25,60,'2020-04-06 19:07:49','2020-04-06 19:07:49',NULL,'zen_cfg_select_option(array(\'0\', \'1\', \'2\', \'3\'),',NULL),(522,'Define Contact Us Status','DEFINE_CONTACT_US_STATUS','1','Enable the Defined Contact Us Link/Text?<br />0= Link ON, Define Text OFF<br />1= Link ON, Define Text ON<br />2= Link OFF, Define Text ON<br />3= Link OFF, Define Text OFF',25,61,'2020-04-06 19:07:49','2020-04-06 19:07:49',NULL,'zen_cfg_select_option(array(\'0\', \'1\', \'2\', \'3\'),',NULL),(523,'Define Privacy Status','DEFINE_PRIVACY_STATUS','1','Enable the Defined Privacy Link/Text?<br />0= Link ON, Define Text OFF<br />1= Link ON, Define Text ON<br />2= Link OFF, Define Text ON<br />3= Link OFF, Define Text OFF',25,62,'2020-04-06 19:07:49','2020-04-06 19:07:49',NULL,'zen_cfg_select_option(array(\'0\', \'1\', \'2\', \'3\'),',NULL),(524,'Define Shipping & Returns','DEFINE_SHIPPINGINFO_STATUS','1','Enable the Defined Shipping & Returns Link/Text?<br />0= Link ON, Define Text OFF<br />1= Link ON, Define Text ON<br />2= Link OFF, Define Text ON<br />3= Link OFF, Define Text OFF',25,63,'2020-04-06 19:07:49','2020-04-06 19:07:49',NULL,'zen_cfg_select_option(array(\'0\', \'1\', \'2\', \'3\'),',NULL),(525,'Define Conditions of Use','DEFINE_CONDITIONS_STATUS','1','Enable the Defined Conditions of Use Link/Text?<br />0= Link ON, Define Text OFF<br />1= Link ON, Define Text ON<br />2= Link OFF, Define Text ON<br />3= Link OFF, Define Text OFF',25,64,'2020-04-06 19:07:49','2020-04-06 19:07:49',NULL,'zen_cfg_select_option(array(\'0\', \'1\', \'2\', \'3\'),',NULL),(526,'Define Checkout Success','DEFINE_CHECKOUT_SUCCESS_STATUS','1','Enable the Defined Checkout Success Link/Text?<br />0= Link ON, Define Text OFF<br />1= Link ON, Define Text ON<br />2= Link OFF, Define Text ON<br />3= Link OFF, Define Text OFF',25,65,'2020-04-06 19:07:49','2020-04-06 19:07:49',NULL,'zen_cfg_select_option(array(\'0\', \'1\', \'2\', \'3\'),',NULL),(527,'Define Discount Coupon','DEFINE_DISCOUNT_COUPON_STATUS','1','Enable the Defined Discount Coupon Link/Text?<br />0= Link ON, Define Text OFF<br />1= Link ON, Define Text ON<br />2= Link OFF, Define Text ON<br />3= Link OFF, Define Text OFF',25,66,'2020-04-06 19:07:49','2020-04-06 19:07:49',NULL,'zen_cfg_select_option(array(\'0\', \'1\', \'2\', \'3\'),',NULL),(528,'Define Site Map Status','DEFINE_SITE_MAP_STATUS','1','Enable the Defined Site Map Link/Text?<br />0= Link ON, Define Text OFF<br />1= Link ON, Define Text ON<br />2= Link OFF, Define Text ON<br />3= Link OFF, Define Text OFF',25,67,'2020-04-06 19:07:49','2020-04-06 19:07:49',NULL,'zen_cfg_select_option(array(\'0\', \'1\', \'2\', \'3\'),',NULL),(529,'Define Page-Not-Found Status','DEFINE_PAGE_NOT_FOUND_STATUS','1','Enable the Defined Page-Not-Found Text from define-pages?<br />0= Define Text OFF<br />1= Define Text ON',25,67,'2020-04-06 19:07:49','2020-04-06 19:07:49',NULL,'zen_cfg_select_option(array(\'0\', \'1\'),',NULL),(530,'Define Page 2','DEFINE_PAGE_2_STATUS','1','Enable the Defined Page 2 Link/Text?<br />0= Link ON, Define Text OFF<br />1= Link ON, Define Text ON<br />2= Link OFF, Define Text ON<br />3= Link OFF, Define Text OFF',25,82,'2020-04-06 19:07:49','2020-04-06 19:07:49',NULL,'zen_cfg_select_option(array(\'0\', \'1\', \'2\', \'3\'),',NULL),(531,'Define Page 3','DEFINE_PAGE_3_STATUS','1','Enable the Defined Page 3 Link/Text?<br />0= Link ON, Define Text OFF<br />1= Link ON, Define Text ON<br />2= Link OFF, Define Text ON<br />3= Link OFF, Define Text OFF',25,83,'2020-04-06 19:07:49','2020-04-06 19:07:49',NULL,'zen_cfg_select_option(array(\'0\', \'1\', \'2\', \'3\'),',NULL),(532,'Define Page 4','DEFINE_PAGE_4_STATUS','1','Enable the Defined Page 4 Link/Text?<br />0= Link ON, Define Text OFF<br />1= Link ON, Define Text ON<br />2= Link OFF, Define Text ON<br />3= Link OFF, Define Text OFF',25,84,'2020-04-06 19:07:49','2020-04-06 19:07:49',NULL,'zen_cfg_select_option(array(\'0\', \'1\', \'2\', \'3\'),',NULL),(533,'EZ-Pages Display Status - HeaderBar','EZPAGES_STATUS_HEADER','1','Display of EZ-Pages content can be Globally enabled/disabled for the Header Bar<br />0 = Off<br />1 = On<br />2= On ADMIN IP ONLY located in Website Maintenance<br />NOTE: Warning only shows to the Admin and not to the public',30,10,NULL,'2020-04-06 19:07:49',NULL,'zen_cfg_select_option(array(\'0\', \'1\', \'2\'), ',NULL),(534,'EZ-Pages Display Status - FooterBar','EZPAGES_STATUS_FOOTER','1','Display of EZ-Pages content can be Globally enabled/disabled for the Footer Bar<br />0 = Off<br />1 = On<br />2= On ADMIN IP ONLY located in Website Maintenance<br />NOTE: Warning only shows to the Admin and not to the public',30,11,NULL,'2020-04-06 19:07:49',NULL,'zen_cfg_select_option(array(\'0\', \'1\', \'2\'), ',NULL),(535,'EZ-Pages Display Status - Sidebox','EZPAGES_STATUS_SIDEBOX','1','Display of EZ-Pages content can be Globally enabled/disabled for the Sidebox<br />0 = Off<br />1 = On<br />2= On ADMIN IP ONLY located in Website Maintenance<br />NOTE: Warning only shows to the Admin and not to the public',30,12,NULL,'2020-04-06 19:07:49',NULL,'zen_cfg_select_option(array(\'0\', \'1\', \'2\'), ',NULL),(536,'EZ-Pages Header Link Separator','EZPAGES_SEPARATOR_HEADER','&nbsp;::&nbsp;','EZ-Pages Header Link Separator<br />Default = &amp;nbsp;::&amp;nbsp;',30,20,NULL,'2020-04-06 19:07:49',NULL,'zen_cfg_textarea_small(',NULL),(537,'EZ-Pages Footer Link Separator','EZPAGES_SEPARATOR_FOOTER','&nbsp;::&nbsp;','EZ-Pages Footer Link Separator<br />Default = &amp;nbsp;::&amp;nbsp;',30,21,NULL,'2020-04-06 19:07:49',NULL,'zen_cfg_textarea_small(',NULL),(538,'EZ-Pages Prev/Next Buttons','EZPAGES_SHOW_PREV_NEXT_BUTTONS','2','Display Prev/Continue/Next buttons on EZ-Pages pages?<br />0=OFF (no buttons)<br />1=\"Continue\"<br />2=\"Prev/Continue/Next\"<br /><br />Default setting: 2.',30,30,NULL,'2020-04-06 19:07:49',NULL,'zen_cfg_select_option(array(\'0\', \'1\', \'2\'), ',NULL),(539,'EZ-Pages Table of Contents for Chapters Status','EZPAGES_SHOW_TABLE_CONTENTS','1','Enable EZ-Pages Table of Contents for Chapters?<br />0= OFF<br />1= ON',30,35,'2020-04-06 19:07:49','2020-04-06 19:07:49',NULL,'zen_cfg_select_option(array(\'0\', \'1\'),',NULL),(540,'EZ-Pages Pages to disable headers','EZPAGES_DISABLE_HEADER_DISPLAY_LIST','','EZ-Pages \"pages\" on which to NOT display the normal \"header\" for your site.<br />Simply list page ID numbers separated by commas with no spaces.<br />Page ID numbers can be obtained from the EZ-Pages screen under Admin->Tools.<br />ie: 1,5,2<br />or leave blank.',30,40,NULL,'2020-04-06 19:07:49',NULL,'zen_cfg_textarea_small(',NULL),(541,'EZ-Pages Pages to disable footers','EZPAGES_DISABLE_FOOTER_DISPLAY_LIST','','EZ-Pages \"pages\" on which to NOT display the normal \"footer\" for your site.<br />Simply list page ID numbers separated by commas with no spaces.<br />Page ID numbers can be obtained from the EZ-Pages screen under Admin->Tools.<br />ie: 3,7<br />or leave blank.',30,41,NULL,'2020-04-06 19:07:49',NULL,'zen_cfg_textarea_small(',NULL),(542,'EZ-Pages Pages to disable left-column','EZPAGES_DISABLE_LEFTCOLUMN_DISPLAY_LIST','','EZ-Pages \"pages\" on which to NOT display the normal \"left\" column (of sideboxes) for your site.<br />Simply list page ID numbers separated by commas with no spaces.<br />Page ID numbers can be obtained from the EZ-Pages screen under Admin->Tools.<br />ie: 21<br />or leave blank.',30,42,NULL,'2020-04-06 19:07:49',NULL,'zen_cfg_textarea_small(',NULL),(543,'EZ-Pages Pages to disable right-column','EZPAGES_DISABLE_RIGHTCOLUMN_DISPLAY_LIST','','EZ-Pages \"pages\" on which to NOT display the normal \"right\" column (of sideboxes) for your site.<br />Simply list page ID numbers separated by commas with no spaces.<br />Page ID numbers can be obtained from the EZ-Pages screen under Admin->Tools.<br />ie: 3,82,13<br />or leave blank.',30,43,NULL,'2020-04-06 19:07:49',NULL,'zen_cfg_textarea_small(',NULL),(544,'Convert currencies for Text emails','CURRENCIES_TRANSLATIONS','&pound;,£:&euro;,€:&reg;,®:&trade;,™','What currency conversions do you need for Text emails?<br />Example = &amp;pound;,&pound;:&amp;euro;,&euro;',12,120,NULL,'2003-11-21 00:00:00',NULL,'zen_cfg_textarea_small(',NULL);

--
-- Table structure for table `configuration_group`
--

CREATE TABLE `configuration_group` (
  `configuration_group_id` int(11) NOT NULL AUTO_INCREMENT,
  `configuration_group_title` varchar(64) NOT NULL DEFAULT '',
  `configuration_group_description` varchar(255) NOT NULL DEFAULT '',
  `sort_order` int(5) DEFAULT NULL,
  `visible` int(1) DEFAULT '1',
  PRIMARY KEY (`configuration_group_id`),
  KEY `idx_visible_zen` (`visible`)
) ENGINE=MyISAM AUTO_INCREMENT=31 DEFAULT CHARSET=utf8mb4;

--
-- Dumping data for table `configuration_group`
--

INSERT INTO `configuration_group` VALUES (1,'My Store','General information about my store',1,1),(2,'Minimum Values','The minimum values for functions / data',2,1),(3,'Maximum Values','The maximum values for functions / data',3,1),(4,'Images','Image parameters',4,1),(5,'Customer Details','Customer account configuration',5,1),(6,'Module Options','Hidden from configuration',6,0),(7,'Shipping/Packaging','Shipping options available at my store',7,1),(8,'Product Listing','Product Listing configuration options',8,1),(9,'Stock','Stock configuration options',9,1),(10,'Logging','Logging configuration options',10,1),(11,'Regulations','Regulation options',16,1),(12,'E-Mail Options','General settings for E-Mail transport and HTML E-Mails',12,1),(13,'Attribute Settings','Configure products attributes settings',13,1),(14,'GZip Compression','GZip compression options',14,1),(15,'Sessions','Session options',15,1),(16,'GV Coupons','Gift Vouchers and Coupons',16,1),(17,'Credit Cards','Credit Cards Accepted',17,1),(18,'Product Info','Product Info Display Options',18,1),(19,'Layout Settings','Layout Options',19,1),(20,'Website Maintenance','Website Maintenance Options',20,1),(21,'New Listing','New Products Listing',21,1),(22,'Featured Listing','Featured Products Listing',22,1),(23,'All Listing','All Products Listing',23,1),(24,'Index Listing','Index Products Listing',24,1),(25,'Define Page Status','Define Pages Options Settings',25,1),(30,'EZ-Pages Settings','EZ-Pages Settings',30,1);

--
-- Table structure for table `counter`
--

CREATE TABLE `counter` (
  `startdate` char(8) DEFAULT NULL,
  `counter` int(12) DEFAULT NULL
) ENGINE=MyISAM DEFAULT CHARSET=utf8mb4;

--
-- Dumping data for table `counter`
--

INSERT INTO `counter` VALUES ('20200406',6);

--
-- Table structure for table `counter_history`
--

CREATE TABLE `counter_history` (
  `startdate` char(8) NOT NULL DEFAULT '',
  `counter` int(12) DEFAULT NULL,
  `session_counter` int(12) DEFAULT NULL,
  PRIMARY KEY (`startdate`)
) ENGINE=MyISAM DEFAULT CHARSET=utf8mb4;

--
-- Dumping data for table `counter_history`
--

INSERT INTO `counter_history` VALUES ('20200406',6,1);

--
-- Table structure for table `countries`
--

CREATE TABLE `countries` (
  `countries_id` int(11) NOT NULL AUTO_INCREMENT,
  `countries_name` varchar(64) NOT NULL DEFAULT '',
  `countries_iso_code_2` char(2) NOT NULL DEFAULT '',
  `countries_iso_code_3` char(3) NOT NULL DEFAULT '',
  `address_format_id` int(11) NOT NULL DEFAULT '0',
  `status` tinyint(1) DEFAULT '1',
  PRIMARY KEY (`countries_id`),
  KEY `idx_countries_name_zen` (`countries_name`),
  KEY `idx_address_format_id_zen` (`address_format_id`),
  KEY `idx_iso_2_zen` (`countries_iso_code_2`),
  KEY `idx_iso_3_zen` (`countries_iso_code_3`)
) ENGINE=MyISAM AUTO_INCREMENT=249 DEFAULT CHARSET=utf8mb4;

--
-- Dumping data for table `countries`
--

INSERT INTO `countries` VALUES (240,'Åland Islands','AX','ALA',1,1),(1,'Afghanistan','AF','AFG',1,1),(2,'Albania','AL','ALB',1,1),(3,'Algeria','DZ','DZA',1,1),(4,'American Samoa','AS','ASM',1,1),(5,'Andorra','AD','AND',1,1),(6,'Angola','AO','AGO',1,1),(7,'Anguilla','AI','AIA',1,1),(8,'Antarctica','AQ','ATA',1,1),(9,'Antigua and Barbuda','AG','ATG',1,1),(10,'Argentina','AR','ARG',1,1),(11,'Armenia','AM','ARM',1,1),(12,'Aruba','AW','ABW',1,1),(13,'Australia','AU','AUS',7,1),(14,'Austria','AT','AUT',5,1),(15,'Azerbaijan','AZ','AZE',1,1),(16,'Bahamas','BS','BHS',1,1),(17,'Bahrain','BH','BHR',1,1),(18,'Bangladesh','BD','BGD',1,1),(19,'Barbados','BB','BRB',1,1),(20,'Belarus','BY','BLR',1,1),(21,'Belgium','BE','BEL',5,1),(22,'Belize','BZ','BLZ',1,1),(23,'Benin','BJ','BEN',1,1),(24,'Bermuda','BM','BMU',1,1),(25,'Bhutan','BT','BTN',1,1),(26,'Bolivia','BO','BOL',1,1),(27,'Bosnia and Herzegowina','BA','BIH',1,1),(28,'Botswana','BW','BWA',1,1),(29,'Bouvet Island','BV','BVT',1,1),(30,'Brazil','BR','BRA',1,1),(31,'British Indian Ocean Territory','IO','IOT',1,1),(32,'Brunei Darussalam','BN','BRN',1,1),(33,'Bulgaria','BG','BGR',1,1),(34,'Burkina Faso','BF','BFA',1,1),(35,'Burundi','BI','BDI',1,1),(36,'Cambodia','KH','KHM',1,1),(37,'Cameroon','CM','CMR',1,1),(38,'Canada','CA','CAN',2,1),(39,'Cape Verde','CV','CPV',1,1),(40,'Cayman Islands','KY','CYM',1,1),(41,'Central African Republic','CF','CAF',1,1),(42,'Chad','TD','TCD',1,1),(43,'Chile','CL','CHL',1,1),(44,'China','CN','CHN',1,1),(45,'Christmas Island','CX','CXR',1,1),(46,'Cocos (Keeling) Islands','CC','CCK',1,1),(47,'Colombia','CO','COL',1,1),(48,'Comoros','KM','COM',1,1),(49,'Congo','CG','COG',1,1),(50,'Cook Islands','CK','COK',1,1),(51,'Costa Rica','CR','CRI',1,1),(52,'Côte d\'Ivoire','CI','CIV',1,1),(53,'Croatia','HR','HRV',1,1),(54,'Cuba','CU','CUB',1,1),(55,'Cyprus','CY','CYP',1,1),(56,'Czech Republic','CZ','CZE',1,1),(57,'Denmark','DK','DNK',1,1),(58,'Djibouti','DJ','DJI',1,1),(59,'Dominica','DM','DMA',1,1),(60,'Dominican Republic','DO','DOM',1,1),(61,'Timor-Leste','TL','TLS',1,1),(62,'Ecuador','EC','ECU',1,1),(63,'Egypt','EG','EGY',1,1),(64,'El Salvador','SV','SLV',1,1),(65,'Equatorial Guinea','GQ','GNQ',1,1),(66,'Eritrea','ER','ERI',1,1),(67,'Estonia','EE','EST',1,1),(68,'Ethiopia','ET','ETH',1,1),(69,'Falkland Islands (Malvinas)','FK','FLK',1,1),(70,'Faroe Islands','FO','FRO',1,1),(71,'Fiji','FJ','FJI',1,1),(72,'Finland','FI','FIN',1,1),(73,'France','FR','FRA',1,1),(75,'French Guiana','GF','GUF',1,1),(76,'French Polynesia','PF','PYF',1,1),(77,'French Southern Territories','TF','ATF',1,1),(78,'Gabon','GA','GAB',1,1),(79,'Gambia','GM','GMB',1,1),(80,'Georgia','GE','GEO',1,1),(81,'Germany','DE','DEU',5,1),(82,'Ghana','GH','GHA',1,1),(83,'Gibraltar','GI','GIB',1,1),(84,'Greece','GR','GRC',1,1),(85,'Greenland','GL','GRL',1,1),(86,'Grenada','GD','GRD',1,1),(87,'Guadeloupe','GP','GLP',1,1),(88,'Guam','GU','GUM',1,1),(89,'Guatemala','GT','GTM',1,1),(90,'Guinea','GN','GIN',1,1),(91,'Guinea-bissau','GW','GNB',1,1),(92,'Guyana','GY','GUY',1,1),(93,'Haiti','HT','HTI',1,1),(94,'Heard and Mc Donald Islands','HM','HMD',1,1),(95,'Honduras','HN','HND',1,1),(96,'Hong Kong','HK','HKG',1,1),(97,'Hungary','HU','HUN',1,1),(98,'Iceland','IS','ISL',1,1),(99,'India','IN','IND',1,1),(100,'Indonesia','ID','IDN',1,1),(101,'Iran (Islamic Republic of)','IR','IRN',1,1),(102,'Iraq','IQ','IRQ',1,1),(103,'Ireland','IE','IRL',1,1),(104,'Israel','IL','ISR',1,1),(105,'Italy','IT','ITA',5,1),(106,'Jamaica','JM','JAM',1,1),(107,'Japan','JP','JPN',1,1),(108,'Jordan','JO','JOR',1,1),(109,'Kazakhstan','KZ','KAZ',1,1),(110,'Kenya','KE','KEN',1,1),(111,'Kiribati','KI','KIR',1,1),(112,'Korea, Democratic People\'s Republic of','KP','PRK',1,1),(113,'Korea, Republic of','KR','KOR',1,1),(114,'Kuwait','KW','KWT',1,1),(115,'Kyrgyzstan','KG','KGZ',1,1),(116,'Lao People\'s Democratic Republic','LA','LAO',1,1),(117,'Latvia','LV','LVA',1,1),(118,'Lebanon','LB','LBN',1,1),(119,'Lesotho','LS','LSO',1,1),(120,'Liberia','LR','LBR',1,1),(121,'Libya','LY','LBY',1,1),(122,'Liechtenstein','LI','LIE',1,1),(123,'Lithuania','LT','LTU',1,1),(124,'Luxembourg','LU','LUX',1,1),(125,'Macao','MO','MAC',1,1),(126,'Macedonia, The Former Yugoslav Republic of','MK','MKD',1,1),(127,'Madagascar','MG','MDG',1,1),(128,'Malawi','MW','MWI',1,1),(129,'Malaysia','MY','MYS',1,1),(130,'Maldives','MV','MDV',1,1),(131,'Mali','ML','MLI',1,1),(132,'Malta','MT','MLT',1,1),(133,'Marshall Islands','MH','MHL',1,1),(134,'Martinique','MQ','MTQ',1,1),(135,'Mauritania','MR','MRT',1,1),(136,'Mauritius','MU','MUS',1,1),(137,'Mayotte','YT','MYT',1,1),(138,'Mexico','MX','MEX',1,1),(139,'Micronesia, Federated States of','FM','FSM',1,1),(140,'Moldova','MD','MDA',1,1),(141,'Monaco','MC','MCO',1,1),(142,'Mongolia','MN','MNG',1,1),(143,'Montserrat','MS','MSR',1,1),(144,'Morocco','MA','MAR',1,1),(145,'Mozambique','MZ','MOZ',1,1),(146,'Myanmar','MM','MMR',1,1),(147,'Namibia','NA','NAM',1,1),(148,'Nauru','NR','NRU',1,1),(149,'Nepal','NP','NPL',1,1),(150,'Netherlands','NL','NLD',5,1),(151,'Bonaire, Sint Eustatius and Saba','BQ','BES',1,1),(152,'New Caledonia','NC','NCL',1,1),(153,'New Zealand','NZ','NZL',1,1),(154,'Nicaragua','NI','NIC',1,1),(155,'Niger','NE','NER',1,1),(156,'Nigeria','NG','NGA',1,1),(157,'Niue','NU','NIU',1,1),(158,'Norfolk Island','NF','NFK',1,1),(159,'Northern Mariana Islands','MP','MNP',1,1),(160,'Norway','NO','NOR',1,1),(161,'Oman','OM','OMN',1,1),(162,'Pakistan','PK','PAK',1,1),(163,'Palau','PW','PLW',1,1),(164,'Panama','PA','PAN',1,1),(165,'Papua New Guinea','PG','PNG',1,1),(166,'Paraguay','PY','PRY',1,1),(167,'Peru','PE','PER',1,1),(168,'Philippines','PH','PHL',1,1),(169,'Pitcairn','PN','PCN',1,1),(170,'Poland','PL','POL',1,1),(171,'Portugal','PT','PRT',1,1),(172,'Puerto Rico','PR','PRI',1,1),(173,'Qatar','QA','QAT',1,1),(174,'Réunion','RE','REU',1,1),(175,'Romania','RO','ROU',1,1),(176,'Russian Federation','RU','RUS',1,1),(177,'Rwanda','RW','RWA',1,1),(178,'Saint Kitts and Nevis','KN','KNA',1,1),(179,'Saint Lucia','LC','LCA',1,1),(180,'Saint Vincent and the Grenadines','VC','VCT',1,1),(181,'Samoa','WS','WSM',1,1),(182,'San Marino','SM','SMR',1,1),(183,'Sao Tome and Principe','ST','STP',1,1),(184,'Saudi Arabia','SA','SAU',1,1),(185,'Senegal','SN','SEN',1,1),(186,'Seychelles','SC','SYC',1,1),(187,'Sierra Leone','SL','SLE',1,1),(188,'Singapore','SG','SGP',4,1),(189,'Slovakia (Slovak Republic)','SK','SVK',1,1),(190,'Slovenia','SI','SVN',1,1),(191,'Solomon Islands','SB','SLB',1,1),(192,'Somalia','SO','SOM',1,1),(193,'South Africa','ZA','ZAF',1,1),(194,'South Georgia and the South Sandwich Islands','GS','SGS',1,1),(195,'Spain','ES','ESP',3,1),(196,'Sri Lanka','LK','LKA',1,1),(197,'St. Helena','SH','SHN',1,1),(198,'St. Pierre and Miquelon','PM','SPM',1,1),(199,'Sudan','SD','SDN',1,1),(200,'Suriname','SR','SUR',1,1),(201,'Svalbard and Jan Mayen Islands','SJ','SJM',1,1),(202,'Swaziland','SZ','SWZ',1,1),(203,'Sweden','SE','SWE',5,1),(204,'Switzerland','CH','CHE',1,1),(205,'Syrian Arab Republic','SY','SYR',1,1),(206,'Taiwan','TW','TWN',1,1),(207,'Tajikistan','TJ','TJK',1,1),(208,'Tanzania, United Republic of','TZ','TZA',1,1),(209,'Thailand','TH','THA',1,1),(210,'Togo','TG','TGO',1,1),(211,'Tokelau','TK','TKL',1,1),(212,'Tonga','TO','TON',1,1),(213,'Trinidad and Tobago','TT','TTO',1,1),(214,'Tunisia','TN','TUN',1,1),(215,'Turkey','TR','TUR',1,1),(216,'Turkmenistan','TM','TKM',1,1),(217,'Turks and Caicos Islands','TC','TCA',1,1),(218,'Tuvalu','TV','TUV',1,1),(219,'Uganda','UG','UGA',1,1),(220,'Ukraine','UA','UKR',1,1),(221,'United Arab Emirates','AE','ARE',1,1),(222,'United Kingdom','GB','GBR',6,1),(223,'United States','US','USA',2,1),(224,'United States Minor Outlying Islands','UM','UMI',1,1),(225,'Uruguay','UY','URY',1,1),(226,'Uzbekistan','UZ','UZB',1,1),(227,'Vanuatu','VU','VUT',1,1),(228,'Vatican City State (Holy See)','VA','VAT',1,1),(229,'Venezuela','VE','VEN',1,1),(230,'Viet Nam','VN','VNM',1,1),(231,'Virgin Islands (British)','VG','VGB',1,1),(232,'Virgin Islands (U.S.)','VI','VIR',1,1),(233,'Wallis and Futuna Islands','WF','WLF',1,1),(234,'Western Sahara','EH','ESH',1,1),(235,'Yemen','YE','YEM',1,1),(236,'Serbia','RS','SRB',1,1),(238,'Zambia','ZM','ZMB',1,1),(239,'Zimbabwe','ZW','ZWE',1,1),(241,'Palestine, State of','PS','PSE',1,1),(242,'Montenegro','ME','MNE',1,1),(243,'Guernsey','GG','GGY',1,1),(244,'Isle of Man','IM','IMN',1,1),(245,'Jersey','JE','JEY',1,1),(246,'South Sudan','SS','SSD',1,1),(247,'Curaçao','CW','CUW',1,1),(248,'Sint Maarten (Dutch part)','SX','SXM',1,1);

--
-- Table structure for table `coupon_email_track`
--

CREATE TABLE `coupon_email_track` (
  `unique_id` int(11) NOT NULL AUTO_INCREMENT,
  `coupon_id` int(11) NOT NULL DEFAULT '0',
  `customer_id_sent` int(11) NOT NULL DEFAULT '0',
  `sent_firstname` varchar(32) DEFAULT NULL,
  `sent_lastname` varchar(32) DEFAULT NULL,
  `emailed_to` varchar(32) DEFAULT NULL,
  `date_sent` datetime NOT NULL DEFAULT '0001-01-01 00:00:00',
  PRIMARY KEY (`unique_id`),
  KEY `idx_coupon_id_zen` (`coupon_id`)
) ENGINE=MyISAM DEFAULT CHARSET=utf8mb4;

--
-- Dumping data for table `coupon_email_track`
--


--
-- Table structure for table `coupon_gv_customer`
--

CREATE TABLE `coupon_gv_customer` (
  `customer_id` int(5) NOT NULL DEFAULT '0',
  `amount` decimal(15,4) NOT NULL DEFAULT '0.0000',
  PRIMARY KEY (`customer_id`)
) ENGINE=MyISAM DEFAULT CHARSET=utf8mb4;

--
-- Dumping data for table `coupon_gv_customer`
--


--
-- Table structure for table `coupon_gv_queue`
--

CREATE TABLE `coupon_gv_queue` (
  `unique_id` int(5) NOT NULL AUTO_INCREMENT,
  `customer_id` int(5) NOT NULL DEFAULT '0',
  `order_id` int(5) NOT NULL DEFAULT '0',
  `amount` decimal(15,4) NOT NULL DEFAULT '0.0000',
  `date_created` datetime NOT NULL DEFAULT '0001-01-01 00:00:00',
  `ipaddr` varchar(45) NOT NULL DEFAULT '',
  `release_flag` char(1) NOT NULL DEFAULT 'N',
  PRIMARY KEY (`unique_id`),
  KEY `idx_cust_id_order_id_zen` (`customer_id`,`order_id`),
  KEY `idx_release_flag_zen` (`release_flag`)
) ENGINE=MyISAM DEFAULT CHARSET=utf8mb4;

--
-- Dumping data for table `coupon_gv_queue`
--


--
-- Table structure for table `coupon_redeem_track`
--

CREATE TABLE `coupon_redeem_track` (
  `unique_id` int(11) NOT NULL AUTO_INCREMENT,
  `coupon_id` int(11) NOT NULL DEFAULT '0',
  `customer_id` int(11) NOT NULL DEFAULT '0',
  `redeem_date` datetime NOT NULL DEFAULT '0001-01-01 00:00:00',
  `redeem_ip` varchar(45) NOT NULL DEFAULT '',
  `order_id` int(11) NOT NULL DEFAULT '0',
  PRIMARY KEY (`unique_id`),
  KEY `idx_coupon_id_zen` (`coupon_id`)
) ENGINE=MyISAM DEFAULT CHARSET=utf8mb4;

--
-- Dumping data for table `coupon_redeem_track`
--


--
-- Table structure for table `coupon_restrict`
--

CREATE TABLE `coupon_restrict` (
  `restrict_id` int(11) NOT NULL AUTO_INCREMENT,
  `coupon_id` int(11) NOT NULL DEFAULT '0',
  `product_id` int(11) NOT NULL DEFAULT '0',
  `category_id` int(11) NOT NULL DEFAULT '0',
  `coupon_restrict` char(1) NOT NULL DEFAULT 'N',
  PRIMARY KEY (`restrict_id`),
  KEY `idx_coup_id_prod_id_zen` (`coupon_id`,`product_id`)
) ENGINE=MyISAM DEFAULT CHARSET=utf8mb4;

--
-- Dumping data for table `coupon_restrict`
--


--
-- Table structure for table `coupons`
--

CREATE TABLE `coupons` (
  `coupon_id` int(11) NOT NULL AUTO_INCREMENT,
  `coupon_type` char(1) NOT NULL DEFAULT 'F',
  `coupon_code` varchar(32) NOT NULL DEFAULT '',
  `coupon_amount` decimal(15,4) NOT NULL DEFAULT '0.0000',
  `coupon_minimum_order` decimal(15,4) NOT NULL DEFAULT '0.0000',
  `coupon_start_date` datetime NOT NULL DEFAULT '0001-01-01 00:00:00',
  `coupon_expire_date` datetime NOT NULL DEFAULT '0001-01-01 00:00:00',
  `uses_per_coupon` int(5) NOT NULL DEFAULT '1',
  `uses_per_user` int(5) NOT NULL DEFAULT '0',
  `restrict_to_products` varchar(255) DEFAULT NULL,
  `restrict_to_categories` varchar(255) DEFAULT NULL,
  `restrict_to_customers` text,
  `coupon_active` char(1) NOT NULL DEFAULT 'Y',
  `date_created` datetime NOT NULL DEFAULT '0001-01-01 00:00:00',
  `date_modified` datetime NOT NULL DEFAULT '0001-01-01 00:00:00',
  `coupon_zone_restriction` int(11) NOT NULL DEFAULT '0',
  `coupon_calc_base` tinyint(1) NOT NULL DEFAULT '0',
  `coupon_order_limit` int(4) NOT NULL DEFAULT '0',
  `coupon_is_valid_for_sales` tinyint(1) NOT NULL DEFAULT '1',
  `coupon_product_count` tinyint(1) NOT NULL DEFAULT '0',
  PRIMARY KEY (`coupon_id`),
  KEY `idx_active_type_zen` (`coupon_active`,`coupon_type`),
  KEY `idx_coupon_code_zen` (`coupon_code`),
  KEY `idx_coupon_type_zen` (`coupon_type`)
) ENGINE=MyISAM DEFAULT CHARSET=utf8mb4;

--
-- Dumping data for table `coupons`
--


--
-- Table structure for table `coupons_description`
--

CREATE TABLE `coupons_description` (
  `coupon_id` int(11) NOT NULL DEFAULT '0',
  `language_id` int(11) NOT NULL DEFAULT '0',
  `coupon_name` varchar(64) NOT NULL DEFAULT '',
  `coupon_description` text,
  PRIMARY KEY (`coupon_id`,`language_id`)
) ENGINE=MyISAM DEFAULT CHARSET=utf8mb4;

--
-- Dumping data for table `coupons_description`
--


--
-- Table structure for table `currencies`
--

CREATE TABLE `currencies` (
  `currencies_id` int(11) NOT NULL AUTO_INCREMENT,
  `title` varchar(32) NOT NULL DEFAULT '',
  `code` char(3) NOT NULL DEFAULT '',
  `symbol_left` varchar(32) DEFAULT NULL,
  `symbol_right` varchar(32) DEFAULT NULL,
  `decimal_point` char(1) DEFAULT NULL,
  `thousands_point` char(1) DEFAULT NULL,
  `decimal_places` char(1) DEFAULT NULL,
  `value` decimal(14,6) DEFAULT NULL,
  `last_updated` datetime DEFAULT NULL,
  PRIMARY KEY (`currencies_id`)
) ENGINE=MyISAM AUTO_INCREMENT=6 DEFAULT CHARSET=utf8mb4;

--
-- Dumping data for table `currencies`
--

INSERT INTO `currencies` VALUES (1,'US Dollar','USD','$','','.',',','2',1.000000,'2020-04-06 19:07:49'),(2,'Euro','EUR','&euro;','','.',',','2',0.773000,'2020-04-06 19:07:49'),(3,'GB Pound','GBP','&pound;','','.',',','2',0.672600,'2020-04-06 19:07:49'),(4,'Canadian Dollar','CAD','$','','.',',','2',1.104200,'2020-04-06 19:07:49'),(5,'Australian Dollar','AUD','$','','.',',','2',1.178900,'2020-04-06 19:07:49');

--
-- Table structure for table `customers`
--

CREATE TABLE `customers` (
  `customers_id` int(11) NOT NULL AUTO_INCREMENT,
  `customers_gender` char(1) NOT NULL DEFAULT '',
  `customers_firstname` varchar(32) NOT NULL DEFAULT '',
  `customers_lastname` varchar(32) NOT NULL DEFAULT '',
  `customers_dob` datetime NOT NULL DEFAULT '0001-01-01 00:00:00',
  `customers_email_address` varchar(96) NOT NULL DEFAULT '',
  `customers_nick` varchar(96) NOT NULL DEFAULT '',
  `customers_default_address_id` int(11) NOT NULL DEFAULT '0',
  `customers_telephone` varchar(32) NOT NULL DEFAULT '',
  `customers_fax` varchar(32) DEFAULT NULL,
  `customers_password` varchar(255) NOT NULL DEFAULT '',
  `customers_newsletter` char(1) DEFAULT NULL,
  `customers_group_pricing` int(11) NOT NULL DEFAULT '0',
  `customers_email_format` varchar(4) NOT NULL DEFAULT 'TEXT',
  `customers_authorization` int(1) NOT NULL DEFAULT '0',
  `customers_referral` varchar(32) NOT NULL DEFAULT '',
  `customers_paypal_payerid` varchar(20) NOT NULL DEFAULT '',
  `customers_paypal_ec` tinyint(1) unsigned NOT NULL DEFAULT '0',
  PRIMARY KEY (`customers_id`),
  KEY `idx_email_address_zen` (`customers_email_address`),
  KEY `idx_referral_zen` (`customers_referral`(10)),
  KEY `idx_grp_pricing_zen` (`customers_group_pricing`),
  KEY `idx_nick_zen` (`customers_nick`),
  KEY `idx_newsletter_zen` (`customers_newsletter`)
) ENGINE=MyISAM AUTO_INCREMENT=2 DEFAULT CHARSET=utf8mb4;

--
-- Dumping data for table `customers`
--

INSERT INTO `customers` VALUES (1,'m','Bill','Smith','2001-01-01 00:00:00','root@localhost.com','',1,'12345','','d95e8fa7f20a009372eb3477473fcd34:1c','0',0,'TEXT',0,'','',0);

--
-- Table structure for table `customers_basket`
--

CREATE TABLE `customers_basket` (
  `customers_basket_id` int(11) NOT NULL AUTO_INCREMENT,
  `customers_id` int(11) NOT NULL DEFAULT '0',
  `products_id` tinytext NOT NULL,
  `customers_basket_quantity` float NOT NULL DEFAULT '0',
  `customers_basket_date_added` varchar(8) DEFAULT NULL,
  PRIMARY KEY (`customers_basket_id`),
  KEY `idx_customers_id_zen` (`customers_id`)
) ENGINE=MyISAM DEFAULT CHARSET=utf8mb4;

--
-- Dumping data for table `customers_basket`
--


--
-- Table structure for table `customers_basket_attributes`
--

CREATE TABLE `customers_basket_attributes` (
  `customers_basket_attributes_id` int(11) NOT NULL AUTO_INCREMENT,
  `customers_id` int(11) NOT NULL DEFAULT '0',
  `products_id` tinytext NOT NULL,
  `products_options_id` varchar(64) NOT NULL DEFAULT '0',
  `products_options_value_id` int(11) NOT NULL DEFAULT '0',
  `products_options_value_text` blob,
  `products_options_sort_order` text NOT NULL,
  PRIMARY KEY (`customers_basket_attributes_id`),
  KEY `idx_cust_id_prod_id_zen` (`customers_id`,`products_id`(36))
) ENGINE=MyISAM DEFAULT CHARSET=utf8mb4;

--
-- Dumping data for table `customers_basket_attributes`
--


--
-- Table structure for table `customers_info`
--

CREATE TABLE `customers_info` (
  `customers_info_id` int(11) NOT NULL DEFAULT '0',
  `customers_info_date_of_last_logon` datetime DEFAULT NULL,
  `customers_info_number_of_logons` int(5) DEFAULT NULL,
  `customers_info_date_account_created` datetime DEFAULT NULL,
  `customers_info_date_account_last_modified` datetime DEFAULT NULL,
  `global_product_notifications` int(1) DEFAULT '0',
  PRIMARY KEY (`customers_info_id`)
) ENGINE=MyISAM DEFAULT CHARSET=utf8mb4;

--
-- Dumping data for table `customers_info`
--

INSERT INTO `customers_info` VALUES (1,'0001-01-01 00:00:00',0,'2004-01-21 01:35:28','0001-01-01 00:00:00',0);

--
-- Table structure for table `db_cache`
--

CREATE TABLE `db_cache` (
  `cache_entry_name` varchar(64) NOT NULL DEFAULT '',
  `cache_data` mediumblob,
  `cache_entry_created` int(15) DEFAULT NULL,
  PRIMARY KEY (`cache_entry_name`)
) ENGINE=MyISAM DEFAULT CHARSET=utf8mb4;

--
-- Dumping data for table `db_cache`
--


--
-- Table structure for table `email_archive`
--

CREATE TABLE `email_archive` (
  `archive_id` int(11) NOT NULL AUTO_INCREMENT,
  `email_to_name` varchar(96) NOT NULL DEFAULT '',
  `email_to_address` varchar(96) NOT NULL DEFAULT '',
  `email_from_name` varchar(96) NOT NULL DEFAULT '',
  `email_from_address` varchar(96) NOT NULL DEFAULT '',
  `email_subject` varchar(255) NOT NULL DEFAULT '',
  `email_html` text NOT NULL,
  `email_text` text NOT NULL,
  `date_sent` datetime NOT NULL DEFAULT '0001-01-01 00:00:00',
  `module` varchar(64) NOT NULL DEFAULT '',
  PRIMARY KEY (`archive_id`),
  KEY `idx_email_to_address_zen` (`email_to_address`),
  KEY `idx_module_zen` (`module`)
) ENGINE=MyISAM DEFAULT CHARSET=utf8mb4;

--
-- Dumping data for table `email_archive`
--


--
-- Table structure for table `ezpages`
--

CREATE TABLE `ezpages` (
  `pages_id` int(11) NOT NULL AUTO_INCREMENT,
  `alt_url` varchar(255) NOT NULL DEFAULT '',
  `alt_url_external` varchar(255) NOT NULL DEFAULT '',
  `status_header` int(1) NOT NULL DEFAULT '1',
  `status_sidebox` int(1) NOT NULL DEFAULT '1',
  `status_footer` int(1) NOT NULL DEFAULT '1',
  `status_visible` int(1) NOT NULL DEFAULT '0',
  `status_toc` int(1) NOT NULL DEFAULT '1',
  `header_sort_order` int(3) NOT NULL DEFAULT '0',
  `sidebox_sort_order` int(3) NOT NULL DEFAULT '0',
  `footer_sort_order` int(3) NOT NULL DEFAULT '0',
  `toc_sort_order` int(3) NOT NULL DEFAULT '0',
  `page_open_new_window` int(1) NOT NULL DEFAULT '0',
  `page_is_ssl` int(1) NOT NULL DEFAULT '0',
  `toc_chapter` int(11) NOT NULL DEFAULT '0',
  PRIMARY KEY (`pages_id`),
  KEY `idx_ezp_status_header_zen` (`status_header`),
  KEY `idx_ezp_status_sidebox_zen` (`status_sidebox`),
  KEY `idx_ezp_status_footer_zen` (`status_footer`),
  KEY `idx_ezp_status_toc_zen` (`status_toc`)
) ENGINE=MyISAM AUTO_INCREMENT=15 DEFAULT CHARSET=utf8mb4;

--
-- Dumping data for table `ezpages`
--

INSERT INTO `ezpages` VALUES (1,'','',1,0,0,0,1,10,0,0,10,0,0,10),(2,'','',0,0,0,0,1,0,0,0,30,0,0,10),(3,'','',0,1,0,0,0,0,10,0,0,0,0,0),(5,'','',0,1,0,0,0,0,20,0,0,0,0,0),(6,'','',1,1,1,0,0,50,50,50,0,0,0,0),(7,'index.php?main_page=account','',0,0,1,0,0,0,0,10,0,0,1,0),(8,'index.php?main_page=site_map','',0,1,1,0,0,0,40,20,0,0,0,0),(9,'index.php?main_page=privacy','',1,0,1,0,0,30,0,40,0,0,0,0),(10,'','http://www.zen-cart.com',1,0,0,0,0,60,0,0,0,1,0,0),(11,'index.php?main_page=index&cPath=21','',0,1,0,0,0,0,60,0,0,0,0,0),(12,'index.php?main_page=index&cPath=3_10','',0,0,1,0,0,0,0,60,0,0,0,0),(13,'','http://www.google.com',0,1,0,0,0,0,70,0,0,1,0,0),(14,'','',0,0,0,0,1,0,0,0,20,0,0,10);

--
-- Table structure for table `ezpages_content`
--

CREATE TABLE `ezpages_content` (
  `pages_id` int(11) NOT NULL DEFAULT '0',
  `languages_id` int(11) NOT NULL DEFAULT '1',
  `pages_title` varchar(64) NOT NULL DEFAULT '',
  `pages_html_text` text,
  UNIQUE KEY `idx_ezpages_content` (`pages_id`,`languages_id`),
  KEY `idx_lang_id_zen` (`languages_id`)
) ENGINE=MyISAM DEFAULT CHARSET=utf8mb4;

--
-- Dumping data for table `ezpages_content`
--

INSERT INTO `ezpages_content` VALUES (1,1,'EZPages','This is the main page listed under the Link EZPages in the Header<br /><br />\r\n\r\n<strong>See: What is EZPages? Link for detailed use of EZPages</strong><br /><br />\r\n\r\nThis Link could show in the Header, Footer or Sidebox or a combination of all three locations.<br /><br />\r\n\r\nThe Chapter and TOC settings are for using this Page in combination with other Pages.<br /><br />\r\n\r\nThe other Pages can be shown either *only* with this Link in the Chapter and TOC or as their own Link in the Header, Footer or Sidebox, depending on how you would like them to appear on your site.<br /><br />\r\n\r\nThere is no true \"Master\" Link, other than the Links you actually have configured to display. But any Link in a Chapter can be displayed in any of the 3 locations for the Header, Footer or Sidebox or not at all, where it only appears together with the other Links in the Chapter.'),(2,1,'A New Page','This is another page that is linked to the Chapter 10 via the Chapter number used and is sorted based on the TOC Order.<br /><br />\r\n\r\nThere is not a link to this page via the Header, Footer nor the Sidebox.<br /><br />\r\n\r\nThis page is only seen if the \"main\" link is selected and then it will show in the TOC listing.<br /><br />\r\n\r\nThis is a handy way to have numerous links that are related but only show one main link to get to them all.<br /><br />'),(3,1,'Another New Page','This is yet another new page or link that is part of Chapter 10<br /><br />\r\n\r\nThe numbering of the Chapters can be done in any manner. But, by number in increments such as 10, 20, 30, etc. you can later insert pages, or links, as needed within the existing pages.<br /><br />\r\n\r\nThere is no limit to the number of pages, or links, that can be grouped together using the Chapter.<br /><br />\r\n\r\nThe display of the Previous/Next and TOC listing is a setting that can be turned on or off.'),(4,1,'My Link','This is a single page link that will be shown in the Sidebox.<br /><br />\r\n\r\nThere are no additional pages or links associated with this page as there is no Chapter.<br /><br />\r\n\r\nLater, if you want to expand on this link you can add a Chapter and TOC settings and build a group.<br /><br />\r\n\r\nNotice that the Previous/Next and TOC automatically disable when there isn\'t a Chapter. Even with a Chapter, there must be more than one (1) related link or page in the group before these will display.'),(5,1,'Anything','The title or link names can be anything that you would like to use.<br /><br />\r\n\r\nYou decide on the content and the link name relative to that content.<br /><br />\r\n\r\nThen, define where you want the link to show: Header, Footer or Sidebox or as a combination of these three locations.<br /><br />\r\n\r\nThe content of the page can be anything you like. Be sure that your content is valid in regard to table and stylesheet rules.<br /><br />\r\n\r\nYou can even set up the links to go to Secure or Non-Secure pages as well as open in the same or a new window.<br /><br />\r\n\r\nLinks can also be setup to use internal or external links vs the HTML Content. See: examples below in the Link URL settings.'),(6,1,'Shared','This link is a \"shared\" link between the Header, Footer and Sidebox.<br /><br />\r\n\r\nThe number on the order was set to 50 on all of the settings just for the sake of an easier notation on entering it.<br /><br />\r\n\r\nThe order can be the same or different for the three locations.<br /><br />\r\n\r\nIf you wanted to really get creative, you could also have this as part of a Chapter not related to the link order.<br /><br />'),(7,1,'My Account',''),(8,1,'Site Map',''),(9,1,'Privacy Notice',''),(10,1,'Zen Cart',''),(11,1,'Gift Certificates',''),(12,1,'Action DVDs',''),(13,1,'Google',''),(14,1,'What is EZ-Pages?','<span style=\"font-weight: bold; color: rgb(255, 0, 0);\">Summary</span><br /><br /><span style=\"font-weight: bold;\">EZ-Pages</span> is a fast, easy way of creating links and additional pages.<br /><br />The additional Pages can be for:<br /><ul><li>New Pages</li><li>Internal Links</li><li>External Links</li><li>Secure or Non-Secure pages</li><li>Same or New Window</li></ul>In Addition, there is the ability to create &quot;related&quot; links in the format of a Chapter (group) and its TOC (related pages/links).<br /><br /><span style=\"font-weight: bold; color: rgb(255, 0, 0);\">Link Naming</span><br /><br />Links are named by the Page Title. All Links need a Page Title in order to function.<br /><br />If you forget to add a Page Title, then you will not be able to add the Link.<br /><br />If you do not assign an Order for the Header, Sidebox or Footer, then the Link will not display even if you have a Page Title.<br /><br /><span style=\"font-weight: bold;\"><span style=\"color: rgb(255, 0, 0);\">Link Placement</span><br /><br /></span>While you have the option of adding Additional Links to the Header, Footer and Sidebox with EZ-Pages, you are not limited to these three Link locations. Links can be in one or more locations simply by enabling the Order for the Location(s) where the Link should appear..<br /><br />The Link Location Status for the Header, Footer and Sidebox is controlled simply by setting these to Yes or No for each setting. Then, set the Order in which the Link should appear for each location.<br /><br />This means that if you were to set Header to Yes 30 and Sidebox to Yes 50 then the link would appear in both the Header and Sidebox in the Order of your Links.<br /><br />The Order numbering method is up to you. Numbering using 10, 20, 30, etc. will allow you to sort the Links and add additional Links later.<br /><br />Note: a 0 value for the Order will disable the Link from displaying.<br /><br /><span style=\"font-weight: bold;\"><span style=\"color: rgb(255, 0, 0);\">Open in New Window and Secure Pages</span><br /></span><br />With EZ-Pages, each Link can take you to the same, main window for your shop; or, you can have the Link open a brand new New Window. In addition, there is an option for making the Link open as a Secure Page or a Non-Secure Page.<br /><br /><span style=\"font-weight: bold; color: rgb(255, 0, 0);\">Chapter and TOC</span><br style=\"font-weight: bold; color: rgb(255, 0, 0);\" /><br />The Chapter and TOC, or Table of Contents, are a unique method of building Multiple Links that interact together.<br /><br />While these Links still follow the rules of the Header, Footer and Sidebox placement, the difference is that only one of the Links, the Main Link, needs to be displayed anywhere on the site.<br /><br />If you had, for example, 5 related Links, you could add the first Link as the Main Link by setting its location to the Header, Footer or Sidebox and set its Order, as usual.<br /><br />Next, you need to assign a Chapter or Group number to the Link. This Chapter holds the related Links together.<br /><br />Then, set the TOC or Table of Contents setting. This is a secondary Sort Order for within the Chapter.<br /><br />Again, you can display any of the Links within a Chapter, as well as making any of these Links the Main Link. Whether the Links all show, or just one or more of the Links show, the Chapter is the key to grouping these Links together in the TOC or Previous/Next. <br /><br /><span style=\"font-weight: bold; font-style: italic;\">NOTE: While all Links within a Chapter will display together, you can have the different Links display in the Header, Footer or Sidebox on their own. Or, you can have the additional Links only display when the Main Link or one of the Additional Links within the Chapter has been opened.</span><br style=\"font-weight: bold; font-style: italic;\" /><br />The versitility of EZ-Pages will make adding new Links and Pages extreamly easy for the beginner as well as the advance user.<br /><br />NOTE: Browser-based HTML editors will sometimes add the opening and closing tags for the &lt;html&gt;, &lt;head&gt; and &lt;body&gt; to the file you are working on.<br /><br />These are already added to the pages via EZ-Pages.<br /><br /><span style=\"color: rgb(255, 0, 0); font-weight: bold;\">External Link URL</span><br /><br />External Link URLs are links to outside pages not within your shop. These can be to any valid URL such as:<br /><br />http://www.sashbox.net<br /><br />You need to include the full URL path to any External Link URL. You may also mark these to open in a New Window or the Same Window.<br /><br /><span style=\"color: rgb(255, 0, 0); font-weight: bold;\">Internal Link URL</span><br /><br />Internal Link URLs are links to internal pages within your shop. These can be to any valid URL, but should be written as relative links such as:<br /><br />index.php?main_page=index&amp;cPath=21<br /><br />The above Link would take you to the Category for categories_id 21<br /><br />While these links can be the Full URL to an Internal Link, it is best to write as a Relative Link so that if you change domains, are work on a temporary domain or an IP Address, the Link will remain valid if moved to another domain, IP Address, etc.<br /><br />Internal Links can also open in a New Window or the Same Window or be for Secure or Non-Secure Pages.<br /><br /><span style=\"font-weight: bold; color: rgb(255, 0, 0);\">EZ-Pages Additional Pages vs Internal Links vs External Links</span><br /><br />The Type of Link that you create is based on an order of precidence, where HTML Content will superceed both the Internal Link and the External Link values.<br /><br />The External Link URL will superceed the Internal Link URL.<br /><br />If you try to set a combination of HTML Content, Internal Link and/or External Link, the Link will be flagged in the listing with a read icon to alert you to your mistake.<br /><br /><span style=\"font-weight: bold; color: rgb(255, 0, 0);\">WARNING ...</span><br /><br />When using Editors such as TinyMCE or CKEditor, if you press enter in the HTML Content area <br /> will be added. These will be detected as &quot;content&quot; and will override any Internal Link URL or External Link URL.<br /><br /><span style=\"font-weight: bold; color: rgb(255, 0, 0);\">Admin Only Display</span><br /><br />Sometimes, when working on EZ-Pages, you will want to be able to work on a Live Site and see the results of your work, but not allow the Customers to see this until you are done.<br /><br />There are 3 settings in the Configuration ... EZ-Pages Settings for the Header, Footer and Sidebox  Status:<br /><ul><li>OFF</li><li>ON</li><li>Admin Only</li></ul>The Admin Only setting is controlled by the IP Address(es) set in the Website Maintenance.<br /><br />This can be very handy when needing to work on a Live Site but not wanting customers to see the work in progress.<br /><br />');

--
-- Table structure for table `featured`
--

CREATE TABLE `featured` (
  `featured_id` int(11) NOT NULL AUTO_INCREMENT,
  `products_id` int(11) NOT NULL DEFAULT '0',
  `featured_date_added` datetime DEFAULT NULL,
  `featured_last_modified` datetime DEFAULT NULL,
  `expires_date` date NOT NULL DEFAULT '0001-01-01',
  `date_status_change` datetime DEFAULT NULL,
  `status` int(1) NOT NULL DEFAULT '1',
  `featured_date_available` date NOT NULL DEFAULT '0001-01-01',
  PRIMARY KEY (`featured_id`),
  KEY `idx_status_zen` (`status`),
  KEY `idx_products_id_zen` (`products_id`),
  KEY `idx_date_avail_zen` (`featured_date_available`),
  KEY `idx_expires_date_zen` (`expires_date`)
) ENGINE=MyISAM AUTO_INCREMENT=11 DEFAULT CHARSET=utf8mb4;

--
-- Dumping data for table `featured`
--

INSERT INTO `featured` VALUES (1,34,'2004-02-21 16:34:31','2004-02-21 16:34:31','0001-01-01','2004-02-21 16:34:31',1,'0001-01-01'),(2,8,'2004-02-21 17:04:54','2004-02-21 22:31:52','2004-02-27','2004-04-25 22:50:50',0,'2004-02-21'),(3,12,'2004-02-21 17:10:49','2004-02-21 17:10:49','0001-01-01','2004-02-21 17:10:49',1,'0001-01-01'),(4,27,'2004-02-21 22:30:53',NULL,'0001-01-01',NULL,1,'0001-01-01'),(5,26,'2004-02-21 22:31:24',NULL,'0001-01-01',NULL,1,'0001-01-01'),(6,40,'2004-05-13 22:50:33',NULL,'0001-01-01',NULL,1,'0001-01-01'),(7,171,'2004-07-12 15:47:22',NULL,'0001-01-01',NULL,1,'0001-01-01'),(8,172,'2004-07-12 15:47:29',NULL,'0001-01-01',NULL,1,'0001-01-01'),(9,168,'2004-07-12 15:47:37',NULL,'0001-01-01',NULL,1,'0001-01-01'),(10,169,'2004-07-12 15:47:45',NULL,'0001-01-01',NULL,1,'0001-01-01');

--
-- Table structure for table `files_uploaded`
--

CREATE TABLE `files_uploaded` (
  `files_uploaded_id` int(11) NOT NULL AUTO_INCREMENT,
  `sesskey` varchar(32) DEFAULT NULL,
  `customers_id` int(11) DEFAULT NULL,
  `files_uploaded_name` varchar(64) NOT NULL DEFAULT '',
  PRIMARY KEY (`files_uploaded_id`),
  KEY `idx_customers_id_zen` (`customers_id`)
) ENGINE=MyISAM DEFAULT CHARSET=utf8mb4 COMMENT='Must always have either a sesskey or customers_id';

--
-- Dumping data for table `files_uploaded`
--


--
-- Table structure for table `geo_zones`
--

CREATE TABLE `geo_zones` (
  `geo_zone_id` int(11) NOT NULL AUTO_INCREMENT,
  `geo_zone_name` varchar(32) NOT NULL DEFAULT '',
  `geo_zone_description` varchar(255) NOT NULL DEFAULT '',
  `last_modified` datetime DEFAULT NULL,
  `date_added` datetime NOT NULL DEFAULT '0001-01-01 00:00:00',
  PRIMARY KEY (`geo_zone_id`)
) ENGINE=MyISAM AUTO_INCREMENT=2 DEFAULT CHARSET=utf8mb4;

--
-- Dumping data for table `geo_zones`
--

INSERT INTO `geo_zones` VALUES (1,'Florida','Florida local sales tax zone',NULL,'2020-04-06 19:07:49');

--
-- Table structure for table `get_terms_to_filter`
--

CREATE TABLE `get_terms_to_filter` (
  `get_term_name` varchar(191) NOT NULL DEFAULT '',
  `get_term_table` varchar(64) NOT NULL,
  `get_term_name_field` varchar(64) NOT NULL,
  PRIMARY KEY (`get_term_name`)
) ENGINE=MyISAM DEFAULT CHARSET=utf8mb4;

--
-- Dumping data for table `get_terms_to_filter`
--

INSERT INTO `get_terms_to_filter` VALUES ('manufacturers_id','TABLE_MANUFACTURERS','manufacturers_name'),('music_genre_id','TABLE_MUSIC_GENRE','music_genre_name'),('record_company_id','TABLE_RECORD_COMPANY','record_company_name');

--
-- Table structure for table `group_pricing`
--

CREATE TABLE `group_pricing` (
  `group_id` int(11) NOT NULL AUTO_INCREMENT,
  `group_name` varchar(32) NOT NULL DEFAULT '',
  `group_percentage` decimal(5,2) NOT NULL DEFAULT '0.00',
  `last_modified` datetime DEFAULT NULL,
  `date_added` datetime NOT NULL DEFAULT '0001-01-01 00:00:00',
  PRIMARY KEY (`group_id`)
) ENGINE=MyISAM AUTO_INCREMENT=2 DEFAULT CHARSET=utf8mb4;

--
-- Dumping data for table `group_pricing`
--

INSERT INTO `group_pricing` VALUES (1,'Group 10',10.00,NULL,'2004-04-29 00:21:04');

--
-- Table structure for table `languages`
--

CREATE TABLE `languages` (
  `languages_id` int(11) NOT NULL AUTO_INCREMENT,
  `name` varchar(32) NOT NULL DEFAULT '',
  `code` char(2) NOT NULL DEFAULT '',
  `image` varchar(64) DEFAULT NULL,
  `directory` varchar(32) DEFAULT NULL,
  `sort_order` int(3) DEFAULT NULL,
  PRIMARY KEY (`languages_id`),
  KEY `idx_languages_name_zen` (`name`)
) ENGINE=MyISAM AUTO_INCREMENT=2 DEFAULT CHARSET=utf8mb4;

--
-- Dumping data for table `languages`
--

INSERT INTO `languages` VALUES (1,'English','en','icon.gif','english',1);

--
-- Table structure for table `layout_boxes`
--

CREATE TABLE `layout_boxes` (
  `layout_id` int(11) NOT NULL AUTO_INCREMENT,
  `layout_template` varchar(64) NOT NULL DEFAULT '',
  `layout_box_name` varchar(64) NOT NULL DEFAULT '',
  `layout_box_status` tinyint(1) NOT NULL DEFAULT '0',
  `layout_box_location` tinyint(1) NOT NULL DEFAULT '0',
  `layout_box_sort_order` int(11) NOT NULL DEFAULT '0',
  `layout_box_sort_order_single` int(11) NOT NULL DEFAULT '0',
  `layout_box_status_single` tinyint(4) NOT NULL DEFAULT '0',
  PRIMARY KEY (`layout_id`),
  KEY `idx_name_template_zen` (`layout_template`,`layout_box_name`),
  KEY `idx_layout_box_status_zen` (`layout_box_status`),
  KEY `idx_layout_box_sort_order_zen` (`layout_box_sort_order`)
) ENGINE=MyISAM AUTO_INCREMENT=99 DEFAULT CHARSET=utf8mb4;

--
-- Dumping data for table `layout_boxes`
--

INSERT INTO `layout_boxes` VALUES (1,'default_template_settings','banner_box_all.php',1,1,5,0,0),(2,'default_template_settings','banner_box.php',1,0,300,1,127),(3,'default_template_settings','banner_box2.php',1,1,15,1,15),(4,'default_template_settings','best_sellers.php',1,1,30,70,1),(5,'default_template_settings','categories.php',1,0,10,10,1),(6,'default_template_settings','currencies.php',0,1,80,60,0),(7,'default_template_settings','document_categories.php',1,0,0,0,0),(8,'default_template_settings','ezpages.php',1,1,-1,2,1),(9,'default_template_settings','featured.php',1,0,45,0,0),(10,'default_template_settings','information.php',1,0,50,40,1),(11,'default_template_settings','languages.php',0,1,70,50,0),(12,'default_template_settings','manufacturers.php',1,0,30,20,1),(13,'default_template_settings','manufacturer_info.php',1,1,35,95,1),(14,'default_template_settings','more_information.php',1,0,200,200,1),(15,'default_template_settings','music_genres.php',1,1,0,0,0),(16,'default_template_settings','order_history.php',1,1,0,0,0),(17,'default_template_settings','product_notifications.php',1,1,55,85,1),(18,'default_template_settings','record_companies.php',1,1,0,0,0),(19,'default_template_settings','reviews.php',1,0,40,0,0),(20,'default_template_settings','search.php',1,1,10,0,0),(21,'default_template_settings','search_header.php',0,0,0,0,1),(22,'default_template_settings','shopping_cart.php',1,1,20,30,1),(23,'default_template_settings','specials.php',1,1,45,0,0),(24,'default_template_settings','whats_new.php',1,0,20,0,0),(25,'default_template_settings','whos_online.php',1,1,200,200,1),(26,'template_default','banner_box_all.php',1,1,5,0,0),(27,'template_default','banner_box.php',1,0,300,1,127),(28,'template_default','banner_box2.php',1,1,15,1,15),(29,'template_default','best_sellers.php',1,1,30,70,1),(30,'template_default','categories.php',1,0,10,10,1),(31,'template_default','currencies.php',0,1,80,60,0),(32,'template_default','ezpages.php',1,1,-1,2,1),(33,'template_default','featured.php',1,0,45,0,0),(34,'template_default','information.php',1,0,50,40,1),(35,'template_default','languages.php',0,1,70,50,0),(36,'template_default','manufacturers.php',1,0,30,20,1),(37,'template_default','manufacturer_info.php',1,1,35,95,1),(38,'template_default','more_information.php',1,0,200,200,1),(39,'template_default','my_broken_box.php',1,0,0,0,0),(40,'template_default','order_history.php',1,1,0,0,0),(41,'template_default','product_notifications.php',1,1,55,85,1),(42,'template_default','reviews.php',1,0,40,0,0),(43,'template_default','search.php',1,1,10,0,0),(44,'template_default','search_header.php',0,0,0,0,1),(45,'template_default','shopping_cart.php',1,1,20,30,1),(46,'template_default','specials.php',1,1,45,0,0),(47,'template_default','whats_new.php',1,0,20,0,0),(48,'template_default','whos_online.php',1,1,200,200,1),(49,'classic','banner_box.php',1,0,300,1,127),(50,'classic','banner_box2.php',1,1,15,1,15),(51,'classic','banner_box_all.php',1,1,5,0,0),(52,'classic','best_sellers.php',1,1,30,70,1),(53,'classic','categories.php',1,0,10,10,1),(54,'classic','currencies.php',0,1,80,60,0),(55,'classic','document_categories.php',1,0,0,0,0),(56,'classic','ezpages.php',1,1,-1,2,1),(57,'classic','featured.php',1,0,45,0,0),(58,'classic','information.php',1,0,50,40,1),(59,'classic','languages.php',0,1,70,50,0),(60,'classic','manufacturers.php',1,0,30,20,1),(61,'classic','manufacturer_info.php',1,1,35,95,1),(62,'classic','more_information.php',1,0,200,200,1),(63,'classic','music_genres.php',1,1,0,0,0),(64,'classic','order_history.php',1,1,0,0,0),(65,'classic','product_notifications.php',1,1,55,85,1),(66,'classic','record_companies.php',1,1,0,0,0),(67,'classic','reviews.php',1,0,40,0,0),(68,'classic','search.php',1,1,10,0,0),(69,'classic','search_header.php',0,0,0,0,1),(70,'classic','shopping_cart.php',1,1,20,30,1),(71,'classic','specials.php',1,1,45,0,0),(72,'classic','whats_new.php',1,0,20,0,0),(73,'classic','whos_online.php',1,1,200,200,1),(74,'responsive_classic','banner_box.php',1,0,300,1,127),(75,'responsive_classic','banner_box2.php',1,1,15,1,15),(76,'responsive_classic','banner_box_all.php',1,1,5,0,0),(77,'responsive_classic','best_sellers.php',1,1,30,70,1),(78,'responsive_classic','categories.php',1,0,10,10,1),(79,'responsive_classic','currencies.php',0,1,80,60,0),(80,'responsive_classic','document_categories.php',1,0,0,0,0),(81,'responsive_classic','ezpages.php',1,1,-1,2,1),(82,'responsive_classic','featured.php',1,0,45,0,0),(83,'responsive_classic','information.php',1,0,50,40,1),(84,'responsive_classic','languages.php',0,1,70,50,0),(85,'responsive_classic','manufacturers.php',1,0,30,20,1),(86,'responsive_classic','manufacturer_info.php',1,1,35,95,1),(87,'responsive_classic','more_information.php',1,0,200,200,1),(88,'responsive_classic','music_genres.php',1,1,0,0,0),(89,'responsive_classic','order_history.php',1,1,0,0,0),(90,'responsive_classic','product_notifications.php',1,1,55,85,1),(91,'responsive_classic','record_companies.php',1,1,0,0,0),(92,'responsive_classic','reviews.php',1,0,40,0,0),(93,'responsive_classic','search.php',1,1,10,0,0),(94,'responsive_classic','search_header.php',0,0,0,0,1),(95,'responsive_classic','shopping_cart.php',1,1,20,30,1),(96,'responsive_classic','specials.php',1,1,45,0,0),(97,'responsive_classic','whats_new.php',1,0,20,0,0),(98,'responsive_classic','whos_online.php',1,1,200,200,1);

--
-- Table structure for table `manufacturers`
--

CREATE TABLE `manufacturers` (
  `manufacturers_id` int(11) NOT NULL AUTO_INCREMENT,
  `manufacturers_name` varchar(32) NOT NULL DEFAULT '',
  `manufacturers_image` varchar(255) DEFAULT NULL,
  `date_added` datetime DEFAULT NULL,
  `last_modified` datetime DEFAULT NULL,
  PRIMARY KEY (`manufacturers_id`),
  KEY `idx_mfg_name_zen` (`manufacturers_name`)
) ENGINE=MyISAM AUTO_INCREMENT=10 DEFAULT CHARSET=utf8mb4;

--
-- Dumping data for table `manufacturers`
--

INSERT INTO `manufacturers` VALUES (1,'Matrox','manufacturers/manufacturer_matrox.gif','2003-12-23 03:18:19',NULL),(2,'Microsoft','manufacturers/manufacturer_microsoft.gif','2003-12-23 03:18:19',NULL),(3,'Warner','manufacturers/manufacturer_warner.gif','2003-12-23 03:18:19',NULL),(4,'Fox','manufacturers/manufacturer_fox.gif','2003-12-23 03:18:19',NULL),(5,'Logitech','manufacturers/manufacturer_logitech.gif','2003-12-23 03:18:19',NULL),(6,'Canon','manufacturers/manufacturer_canon.gif','2003-12-23 03:18:19',NULL),(7,'Sierra','manufacturers/manufacturer_sierra.gif','2003-12-23 03:18:19',NULL),(8,'GT Interactive','manufacturers/manufacturer_gt_interactive.gif','2003-12-23 03:18:19',NULL),(9,'Hewlett Packard','manufacturers/manufacturer_hewlett_packard.gif','2003-12-23 03:18:19',NULL);

--
-- Table structure for table `manufacturers_info`
--

CREATE TABLE `manufacturers_info` (
  `manufacturers_id` int(11) NOT NULL DEFAULT '0',
  `languages_id` int(11) NOT NULL DEFAULT '0',
  `manufacturers_url` varchar(255) NOT NULL DEFAULT '',
  `url_clicked` int(5) NOT NULL DEFAULT '0',
  `date_last_click` datetime DEFAULT NULL,
  PRIMARY KEY (`manufacturers_id`,`languages_id`)
) ENGINE=MyISAM DEFAULT CHARSET=utf8mb4;

--
-- Dumping data for table `manufacturers_info`
--

INSERT INTO `manufacturers_info` VALUES (1,1,'http://www.matrox.com',0,NULL),(2,1,'http://www.microsoft.com',0,NULL),(3,1,'http://www.warner.com',0,NULL),(4,1,'http://www.fox.com',0,NULL),(5,1,'http://www.logitech.com',0,NULL),(6,1,'http://www.canon.com',0,NULL),(7,1,'http://www.sierra.com',0,NULL),(8,1,'http://www.infogrames.com',0,NULL),(9,1,'http://www.hewlettpackard.com',0,NULL);

--
-- Table structure for table `media_clips`
--

CREATE TABLE `media_clips` (
  `clip_id` int(11) NOT NULL AUTO_INCREMENT,
  `media_id` int(11) NOT NULL DEFAULT '0',
  `clip_type` smallint(6) NOT NULL DEFAULT '0',
  `clip_filename` text NOT NULL,
  `date_added` datetime NOT NULL DEFAULT '0001-01-01 00:00:00',
  `last_modified` datetime NOT NULL DEFAULT '0001-01-01 00:00:00',
  PRIMARY KEY (`clip_id`),
  KEY `idx_media_id_zen` (`media_id`),
  KEY `idx_clip_type_zen` (`clip_type`)
) ENGINE=MyISAM AUTO_INCREMENT=7 DEFAULT CHARSET=utf8mb4;

--
-- Dumping data for table `media_clips`
--

INSERT INTO `media_clips` VALUES (1,1,1,'thehunter.mp3','2004-06-01 20:57:43','0001-01-01 00:00:00'),(6,2,1,'thehunter.mp3','2004-07-13 00:45:09','0001-01-01 00:00:00');

--
-- Table structure for table `media_manager`
--

CREATE TABLE `media_manager` (
  `media_id` int(11) NOT NULL AUTO_INCREMENT,
  `media_name` varchar(255) NOT NULL DEFAULT '',
  `last_modified` datetime NOT NULL DEFAULT '0001-01-01 00:00:00',
  `date_added` datetime NOT NULL DEFAULT '0001-01-01 00:00:00',
  PRIMARY KEY (`media_id`),
  KEY `idx_media_name_zen` (`media_name`(191))
) ENGINE=MyISAM AUTO_INCREMENT=3 DEFAULT CHARSET=utf8mb4;

--
-- Dumping data for table `media_manager`
--

INSERT INTO `media_manager` VALUES (1,'Russ Tippins - The Hunter','2004-06-01 20:57:43','2004-06-01 20:42:53'),(2,'Help!','2004-07-13 01:01:14','2004-07-12 17:57:45');

--
-- Table structure for table `media_to_products`
--

CREATE TABLE `media_to_products` (
  `media_id` int(11) NOT NULL DEFAULT '0',
  `product_id` int(11) NOT NULL DEFAULT '0',
  KEY `idx_media_product_zen` (`media_id`,`product_id`)
) ENGINE=MyISAM DEFAULT CHARSET=utf8mb4;

--
-- Dumping data for table `media_to_products`
--

INSERT INTO `media_to_products` VALUES (1,166),(2,169);

--
-- Table structure for table `media_types`
--

CREATE TABLE `media_types` (
  `type_id` int(11) NOT NULL AUTO_INCREMENT,
  `type_name` varchar(64) NOT NULL DEFAULT '',
  `type_ext` varchar(8) NOT NULL DEFAULT '',
  PRIMARY KEY (`type_id`),
  KEY `idx_type_name_zen` (`type_name`)
) ENGINE=MyISAM AUTO_INCREMENT=2 DEFAULT CHARSET=utf8mb4;

--
-- Dumping data for table `media_types`
--

INSERT INTO `media_types` VALUES (1,'MP3','.mp3');

--
-- Table structure for table `meta_tags_categories_description`
--

CREATE TABLE `meta_tags_categories_description` (
  `categories_id` int(11) NOT NULL,
  `language_id` int(11) NOT NULL DEFAULT '1',
  `metatags_title` varchar(255) NOT NULL DEFAULT '',
  `metatags_keywords` text,
  `metatags_description` text,
  PRIMARY KEY (`categories_id`,`language_id`)
) ENGINE=MyISAM DEFAULT CHARSET=utf8mb4;

--
-- Dumping data for table `meta_tags_categories_description`
--


--
-- Table structure for table `meta_tags_products_description`
--

CREATE TABLE `meta_tags_products_description` (
  `products_id` int(11) NOT NULL,
  `language_id` int(11) NOT NULL DEFAULT '1',
  `metatags_title` varchar(255) NOT NULL DEFAULT '',
  `metatags_keywords` text,
  `metatags_description` text,
  PRIMARY KEY (`products_id`,`language_id`)
) ENGINE=MyISAM DEFAULT CHARSET=utf8mb4;

--
-- Dumping data for table `meta_tags_products_description`
--


--
-- Table structure for table `music_genre`
--

CREATE TABLE `music_genre` (
  `music_genre_id` int(11) NOT NULL AUTO_INCREMENT,
  `music_genre_name` varchar(32) NOT NULL DEFAULT '',
  `date_added` datetime DEFAULT NULL,
  `last_modified` datetime DEFAULT NULL,
  PRIMARY KEY (`music_genre_id`),
  KEY `idx_music_genre_name_zen` (`music_genre_name`)
) ENGINE=MyISAM AUTO_INCREMENT=3 DEFAULT CHARSET=utf8mb4;

--
-- Dumping data for table `music_genre`
--

INSERT INTO `music_genre` VALUES (1,'Rock','2004-06-01 20:53:26',NULL),(2,'Jazz','2004-06-01 20:53:45',NULL);

--
-- Table structure for table `newsletters`
--

CREATE TABLE `newsletters` (
  `newsletters_id` int(11) NOT NULL AUTO_INCREMENT,
  `title` varchar(255) NOT NULL DEFAULT '',
  `content` text NOT NULL,
  `content_html` text NOT NULL,
  `module` varchar(255) NOT NULL DEFAULT '',
  `date_added` datetime NOT NULL DEFAULT '0001-01-01 00:00:00',
  `date_sent` datetime DEFAULT NULL,
  `status` int(1) DEFAULT NULL,
  `locked` int(1) DEFAULT '0',
  PRIMARY KEY (`newsletters_id`)
) ENGINE=MyISAM DEFAULT CHARSET=utf8mb4;

--
-- Dumping data for table `newsletters`
--


--
-- Table structure for table `orders`
--

CREATE TABLE `orders` (
  `orders_id` int(11) NOT NULL AUTO_INCREMENT,
  `customers_id` int(11) NOT NULL DEFAULT '0',
  `customers_name` varchar(64) NOT NULL DEFAULT '',
  `customers_company` varchar(64) DEFAULT NULL,
  `customers_street_address` varchar(64) NOT NULL DEFAULT '',
  `customers_suburb` varchar(32) DEFAULT NULL,
  `customers_city` varchar(32) NOT NULL DEFAULT '',
  `customers_postcode` varchar(10) NOT NULL DEFAULT '',
  `customers_state` varchar(32) DEFAULT NULL,
  `customers_country` varchar(32) NOT NULL DEFAULT '',
  `customers_telephone` varchar(32) NOT NULL DEFAULT '',
  `customers_email_address` varchar(96) NOT NULL DEFAULT '',
  `customers_address_format_id` int(5) NOT NULL DEFAULT '0',
  `delivery_name` varchar(64) NOT NULL DEFAULT '',
  `delivery_company` varchar(64) DEFAULT NULL,
  `delivery_street_address` varchar(64) NOT NULL DEFAULT '',
  `delivery_suburb` varchar(32) DEFAULT NULL,
  `delivery_city` varchar(32) NOT NULL DEFAULT '',
  `delivery_postcode` varchar(10) NOT NULL DEFAULT '',
  `delivery_state` varchar(32) DEFAULT NULL,
  `delivery_country` varchar(32) NOT NULL DEFAULT '',
  `delivery_address_format_id` int(5) NOT NULL DEFAULT '0',
  `billing_name` varchar(64) NOT NULL DEFAULT '',
  `billing_company` varchar(64) DEFAULT NULL,
  `billing_street_address` varchar(64) NOT NULL DEFAULT '',
  `billing_suburb` varchar(32) DEFAULT NULL,
  `billing_city` varchar(32) NOT NULL DEFAULT '',
  `billing_postcode` varchar(10) NOT NULL DEFAULT '',
  `billing_state` varchar(32) DEFAULT NULL,
  `billing_country` varchar(32) NOT NULL DEFAULT '',
  `billing_address_format_id` int(5) NOT NULL DEFAULT '0',
  `payment_method` varchar(128) NOT NULL DEFAULT '',
  `payment_module_code` varchar(32) NOT NULL DEFAULT '',
  `shipping_method` varchar(255) DEFAULT NULL,
  `shipping_module_code` varchar(32) NOT NULL DEFAULT '',
  `coupon_code` varchar(32) NOT NULL DEFAULT '',
  `cc_type` varchar(20) DEFAULT NULL,
  `cc_owner` varchar(64) DEFAULT NULL,
  `cc_number` varchar(32) DEFAULT NULL,
  `cc_expires` varchar(4) DEFAULT NULL,
  `cc_cvv` blob,
  `last_modified` datetime DEFAULT NULL,
  `date_purchased` datetime DEFAULT NULL,
  `orders_status` int(5) NOT NULL DEFAULT '0',
  `orders_date_finished` datetime DEFAULT NULL,
  `currency` char(3) DEFAULT NULL,
  `currency_value` decimal(14,6) DEFAULT NULL,
  `order_total` decimal(15,4) DEFAULT NULL,
  `order_tax` decimal(15,4) DEFAULT NULL,
  `paypal_ipn_id` int(11) NOT NULL DEFAULT '0',
  `ip_address` varchar(96) NOT NULL DEFAULT '',
  `order_weight` float DEFAULT NULL,
  PRIMARY KEY (`orders_id`),
  KEY `idx_status_orders_cust_zen` (`orders_status`,`orders_id`,`customers_id`),
  KEY `idx_date_purchased_zen` (`date_purchased`),
  KEY `idx_cust_id_orders_id_zen` (`customers_id`,`orders_id`)
) ENGINE=MyISAM DEFAULT CHARSET=utf8mb4;

--
-- Dumping data for table `orders`
--


--
-- Table structure for table `orders_products`
--

CREATE TABLE `orders_products` (
  `orders_products_id` int(11) NOT NULL AUTO_INCREMENT,
  `orders_id` int(11) NOT NULL DEFAULT '0',
  `products_id` int(11) NOT NULL DEFAULT '0',
  `products_model` varchar(32) DEFAULT NULL,
  `products_name` varchar(64) NOT NULL DEFAULT '',
  `products_price` decimal(15,4) NOT NULL DEFAULT '0.0000',
  `final_price` decimal(15,4) NOT NULL DEFAULT '0.0000',
  `products_tax` decimal(7,4) NOT NULL DEFAULT '0.0000',
  `products_quantity` float NOT NULL DEFAULT '0',
  `onetime_charges` decimal(15,4) NOT NULL DEFAULT '0.0000',
  `products_priced_by_attribute` tinyint(1) NOT NULL DEFAULT '0',
  `product_is_free` tinyint(1) NOT NULL DEFAULT '0',
  `products_discount_type` tinyint(1) NOT NULL DEFAULT '0',
  `products_discount_type_from` tinyint(1) NOT NULL DEFAULT '0',
  `products_prid` tinytext NOT NULL,
  `products_weight` float DEFAULT NULL,
  `products_virtual` tinyint(1) DEFAULT NULL,
  `product_is_always_free_shipping` tinyint(1) DEFAULT NULL,
  `products_quantity_order_min` float DEFAULT NULL,
  `products_quantity_order_units` float DEFAULT NULL,
  `products_quantity_order_max` float DEFAULT NULL,
  `products_quantity_mixed` tinyint(1) DEFAULT NULL,
  `products_mixed_discount_quantity` tinyint(1) DEFAULT NULL,
  PRIMARY KEY (`orders_products_id`),
  KEY `idx_orders_id_prod_id_zen` (`orders_id`,`products_id`),
  KEY `idx_prod_id_orders_id_zen` (`products_id`,`orders_id`)
) ENGINE=MyISAM DEFAULT CHARSET=utf8mb4;

--
-- Dumping data for table `orders_products`
--


--
-- Table structure for table `orders_products_attributes`
--

CREATE TABLE `orders_products_attributes` (
  `orders_products_attributes_id` int(11) NOT NULL AUTO_INCREMENT,
  `orders_id` int(11) NOT NULL DEFAULT '0',
  `orders_products_id` int(11) NOT NULL DEFAULT '0',
  `products_options` varchar(32) NOT NULL DEFAULT '',
  `products_options_values` text NOT NULL,
  `options_values_price` decimal(15,4) NOT NULL DEFAULT '0.0000',
  `price_prefix` char(1) NOT NULL DEFAULT '',
  `product_attribute_is_free` tinyint(1) NOT NULL DEFAULT '0',
  `products_attributes_weight` float NOT NULL DEFAULT '0',
  `products_attributes_weight_prefix` char(1) NOT NULL DEFAULT '',
  `attributes_discounted` tinyint(1) NOT NULL DEFAULT '1',
  `attributes_price_base_included` tinyint(1) NOT NULL DEFAULT '1',
  `attributes_price_onetime` decimal(15,4) NOT NULL DEFAULT '0.0000',
  `attributes_price_factor` decimal(15,4) NOT NULL DEFAULT '0.0000',
  `attributes_price_factor_offset` decimal(15,4) NOT NULL DEFAULT '0.0000',
  `attributes_price_factor_onetime` decimal(15,4) NOT NULL DEFAULT '0.0000',
  `attributes_price_factor_onetime_offset` decimal(15,4) NOT NULL DEFAULT '0.0000',
  `attributes_qty_prices` text,
  `attributes_qty_prices_onetime` text,
  `attributes_price_words` decimal(15,4) NOT NULL DEFAULT '0.0000',
  `attributes_price_words_free` int(4) NOT NULL DEFAULT '0',
  `attributes_price_letters` decimal(15,4) NOT NULL DEFAULT '0.0000',
  `attributes_price_letters_free` int(4) NOT NULL DEFAULT '0',
  `products_options_id` int(11) NOT NULL DEFAULT '0',
  `products_options_values_id` int(11) NOT NULL DEFAULT '0',
  `products_prid` tinytext NOT NULL,
  PRIMARY KEY (`orders_products_attributes_id`),
  KEY `idx_orders_id_prod_id_zen` (`orders_id`,`orders_products_id`)
) ENGINE=MyISAM DEFAULT CHARSET=utf8mb4;

--
-- Dumping data for table `orders_products_attributes`
--


--
-- Table structure for table `orders_products_download`
--

CREATE TABLE `orders_products_download` (
  `orders_products_download_id` int(11) NOT NULL AUTO_INCREMENT,
  `orders_id` int(11) NOT NULL DEFAULT '0',
  `orders_products_id` int(11) NOT NULL DEFAULT '0',
  `orders_products_filename` varchar(255) NOT NULL DEFAULT '',
  `download_maxdays` int(2) NOT NULL DEFAULT '0',
  `download_count` int(2) NOT NULL DEFAULT '0',
  `products_prid` tinytext NOT NULL,
  `products_attributes_id` int(11) DEFAULT NULL,
  PRIMARY KEY (`orders_products_download_id`),
  KEY `idx_orders_id_zen` (`orders_id`),
  KEY `idx_orders_products_id_zen` (`orders_products_id`)
) ENGINE=MyISAM DEFAULT CHARSET=utf8mb4;

--
-- Dumping data for table `orders_products_download`
--


--
-- Table structure for table `orders_status`
--

CREATE TABLE `orders_status` (
  `orders_status_id` int(11) NOT NULL DEFAULT '0',
  `language_id` int(11) NOT NULL DEFAULT '1',
  `orders_status_name` varchar(32) NOT NULL DEFAULT '',
  PRIMARY KEY (`orders_status_id`,`language_id`),
  KEY `idx_orders_status_name_zen` (`orders_status_name`)
) ENGINE=MyISAM DEFAULT CHARSET=utf8mb4;

--
-- Dumping data for table `orders_status`
--

INSERT INTO `orders_status` VALUES (1,1,'Pending'),(2,1,'Processing'),(3,1,'Delivered'),(4,1,'Update');

--
-- Table structure for table `orders_status_history`
--

CREATE TABLE `orders_status_history` (
  `orders_status_history_id` int(11) NOT NULL AUTO_INCREMENT,
  `orders_id` int(11) NOT NULL DEFAULT '0',
  `orders_status_id` int(5) NOT NULL DEFAULT '0',
  `date_added` datetime NOT NULL DEFAULT '0001-01-01 00:00:00',
  `customer_notified` int(1) DEFAULT '0',
  `comments` text,
  `updated_by` varchar(45) NOT NULL DEFAULT '',
  PRIMARY KEY (`orders_status_history_id`),
  KEY `idx_orders_id_status_id_zen` (`orders_id`,`orders_status_id`)
) ENGINE=MyISAM DEFAULT CHARSET=utf8mb4;

--
-- Dumping data for table `orders_status_history`
--


--
-- Table structure for table `orders_total`
--

CREATE TABLE `orders_total` (
  `orders_total_id` int(10) unsigned NOT NULL AUTO_INCREMENT,
  `orders_id` int(11) NOT NULL DEFAULT '0',
  `title` varchar(255) NOT NULL DEFAULT '',
  `text` varchar(255) NOT NULL DEFAULT '',
  `value` decimal(15,4) NOT NULL DEFAULT '0.0000',
  `class` varchar(32) NOT NULL DEFAULT '',
  `sort_order` int(11) NOT NULL DEFAULT '0',
  PRIMARY KEY (`orders_total_id`),
  KEY `idx_ot_orders_id_zen` (`orders_id`),
  KEY `idx_ot_class_zen` (`class`)
) ENGINE=MyISAM DEFAULT CHARSET=utf8mb4;

--
-- Dumping data for table `orders_total`
--


--
-- Table structure for table `paypal`
--

CREATE TABLE `paypal` (
  `paypal_ipn_id` int(11) unsigned NOT NULL AUTO_INCREMENT,
  `order_id` int(11) unsigned NOT NULL DEFAULT '0',
  `txn_type` varchar(40) NOT NULL DEFAULT '',
  `module_name` varchar(40) NOT NULL DEFAULT '',
  `module_mode` varchar(40) NOT NULL DEFAULT '',
  `reason_code` varchar(40) DEFAULT NULL,
  `payment_type` varchar(40) NOT NULL DEFAULT '',
  `payment_status` varchar(32) NOT NULL DEFAULT '',
  `pending_reason` varchar(32) DEFAULT NULL,
  `invoice` varchar(128) DEFAULT NULL,
  `mc_currency` char(3) NOT NULL DEFAULT '',
  `first_name` varchar(32) NOT NULL DEFAULT '',
  `last_name` varchar(32) NOT NULL DEFAULT '',
  `payer_business_name` varchar(128) DEFAULT NULL,
  `address_name` varchar(64) DEFAULT NULL,
  `address_street` varchar(254) DEFAULT NULL,
  `address_city` varchar(120) DEFAULT NULL,
  `address_state` varchar(120) DEFAULT NULL,
  `address_zip` varchar(10) DEFAULT NULL,
  `address_country` varchar(64) DEFAULT NULL,
  `address_status` varchar(11) DEFAULT NULL,
  `payer_email` varchar(128) NOT NULL DEFAULT '',
  `payer_id` varchar(32) NOT NULL DEFAULT '',
  `payer_status` varchar(10) NOT NULL DEFAULT '',
  `payment_date` datetime NOT NULL DEFAULT '0001-01-01 00:00:00',
  `business` varchar(128) NOT NULL DEFAULT '',
  `receiver_email` varchar(128) NOT NULL DEFAULT '',
  `receiver_id` varchar(32) NOT NULL DEFAULT '',
  `txn_id` varchar(20) NOT NULL DEFAULT '',
  `parent_txn_id` varchar(20) DEFAULT NULL,
  `num_cart_items` tinyint(4) unsigned NOT NULL DEFAULT '1',
  `mc_gross` decimal(15,4) NOT NULL DEFAULT '0.0000',
  `mc_fee` decimal(15,4) NOT NULL DEFAULT '0.0000',
  `payment_gross` decimal(15,4) DEFAULT NULL,
  `payment_fee` decimal(15,4) DEFAULT NULL,
  `settle_amount` decimal(15,4) DEFAULT NULL,
  `settle_currency` char(3) DEFAULT NULL,
  `exchange_rate` decimal(15,4) DEFAULT NULL,
  `notify_version` varchar(6) NOT NULL DEFAULT '',
  `verify_sign` varchar(128) NOT NULL DEFAULT '',
  `last_modified` datetime NOT NULL DEFAULT '0001-01-01 00:00:00',
  `date_added` datetime NOT NULL DEFAULT '0001-01-01 00:00:00',
  `memo` text,
  PRIMARY KEY (`paypal_ipn_id`,`txn_id`),
  KEY `idx_order_id_zen` (`order_id`)
) ENGINE=MyISAM DEFAULT CHARSET=utf8mb4;

--
-- Dumping data for table `paypal`
--


--
-- Table structure for table `paypal_payment_status`
--

CREATE TABLE `paypal_payment_status` (
  `payment_status_id` int(11) NOT NULL AUTO_INCREMENT,
  `payment_status_name` varchar(64) NOT NULL DEFAULT '',
  PRIMARY KEY (`payment_status_id`)
) ENGINE=MyISAM AUTO_INCREMENT=8 DEFAULT CHARSET=utf8mb4;

--
-- Dumping data for table `paypal_payment_status`
--

INSERT INTO `paypal_payment_status` VALUES (1,'Completed'),(2,'Pending'),(3,'Failed'),(4,'Denied'),(5,'Refunded'),(6,'Canceled_Reversal'),(7,'Reversed');

--
-- Table structure for table `paypal_payment_status_history`
--

CREATE TABLE `paypal_payment_status_history` (
  `payment_status_history_id` int(11) NOT NULL AUTO_INCREMENT,
  `paypal_ipn_id` int(11) NOT NULL DEFAULT '0',
  `txn_id` varchar(64) NOT NULL DEFAULT '',
  `parent_txn_id` varchar(64) NOT NULL DEFAULT '',
  `payment_status` varchar(17) NOT NULL DEFAULT '',
  `pending_reason` varchar(32) DEFAULT NULL,
  `date_added` datetime NOT NULL DEFAULT '0001-01-01 00:00:00',
  PRIMARY KEY (`payment_status_history_id`),
  KEY `idx_paypal_ipn_id_zen` (`paypal_ipn_id`)
) ENGINE=MyISAM DEFAULT CHARSET=utf8mb4;

--
-- Dumping data for table `paypal_payment_status_history`
--


--
-- Table structure for table `paypal_session`
--

CREATE TABLE `paypal_session` (
  `unique_id` int(11) NOT NULL AUTO_INCREMENT,
  `session_id` text NOT NULL,
  `saved_session` mediumblob NOT NULL,
  `expiry` int(17) NOT NULL DEFAULT '0',
  PRIMARY KEY (`unique_id`),
  KEY `idx_session_id_zen` (`session_id`(36))
) ENGINE=MyISAM DEFAULT CHARSET=utf8mb4;

--
-- Dumping data for table `paypal_session`
--


--
-- Table structure for table `paypal_testing`
--

