-- Table structure for table `zen_paypal`
--

CREATE TABLE `zen_paypal` (
  `paypal_ipn_id` int(11) unsigned NOT NULL AUTO_INCREMENT,
  `order_id` int(11) unsigned NOT NULL DEFAULT '0',
  `txn_type` varchar(40) COLLATE utf8_unicode_ci NOT NULL DEFAULT '',
  `module_name` varchar(40) COLLATE utf8_unicode_ci NOT NULL DEFAULT '',
  `module_mode` varchar(40) COLLATE utf8_unicode_ci NOT NULL DEFAULT '',
  `reason_code` varchar(40) COLLATE utf8_unicode_ci DEFAULT NULL,
  `payment_type` varchar(40) COLLATE utf8_unicode_ci NOT NULL DEFAULT '',
  `payment_status` varchar(32) COLLATE utf8_unicode_ci NOT NULL DEFAULT '',
  `pending_reason` varchar(32) COLLATE utf8_unicode_ci DEFAULT NULL,
  `invoice` varchar(128) COLLATE utf8_unicode_ci DEFAULT NULL,
  `mc_currency` char(3) COLLATE utf8_unicode_ci NOT NULL DEFAULT '',
  `first_name` varchar(32) COLLATE utf8_unicode_ci NOT NULL DEFAULT '',
  `last_name` varchar(32) COLLATE utf8_unicode_ci NOT NULL DEFAULT '',
  `payer_business_name` varchar(128) COLLATE utf8_unicode_ci DEFAULT NULL,
  `address_name` varchar(64) COLLATE utf8_unicode_ci DEFAULT NULL,
  `address_street` varchar(254) COLLATE utf8_unicode_ci DEFAULT NULL,
  `address_city` varchar(120) COLLATE utf8_unicode_ci DEFAULT NULL,
  `address_state` varchar(120) COLLATE utf8_unicode_ci DEFAULT NULL,
  `address_zip` varchar(10) COLLATE utf8_unicode_ci DEFAULT NULL,
  `address_country` varchar(64) COLLATE utf8_unicode_ci DEFAULT NULL,
  `address_status` varchar(11) COLLATE utf8_unicode_ci DEFAULT NULL,
  `payer_email` varchar(128) COLLATE utf8_unicode_ci NOT NULL DEFAULT '',
  `payer_id` varchar(32) COLLATE utf8_unicode_ci NOT NULL DEFAULT '',
  `payer_status` varchar(10) COLLATE utf8_unicode_ci NOT NULL DEFAULT '',
  `payment_date` datetime NOT NULL DEFAULT '0001-01-01 00:00:00',
  `business` varchar(128) COLLATE utf8_unicode_ci NOT NULL DEFAULT '',
  `receiver_email` varchar(128) COLLATE utf8_unicode_ci NOT NULL DEFAULT '',
  `receiver_id` varchar(32) COLLATE utf8_unicode_ci NOT NULL DEFAULT '',
  `txn_id` varchar(20) COLLATE utf8_unicode_ci NOT NULL DEFAULT '',
  `parent_txn_id` varchar(20) COLLATE utf8_unicode_ci DEFAULT NULL,
  `num_cart_items` tinyint(4) unsigned NOT NULL DEFAULT '1',
  `mc_gross` decimal(7,2) NOT NULL DEFAULT '0.00',
  `mc_fee` decimal(7,2) NOT NULL DEFAULT '0.00',
  `payment_gross` decimal(7,2) DEFAULT NULL,
  `payment_fee` decimal(7,2) DEFAULT NULL,
  `settle_amount` decimal(7,2) DEFAULT NULL,
  `settle_currency` char(3) COLLATE utf8_unicode_ci DEFAULT NULL,
  `exchange_rate` decimal(4,2) DEFAULT NULL,
  `notify_version` varchar(6) COLLATE utf8_unicode_ci NOT NULL DEFAULT '',
  `verify_sign` varchar(128) COLLATE utf8_unicode_ci NOT NULL DEFAULT '',
  `last_modified` datetime NOT NULL DEFAULT '0001-01-01 00:00:00',
  `date_added` datetime NOT NULL DEFAULT '0001-01-01 00:00:00',
  `memo` text COLLATE utf8_unicode_ci,
  PRIMARY KEY (`paypal_ipn_id`,`txn_id`),
  KEY `idx_order_id_zen` (`order_id`)
) ENGINE=MyISAM AUTO_INCREMENT=6 DEFAULT CHARSET=utf8 COLLATE=utf8_unicode_ci;

--
-- Dumping data for table `zen_paypal`
--

INSERT INTO `zen_paypal` VALUES (1,11,'cart','paypalwpp','PayPal','None','PayPal Express Checkout (instant)','Completed','None','EC-2NT82604TN512135L','USD','JOHN','BRAKE','Adirondak Jak, Inc.','Adirondak Jak, Inc.','9079 PIERSON RD','FOWLERVILLE','MI','48836','','Confirmed','eorder@adirondakchairs.net','2H5JR9R6C3V4C','verified','2010-02-01 18:53:05','','wayne.aaasurvival.com','','3L132312K51507330','',1,35.04,1.32,NULL,NULL,0.00,'USD',1.00,'0.0','','0001-01-01 00:00:00','2010-02-01 12:53:03','{Record generated by payment module}'),(2,12,'cart','paypaldp','PayPal','','Credit Card (WPP)','Completed','','','USD','','','','','','','','','','','','','','2010-02-01 19:23:33','','MODULE_PAYMENT_PAYPALDP_APIUSERNAME','','8SB41353BD574861E','',1,15.71,0.00,NULL,NULL,0.00,'USD',1.00,'0.0','','0001-01-01 00:00:00','2010-02-01 13:23:31','{Record generated by payment module}'),(3,13,'cart','paypalwpp','PayPal','None','PayPal Express Checkout (instant)','Completed','None','EC-0TS35927T69694825','USD','Jennifer','Ware','','Jennifer Ware','1103 Sierra Country Court','Gardnerville','NV','89460','','Confirmed','jennifer@herdware.net','E4X8DGXCQ2JMW','verified','2010-02-15 23:35:38','','wayne.aaasurvival.com','','8MC61548464954205','',1,170.00,5.23,NULL,NULL,0.00,'USD',1.00,'0.0','','0001-01-01 00:00:00','2010-02-15 17:35:36','{Record generated by payment module}'),(4,14,'cart','paypalwpp','PayPal','None','PayPal Express Checkout (instant)','Completed','None','EC-1YN31002X9863673S','USD','Johannes','Muelmenstaedt','','Johannes Muelmenstaedt','1830 Zapo St','Del Mar','CA','92014','','Confirmed','jmuelmen@ucsd.edu','TZ43TXUPR7NV4','verified','2010-06-09 03:09:52','','wayne.aaasurvival.com','','8C463154090635105','',1,200.97,6.13,NULL,NULL,0.00,'USD',1.00,'0.0','','0001-01-01 00:00:00','2010-06-08 22:09:41','{Record generated by payment module}'),(5,12382,'cart','paypalwpp','PayPal','None','PayPal Express Checkout (instant)','Completed','None','EC-90043929765547627','USD','IGARASHI','Hitoki','','IGARASHI Hitoki','139-4 NAKAJIMA-CHO - TAKIKAWA-SHI','HOKKAIDO','北海é“','073-0035','','Unconfirmed','h-igarashi@happy.bbexcite.jp','YW3544D7D29LE','unverified','2010-11-16 02:49:13','','wayne.aaasurvival.com','','45892889RU867724B','',1,4524.56,176.76,NULL,NULL,0.00,'USD',1.00,'0','','0001-01-01 00:00:00','2010-11-15 20:49:13','{Record generated by payment module}');

--
-- Table structure for table `zen_paypal_payment_status`
--

CREATE TABLE `zen_paypal_payment_status` (
  `payment_status_id` int(11) NOT NULL AUTO_INCREMENT,
  `payment_status_name` varchar(64) COLLATE utf8_unicode_ci NOT NULL DEFAULT '',
  PRIMARY KEY (`payment_status_id`)
) ENGINE=MyISAM AUTO_INCREMENT=8 DEFAULT CHARSET=utf8 COLLATE=utf8_unicode_ci;

--
-- Dumping data for table `zen_paypal_payment_status`
--

INSERT INTO `zen_paypal_payment_status` VALUES (1,'Completed'),(2,'Pending'),(3,'Failed'),(4,'Denied'),(5,'Refunded'),(6,'Canceled_Reversal'),(7,'Reversed');

--
-- Table structure for table `zen_paypal_payment_status_history`
--

CREATE TABLE `zen_paypal_payment_status_history` (
  `payment_status_history_id` int(11) NOT NULL AUTO_INCREMENT,
  `paypal_ipn_id` int(11) NOT NULL DEFAULT '0',
  `txn_id` varchar(64) COLLATE utf8_unicode_ci NOT NULL DEFAULT '',
  `parent_txn_id` varchar(64) COLLATE utf8_unicode_ci NOT NULL DEFAULT '',
  `payment_status` varchar(17) COLLATE utf8_unicode_ci NOT NULL DEFAULT '',
  `pending_reason` varchar(14) COLLATE utf8_unicode_ci DEFAULT NULL,
  `date_added` datetime NOT NULL DEFAULT '0001-01-01 00:00:00',
  PRIMARY KEY (`payment_status_history_id`),
  KEY `idx_paypal_ipn_id_zen` (`paypal_ipn_id`)
) ENGINE=MyISAM DEFAULT CHARSET=utf8 COLLATE=utf8_unicode_ci;

--
-- Dumping data for table `zen_paypal_payment_status_history`
--


--
-- Table structure for table `zen_paypal_testing`
--

CREATE TABLE `zen_paypal_testing` (
  `paypal_ipn_id` int(11) unsigned NOT NULL AUTO_INCREMENT,
  `order_id` int(11) unsigned NOT NULL DEFAULT '0',
  `custom` varchar(255) COLLATE utf8_unicode_ci NOT NULL DEFAULT '',
  `txn_type` varchar(40) COLLATE utf8_unicode_ci NOT NULL DEFAULT '',
  `module_name` varchar(40) COLLATE utf8_unicode_ci NOT NULL DEFAULT '',
  `module_mode` varchar(40) COLLATE utf8_unicode_ci NOT NULL DEFAULT '',
  `reason_code` varchar(40) COLLATE utf8_unicode_ci DEFAULT NULL,
  `payment_type` varchar(40) COLLATE utf8_unicode_ci NOT NULL DEFAULT '',
  `payment_status` varchar(32) COLLATE utf8_unicode_ci NOT NULL DEFAULT '',
  `pending_reason` varchar(32) COLLATE utf8_unicode_ci DEFAULT NULL,
  `invoice` varchar(128) COLLATE utf8_unicode_ci DEFAULT NULL,
  `mc_currency` char(3) COLLATE utf8_unicode_ci NOT NULL DEFAULT '',
  `first_name` varchar(32) COLLATE utf8_unicode_ci NOT NULL DEFAULT '',
  `last_name` varchar(32) COLLATE utf8_unicode_ci NOT NULL DEFAULT '',
  `payer_business_name` varchar(128) COLLATE utf8_unicode_ci DEFAULT NULL,
  `address_name` varchar(64) COLLATE utf8_unicode_ci DEFAULT NULL,
  `address_street` varchar(254) COLLATE utf8_unicode_ci DEFAULT NULL,
  `address_city` varchar(120) COLLATE utf8_unicode_ci DEFAULT NULL,
  `address_state` varchar(120) COLLATE utf8_unicode_ci DEFAULT NULL,
  `address_zip` varchar(10) COLLATE utf8_unicode_ci DEFAULT NULL,
  `address_country` varchar(64) COLLATE utf8_unicode_ci DEFAULT NULL,
  `address_status` varchar(11) COLLATE utf8_unicode_ci DEFAULT NULL,
  `payer_email` varchar(128) COLLATE utf8_unicode_ci NOT NULL DEFAULT '',
  `payer_id` varchar(32) COLLATE utf8_unicode_ci NOT NULL DEFAULT '',
  `payer_status` varchar(10) COLLATE utf8_unicode_ci NOT NULL DEFAULT '',
  `payment_date` datetime NOT NULL DEFAULT '0001-01-01 00:00:00',
  `business` varchar(128) COLLATE utf8_unicode_ci NOT NULL DEFAULT '',
  `receiver_email` varchar(128) COLLATE utf8_unicode_ci NOT NULL DEFAULT '',
  `receiver_id` varchar(32) COLLATE utf8_unicode_ci NOT NULL DEFAULT '',
  `txn_id` varchar(20) COLLATE utf8_unicode_ci NOT NULL DEFAULT '',
  `parent_txn_id` varchar(20) COLLATE utf8_unicode_ci DEFAULT NULL,
  `num_cart_items` tinyint(4) unsigned NOT NULL DEFAULT '1',
  `mc_gross` decimal(7,2) NOT NULL DEFAULT '0.00',
  `mc_fee` decimal(7,2) NOT NULL DEFAULT '0.00',
  `payment_gross` decimal(7,2) DEFAULT NULL,
  `payment_fee` decimal(7,2) DEFAULT NULL,
  `settle_amount` decimal(7,2) DEFAULT NULL,
  `settle_currency` char(3) COLLATE utf8_unicode_ci DEFAULT NULL,
  `exchange_rate` decimal(4,2) DEFAULT NULL,
  `notify_version` decimal(2,1) NOT NULL DEFAULT '0.0',
  `verify_sign` varchar(128) COLLATE utf8_unicode_ci NOT NULL DEFAULT '',
  `last_modified` datetime NOT NULL DEFAULT '0001-01-01 00:00:00',
  `date_added` datetime NOT NULL DEFAULT '0001-01-01 00:00:00',
  `memo` text COLLATE utf8_unicode_ci,
  PRIMARY KEY (`paypal_ipn_id`,`txn_id`),
  KEY `idx_order_id_zen` (`order_id`)
) ENGINE=MyISAM DEFAULT CHARSET=utf8 COLLATE=utf8_unicode_ci;

--
-- Dumping data for table `zen_paypal_testing`
--


--
-- Table structure for table `zen_product_music_extra`
--

CREATE TABLE `zen_product_music_extra` (
  `products_id` int(11) NOT NULL DEFAULT '0',
  `artists_id` int(11) NOT NULL DEFAULT '0',
  `record_company_id` int(11) NOT NULL DEFAULT '0',
  `music_genre_id` int(11) NOT NULL DEFAULT '0',
  PRIMARY KEY (`products_id`),
  KEY `idx_music_genre_id_zen` (`music_genre_id`),
  KEY `idx_artists_id_zen` (`artists_id`),
  KEY `idx_record_company_id_zen` (`record_company_id`)
) ENGINE=MyISAM DEFAULT CHARSET=utf8 COLLATE=utf8_unicode_ci;

--
-- Dumping data for table `zen_product_music_extra`
--


--
-- Table structure for table `zen_product_type_layout`
--

CREATE TABLE `zen_product_type_layout` (
  `configuration_id` int(11) NOT NULL AUTO_INCREMENT,
  `configuration_title` text COLLATE utf8_unicode_ci NOT NULL,
  `configuration_key` varchar(255) COLLATE utf8_unicode_ci NOT NULL DEFAULT '',
  `configuration_value` text COLLATE utf8_unicode_ci NOT NULL,
  `configuration_description` text COLLATE utf8_unicode_ci NOT NULL,
  `product_type_id` int(11) NOT NULL DEFAULT '0',
  `sort_order` int(5) DEFAULT NULL,
  `last_modified` datetime DEFAULT NULL,
  `date_added` datetime NOT NULL DEFAULT '0001-01-01 00:00:00',
  `use_function` text COLLATE utf8_unicode_ci,
  `set_function` text COLLATE utf8_unicode_ci,
  PRIMARY KEY (`configuration_id`),
  UNIQUE KEY `unq_config_key_zen` (`configuration_key`),
  KEY `idx_key_value_zen` (`configuration_key`,`configuration_value`(10)),
  KEY `idx_type_id_sort_order_zen` (`product_type_id`,`sort_order`)
) ENGINE=MyISAM AUTO_INCREMENT=144 DEFAULT CHARSET=utf8 COLLATE=utf8_unicode_ci;

--
-- Dumping data for table `zen_product_type_layout`
--

INSERT INTO `zen_product_type_layout` VALUES (1,'Show Model Number','SHOW_PRODUCT_INFO_MODEL','1','Display Model Number on Product Info 0= off 1= on',1,1,NULL,'2010-10-17 08:24:08',NULL,'zen_cfg_select_drop_down(array(array(\'id\'=>\'1\', \'text\'=>\'True\'), array(\'id\'=>\'0\', \'text\'=>\'False\')), '),(2,'Show Weight','SHOW_PRODUCT_INFO_WEIGHT','1','Display Weight on Product Info 0= off 1= on',1,2,NULL,'2010-10-17 08:24:08',NULL,'zen_cfg_select_drop_down(array(array(\'id\'=>\'1\', \'text\'=>\'True\'), array(\'id\'=>\'0\', \'text\'=>\'False\')), '),(3,'Show Attribute Weight','SHOW_PRODUCT_INFO_WEIGHT_ATTRIBUTES','1','Display Attribute Weight on Product Info 0= off 1= on',1,3,NULL,'2010-10-17 08:24:08',NULL,'zen_cfg_select_drop_down(array(array(\'id\'=>\'1\', \'text\'=>\'True\'), array(\'id\'=>\'0\', \'text\'=>\'False\')), '),(4,'Show Manufacturer','SHOW_PRODUCT_INFO_MANUFACTURER','0','Display Manufacturer Name on Product Info 0= off 1= on',1,4,'2010-10-17 20:54:08','2010-10-17 08:24:08',NULL,'zen_cfg_select_drop_down(array(array(\'id\'=>\'1\', \'text\'=>\'True\'), array(\'id\'=>\'0\', \'text\'=>\'False\')), '),(5,'Show Quantity in Shopping Cart','SHOW_PRODUCT_INFO_IN_CART_QTY','1','Display Quantity in Current Shopping Cart on Product Info 0= off 1= on',1,5,NULL,'2010-10-17 08:24:08',NULL,'zen_cfg_select_drop_down(array(array(\'id\'=>\'1\', \'text\'=>\'True\'), array(\'id\'=>\'0\', \'text\'=>\'False\')), '),(6,'Show Quantity in Stock','SHOW_PRODUCT_INFO_QUANTITY','0','Display Quantity in Stock on Product Info 0= off 1= on',1,6,'2010-10-17 20:55:23','2010-10-17 08:24:08',NULL,'zen_cfg_select_drop_down(array(array(\'id\'=>\'1\', \'text\'=>\'True\'), array(\'id\'=>\'0\', \'text\'=>\'False\')), '),(7,'Show Product Reviews Count','SHOW_PRODUCT_INFO_REVIEWS_COUNT','0','Display Product Reviews Count on Product Info 0= off 1= on',1,7,'2010-10-17 20:56:07','2010-10-17 08:24:08',NULL,'zen_cfg_select_drop_down(array(array(\'id\'=>\'1\', \'text\'=>\'True\'), array(\'id\'=>\'0\', \'text\'=>\'False\')), '),(8,'Show Product Reviews Button','SHOW_PRODUCT_INFO_REVIEWS','0','Display Product Reviews Button on Product Info 0= off 1= on',1,8,'2010-10-17 20:55:49','2010-10-17 08:24:08',NULL,'zen_cfg_select_drop_down(array(array(\'id\'=>\'1\', \'text\'=>\'True\'), array(\'id\'=>\'0\', \'text\'=>\'False\')), '),(9,'Show Date Available','SHOW_PRODUCT_INFO_DATE_AVAILABLE','0','Display Date Available on Product Info 0= off 1= on',1,9,'2010-10-17 20:56:19','2010-10-17 08:24:08',NULL,'zen_cfg_select_drop_down(array(array(\'id\'=>\'1\', \'text\'=>\'True\'), array(\'id\'=>\'0\', \'text\'=>\'False\')), '),(10,'Show Date Added','SHOW_PRODUCT_INFO_DATE_ADDED','0','Display Date Added on Product Info 0= off 1= on',1,10,'2010-10-17 20:56:32','2010-10-17 08:24:08',NULL,'zen_cfg_select_drop_down(array(array(\'id\'=>\'1\', \'text\'=>\'True\'), array(\'id\'=>\'0\', \'text\'=>\'False\')), '),(11,'Show Product URL','SHOW_PRODUCT_INFO_URL','1','Display URL on Product Info 0= off 1= on',1,11,NULL,'2010-10-17 08:24:08',NULL,'zen_cfg_select_drop_down(array(array(\'id\'=>\'1\', \'text\'=>\'True\'), array(\'id\'=>\'0\', \'text\'=>\'False\')), '),(12,'Show Product Additional Images','SHOW_PRODUCT_INFO_ADDITIONAL_IMAGES','1','Display Additional Images on Product Info 0= off 1= on',1,13,NULL,'2010-10-17 08:24:08',NULL,'zen_cfg_select_drop_down(array(array(\'id\'=>\'1\', \'text\'=>\'True\'), array(\'id\'=>\'0\', \'text\'=>\'False\')), '),(13,'Show Starting At text on Price','SHOW_PRODUCT_INFO_STARTING_AT','0','Display Starting At text on products with attributes Product Info 0= off 1= on',1,12,'2010-10-17 20:56:46','2010-10-17 08:24:08',NULL,'zen_cfg_select_drop_down(array(array(\'id\'=>\'1\', \'text\'=>\'True\'), array(\'id\'=>\'0\', \'text\'=>\'False\')), '),(14,'Show Product Tell a Friend button','SHOW_PRODUCT_INFO_TELL_A_FRIEND','0','Display the Tell a Friend button on Product Info<br /><br />Note: Turning this setting off does not affect the Tell a Friend box in the columns and turning off the Tell a Friend box does not affect the button<br />0= off 1= on',1,15,'2010-10-17 20:56:59','2010-10-17 08:24:08',NULL,'zen_cfg_select_drop_down(array(array(\'id\'=>\'1\', \'text\'=>\'True\'), array(\'id\'=>\'0\', \'text\'=>\'False\')), '),(15,'Product Free Shipping Image Status - Catalog','SHOW_PRODUCT_INFO_ALWAYS_FREE_SHIPPING_IMAGE_SWITCH','0','Show the Free Shipping image/text in the catalog?',1,16,NULL,'2010-10-17 08:24:08',NULL,'zen_cfg_select_drop_down(array(array(\'id\'=>\'1\', \'text\'=>\'Yes\'), array(\'id\'=>\'0\', \'text\'=>\'No\')), '),(16,'Product Price Tax Class Default - When adding new products?','DEFAULT_PRODUCT_TAX_CLASS_ID','0','What should the Product Price Tax Class Default ID be when adding new products?',1,100,NULL,'2010-10-17 08:24:08','',''),(17,'Product Virtual Default Status - Skip Shipping Address - When adding new products?','DEFAULT_PRODUCT_PRODUCTS_VIRTUAL','0','Default Virtual Product status to be ON when adding new products?',1,101,NULL,'2010-10-17 08:24:08',NULL,'zen_cfg_select_drop_down(array(array(\'id\'=>\'1\', \'text\'=>\'True\'), array(\'id\'=>\'0\', \'text\'=>\'False\')), '),(18,'Product Free Shipping Default Status - Normal Shipping Rules - When adding new products?','DEFAULT_PRODUCT_PRODUCTS_IS_ALWAYS_FREE_SHIPPING','0','What should the Default Free Shipping status be when adding new products?<br />Yes, Always Free Shipping ON<br />No, Always Free Shipping OFF<br />Special, Product/Download Requires Shipping',1,102,NULL,'2010-10-17 08:24:08',NULL,'zen_cfg_select_drop_down(array(array(\'id\'=>\'1\', \'text\'=>\'Yes, Always ON\'), array(\'id\'=>\'0\', \'text\'=>\'No, Always OFF\'), array(\'id\'=>\'2\', \'text\'=>\'Special\')), '),(19,'Show Model Number','SHOW_PRODUCT_MUSIC_INFO_MODEL','1','Display Model Number on Product Info 0= off 1= on',2,1,NULL,'2010-10-17 08:24:08',NULL,'zen_cfg_select_drop_down(array(array(\'id\'=>\'1\', \'text\'=>\'True\'), array(\'id\'=>\'0\', \'text\'=>\'False\')), '),(20,'Show Weight','SHOW_PRODUCT_MUSIC_INFO_WEIGHT','0','Display Weight on Product Info 0= off 1= on',2,2,NULL,'2010-10-17 08:24:08',NULL,'zen_cfg_select_drop_down(array(array(\'id\'=>\'1\', \'text\'=>\'True\'), array(\'id\'=>\'0\', \'text\'=>\'False\')), '),(21,'Show Attribute Weight','SHOW_PRODUCT_MUSIC_INFO_WEIGHT_ATTRIBUTES','1','Display Attribute Weight on Product Info 0= off 1= on',2,3,NULL,'2010-10-17 08:24:08',NULL,'zen_cfg_select_drop_down(array(array(\'id\'=>\'1\', \'text\'=>\'True\'), array(\'id\'=>\'0\', \'text\'=>\'False\')), '),(22,'Show Artist','SHOW_PRODUCT_MUSIC_INFO_ARTIST','1','Display Artists Name on Product Info 0= off 1= on',2,4,NULL,'2010-10-17 08:24:08',NULL,'zen_cfg_select_drop_down(array(array(\'id\'=>\'1\', \'text\'=>\'True\'), array(\'id\'=>\'0\', \'text\'=>\'False\')), '),(23,'Show Music Genre','SHOW_PRODUCT_MUSIC_INFO_GENRE','1','Display Music Genre on Product Info 0= off 1= on',2,4,NULL,'2010-10-17 08:24:08',NULL,'zen_cfg_select_drop_down(array(array(\'id\'=>\'1\', \'text\'=>\'True\'), array(\'id\'=>\'0\', \'text\'=>\'False\')), '),(24,'Show Record Company','SHOW_PRODUCT_MUSIC_INFO_RECORD_COMPANY','1','Display Record Company on Product Info 0= off 1= on',2,4,NULL,'2010-10-17 08:24:08',NULL,'zen_cfg_select_drop_down(array(array(\'id\'=>\'1\', \'text\'=>\'True\'), array(\'id\'=>\'0\', \'text\'=>\'False\')), '),(25,'Show Quantity in Shopping Cart','SHOW_PRODUCT_MUSIC_INFO_IN_CART_QTY','1','Display Quantity in Current Shopping Cart on Product Info 0= off 1= on',2,5,NULL,'2010-10-17 08:24:08',NULL,'zen_cfg_select_drop_down(array(array(\'id\'=>\'1\', \'text\'=>\'True\'), array(\'id\'=>\'0\', \'text\'=>\'False\')), '),(26,'Show Quantity in Stock','SHOW_PRODUCT_MUSIC_INFO_QUANTITY','0','Display Quantity in Stock on Product Info 0= off 1= on',2,6,NULL,'2010-10-17 08:24:08',NULL,'zen_cfg_select_drop_down(array(array(\'id\'=>\'1\', \'text\'=>\'True\'), array(\'id\'=>\'0\', \'text\'=>\'False\')), '),(27,'Show Product Reviews Count','SHOW_PRODUCT_MUSIC_INFO_REVIEWS_COUNT','1','Display Product Reviews Count on Product Info 0= off 1= on',2,7,NULL,'2010-10-17 08:24:08',NULL,'zen_cfg_select_drop_down(array(array(\'id\'=>\'1\', \'text\'=>\'True\'), array(\'id\'=>\'0\', \'text\'=>\'False\')), '),(28,'Show Product Reviews Button','SHOW_PRODUCT_MUSIC_INFO_REVIEWS','1','Display Product Reviews Button on Product Info 0= off 1= on',2,8,NULL,'2010-10-17 08:24:08',NULL,'zen_cfg_select_drop_down(array(array(\'id\'=>\'1\', \'text\'=>\'True\'), array(\'id\'=>\'0\', \'text\'=>\'False\')), '),(29,'Show Date Available','SHOW_PRODUCT_MUSIC_INFO_DATE_AVAILABLE','1','Display Date Available on Product Info 0= off 1= on',2,9,NULL,'2010-10-17 08:24:08',NULL,'zen_cfg_select_drop_down(array(array(\'id\'=>\'1\', \'text\'=>\'True\'), array(\'id\'=>\'0\', \'text\'=>\'False\')), '),(30,'Show Date Added','SHOW_PRODUCT_MUSIC_INFO_DATE_ADDED','1','Display Date Added on Product Info 0= off 1= on',2,10,NULL,'2010-10-17 08:24:08',NULL,'zen_cfg_select_drop_down(array(array(\'id\'=>\'1\', \'text\'=>\'True\'), array(\'id\'=>\'0\', \'text\'=>\'False\')), '),(31,'Show Starting At text on Price','SHOW_PRODUCT_MUSIC_INFO_STARTING_AT','1','Display Starting At text on products with attributes Product Info 0= off 1= on',2,12,NULL,'2010-10-17 08:24:08',NULL,'zen_cfg_select_drop_down(array(array(\'id\'=>\'1\', \'text\'=>\'True\'), array(\'id\'=>\'0\', \'text\'=>\'False\')), '),(32,'Show Product Additional Images','SHOW_PRODUCT_MUSIC_INFO_ADDITIONAL_IMAGES','1','Display Additional Images on Product Info 0= off 1= on',2,13,NULL,'2010-10-17 08:24:08',NULL,'zen_cfg_select_drop_down(array(array(\'id\'=>\'1\', \'text\'=>\'True\'), array(\'id\'=>\'0\', \'text\'=>\'False\')), '),(33,'Show Product Tell a Friend button','SHOW_PRODUCT_MUSIC_INFO_TELL_A_FRIEND','1','Display the Tell a Friend button on Product Info<br /><br />Note: Turning this setting off does not affect the Tell a Friend box in the columns and turning off the Tell a Friend box does not affect the button<br />0= off 1= on',2,15,NULL,'2010-10-17 08:24:08',NULL,'zen_cfg_select_drop_down(array(array(\'id\'=>\'1\', \'text\'=>\'True\'), array(\'id\'=>\'0\', \'text\'=>\'False\')), '),(34,'Product Free Shipping Image Status - Catalog','SHOW_PRODUCT_MUSIC_INFO_ALWAYS_FREE_SHIPPING_IMAGE_SWITCH','0','Show the Free Shipping image/text in the catalog?',2,16,NULL,'2010-10-17 08:24:08',NULL,'zen_cfg_select_drop_down(array(array(\'id\'=>\'1\', \'text\'=>\'Yes\'), array(\'id\'=>\'0\', \'text\'=>\'No\')), '),(35,'Product Price Tax Class Default - When adding new products?','DEFAULT_PRODUCT_MUSIC_TAX_CLASS_ID','0','What should the Product Price Tax Class Default ID be when adding new products?',2,100,NULL,'2010-10-17 08:24:08','',''),(36,'Product Virtual Default Status - Skip Shipping Address - When adding new products?','DEFAULT_PRODUCT_MUSIC_PRODUCTS_VIRTUAL','0','Default Virtual Product status to be ON when adding new products?',2,101,NULL,'2010-10-17 08:24:08',NULL,'zen_cfg_select_drop_down(array(array(\'id\'=>\'1\', \'text\'=>\'True\'), array(\'id\'=>\'0\', \'text\'=>\'False\')), '),(37,'Product Free Shipping Default Status - Normal Shipping Rules - When adding new products?','DEFAULT_PRODUCT_MUSIC_PRODUCTS_IS_ALWAYS_FREE_SHIPPING','0','What should the Default Free Shipping status be when adding new products?<br />Yes, Always Free Shipping ON<br />No, Always Free Shipping OFF<br />Special, Product/Download Requires Shipping',2,102,NULL,'2010-10-17 08:24:08',NULL,'zen_cfg_select_drop_down(array(array(\'id\'=>\'1\', \'text\'=>\'Yes, Always ON\'), array(\'id\'=>\'0\', \'text\'=>\'No, Always OFF\'), array(\'id\'=>\'2\', \'text\'=>\'Special\')), '),(38,'Show Product Reviews Count','SHOW_DOCUMENT_GENERAL_INFO_REVIEWS_COUNT','1','Display Product Reviews Count on Product Info 0= off 1= on',3,7,NULL,'2010-10-17 08:24:08',NULL,'zen_cfg_select_drop_down(array(array(\'id\'=>\'1\', \'text\'=>\'True\'), array(\'id\'=>\'0\', \'text\'=>\'False\')), '),(39,'Show Product Reviews Button','SHOW_DOCUMENT_GENERAL_INFO_REVIEWS','1','Display Product Reviews Button on Product Info 0= off 1= on',3,8,NULL,'2010-10-17 08:24:08',NULL,'zen_cfg_select_drop_down(array(array(\'id\'=>\'1\', \'text\'=>\'True\'), array(\'id\'=>\'0\', \'text\'=>\'False\')), '),(40,'Show Date Available','SHOW_DOCUMENT_GENERAL_INFO_DATE_AVAILABLE','1','Display Date Available on Product Info 0= off 1= on',3,9,NULL,'2010-10-17 08:24:08',NULL,'zen_cfg_select_drop_down(array(array(\'id\'=>\'1\', \'text\'=>\'True\'), array(\'id\'=>\'0\', \'text\'=>\'False\')), '),(41,'Show Date Added','SHOW_DOCUMENT_GENERAL_INFO_DATE_ADDED','1','Display Date Added on Product Info 0= off 1= on',3,10,NULL,'2010-10-17 08:24:08',NULL,'zen_cfg_select_drop_down(array(array(\'id\'=>\'1\', \'text\'=>\'True\'), array(\'id\'=>\'0\', \'text\'=>\'False\')), '),(42,'Show Product Tell a Friend button','SHOW_DOCUMENT_GENERAL_INFO_TELL_A_FRIEND','1','Display the Tell a Friend button on Product Info<br /><br />Note: Turning this setting off does not affect the Tell a Friend box in the columns and turning off the Tell a Friend box does not affect the button<br />0= off 1= on',3,15,NULL,'2010-10-17 08:24:08',NULL,'zen_cfg_select_drop_down(array(array(\'id\'=>\'1\', \'text\'=>\'True\'), array(\'id\'=>\'0\', \'text\'=>\'False\')), '),(43,'Show Product URL','SHOW_DOCUMENT_GENERAL_INFO_URL','1','Display URL on Product Info 0= off 1= on',3,11,NULL,'2010-10-17 08:24:08',NULL,'zen_cfg_select_drop_down(array(array(\'id\'=>\'1\', \'text\'=>\'True\'), array(\'id\'=>\'0\', \'text\'=>\'False\')), '),(44,'Show Product Additional Images','SHOW_DOCUMENT_GENERAL_INFO_ADDITIONAL_IMAGES','1','Display Additional Images on Product Info 0= off 1= on',3,13,NULL,'2010-10-17 08:24:08',NULL,'zen_cfg_select_drop_down(array(array(\'id\'=>\'1\', \'text\'=>\'True\'), array(\'id\'=>\'0\', \'text\'=>\'False\')), '),(45,'Show Model Number','SHOW_DOCUMENT_PRODUCT_INFO_MODEL','1','Display Model Number on Product Info 0= off 1= on',4,1,NULL,'2010-10-17 08:24:08',NULL,'zen_cfg_select_drop_down(array(array(\'id\'=>\'1\', \'text\'=>\'True\'), array(\'id\'=>\'0\', \'text\'=>\'False\')), '),(46,'Show Weight','SHOW_DOCUMENT_PRODUCT_INFO_WEIGHT','0','Display Weight on Product Info 0= off 1= on',4,2,NULL,'2010-10-17 08:24:08',NULL,'zen_cfg_select_drop_down(array(array(\'id\'=>\'1\', \'text\'=>\'True\'), array(\'id\'=>\'0\', \'text\'=>\'False\')), '),(47,'Show Attribute Weight','SHOW_DOCUMENT_PRODUCT_INFO_WEIGHT_ATTRIBUTES','1','Display Attribute Weight on Product Info 0= off 1= on',4,3,NULL,'2010-10-17 08:24:08',NULL,'zen_cfg_select_drop_down(array(array(\'id\'=>\'1\', \'text\'=>\'True\'), array(\'id\'=>\'0\', \'text\'=>\'False\')), '),(48,'Show Manufacturer','SHOW_DOCUMENT_PRODUCT_INFO_MANUFACTURER','1','Display Manufacturer Name on Product Info 0= off 1= on',4,4,NULL,'2010-10-17 08:24:08',NULL,'zen_cfg_select_drop_down(array(array(\'id\'=>\'1\', \'text\'=>\'True\'), array(\'id\'=>\'0\', \'text\'=>\'False\')), '),(49,'Show Quantity in Shopping Cart','SHOW_DOCUMENT_PRODUCT_INFO_IN_CART_QTY','1','Display Quantity in Current Shopping Cart on Product Info 0= off 1= on',4,5,NULL,'2010-10-17 08:24:08',NULL,'zen_cfg_select_drop_down(array(array(\'id\'=>\'1\', \'text\'=>\'True\'), array(\'id\'=>\'0\', \'text\'=>\'False\')), '),(50,'Show Quantity in Stock','SHOW_DOCUMENT_PRODUCT_INFO_QUANTITY','0','Display Quantity in Stock on Product Info 0= off 1= on',4,6,NULL,'2010-10-17 08:24:08',NULL,'zen_cfg_select_drop_down(array(array(\'id\'=>\'1\', \'text\'=>\'True\'), array(\'id\'=>\'0\', \'text\'=>\'False\')), '),(51,'Show Product Reviews Count','SHOW_DOCUMENT_PRODUCT_INFO_REVIEWS_COUNT','1','Display Product Reviews Count on Product Info 0= off 1= on',4,7,NULL,'2010-10-17 08:24:08',NULL,'zen_cfg_select_drop_down(array(array(\'id\'=>\'1\', \'text\'=>\'True\'), array(\'id\'=>\'0\', \'text\'=>\'False\')), '),(52,'Show Product Reviews Button','SHOW_DOCUMENT_PRODUCT_INFO_REVIEWS','1','Display Product Reviews Button on Product Info 0= off 1= on',4,8,NULL,'2010-10-17 08:24:08',NULL,'zen_cfg_select_drop_down(array(array(\'id\'=>\'1\', \'text\'=>\'True\'), array(\'id\'=>\'0\', \'text\'=>\'False\')), '),(53,'Show Date Available','SHOW_DOCUMENT_PRODUCT_INFO_DATE_AVAILABLE','1','Display Date Available on Product Info 0= off 1= on',4,9,NULL,'2010-10-17 08:24:08',NULL,'zen_cfg_select_drop_down(array(array(\'id\'=>\'1\', \'text\'=>\'True\'), array(\'id\'=>\'0\', \'text\'=>\'False\')), '),(54,'Show Date Added','SHOW_DOCUMENT_PRODUCT_INFO_DATE_ADDED','1','Display Date Added on Product Info 0= off 1= on',4,10,NULL,'2010-10-17 08:24:08',NULL,'zen_cfg_select_drop_down(array(array(\'id\'=>\'1\', \'text\'=>\'True\'), array(\'id\'=>\'0\', \'text\'=>\'False\')), '),(55,'Show Product URL','SHOW_DOCUMENT_PRODUCT_INFO_URL','1','Display URL on Product Info 0= off 1= on',4,11,NULL,'2010-10-17 08:24:08',NULL,'zen_cfg_select_drop_down(array(array(\'id\'=>\'1\', \'text\'=>\'True\'), array(\'id\'=>\'0\', \'text\'=>\'False\')), '),(56,'Show Product Additional Images','SHOW_DOCUMENT_PRODUCT_INFO_ADDITIONAL_IMAGES','1','Display Additional Images on Product Info 0= off 1= on',4,13,NULL,'2010-10-17 08:24:08',NULL,'zen_cfg_select_drop_down(array(array(\'id\'=>\'1\', \'text\'=>\'True\'), array(\'id\'=>\'0\', \'text\'=>\'False\')), '),(57,'Show Starting At text on Price','SHOW_DOCUMENT_PRODUCT_INFO_STARTING_AT','1','Display Starting At text on products with attributes Product Info 0= off 1= on',4,12,NULL,'2010-10-17 08:24:08',NULL,'zen_cfg_select_drop_down(array(array(\'id\'=>\'1\', \'text\'=>\'True\'), array(\'id\'=>\'0\', \'text\'=>\'False\')), '),(58,'Show Product Tell a Friend button','SHOW_DOCUMENT_PRODUCT_INFO_TELL_A_FRIEND','1','Display the Tell a Friend button on Product Info<br /><br />Note: Turning this setting off does not affect the Tell a Friend box in the columns and turning off the Tell a Friend box does not affect the button<br />0= off 1= on',4,15,NULL,'2010-10-17 08:24:08',NULL,'zen_cfg_select_drop_down(array(array(\'id\'=>\'1\', \'text\'=>\'True\'), array(\'id\'=>\'0\', \'text\'=>\'False\')), '),(59,'Product Free Shipping Image Status - Catalog','SHOW_DOCUMENT_PRODUCT_INFO_ALWAYS_FREE_SHIPPING_IMAGE_SWITCH','0','Show the Free Shipping image/text in the catalog?',4,16,NULL,'2010-10-17 08:24:08',NULL,'zen_cfg_select_drop_down(array(array(\'id\'=>\'1\', \'text\'=>\'Yes\'), array(\'id\'=>\'0\', \'text\'=>\'No\')), '),(60,'Product Price Tax Class Default - When adding new products?','DEFAULT_DOCUMENT_PRODUCT_TAX_CLASS_ID','0','What should the Product Price Tax Class Default ID be when adding new products?',4,100,NULL,'2010-10-17 08:24:08','',''),(61,'Product Virtual Default Status - Skip Shipping Address - When adding new products?','DEFAULT_DOCUMENT_PRODUCT_PRODUCTS_VIRTUAL','0','Default Virtual Product status to be ON when adding new products?',4,101,NULL,'2010-10-17 08:24:08',NULL,'zen_cfg_select_drop_down(array(array(\'id\'=>\'1\', \'text\'=>\'True\'), array(\'id\'=>\'0\', \'text\'=>\'False\')), '),(62,'Product Free Shipping Default Status - Normal Shipping Rules - When adding new products?','DEFAULT_DOCUMENT_PRODUCT_PRODUCTS_IS_ALWAYS_FREE_SHIPPING','0','What should the Default Free Shipping status be when adding new products?<br />Yes, Always Free Shipping ON<br />No, Always Free Shipping OFF<br />Special, Product/Download Requires Shipping',4,102,NULL,'2010-10-17 08:24:08',NULL,'zen_cfg_select_drop_down(array(array(\'id\'=>\'1\', \'text\'=>\'Yes, Always ON\'), array(\'id\'=>\'0\', \'text\'=>\'No, Always OFF\'), array(\'id\'=>\'2\', \'text\'=>\'Special\')), '),(63,'Show Model Number','SHOW_PRODUCT_FREE_SHIPPING_INFO_MODEL','1','Display Model Number on Product Info 0= off 1= on',5,1,NULL,'2010-10-17 08:24:08',NULL,'zen_cfg_select_drop_down(array(array(\'id\'=>\'1\', \'text\'=>\'True\'), array(\'id\'=>\'0\', \'text\'=>\'False\')), '),(64,'Show Weight','SHOW_PRODUCT_FREE_SHIPPING_INFO_WEIGHT','0','Display Weight on Product Info 0= off 1= on',5,2,NULL,'2010-10-17 08:24:08',NULL,'zen_cfg_select_drop_down(array(array(\'id\'=>\'1\', \'text\'=>\'True\'), array(\'id\'=>\'0\', \'text\'=>\'False\')), '),(65,'Show Attribute Weight','SHOW_PRODUCT_FREE_SHIPPING_INFO_WEIGHT_ATTRIBUTES','1','Display Attribute Weight on Product Info 0= off 1= on',5,3,NULL,'2010-10-17 08:24:08',NULL,'zen_cfg_select_drop_down(array(array(\'id\'=>\'1\', \'text\'=>\'True\'), array(\'id\'=>\'0\', \'text\'=>\'False\')), '),(66,'Show Manufacturer','SHOW_PRODUCT_FREE_SHIPPING_INFO_MANUFACTURER','1','Display Manufacturer Name on Product Info 0= off 1= on',5,4,NULL,'2010-10-17 08:24:08',NULL,'zen_cfg_select_drop_down(array(array(\'id\'=>\'1\', \'text\'=>\'True\'), array(\'id\'=>\'0\', \'text\'=>\'False\')), '),(67,'Show Quantity in Shopping Cart','SHOW_PRODUCT_FREE_SHIPPING_INFO_IN_CART_QTY','1','Display Quantity in Current Shopping Cart on Product Info 0= off 1= on',5,5,NULL,'2010-10-17 08:24:08',NULL,'zen_cfg_select_drop_down(array(array(\'id\'=>\'1\', \'text\'=>\'True\'), array(\'id\'=>\'0\', \'text\'=>\'False\')), '),(68,'Show Quantity in Stock','SHOW_PRODUCT_FREE_SHIPPING_INFO_QUANTITY','1','Display Quantity in Stock on Product Info 0= off 1= on',5,6,NULL,'2010-10-17 08:24:08',NULL,'zen_cfg_select_drop_down(array(array(\'id\'=>\'1\', \'text\'=>\'True\'), array(\'id\'=>\'0\', \'text\'=>\'False\')), '),(69,'Show Product Reviews Count','SHOW_PRODUCT_FREE_SHIPPING_INFO_REVIEWS_COUNT','1','Display Product Reviews Count on Product Info 0= off 1= on',5,7,NULL,'2010-10-17 08:24:08',NULL,'zen_cfg_select_drop_down(array(array(\'id\'=>\'1\', \'text\'=>\'True\'), array(\'id\'=>\'0\', \'text\'=>\'False\')), '),(70,'Show Product Reviews Button','SHOW_PRODUCT_FREE_SHIPPING_INFO_REVIEWS','1','Display Product Reviews Button on Product Info 0= off 1= on',5,8,NULL,'2010-10-17 08:24:08',NULL,'zen_cfg_select_drop_down(array(array(\'id\'=>\'1\', \'text\'=>\'True\'), array(\'id\'=>\'0\', \'text\'=>\'False\')), '),(71,'Show Date Available','SHOW_PRODUCT_FREE_SHIPPING_INFO_DATE_AVAILABLE','0','Display Date Available on Product Info 0= off 1= on',5,9,NULL,'2010-10-17 08:24:08',NULL,'zen_cfg_select_drop_down(array(array(\'id\'=>\'1\', \'text\'=>\'True\'), array(\'id\'=>\'0\', \'text\'=>\'False\')), '),(72,'Show Date Added','SHOW_PRODUCT_FREE_SHIPPING_INFO_DATE_ADDED','1','Display Date Added on Product Info 0= off 1= on',5,10,NULL,'2010-10-17 08:24:08',NULL,'zen_cfg_select_drop_down(array(array(\'id\'=>\'1\', \'text\'=>\'True\'), array(\'id\'=>\'0\', \'text\'=>\'False\')), '),(73,'Show Product URL','SHOW_PRODUCT_FREE_SHIPPING_INFO_URL','1','Display URL on Product Info 0= off 1= on',5,11,NULL,'2010-10-17 08:24:08',NULL,'zen_cfg_select_drop_down(array(array(\'id\'=>\'1\', \'text\'=>\'True\'), array(\'id\'=>\'0\', \'text\'=>\'False\')), '),(74,'Show Product Additional Images','SHOW_PRODUCT_FREE_SHIPPING_INFO_ADDITIONAL_IMAGES','1','Display Additional Images on Product Info 0= off 1= on',5,13,NULL,'2010-10-17 08:24:08',NULL,'zen_cfg_select_drop_down(array(array(\'id\'=>\'1\', \'text\'=>\'True\'), array(\'id\'=>\'0\', \'text\'=>\'False\')), '),(75,'Show Starting At text on Price','SHOW_PRODUCT_FREE_SHIPPING_INFO_STARTING_AT','1','Display Starting At text on products with attributes Product Info 0= off 1= on',5,12,NULL,'2010-10-17 08:24:08',NULL,'zen_cfg_select_drop_down(array(array(\'id\'=>\'1\', \'text\'=>\'True\'), array(\'id\'=>\'0\', \'text\'=>\'False\')), '),(76,'Show Product Tell a Friend button','SHOW_PRODUCT_FREE_SHIPPING_INFO_TELL_A_FRIEND','1','Display the Tell a Friend button on Product Info<br /><br />Note: Turning this setting off does not affect the Tell a Friend box in the columns and turning off the Tell a Friend box does not affect the button<br />0= off 1= on',5,15,NULL,'2010-10-17 08:24:08',NULL,'zen_cfg_select_drop_down(array(array(\'id\'=>\'1\', \'text\'=>\'True\'), array(\'id\'=>\'0\', \'text\'=>\'False\')), '),(77,'Product Free Shipping Image Status - Catalog','SHOW_PRODUCT_FREE_SHIPPING_INFO_ALWAYS_FREE_SHIPPING_IMAGE_SWITCH','1','Show the Free Shipping image/text in the catalog?',5,16,NULL,'2010-10-17 08:24:08',NULL,'zen_cfg_select_drop_down(array(array(\'id\'=>\'1\', \'text\'=>\'Yes\'), array(\'id\'=>\'0\', \'text\'=>\'No\')), '),(78,'Product Price Tax Class Default - When adding new products?','DEFAULT_PRODUCT_FREE_SHIPPING_TAX_CLASS_ID','0','What should the Product Price Tax Class Default ID be when adding new products?',5,100,NULL,'2010-10-17 08:24:08','',''),(79,'Product Virtual Default Status - Skip Shipping Address - When adding new products?','DEFAULT_PRODUCT_FREE_SHIPPING_PRODUCTS_VIRTUAL','0','Default Virtual Product status to be ON when adding new products?',5,101,NULL,'2010-10-17 08:24:08',NULL,'zen_cfg_select_drop_down(array(array(\'id\'=>\'1\', \'text\'=>\'True\'), array(\'id\'=>\'0\', \'text\'=>\'False\')), '),(80,'Product Free Shipping Default Status - Normal Shipping Rules - When adding new products?','DEFAULT_PRODUCT_FREE_SHIPPING_PRODUCTS_IS_ALWAYS_FREE_SHIPPING','1','What should the Default Free Shipping status be when adding new products?<br />Yes, Always Free Shipping ON<br />No, Always Free Shipping OFF<br />Special, Product/Download Requires Shipping',5,102,NULL,'2010-10-17 08:24:08',NULL,'zen_cfg_select_drop_down(array(array(\'id\'=>\'1\', \'text\'=>\'Yes, Always ON\'), array(\'id\'=>\'0\', \'text\'=>\'No, Always OFF\'), array(\'id\'=>\'2\', \'text\'=>\'Special\')), '),(81,'Show Metatags Title Default - Product Title','SHOW_PRODUCT_INFO_METATAGS_TITLE_STATUS','1','Display Product Title in Meta Tags Title 0= off 1= on',1,50,NULL,'2010-10-17 08:24:08',NULL,'zen_cfg_select_drop_down(array(array(\'id\'=>\'1\', \'text\'=>\'True\'), array(\'id\'=>\'0\', \'text\'=>\'False\')), '),(82,'Show Metatags Title Default - Product Name','SHOW_PRODUCT_INFO_METATAGS_PRODUCTS_NAME_STATUS','0','Display Product Name in Meta Tags Title 0= off 1= on',1,51,'2010-10-17 20:58:19','2010-10-17 08:24:08',NULL,'zen_cfg_select_drop_down(array(array(\'id\'=>\'1\', \'text\'=>\'True\'), array(\'id\'=>\'0\', \'text\'=>\'False\')), '),(83,'Show Metatags Title Default - Product Model','SHOW_PRODUCT_INFO_METATAGS_MODEL_STATUS','0','Display Product Model in Meta Tags Title 0= off 1= on',1,52,'2010-10-17 20:58:31','2010-10-17 08:24:08',NULL,'zen_cfg_select_drop_down(array(array(\'id\'=>\'1\', \'text\'=>\'True\'), array(\'id\'=>\'0\', \'text\'=>\'False\')), '),(84,'Show Metatags Title Default - Product Price','SHOW_PRODUCT_INFO_METATAGS_PRICE_STATUS','0','Display Product Price in Meta Tags Title 0= off 1= on',1,53,'2010-10-17 20:58:48','2010-10-17 08:24:08',NULL,'zen_cfg_select_drop_down(array(array(\'id\'=>\'1\', \'text\'=>\'True\'), array(\'id\'=>\'0\', \'text\'=>\'False\')), '),(85,'Show Metatags Title Default - Product Tagline','SHOW_PRODUCT_INFO_METATAGS_TITLE_TAGLINE_STATUS','0','Display Product Tagline in Meta Tags Title 0= off 1= on',1,54,'2010-10-17 20:59:06','2010-10-17 08:24:08',NULL,'zen_cfg_select_drop_down(array(array(\'id\'=>\'1\', \'text\'=>\'True\'), array(\'id\'=>\'0\', \'text\'=>\'False\')), '),(86,'Show Metatags Title Default - Product Title','SHOW_PRODUCT_MUSIC_INFO_METATAGS_TITLE_STATUS','1','Display Product Title in Meta Tags Title 0= off 1= on',2,50,NULL,'2010-10-17 08:24:08',NULL,'zen_cfg_select_drop_down(array(array(\'id\'=>\'1\', \'text\'=>\'True\'), array(\'id\'=>\'0\', \'text\'=>\'False\')), '),(87,'Show Metatags Title Default - Product Name','SHOW_PRODUCT_MUSIC_INFO_METATAGS_PRODUCTS_NAME_STATUS','1','Display Product Name in Meta Tags Title 0= off 1= on',2,51,NULL,'2010-10-17 08:24:08',NULL,'zen_cfg_select_drop_down(array(array(\'id\'=>\'1\', \'text\'=>\'True\'), array(\'id\'=>\'0\', \'text\'=>\'False\')), '),(88,'Show Metatags Title Default - Product Model','SHOW_PRODUCT_MUSIC_INFO_METATAGS_MODEL_STATUS','1','Display Product Model in Meta Tags Title 0= off 1= on',2,52,NULL,'2010-10-17 08:24:08',NULL,'zen_cfg_select_drop_down(array(array(\'id\'=>\'1\', \'text\'=>\'True\'), array(\'id\'=>\'0\', \'text\'=>\'False\')), '),(89,'Show Metatags Title Default - Product Price','SHOW_PRODUCT_MUSIC_INFO_METATAGS_PRICE_STATUS','1','Display Product Price in Meta Tags Title 0= off 1= on',2,53,NULL,'2010-10-17 08:24:08',NULL,'zen_cfg_select_drop_down(array(array(\'id\'=>\'1\', \'text\'=>\'True\'), array(\'id\'=>\'0\', \'text\'=>\'False\')), '),(90,'Show Metatags Title Default - Product Tagline','SHOW_PRODUCT_MUSIC_INFO_METATAGS_TITLE_TAGLINE_STATUS','1','Display Product Tagline in Meta Tags Title 0= off 1= on',2,54,NULL,'2010-10-17 08:24:08',NULL,'zen_cfg_select_drop_down(array(array(\'id\'=>\'1\', \'text\'=>\'True\'), array(\'id\'=>\'0\', \'text\'=>\'False\')), '),(91,'Show Metatags Title Default - Document Title','SHOW_DOCUMENT_GENERAL_INFO_METATAGS_TITLE_STATUS','1','Display Document Title in Meta Tags Title 0= off 1= on',3,50,NULL,'2010-10-17 08:24:08',NULL,'zen_cfg_select_drop_down(array(array(\'id\'=>\'1\', \'text\'=>\'True\'), array(\'id\'=>\'0\', \'text\'=>\'False\')), '),(92,'Show Metatags Title Default - Document Name','SHOW_DOCUMENT_GENERAL_INFO_METATAGS_PRODUCTS_NAME_STATUS','1','Display Document Name in Meta Tags Title 0= off 1= on',3,51,NULL,'2010-10-17 08:24:08',NULL,'zen_cfg_select_drop_down(array(array(\'id\'=>\'1\', \'text\'=>\'True\'), array(\'id\'=>\'0\', \'text\'=>\'False\')), '),(93,'Show Metatags Title Default - Document Tagline','SHOW_DOCUMENT_GENERAL_INFO_METATAGS_TITLE_TAGLINE_STATUS','1','Display Document Tagline in Meta Tags Title 0= off 1= on',3,54,NULL,'2010-10-17 08:24:08',NULL,'zen_cfg_select_drop_down(array(array(\'id\'=>\'1\', \'text\'=>\'True\'), array(\'id\'=>\'0\', \'text\'=>\'False\')), '),(94,'Show Metatags Title Default - Document Title','SHOW_DOCUMENT_PRODUCT_INFO_METATAGS_TITLE_STATUS','1','Display Document Title in Meta Tags Title 0= off 1= on',4,50,NULL,'2010-10-17 08:24:08',NULL,'zen_cfg_select_drop_down(array(array(\'id\'=>\'1\', \'text\'=>\'True\'), array(\'id\'=>\'0\', \'text\'=>\'False\')), '),(95,'Show Metatags Title Default - Document Name','SHOW_DOCUMENT_PRODUCT_INFO_METATAGS_PRODUCTS_NAME_STATUS','1','Display Document Name in Meta Tags Title 0= off 1= on',4,51,NULL,'2010-10-17 08:24:08',NULL,'zen_cfg_select_drop_down(array(array(\'id\'=>\'1\', \'text\'=>\'True\'), array(\'id\'=>\'0\', \'text\'=>\'False\')), '),(96,'Show Metatags Title Default - Document Model','SHOW_DOCUMENT_PRODUCT_INFO_METATAGS_MODEL_STATUS','1','Display Document Model in Meta Tags Title 0= off 1= on',4,52,NULL,'2010-10-17 08:24:08',NULL,'zen_cfg_select_drop_down(array(array(\'id\'=>\'1\', \'text\'=>\'True\'), array(\'id\'=>\'0\', \'text\'=>\'False\')), '),(97,'Show Metatags Title Default - Document Price','SHOW_DOCUMENT_PRODUCT_INFO_METATAGS_PRICE_STATUS','1','Display Document Price in Meta Tags Title 0= off 1= on',4,53,NULL,'2010-10-17 08:24:08',NULL,'zen_cfg_select_drop_down(array(array(\'id\'=>\'1\', \'text\'=>\'True\'), array(\'id\'=>\'0\', \'text\'=>\'False\')), '),(98,'Show Metatags Title Default - Document Tagline','SHOW_DOCUMENT_PRODUCT_INFO_METATAGS_TITLE_TAGLINE_STATUS','1','Display Document Tagline in Meta Tags Title 0= off 1= on',4,54,NULL,'2010-10-17 08:24:08',NULL,'zen_cfg_select_drop_down(array(array(\'id\'=>\'1\', \'text\'=>\'True\'), array(\'id\'=>\'0\', \'text\'=>\'False\')), '),(99,'Show Metatags Title Default - Product Title','SHOW_PRODUCT_FREE_SHIPPING_INFO_METATAGS_TITLE_STATUS','1','Display Product Title in Meta Tags Title 0= off 1= on',5,50,NULL,'2010-10-17 08:24:08',NULL,'zen_cfg_select_drop_down(array(array(\'id\'=>\'1\', \'text\'=>\'True\'), array(\'id\'=>\'0\', \'text\'=>\'False\')), '),(100,'Show Metatags Title Default - Product Name','SHOW_PRODUCT_FREE_SHIPPING_INFO_METATAGS_PRODUCTS_NAME_STATUS','1','Display Product Name in Meta Tags Title 0= off 1= on',5,51,NULL,'2010-10-17 08:24:08',NULL,'zen_cfg_select_drop_down(array(array(\'id\'=>\'1\', \'text\'=>\'True\'), array(\'id\'=>\'0\', \'text\'=>\'False\')), '),(101,'Show Metatags Title Default - Product Model','SHOW_PRODUCT_FREE_SHIPPING_INFO_METATAGS_MODEL_STATUS','1','Display Product Model in Meta Tags Title 0= off 1= on',5,52,NULL,'2010-10-17 08:24:08',NULL,'zen_cfg_select_drop_down(array(array(\'id\'=>\'1\', \'text\'=>\'True\'), array(\'id\'=>\'0\', \'text\'=>\'False\')), '),(102,'Show Metatags Title Default - Product Price','SHOW_PRODUCT_FREE_SHIPPING_INFO_METATAGS_PRICE_STATUS','1','Display Product Price in Meta Tags Title 0= off 1= on',5,53,NULL,'2010-10-17 08:24:08',NULL,'zen_cfg_select_drop_down(array(array(\'id\'=>\'1\', \'text\'=>\'True\'), array(\'id\'=>\'0\', \'text\'=>\'False\')), '),(103,'Show Metatags Title Default - Product Tagline','SHOW_PRODUCT_FREE_SHIPPING_INFO_METATAGS_TITLE_TAGLINE_STATUS','1','Display Product Tagline in Meta Tags Title 0= off 1= on',5,54,NULL,'2010-10-17 08:24:08',NULL,'zen_cfg_select_drop_down(array(array(\'id\'=>\'1\', \'text\'=>\'True\'), array(\'id\'=>\'0\', \'text\'=>\'False\')), '),(104,'PRODUCT Attribute is Display Only - Default','DEFAULT_PRODUCT_ATTRIBUTES_DISPLAY_ONLY','0','PRODUCT Attribute is Display Only<br />Used For Display Purposes Only<br />0= No 1= Yes',1,200,NULL,'2010-10-17 08:24:08',NULL,'zen_cfg_select_drop_down(array(array(\'id\'=>\'1\', \'text\'=>\'Yes\'), array(\'id\'=>\'0\', \'text\'=>\'No\')), '),(105,'PRODUCT Attribute is Free - Default','DEFAULT_PRODUCT_ATTRIBUTE_IS_FREE','1','PRODUCT Attribute is Free<br />Attribute is Free When Product is Free<br />0= No 1= Yes',1,201,NULL,'2010-10-17 08:24:08',NULL,'zen_cfg_select_drop_down(array(array(\'id\'=>\'1\', \'text\'=>\'Yes\'), array(\'id\'=>\'0\', \'text\'=>\'No\')), '),(106,'PRODUCT Attribute is Default - Default','DEFAULT_PRODUCT_ATTRIBUTES_DEFAULT','0','PRODUCT Attribute is Default<br />Default Attribute to be Marked Selected<br />0= No 1= Yes',1,202,NULL,'2010-10-17 08:24:08',NULL,'zen_cfg_select_drop_down(array(array(\'id\'=>\'1\', \'text\'=>\'Yes\'), array(\'id\'=>\'0\', \'text\'=>\'No\')), '),(107,'PRODUCT Attribute is Discounted - Default','DEFAULT_PRODUCT_ATTRIBUTES_DISCOUNTED','1','PRODUCT Attribute is Discounted<br />Apply Discounts Used by Product Special/Sale<br />0= No 1= Yes',1,203,NULL,'2010-10-17 08:24:08',NULL,'zen_cfg_select_drop_down(array(array(\'id\'=>\'1\', \'text\'=>\'Yes\'), array(\'id\'=>\'0\', \'text\'=>\'No\')), '),(108,'PRODUCT Attribute is Included in Base Price - Default','DEFAULT_PRODUCT_ATTRIBUTES_PRICE_BASE_INCLUDED','1','PRODUCT Attribute is Included in Base Price<br />Include in Base Price When Priced by Attributes<br />0= No 1= Yes',1,204,NULL,'2010-10-17 08:24:08',NULL,'zen_cfg_select_drop_down(array(array(\'id\'=>\'1\', \'text\'=>\'Yes\'), array(\'id\'=>\'0\', \'text\'=>\'No\')), '),(109,'PRODUCT Attribute is Required - Default','DEFAULT_PRODUCT_ATTRIBUTES_REQUIRED','0','PRODUCT Attribute is Required<br />Attribute Required for Text<br />0= No 1= Yes',1,205,NULL,'2010-10-17 08:24:08',NULL,'zen_cfg_select_drop_down(array(array(\'id\'=>\'1\', \'text\'=>\'Yes\'), array(\'id\'=>\'0\', \'text\'=>\'No\')), '),(110,'PRODUCT Attribute Price Prefix - Default','DEFAULT_PRODUCT_PRICE_PREFIX','1','PRODUCT Attribute Price Prefix<br />Default Attribute Price Prefix for Adding<br />Blank, + or -',1,206,NULL,'2010-10-17 08:24:08',NULL,'zen_cfg_select_drop_down(array(array(\'id\'=>\'0\', \'text\'=>\'Blank\'), array(\'id\'=>\'1\', \'text\'=>\'+\'), array(\'id\'=>\'2\', \'text\'=>\'-\')), '),(111,'PRODUCT Attribute Weight Prefix - Default','DEFAULT_PRODUCT_PRODUCTS_ATTRIBUTES_WEIGHT_PREFIX','1','PRODUCT Attribute Weight Prefix<br />Default Attribute Weight Prefix<br />Blank, + or -',1,207,NULL,'2010-10-17 08:24:08',NULL,'zen_cfg_select_drop_down(array(array(\'id\'=>\'0\', \'text\'=>\'Blank\'), array(\'id\'=>\'1\', \'text\'=>\'+\'), array(\'id\'=>\'2\', \'text\'=>\'-\')), '),(112,'MUSIC Attribute is Display Only - Default','DEFAULT_PRODUCT_MUSIC_ATTRIBUTES_DISPLAY_ONLY','0','MUSIC Attribute is Display Only<br />Used For Display Purposes Only<br />0= No 1= Yes',2,200,NULL,'2010-10-17 08:24:08',NULL,'zen_cfg_select_drop_down(array(array(\'id\'=>\'1\', \'text\'=>\'Yes\'), array(\'id\'=>\'0\', \'text\'=>\'No\')), '),(113,'MUSIC Attribute is Free - Default','DEFAULT_PRODUCT_MUSIC_ATTRIBUTE_IS_FREE','1','MUSIC Attribute is Free<br />Attribute is Free When Product is Free<br />0= No 1= Yes',2,201,NULL,'2010-10-17 08:24:08',NULL,'zen_cfg_select_drop_down(array(array(\'id\'=>\'1\', \'text\'=>\'Yes\'), array(\'id\'=>\'0\', \'text\'=>\'No\')), '),(114,'MUSIC Attribute is Default - Default','DEFAULT_PRODUCT_MUSIC_ATTRIBUTES_DEFAULT','0','MUSIC Attribute is Default<br />Default Attribute to be Marked Selected<br />0= No 1= Yes',2,202,NULL,'2010-10-17 08:24:08',NULL,'zen_cfg_select_drop_down(array(array(\'id\'=>\'1\', \'text\'=>\'Yes\'), array(\'id\'=>\'0\', \'text\'=>\'No\')), '),(115,'MUSIC Attribute is Discounted - Default','DEFAULT_PRODUCT_MUSIC_ATTRIBUTES_DISCOUNTED','1','MUSIC Attribute is Discounted<br />Apply Discounts Used by Product Special/Sale<br />0= No 1= Yes',2,203,NULL,'2010-10-17 08:24:08',NULL,'zen_cfg_select_drop_down(array(array(\'id\'=>\'1\', \'text\'=>\'Yes\'), array(\'id\'=>\'0\', \'text\'=>\'No\')), '),(116,'MUSIC Attribute is Included in Base Price - Default','DEFAULT_PRODUCT_MUSIC_ATTRIBUTES_PRICE_BASE_INCLUDED','1','MUSIC Attribute is Included in Base Price<br />Include in Base Price When Priced by Attributes<br />0= No 1= Yes',2,204,NULL,'2010-10-17 08:24:08',NULL,'zen_cfg_select_drop_down(array(array(\'id\'=>\'1\', \'text\'=>\'Yes\'), array(\'id\'=>\'0\', \'text\'=>\'No\')), '),(117,'MUSIC Attribute is Required - Default','DEFAULT_PRODUCT_MUSIC_ATTRIBUTES_REQUIRED','0','MUSIC Attribute is Required<br />Attribute Required for Text<br />0= No 1= Yes',2,205,NULL,'2010-10-17 08:24:08',NULL,'zen_cfg_select_drop_down(array(array(\'id\'=>\'1\', \'text\'=>\'Yes\'), array(\'id\'=>\'0\', \'text\'=>\'No\')), '),(118,'MUSIC Attribute Price Prefix - Default','DEFAULT_PRODUCT_MUSIC_PRICE_PREFIX','1','MUSIC Attribute Price Prefix<br />Default Attribute Price Prefix for Adding<br />Blank, + or -',2,206,NULL,'2010-10-17 08:24:08',NULL,'zen_cfg_select_drop_down(array(array(\'id\'=>\'0\', \'text\'=>\'Blank\'), array(\'id\'=>\'1\', \'text\'=>\'+\'), array(\'id\'=>\'2\', \'text\'=>\'-\')), '),(119,'MUSIC Attribute Weight Prefix - Default','DEFAULT_PRODUCT_MUSIC_PRODUCTS_ATTRIBUTES_WEIGHT_PREFIX','1','MUSIC Attribute Weight Prefix<br />Default Attribute Weight Prefix<br />Blank, + or -',2,207,NULL,'2010-10-17 08:24:08',NULL,'zen_cfg_select_drop_down(array(array(\'id\'=>\'0\', \'text\'=>\'Blank\'), array(\'id\'=>\'1\', \'text\'=>\'+\'), array(\'id\'=>\'2\', \'text\'=>\'-\')), '),(120,'DOCUMENT GENERAL Attribute is Display Only - Default','DEFAULT_DOCUMENT_GENERAL_ATTRIBUTES_DISPLAY_ONLY','0','DOCUMENT GENERAL Attribute is Display Only<br />Used For Display Purposes Only<br />0= No 1= Yes',3,200,NULL,'2010-10-17 08:24:08',NULL,'zen_cfg_select_drop_down(array(array(\'id\'=>\'1\', \'text\'=>\'Yes\'), array(\'id\'=>\'0\', \'text\'=>\'No\')), '),(121,'DOCUMENT GENERAL Attribute is Free - Default','DEFAULT_DOCUMENT_GENERAL_ATTRIBUTE_IS_FREE','1','DOCUMENT GENERAL Attribute is Free<br />Attribute is Free When Product is Free<br />0= No 1= Yes',3,201,NULL,'2010-10-17 08:24:08',NULL,'zen_cfg_select_drop_down(array(array(\'id\'=>\'1\', \'text\'=>\'Yes\'), array(\'id\'=>\'0\', \'text\'=>\'No\')), '),(122,'DOCUMENT GENERAL Attribute is Default - Default','DEFAULT_DOCUMENT_GENERAL_ATTRIBUTES_DEFAULT','0','DOCUMENT GENERAL Attribute is Default<br />Default Attribute to be Marked Selected<br />0= No 1= Yes',3,202,NULL,'2010-10-17 08:24:08',NULL,'zen_cfg_select_drop_down(array(array(\'id\'=>\'1\', \'text\'=>\'Yes\'), array(\'id\'=>\'0\', \'text\'=>\'No\')), '),(123,'DOCUMENT GENERAL Attribute is Discounted - Default','DEFAULT_DOCUMENT_GENERAL_ATTRIBUTES_DISCOUNTED','1','DOCUMENT GENERAL Attribute is Discounted<br />Apply Discounts Used by Product Special/Sale<br />0= No 1= Yes',3,203,NULL,'2010-10-17 08:24:08',NULL,'zen_cfg_select_drop_down(array(array(\'id\'=>\'1\', \'text\'=>\'Yes\'), array(\'id\'=>\'0\', \'text\'=>\'No\')), '),(124,'DOCUMENT GENERAL Attribute is Included in Base Price - Default','DEFAULT_DOCUMENT_GENERAL_ATTRIBUTES_PRICE_BASE_INCLUDED','1','DOCUMENT GENERAL Attribute is Included in Base Price<br />Include in Base Price When Priced by Attributes<br />0= No 1= Yes',3,204,NULL,'2010-10-17 08:24:08',NULL,'zen_cfg_select_drop_down(array(array(\'id\'=>\'1\', \'text\'=>\'Yes\'), array(\'id\'=>\'0\', \'text\'=>\'No\')), '),(125,'DOCUMENT GENERAL Attribute is Required - Default','DEFAULT_DOCUMENT_GENERAL_ATTRIBUTES_REQUIRED','0','DOCUMENT GENERAL Attribute is Required<br />Attribute Required for Text<br />0= No 1= Yes',3,205,NULL,'2010-10-17 08:24:08',NULL,'zen_cfg_select_drop_down(array(array(\'id\'=>\'1\', \'text\'=>\'Yes\'), array(\'id\'=>\'0\', \'text\'=>\'No\')), '),(126,'DOCUMENT GENERAL Attribute Price Prefix - Default','DEFAULT_DOCUMENT_GENERAL_PRICE_PREFIX','1','DOCUMENT GENERAL Attribute Price Prefix<br />Default Attribute Price Prefix for Adding<br />Blank, + or -',3,206,NULL,'2010-10-17 08:24:08',NULL,'zen_cfg_select_drop_down(array(array(\'id\'=>\'0\', \'text\'=>\'Blank\'), array(\'id\'=>\'1\', \'text\'=>\'+\'), array(\'id\'=>\'2\', \'text\'=>\'-\')), '),(127,'DOCUMENT GENERAL Attribute Weight Prefix - Default','DEFAULT_DOCUMENT_GENERAL_PRODUCTS_ATTRIBUTES_WEIGHT_PREFIX','1','DOCUMENT GENERAL Attribute Weight Prefix<br />Default Attribute Weight Prefix<br />Blank, + or -',3,207,NULL,'2010-10-17 08:24:08',NULL,'zen_cfg_select_drop_down(array(array(\'id\'=>\'0\', \'text\'=>\'Blank\'), array(\'id\'=>\'1\', \'text\'=>\'+\'), array(\'id\'=>\'2\', \'text\'=>\'-\')), '),(128,'DOCUMENT PRODUCT Attribute is Display Only - Default','DEFAULT_DOCUMENT_PRODUCT_ATTRIBUTES_DISPLAY_ONLY','0','DOCUMENT PRODUCT Attribute is Display Only<br />Used For Display Purposes Only<br />0= No 1= Yes',4,200,NULL,'2010-10-17 08:24:08',NULL,'zen_cfg_select_drop_down(array(array(\'id\'=>\'1\', \'text\'=>\'Yes\'), array(\'id\'=>\'0\', \'text\'=>\'No\')), '),(129,'DOCUMENT PRODUCT Attribute is Free - Default','DEFAULT_DOCUMENT_PRODUCT_ATTRIBUTE_IS_FREE','1','DOCUMENT PRODUCT Attribute is Free<br />Attribute is Free When Product is Free<br />0= No 1= Yes',4,201,NULL,'2010-10-17 08:24:08',NULL,'zen_cfg_select_drop_down(array(array(\'id\'=>\'1\', \'text\'=>\'Yes\'), array(\'id\'=>\'0\', \'text\'=>\'No\')), '),(130,'DOCUMENT PRODUCT Attribute is Default - Default','DEFAULT_DOCUMENT_PRODUCT_ATTRIBUTES_DEFAULT','0','DOCUMENT PRODUCT Attribute is Default<br />Default Attribute to be Marked Selected<br />0= No 1= Yes',4,202,NULL,'2010-10-17 08:24:08',NULL,'zen_cfg_select_drop_down(array(array(\'id\'=>\'1\', \'text\'=>\'Yes\'), array(\'id\'=>\'0\', \'text\'=>\'No\')), '),(131,'DOCUMENT PRODUCT Attribute is Discounted - Default','DEFAULT_DOCUMENT_PRODUCT_ATTRIBUTES_DISCOUNTED','1','DOCUMENT PRODUCT Attribute is Discounted<br />Apply Discounts Used by Product Special/Sale<br />0= No 1= Yes',4,203,NULL,'2010-10-17 08:24:08',NULL,'zen_cfg_select_drop_down(array(array(\'id\'=>\'1\', \'text\'=>\'Yes\'), array(\'id\'=>\'0\', \'text\'=>\'No\')), '),(132,'DOCUMENT PRODUCT Attribute is Included in Base Price - Default','DEFAULT_DOCUMENT_PRODUCT_ATTRIBUTES_PRICE_BASE_INCLUDED','1','DOCUMENT PRODUCT Attribute is Included in Base Price<br />Include in Base Price When Priced by Attributes<br />0= No 1= Yes',4,204,NULL,'2010-10-17 08:24:08',NULL,'zen_cfg_select_drop_down(array(array(\'id\'=>\'1\', \'text\'=>\'Yes\'), array(\'id\'=>\'0\', \'text\'=>\'No\')), '),(133,'DOCUMENT PRODUCT Attribute is Required - Default','DEFAULT_DOCUMENT_PRODUCT_ATTRIBUTES_REQUIRED','0','DOCUMENT PRODUCT Attribute is Required<br />Attribute Required for Text<br />0= No 1= Yes',4,205,NULL,'2010-10-17 08:24:08',NULL,'zen_cfg_select_drop_down(array(array(\'id\'=>\'1\', \'text\'=>\'Yes\'), array(\'id\'=>\'0\', \'text\'=>\'No\')), '),(134,'DOCUMENT PRODUCT Attribute Price Prefix - Default','DEFAULT_DOCUMENT_PRODUCT_PRICE_PREFIX','1','DOCUMENT PRODUCT Attribute Price Prefix<br />Default Attribute Price Prefix for Adding<br />Blank, + or -',4,206,NULL,'2010-10-17 08:24:08',NULL,'zen_cfg_select_drop_down(array(array(\'id\'=>\'0\', \'text\'=>\'Blank\'), array(\'id\'=>\'1\', \'text\'=>\'+\'), array(\'id\'=>\'2\', \'text\'=>\'-\')), '),(135,'DOCUMENT PRODUCT Attribute Weight Prefix - Default','DEFAULT_DOCUMENT_PRODUCT_PRODUCTS_ATTRIBUTES_WEIGHT_PREFIX','1','DOCUMENT PRODUCT Attribute Weight Prefix<br />Default Attribute Weight Prefix<br />Blank, + or -',4,207,NULL,'2010-10-17 08:24:08',NULL,'zen_cfg_select_drop_down(array(array(\'id\'=>\'0\', \'text\'=>\'Blank\'), array(\'id\'=>\'1\', \'text\'=>\'+\'), array(\'id\'=>\'2\', \'text\'=>\'-\')), '),(136,'PRODUCT FREE SHIPPING Attribute is Display Only - Default','DEFAULT_PRODUCT_FREE_SHIPPING_ATTRIBUTES_DISPLAY_ONLY','0','PRODUCT FREE SHIPPING Attribute is Display Only<br />Used For Display Purposes Only<br />0= No 1= Yes',5,201,NULL,'2010-10-17 08:24:08',NULL,'zen_cfg_select_drop_down(array(array(\'id\'=>\'1\', \'text\'=>\'Yes\'), array(\'id\'=>\'0\', \'text\'=>\'No\')), '),(137,'PRODUCT FREE SHIPPING Attribute is Free - Default','DEFAULT_PRODUCT_FREE_SHIPPING_ATTRIBUTE_IS_FREE','1','PRODUCT FREE SHIPPING Attribute is Free<br />Attribute is Free When Product is Free<br />0= No 1= Yes',5,201,NULL,'2010-10-17 08:24:08',NULL,'zen_cfg_select_drop_down(array(array(\'id\'=>\'1\', \'text\'=>\'Yes\'), array(\'id\'=>\'0\', \'text\'=>\'No\')), '),(138,'PRODUCT FREE SHIPPING Attribute is Default - Default','DEFAULT_PRODUCT_FREE_SHIPPING_ATTRIBUTES_DEFAULT','0','PRODUCT FREE SHIPPING Attribute is Default<br />Default Attribute to be Marked Selected<br />0= No 1= Yes',5,202,NULL,'2010-10-17 08:24:08',NULL,'zen_cfg_select_drop_down(array(array(\'id\'=>\'1\', \'text\'=>\'Yes\'), array(\'id\'=>\'0\', \'text\'=>\'No\')), '),(139,'PRODUCT FREE SHIPPING Attribute is Discounted - Default','DEFAULT_PRODUCT_FREE_SHIPPING_ATTRIBUTES_DISCOUNTED','1','PRODUCT FREE SHIPPING Attribute is Discounted<br />Apply Discounts Used by Product Special/Sale<br />0= No 1= Yes',5,203,NULL,'2010-10-17 08:24:08',NULL,'zen_cfg_select_drop_down(array(array(\'id\'=>\'1\', \'text\'=>\'Yes\'), array(\'id\'=>\'0\', \'text\'=>\'No\')), '),(140,'PRODUCT FREE SHIPPING Attribute is Included in Base Price - Default','DEFAULT_PRODUCT_FREE_SHIPPING_ATTRIBUTES_PRICE_BASE_INCLUDED','1','PRODUCT FREE SHIPPING Attribute is Included in Base Price<br />Include in Base Price When Priced by Attributes<br />0= No 1= Yes',5,204,NULL,'2010-10-17 08:24:08',NULL,'zen_cfg_select_drop_down(array(array(\'id\'=>\'1\', \'text\'=>\'Yes\'), array(\'id\'=>\'0\', \'text\'=>\'No\')), '),(141,'PRODUCT FREE SHIPPING Attribute is Required - Default','DEFAULT_PRODUCT_FREE_SHIPPING_ATTRIBUTES_REQUIRED','0','PRODUCT FREE SHIPPING Attribute is Required<br />Attribute Required for Text<br />0= No 1= Yes',5,205,NULL,'2010-10-17 08:24:08',NULL,'zen_cfg_select_drop_down(array(array(\'id\'=>\'1\', \'text\'=>\'Yes\'), array(\'id\'=>\'0\', \'text\'=>\'No\')), '),(142,'PRODUCT FREE SHIPPING Attribute Price Prefix - Default','DEFAULT_PRODUCT_FREE_SHIPPING_PRICE_PREFIX','1','PRODUCT FREE SHIPPING Attribute Price Prefix<br />Default Attribute Price Prefix for Adding<br />Blank, + or -',5,206,NULL,'2010-10-17 08:24:08',NULL,'zen_cfg_select_drop_down(array(array(\'id\'=>\'0\', \'text\'=>\'Blank\'), array(\'id\'=>\'1\', \'text\'=>\'+\'), array(\'id\'=>\'2\', \'text\'=>\'-\')), '),(143,'PRODUCT FREE SHIPPING Attribute Weight Prefix - Default','DEFAULT_PRODUCT_FREE_SHIPPING_PRODUCTS_ATTRIBUTES_WEIGHT_PREFIX','1','PRODUCT FREE SHIPPING Attribute Weight Prefix<br />Default Attribute Weight Prefix<br />Blank, + or -',5,207,NULL,'2010-10-17 08:24:08',NULL,'zen_cfg_select_drop_down(array(array(\'id\'=>\'0\', \'text\'=>\'Blank\'), array(\'id\'=>\'1\', \'text\'=>\'+\'), array(\'id\'=>\'2\', \'text\'=>\'-\')), ');

--
-- Table structure for table `zen_product_types`
--

CREATE TABLE `zen_product_types` (
  `type_id` int(11) NOT NULL AUTO_INCREMENT,
  `type_name` varchar(255) COLLATE utf8_unicode_ci NOT NULL DEFAULT '',
  `type_handler` varchar(255) COLLATE utf8_unicode_ci NOT NULL DEFAULT '',
  `type_master_type` int(11) NOT NULL DEFAULT '1',
  `allow_add_to_cart` char(1) COLLATE utf8_unicode_ci NOT NULL DEFAULT 'Y',
  `default_image` varchar(255) COLLATE utf8_unicode_ci NOT NULL DEFAULT '',
  `date_added` datetime NOT NULL DEFAULT '0001-01-01 00:00:00',
  `last_modified` datetime NOT NULL DEFAULT '0001-01-01 00:00:00',
  PRIMARY KEY (`type_id`),
  KEY `idx_type_master_type_zen` (`type_master_type`)
) ENGINE=MyISAM AUTO_INCREMENT=6 DEFAULT CHARSET=utf8 COLLATE=utf8_unicode_ci;

--
-- Dumping data for table `zen_product_types`
--

INSERT INTO `zen_product_types` VALUES (1,'Product - General','product',1,'Y','','2010-10-17 08:24:08','2010-10-17 08:24:08'),(2,'Product - Music','product_music',1,'Y','','2010-10-17 08:24:08','2010-10-17 08:24:08'),(3,'Document - General','document_general',3,'N','','2010-10-17 08:24:08','2010-10-17 08:24:08'),(4,'Document - Product','document_product',3,'Y','','2010-10-17 08:24:08','2010-10-17 08:24:08'),(5,'Product - Free Shipping','product_free_shipping',1,'Y','','2010-10-17 08:24:08','2010-10-17 08:24:08');

--
-- Table structure for table `zen_product_types_to_category`
--

CREATE TABLE `zen_product_types_to_category` (
  `product_type_id` int(11) NOT NULL DEFAULT '0',
  `category_id` int(11) NOT NULL DEFAULT '0',
  KEY `idx_category_id_zen` (`category_id`),
  KEY `idx_product_type_id_zen` (`product_type_id`)
) ENGINE=MyISAM DEFAULT CHARSET=utf8 COLLATE=utf8_unicode_ci;

--
-- Dumping data for table `zen_product_types_to_category`
--


--
-- Table structure for table `zen_products`
--

CREATE TABLE `zen_products` (
  `products_id` int(11) NOT NULL AUTO_INCREMENT,
  `products_type` int(11) NOT NULL DEFAULT '1',
  `products_quantity` float NOT NULL DEFAULT '0',
  `products_model` varchar(32) COLLATE utf8_unicode_ci DEFAULT NULL,
  `products_sku` varchar(32) COLLATE utf8_unicode_ci DEFAULT NULL,
  `products_upc` varchar(32) COLLATE utf8_unicode_ci DEFAULT NULL,
  `products_isbn` varchar(32) COLLATE utf8_unicode_ci DEFAULT NULL,
  `products_ean` varchar(32) COLLATE utf8_unicode_ci DEFAULT NULL,
  `products_asin` varchar(32) COLLATE utf8_unicode_ci DEFAULT NULL,
  `products_epier` varchar(32) COLLATE utf8_unicode_ci DEFAULT NULL,
  `products_ebay` varchar(32) COLLATE utf8_unicode_ci DEFAULT NULL,
  `products_ebid` varchar(32) COLLATE utf8_unicode_ci DEFAULT NULL,
  `products_image` varchar(64) COLLATE utf8_unicode_ci DEFAULT NULL,
  `products_price` decimal(15,4) NOT NULL DEFAULT '0.0000',
  `products_price_w` varchar(150) COLLATE utf8_unicode_ci DEFAULT '0',
  `products_msrp` varchar(150) COLLATE utf8_unicode_ci DEFAULT '0',
  `products_virtual` tinyint(1) NOT NULL DEFAULT '0',
  `products_date_added` datetime NOT NULL DEFAULT '0001-01-01 00:00:00',
  `products_last_modified` datetime DEFAULT NULL,
  `products_date_available` datetime DEFAULT NULL,
  `products_weight` float NOT NULL DEFAULT '0',
  `products_actual_weight` varchar(32) COLLATE utf8_unicode_ci DEFAULT NULL,
  `products_weight_type` enum('lbs','kgs') COLLATE utf8_unicode_ci NOT NULL DEFAULT 'kgs',
  `products_dim_type` enum('in','cm') COLLATE utf8_unicode_ci NOT NULL DEFAULT 'cm',
  `products_length` decimal(6,2) DEFAULT NULL,
  `products_width` decimal(6,2) DEFAULT NULL,
  `products_height` decimal(6,2) DEFAULT NULL,
  `products_ready_to_ship` enum('0','1') COLLATE utf8_unicode_ci NOT NULL DEFAULT '1',
  `products_status` tinyint(1) NOT NULL DEFAULT '0',
  `products_tax_class_id` int(11) NOT NULL DEFAULT '0',
  `manufacturers_id` int(11) DEFAULT NULL,
  `products_ordered` float NOT NULL DEFAULT '0',
  `products_quantity_order_min` float NOT NULL DEFAULT '1',
  `products_quantity_order_units` float NOT NULL DEFAULT '1',
  `products_priced_by_attribute` tinyint(1) NOT NULL DEFAULT '0',
  `product_is_free` tinyint(1) NOT NULL DEFAULT '0',
  `product_is_call` tinyint(1) NOT NULL DEFAULT '0',
  `products_quantity_mixed` tinyint(1) NOT NULL DEFAULT '0',
  `product_is_always_free_shipping` tinyint(1) NOT NULL DEFAULT '0',
  `products_qty_box_status` tinyint(1) NOT NULL DEFAULT '1',
  `products_quantity_order_max` float NOT NULL DEFAULT '0',
  `products_sort_order` int(11) NOT NULL DEFAULT '0',
  `products_discount_type` tinyint(1) NOT NULL DEFAULT '0',
  `products_discount_type_from` tinyint(1) NOT NULL DEFAULT '0',
  `products_price_sorter` decimal(15,4) NOT NULL DEFAULT '0.0000',
  `master_categories_id` int(11) NOT NULL DEFAULT '0',
  `products_mixed_discount_quantity` tinyint(1) NOT NULL DEFAULT '1',
  `metatags_title_status` tinyint(1) NOT NULL DEFAULT '0',
  `metatags_products_name_status` tinyint(1) NOT NULL DEFAULT '0',
  `metatags_model_status` tinyint(1) NOT NULL DEFAULT '0',
  `metatags_price_status` tinyint(1) NOT NULL DEFAULT '0',
  `metatags_title_tagline_status` tinyint(1) NOT NULL DEFAULT '0',
  `products_sh_na` varchar(32) COLLATE utf8_unicode_ci DEFAULT NULL,
  `products_sh_sa` varchar(32) COLLATE utf8_unicode_ci DEFAULT NULL,
  `products_sh_eu` varchar(32) COLLATE utf8_unicode_ci DEFAULT NULL,
  `products_sh_af` varchar(32) COLLATE utf8_unicode_ci DEFAULT NULL,
  `products_sh_as` varchar(32) COLLATE utf8_unicode_ci DEFAULT NULL,
  `products_sh_au` varchar(32) COLLATE utf8_unicode_ci DEFAULT NULL,
  `products_category` varchar(32) COLLATE utf8_unicode_ci DEFAULT NULL,
  `products_condition` varchar(32) COLLATE utf8_unicode_ci DEFAULT NULL,
  `products_EHF` varchar(100) COLLATE utf8_unicode_ci NOT NULL DEFAULT 'none',
  `products_barcode` varchar(100) COLLATE utf8_unicode_ci DEFAULT NULL,
  `products_diameter` varchar(32) COLLATE utf8_unicode_ci DEFAULT NULL,
  `discontinue` int(1) DEFAULT '0',
  `out_of_stock` int(1) DEFAULT '0',
  `products_description2` text COLLATE utf8_unicode_ci,
  PRIMARY KEY (`products_id`),
  KEY `idx_products_date_added_zen` (`products_date_added`),
  KEY `idx_products_status_zen` (`products_status`),
  KEY `idx_products_date_available_zen` (`products_date_available`),
  KEY `idx_products_ordered_zen` (`products_ordered`),
  KEY `idx_products_model_zen` (`products_model`),
  KEY `idx_products_price_sorter_zen` (`products_price_sorter`),
  KEY `idx_master_categories_id_zen` (`master_categories_id`),
  KEY `idx_products_sort_order_zen` (`products_sort_order`),
  KEY `idx_manufacturers_id_zen` (`manufacturers_id`)
) ENGINE=MyISAM AUTO_INCREMENT=85 DEFAULT CHARSET=utf8 COLLATE=utf8_unicode_ci;

--
-- Dumping data for table `zen_products`
--

INSERT INTO `zen_products` VALUES (1,1,100,'1400-1','','','','','','','','','fourman_stack.jpg',1568.0000,'0','1370',0,'2010-01-13 17:55:57','2018-02-07 11:05:16',NULL,15,'12','lbs','in',4.00,12.00,14.00,'1',1,0,0,0,1,1,0,0,0,1,0,1,0,0,0,0,1568.0000,19,0,1,0,0,0,0,'','','','','','',NULL,'','none','','',0,0,''),(2,1,100,'1400-3','','','','','','','','','fourman_01.gif',1817.0000,'0','1590',0,'2010-01-13 18:00:13','2018-02-07 11:07:16',NULL,17,'14','lbs','in',4.00,12.00,14.00,'1',1,0,0,0,1,1,0,0,0,1,0,1,0,1,0,0,1817.0000,19,0,1,0,0,0,0,'','','','','','',NULL,'','none','','',0,0,''),(3,1,100,'1400-1/1500-1','','','','','','','','','fourman_01.gif',2025.0000,'0','1775',0,'2010-01-13 18:02:45','2018-02-07 11:08:51',NULL,22,'19','lbs','in',6.00,12.00,14.00,'1',1,0,0,0,1,1,1,0,0,1,0,1,0,2,0,0,2025.0000,19,0,1,0,0,0,0,'','','','','','',NULL,'','none','','',0,0,''),(4,1,100,'1400-1/1500-3','','','','','','','','','fourman_01.gif',2170.0000,'0','1895',0,'2010-01-13 18:17:46','2018-06-17 16:26:52',NULL,23,'20','lbs','in',6.00,12.00,14.00,'1',1,0,0,0,1,1,0,0,0,1,0,1,0,3,0,0,2170.0000,19,0,1,1,0,0,0,'','','','','','',NULL,'','none','','',0,0,''),(5,1,100,'1400-1/1500-5','','','','','','','','','fourman_01.gif',2762.0000,'0','2415',0,'2010-01-13 18:21:51','2018-06-17 16:28:10',NULL,24,'21','lbs','in',6.00,12.00,14.00,'1',1,0,0,1,1,1,0,0,0,1,0,1,0,4,0,0,2762.0000,19,0,1,0,0,0,0,'','','','','','',NULL,'','none','','',0,0,''),(6,1,100,'1900-1','','','','','',NULL,NULL,NULL,'nineman_01.gif',1866.0000,'0','1785',0,'2010-01-13 18:27:21','2018-06-17 17:40:42',NULL,21,'18','lbs','in',5.00,12.00,14.00,'1',1,0,0,0,1,1,1,0,0,1,0,1,0,5,0,0,1866.0000,20,0,1,0,0,1,0,'','','','','','',NULL,'','none',NULL,'',0,0,''),(7,1,100,'1900-1/2000-1','','','','','',NULL,NULL,NULL,'nineman_01.gif',2430.0000,'0','2325',0,'2010-01-13 18:30:48','2018-06-17 17:43:14',NULL,32,'29','lbs','in',7.00,12.00,14.00,'1',1,0,0,0,1,1,0,0,0,1,0,1,0,7,0,0,2430.0000,20,0,1,0,0,1,0,'','','','','','',NULL,'','none',NULL,'',0,0,''),(8,1,100,'1900-1/2000-3','','','','','',NULL,NULL,NULL,'nineman_01.gif',2576.0000,'0','2465',0,'2010-01-13 18:33:20','2018-06-17 17:44:33',NULL,33,'30','lbs','in',7.00,12.00,14.00,'1',1,0,0,0,1,1,0,0,0,1,0,1,0,8,0,0,2576.0000,20,0,1,0,0,1,0,'','','','','','',NULL,'','none',NULL,'',0,0,''),(9,1,100,'1900-1/2000-5','','','','','',NULL,NULL,NULL,'nineman_01.gif',3292.0000,'0','3150',0,'2010-01-13 18:36:14','2018-06-17 17:45:59',NULL,35,'32','lbs','in',7.00,12.00,14.00,'1',1,0,0,0,1,1,0,0,0,1,0,1,0,9,0,0,3292.0000,20,0,1,0,0,1,0,'','','','','','',NULL,'','none',NULL,'',0,0,''),(10,1,100,'RAF1104-101','','','','','','','','','fourman_01.gif',2046.0000,'0','1785',0,'2010-01-13 20:59:11','2018-02-07 11:06:54',NULL,18,'15','lbs','in',4.00,13.00,16.00,'1',1,0,0,0,1,1,0,0,0,1,0,1,0,0,0,0,2046.0000,19,0,1,0,0,1,0,'','','','','','',NULL,'','none','','',0,0,''),(11,1,10,'RAF1104-102','','','','','','','','','fourmantso_01.gif',2326.0000,'0','2035',0,'2010-01-13 21:02:35','2018-02-06 21:08:40',NULL,19,'16','lbs','in',4.00,13.00,16.00,'1',1,0,0,0,1,1,0,0,0,1,0,1,0,1,0,0,2326.0000,21,1,1,0,0,0,0,'','','','','','',NULL,'','none','','',0,0,''),(12,1,100,'RAF1104-103','','','','','','','','','fourmantso_01.gif',2648.0000,'0','2315',0,'2010-01-13 21:05:30','2018-02-06 21:09:04',NULL,26,'22','lbs','in',6.00,13.00,16.00,'1',1,0,0,0,1,1,0,0,0,1,0,1,0,2,0,0,2648.0000,21,0,1,1,0,0,0,'','','','','','',NULL,'','none','','',0,0,''),(13,1,97,'RAF1104-104','','','','','','','','','fourman_01.jpg',2793.0000,'0','2445',0,'2010-01-13 21:08:21','2018-02-06 21:09:46',NULL,26,'23','lbs','in',6.00,13.00,16.00,'1',1,0,0,3,1,1,0,0,0,1,0,1,0,3,0,0,2793.0000,21,0,1,0,0,0,0,'','','','','','',NULL,'','none','','',0,0,''),(14,1,10,'RAF1104-105','','','','','','','','','fourmantso_01.gif',3416.0000,'0','2985',0,'2010-01-13 21:10:38','2018-02-06 21:10:30',NULL,30,'27','lbs','in',6.00,13.00,16.00,'1',1,0,0,0,1,1,0,0,0,1,0,1,0,4,0,0,3416.0000,21,0,1,0,0,0,0,'','','','','','',NULL,'','none','','',0,0,''),(15,1,100,'RAF1108-101','','','','','','','','','nineman_01.gif',2545.0000,'0','2435',0,'2010-01-13 21:16:06','2018-06-17 16:34:48',NULL,23,'20','lbs','in',5.00,13.00,16.00,'1',1,0,0,0,1,1,0,0,0,1,0,1,0,5,0,0,2545.0000,27,0,1,0,0,0,0,'','','','','','',NULL,'','none','','',0,0,''),(16,1,100,'RAF1108-102','','','','','',NULL,NULL,NULL,'nineman_01.gif',3167.0000,'0','2745',0,'2010-01-13 21:19:25','2018-02-06 21:14:40',NULL,25,'22','lbs','in',5.00,13.00,16.00,'1',1,0,0,0,1,1,0,0,0,1,0,1,0,6,0,0,3167.0000,23,0,1,0,0,0,0,'','','','','','',NULL,'','none',NULL,'',0,0,''),(17,1,100,'RAF1108-103','','','','','',NULL,NULL,NULL,'nineman_01.gif',3562.0000,'0','3115',0,'2010-01-13 21:22:01','2018-02-06 21:15:07',NULL,34,'31','lbs','in',7.00,13.00,16.00,'1',1,0,0,0,1,1,0,0,0,1,0,1,0,7,0,0,3562.0000,23,0,1,0,0,0,0,'','','','','','',NULL,'','none',NULL,'',0,0,''),(18,1,100,'RAF1108-104','','','','','',NULL,NULL,NULL,'nineman_01.gif',3728.0000,'0','3260',0,'2010-01-13 21:24:39','2018-02-06 21:15:44',NULL,35,'32','lbs','in',7.00,13.00,16.00,'1',1,0,0,0,1,1,0,0,0,1,0,1,0,8,0,0,3728.0000,23,0,1,1,0,0,0,'','','','','','',NULL,'','none',NULL,'',0,0,''),(19,1,100,'RAF1108-105','','','','','',NULL,NULL,NULL,'nineman_01.gif',4569.0000,'0','3995',0,'2010-01-13 21:27:28','2018-02-06 21:16:03',NULL,41,'38','lbs','in',8.00,13.00,16.00,'1',1,0,0,0,1,1,0,0,0,1,0,1,0,9,0,0,4569.0000,23,0,1,0,0,0,0,'','','','','','',NULL,'','none',NULL,'',0,0,''),(20,1,100,'RAF1206-101','','','','','','','','','dbletube_01.gif',3883.0000,'0','3715',0,'2010-01-13 21:31:27','2018-06-17 16:31:58',NULL,29,'26','lbs','in',5.00,13.00,19.00,'1',1,0,0,0,1,1,0,0,0,1,0,1,0,0,0,0,3883.0000,26,0,1,0,0,0,0,'','','','','','',NULL,'','none','','',0,0,''),(21,1,100,'RAF1206-102','','','','','',NULL,NULL,NULL,'dbletube_01.gif',4590.0000,'0','4015',0,'2010-01-13 21:33:40','2018-02-06 21:11:45',NULL,31,'28','lbs','in',5.00,13.00,19.00,'1',1,0,0,0,1,1,0,0,0,1,0,1,0,1,0,0,4590.0000,22,0,1,0,0,0,0,'','','','','','',NULL,'','none',NULL,'',0,0,''),(22,1,100,'RAF1206-103','','','','','',NULL,NULL,NULL,'dbletube_01.gif',4911.0000,'0','4295',0,'2010-01-13 21:36:15','2018-02-06 21:12:19',NULL,39,'36','lbs','in',7.00,13.00,19.00,'1',1,0,0,0,1,1,0,0,0,1,0,1,0,2,0,0,4911.0000,22,0,1,0,0,0,0,'','','','','','',NULL,'','none',NULL,'',0,0,''),(23,1,100,'RAF1206-104','','','','','',NULL,NULL,NULL,'dbletube_01.gif',5099.0000,'0','4465',0,'2010-01-13 21:38:46','2018-02-06 21:12:48',NULL,40,'37','lbs','in',7.00,13.00,19.00,'1',1,0,0,0,1,1,0,0,0,1,0,1,0,3,0,0,5099.0000,22,0,1,0,0,0,0,'','','','','','',NULL,'','none',NULL,'',0,0,''),(24,1,100,'RAF1206-105','','','','','',NULL,NULL,NULL,'dbletube_01.gif',6023.0000,'0','5275',0,'2010-01-13 21:41:12','2018-02-06 21:13:21',NULL,44,'41','lbs','in',7.00,13.00,19.00,'1',1,0,0,0,1,1,0,0,0,1,0,1,0,4,0,0,6023.0000,22,0,1,0,0,0,0,'','','','','','',NULL,'','none',NULL,'',0,0,''),(25,1,100,'RAF1210-101','','','','','','','','','dbletube_01.gif',4598.0000,'0','4400',0,'2010-01-13 21:51:29','2018-06-17 17:48:37',NULL,33,'30','lbs','in',5.00,14.00,19.00,'1',1,0,0,0,1,1,0,0,0,1,0,1,0,5,0,0,4598.0000,28,0,1,0,0,0,0,'','','','','','',NULL,'','none','','',0,0,''),(26,1,100,'RAF1210-102','','','','','',NULL,NULL,NULL,'dbletube_01.gif',5431.0000,'0','4750',0,'2010-01-13 21:54:02','2018-02-06 21:17:03',NULL,35,'32','lbs','in',5.00,14.00,19.00,'1',1,0,0,0,1,1,0,0,0,1,0,1,0,6,0,0,5431.0000,24,0,1,0,0,0,0,'','','','','','',NULL,'','none',NULL,'',0,0,''),(27,1,100,'RAF1210-103','','','','','',NULL,NULL,NULL,'dbletube_01.gif',5867.0000,'0','5140',0,'2010-01-13 21:56:10','2018-02-06 21:17:36',NULL,46,'43','lbs','in',7.00,14.00,19.00,'1',1,0,0,2,1,1,0,0,0,1,0,1,0,7,0,0,5867.0000,24,0,1,0,0,0,0,'','','','','','',NULL,'','none',NULL,'',0,0,''),(28,1,100,'RAF1210-104','','','','','',NULL,NULL,NULL,'dbletube_01.gif',6012.0000,'0','5265',0,'2010-01-13 21:58:20','2018-02-06 21:18:03',NULL,47,'44','lbs','in',7.00,14.00,19.00,'1',1,0,0,0,1,1,0,0,0,1,0,1,0,8,0,0,6012.0000,24,0,1,0,0,0,0,'','','','','','',NULL,'','none',NULL,'',0,0,''),(29,1,99,'RAF1210-105','','','','','',NULL,NULL,NULL,'dbletube_01.gif',7134.0000,'0','6245',0,'2010-01-13 22:00:30','2018-02-06 21:18:29',NULL,51,'48','lbs','in',7.00,14.00,19.00,'1',1,0,0,1,1,1,0,0,0,1,0,1,0,9,0,0,7134.0000,24,0,1,0,0,0,0,'','','','','','',NULL,'','none',NULL,'',0,0,''),(30,1,100,'RAF1212-101','','','','','','','','','dbletube_01.gif',5518.0000,'0','5280',0,'2010-01-13 22:03:40','2018-06-17 17:51:46',NULL,37,'34','lbs','in',6.00,15.00,18.00,'1',1,0,0,0,1,1,0,0,0,1,0,1,0,10,0,0,5518.0000,29,0,1,0,0,0,0,'','','','','','',NULL,'','none','','',0,0,''),(31,1,100,'RAF1212-102','','','','','',NULL,NULL,NULL,'dbletube_01.gif',6511.0000,'0','5700',0,'2010-01-13 22:05:34','2018-06-17 15:15:11',NULL,40,'37','lbs','in',6.00,15.00,18.00,'1',1,0,0,0,1,1,0,0,0,1,0,1,0,11,0,0,6511.0000,25,0,1,0,0,0,0,'','','','','','',NULL,'','none',NULL,'',0,0,''),(32,1,100,'RAF1212-103','','','','','',NULL,NULL,NULL,'dbletube_01.gif',7051.0000,'0','6170',0,'2010-01-13 22:07:38','2018-06-17 15:16:29',NULL,51,'48','lbs','in',8.00,15.00,18.00,'1',1,0,0,0,1,1,0,0,0,1,0,1,0,12,0,0,7051.0000,25,0,1,0,0,0,0,'','','','','','',NULL,'','none',NULL,'',0,0,''),(33,1,100,'RAF1212-104','','','','','',NULL,NULL,NULL,'dbletube_01.gif',7279.0000,'0','6370',0,'2010-01-13 22:09:37','2018-06-17 15:17:50',NULL,52,'49','lbs','in',8.00,15.00,18.00,'1',1,0,0,0,1,1,0,0,0,1,0,1,0,13,0,0,7279.0000,25,0,1,0,0,0,0,'','','','','','',NULL,'','none',NULL,'',0,0,''),(34,1,100,'RAF1212-105','','','','','',NULL,NULL,NULL,'dbletube_01.gif',8567.0000,'0','7495',0,'2010-01-13 22:11:41','2018-06-17 15:28:07',NULL,57,'54','lbs','in',8.00,15.00,18.00,'1',1,0,0,1,1,1,0,0,0,1,0,1,0,14,0,0,8567.0000,25,0,1,0,0,0,0,'','','','','','',NULL,'','none',NULL,'',0,0,''),(35,1,100,'EBC 502','','','','','','','','','ebc502ELT_01.jpg',681.0000,'0','0',0,'2010-01-14 11:40:49','2018-06-07 20:26:43',NULL,2.5,'0','lbs','in',2.50,2.00,8.00,'1',0,0,0,3,1,1,0,0,0,1,0,1,0,13,0,0,681.0000,3,0,1,0,0,0,0,'','','','','','',NULL,'','none','','',0,0,''),(36,1,6,'500-12Y','','','','','','','','','50012y-ELT_01.jpg',2330.0000,'0','0',0,'2010-01-14 11:43:42','2018-02-07 11:12:23',NULL,1.5,'0','lbs','in',2.00,4.00,6.00,'1',1,0,0,4,1,1,0,0,0,1,0,1,0,11,0,0,2330.0000,3,0,1,1,0,0,0,'','','','','','',NULL,'','none','','',0,0,''),(37,1,18,'EBC 406AP','','','','','','','','','ebc406apELT_01.jpg',1842.0000,'0','0',0,'2010-01-14 11:51:02','2018-06-07 20:26:38',NULL,2.5,'2.5 (ni antenna)','lbs','in',2.90,2.50,6.70,'1',0,0,0,2,1,1,0,0,0,1,0,1,0,8,0,0,1842.0000,3,0,1,0,0,0,0,'','','','','','',NULL,'','none','','',0,0,''),(38,1,50,'','','','','','',NULL,NULL,NULL,'kit_01.jpg',0.0000,'0','0',0,'2010-01-25 13:33:17','2016-06-09 10:09:36',NULL,0,'0','kgs','cm',0.00,0.00,0.00,'1',1,0,0,0,1,1,0,0,0,1,0,1,0,2,0,0,0.0000,2,1,1,1,1,0,0,'','','','','','',NULL,'','none',NULL,'',0,0,''),(39,1,50,'','','','','','',NULL,NULL,NULL,'kit_01.jpg',0.0000,'0','0',0,'2010-01-25 13:43:29','2016-06-09 10:10:41',NULL,0,'0','kgs','cm',0.00,0.00,0.00,'1',1,0,0,0,1,1,0,0,0,1,0,1,0,3,0,0,0.0000,2,1,1,0,0,0,0,'','','','','','',NULL,'','none',NULL,'',0,0,''),(40,1,50,'','','','','','',NULL,NULL,NULL,'kit_01.jpg',0.0000,'0','0',0,'2010-01-25 13:44:32','2016-06-09 10:11:44',NULL,0,'0','kgs','cm',0.00,0.00,0.00,'1',1,0,0,0,1,1,0,0,0,1,0,1,0,4,0,0,0.0000,2,1,1,0,0,0,0,'','','','','','',NULL,'','none',NULL,'',0,0,''),(41,1,50,'SUI0001','','','','','',NULL,NULL,NULL,'imersion_01.jpg',440.0000,'0','0',0,'2010-01-25 14:05:45','2014-02-14 12:11:34',NULL,14,'0','kgs','cm',0.00,0.00,0.00,'1',1,0,0,0,1,1,0,0,0,1,0,1,0,0,0,0,440.0000,11,0,1,0,0,0,0,'','','','','','',NULL,'','none',NULL,'',0,0,''),(43,1,45,'XF-35','','','','','','','','','lifepreserverxf35_01.jpg',98.0000,'0','0',0,'2010-01-25 14:15:49','2016-07-12 13:57:15',NULL,3,'1.13','lbs','in',2.50,6.50,8.50,'1',1,0,0,5,1,1,0,0,0,1,0,1,0,9,0,0,98.0000,11,0,1,0,0,0,0,'','','','','','',NULL,'','none','','',0,0,''),(44,1,48,'WAT0101-101','','','','','','','','','survivor06_01.jpg',770.0000,'0','0',0,'2010-01-25 14:22:12','2014-02-14 12:11:52',NULL,3,'2.5','lbs','in',8.00,2.50,5.00,'1',1,0,0,2,1,1,0,0,0,1,0,1,0,10,0,0,770.0000,11,0,1,0,0,0,0,'','','','','','',NULL,'','none','','',0,0,''),(45,1,49,'2881','','','','','','','','','front-_resqlink___72.jpg',296.0000,'0','0',0,'2010-01-25 14:36:41','2018-02-07 11:17:33',NULL,1,'.57','lbs','in',2.25,5.88,1.49,'1',1,0,0,1,1,1,0,0,0,1,0,1,0,12,0,0,296.0000,3,0,1,1,0,0,0,'','','','','','',NULL,'','none','','',0,0,''),(46,1,46,'','','','','','',NULL,NULL,NULL,'water_puches_01.jpg',22.0000,'0','0',0,'2010-01-27 19:12:22','2016-05-17 22:28:58',NULL,30,'0','lbs','in',0.00,0.00,0.00,'1',1,0,0,4,1,1,0,0,0,1,0,1,0,0,0,0,22.0000,12,1,1,0,0,0,0,'','','','','','',NULL,'','none',NULL,'',0,0,''),(47,1,50,'',NULL,NULL,NULL,NULL,NULL,NULL,NULL,NULL,'food_2400b.jpg',104.0000,'0','0',0,'2010-01-27 19:29:41','2016-05-17 22:29:56',NULL,44,NULL,'kgs','cm',NULL,NULL,NULL,'1',1,0,0,0,1,1,0,0,0,1,0,1,0,0,0,0,104.0000,12,1,1,0,0,0,0,NULL,NULL,NULL,NULL,NULL,NULL,NULL,NULL,'none',NULL,NULL,0,0,NULL),(48,1,47,'','','','','','',NULL,NULL,NULL,'food_3682.png',80.0000,'0','0',0,'2010-01-27 19:50:00','2016-05-17 22:22:58',NULL,34,'0','kgs','cm',0.00,0.00,0.00,'1',1,0,0,3,1,1,0,0,0,1,0,1,0,0,0,0,80.0000,12,1,1,0,0,0,0,'','','','','','',NULL,'','none',NULL,'',0,0,''),(49,1,49,'','','','','','',NULL,NULL,NULL,'energy_bar.jpg',139.0000,'0','0',0,'2010-01-27 19:58:02','2016-05-17 22:27:57',NULL,30,'0','kgs','cm',0.00,0.00,0.00,'1',1,0,0,1,1,1,0,0,0,1,0,1,0,0,0,0,139.0000,12,1,1,0,0,0,0,'','','','','','',NULL,'','none',NULL,'',0,0,''),(50,1,50,'','','','','','',NULL,NULL,NULL,'light_stick.jpg',650.0000,'0','0',0,'2010-01-27 20:35:42','2012-07-25 21:07:56',NULL,28,'0','kgs','cm',0.00,0.00,0.00,'1',0,0,0,0,1,1,0,0,0,1,0,1,0,0,0,0,650.0000,15,1,1,0,0,0,0,'','','','','','',NULL,'','none',NULL,'',0,0,''),(51,1,50,'',NULL,'','','','','','','','blanket.jpg',275.0000,'0','0',0,'2010-01-27 20:42:45','2010-09-21 10:13:35',NULL,31,'0','kgs','cm',0.00,0.00,0.00,'1',0,0,0,0,1,1,0,0,0,1,0,1,0,0,0,0,275.0000,13,1,1,0,0,0,0,'','','','','','',NULL,'','none','','',0,0,NULL),(52,1,50,'SKDK',NULL,NULL,NULL,NULL,NULL,NULL,NULL,NULL,'guardian/SKDK_01.jpg',65.4000,'0','0',0,'2010-01-28 20:09:05','2010-09-20 19:07:31',NULL,10,NULL,'kgs','cm',NULL,NULL,NULL,'1',0,0,0,0,1,1,0,0,0,1,0,1,0,5,0,0,65.4000,14,1,1,0,0,0,0,NULL,NULL,NULL,NULL,NULL,NULL,NULL,NULL,'none',NULL,NULL,0,0,NULL),(53,1,50,'SKCK','','','','','',NULL,NULL,NULL,'guardian/SKCK-01.jpg',46.9500,'0','0',0,'2010-01-28 20:31:26','2010-09-20 19:14:03',NULL,9,'0','kgs','cm',0.00,0.00,0.00,'1',0,0,0,0,1,1,0,0,0,1,0,1,0,7,0,0,46.9500,14,1,1,0,0,0,0,'','','','','','',NULL,'','none',NULL,'',0,0,''),(54,1,50,'SKD2',NULL,NULL,NULL,NULL,NULL,NULL,NULL,NULL,'guardian/SKD2_01.jpg',78.5100,'0','0',0,'2010-01-28 20:57:37','2010-09-20 19:10:44',NULL,16,NULL,'kgs','cm',NULL,NULL,NULL,'1',0,0,0,0,1,1,0,0,0,1,0,1,0,6,0,0,78.5100,14,1,1,0,0,0,0,NULL,NULL,NULL,NULL,NULL,NULL,NULL,NULL,'none',NULL,NULL,0,0,NULL),(55,1,50,'OKFP',NULL,NULL,NULL,NULL,NULL,NULL,NULL,NULL,'OKFP_01.jpg',123.8400,'0','0',0,'2010-01-28 22:05:24','2010-09-20 19:17:33',NULL,27,NULL,'kgs','cm',NULL,NULL,NULL,'1',0,0,0,0,1,1,0,0,0,1,0,1,0,11,0,0,123.8400,14,1,1,0,0,0,0,NULL,NULL,NULL,NULL,NULL,NULL,NULL,NULL,'none',NULL,NULL,0,0,NULL),(56,1,50,'OKTP',NULL,NULL,NULL,NULL,NULL,NULL,NULL,NULL,'guardian/OKTP_01.jpg',172.8000,'0','0',0,'2010-01-28 22:29:47','2010-09-20 19:20:38',NULL,47,NULL,'kgs','cm',NULL,NULL,NULL,'1',0,0,0,0,1,1,0,0,0,1,0,1,0,12,0,0,172.8000,14,1,1,0,0,0,0,NULL,NULL,NULL,NULL,NULL,NULL,NULL,NULL,'none',NULL,NULL,0,0,NULL),(57,1,50,'SKSP',NULL,NULL,NULL,NULL,NULL,NULL,NULL,NULL,'guardian/SKSP_01.jpg',30.9600,'0','0',0,'2010-01-29 10:33:38','2010-09-20 18:47:29',NULL,5,NULL,'kgs','cm',NULL,NULL,NULL,'1',0,0,0,0,1,1,0,0,0,1,0,1,0,0,0,0,30.9600,14,1,1,0,0,0,0,NULL,NULL,NULL,NULL,NULL,NULL,NULL,NULL,'none',NULL,NULL,0,0,NULL),(58,1,50,'SKCP',NULL,NULL,NULL,NULL,NULL,NULL,NULL,NULL,'guardian/SKCP_01.jpg',30.9600,'0','0',0,'2010-01-29 10:58:12','2010-09-20 18:50:21',NULL,5,NULL,'kgs','cm',NULL,NULL,NULL,'1',0,0,0,0,1,1,0,0,0,1,0,1,0,1,0,0,30.9600,14,1,1,0,0,0,0,NULL,NULL,NULL,NULL,NULL,NULL,NULL,NULL,'none',NULL,NULL,0,0,NULL),(59,1,50,'SKMK',NULL,NULL,NULL,NULL,NULL,NULL,NULL,NULL,'guardian/SKMK_01.jpg',16.1300,'0','0',0,'2010-01-29 11:22:03','2010-09-20 18:54:36',NULL,3,NULL,'kgs','cm',NULL,NULL,NULL,'1',0,0,0,0,1,1,0,0,0,1,0,1,0,3,0,0,16.1300,14,1,1,0,0,0,0,NULL,NULL,NULL,NULL,NULL,NULL,NULL,NULL,'none',NULL,NULL,0,0,NULL),(60,1,50,'SKOK','','','','','',NULL,NULL,NULL,'guardian/SKOK_01.jpg',13.9700,'0','0',0,'2010-01-29 11:35:46','2010-09-20 19:03:09',NULL,2.5,'0','kgs','cm',0.00,0.00,0.00,'1',0,0,0,0,1,1,0,0,0,1,0,1,0,4,0,0,13.9700,14,1,1,0,0,0,0,'','','','','','',NULL,'','none',NULL,'',0,0,''),(61,1,49,'DFPK',NULL,NULL,NULL,NULL,NULL,NULL,NULL,NULL,'guardian/DFPK_01.jpg',15.9100,'0','0',0,'2010-01-29 12:01:54','2010-09-21 09:56:22',NULL,1,NULL,'kgs','cm',NULL,NULL,NULL,'1',0,0,0,1,1,1,0,0,0,1,0,1,0,10,0,0,15.9100,4,1,1,0,0,0,0,NULL,NULL,NULL,NULL,NULL,NULL,NULL,NULL,'none',NULL,NULL,0,0,NULL),(62,1,48,'LCCC',NULL,NULL,NULL,NULL,NULL,NULL,NULL,NULL,'guardian/LCCC_01.jpg',7.9900,'0','0',0,'2010-01-29 12:31:45','2010-09-21 10:07:37',NULL,0.25,NULL,'kgs','cm',NULL,NULL,NULL,'1',0,0,0,2,1,1,0,0,0,1,0,1,0,0,0,0,7.9900,13,1,1,0,0,0,0,NULL,NULL,NULL,NULL,NULL,NULL,NULL,NULL,'none',NULL,NULL,0,0,NULL),(63,1,50,'LCPA',NULL,'','','','','','','','guardian/LCPA_01.jpg',8.9900,'0','0',0,'2010-01-29 12:40:51','2010-09-21 10:10:44',NULL,0.25,'.18','lbs','in',3.00,2.00,0.50,'1',0,0,0,0,1,1,0,0,0,1,0,1,0,0,0,0,8.9900,13,1,1,0,0,0,0,'','','','','','',NULL,'','none','','',0,0,NULL),(64,1,50,'LCLT',NULL,'','','','','','','','guardian/LCLT.jpg',16.8000,'0','0',0,'2010-02-04 19:26:36','2010-09-21 09:35:46',NULL,1,'0','lbs','in',10.50,4.00,3.50,'0',0,0,0,0,1,1,0,0,0,1,0,1,0,0,0,0,16.8000,15,1,1,0,0,0,0,'','','','','','',NULL,'','none','','',0,0,NULL),(65,1,50,'LCGD','','','','','','','','','guardian/LCGD.jpg',8.1200,'0','0',0,'2010-02-04 19:40:07','2010-09-21 09:32:57',NULL,0,'.5','lbs','in',8.00,1.50,1.50,'0',0,0,0,0,1,1,0,0,0,1,0,1,0,0,0,0,8.1200,15,1,1,0,0,0,0,'','','','','','',NULL,'','none','','',0,0,''),(66,1,50,'LCKR',NULL,'','','','','','','','guardian/LCKR.jpg',4.9000,'0','0',0,'2010-02-04 19:45:07','2010-09-21 09:48:50',NULL,2,'0','lbs','in',2.50,5.00,1.50,'0',0,0,0,0,1,1,0,0,0,1,0,1,0,0,0,0,4.9000,15,1,1,0,0,0,0,'','','','','','',NULL,'','none','','',0,0,NULL),(67,1,50,'LCSF','','','','','','','','','guardian/LCSF.jpg',6.3000,'0','0',0,'2010-02-04 19:51:48','2010-09-21 09:49:34',NULL,0.5,'0','lbs','in',6.75,1.75,1.50,'0',0,0,0,0,1,1,0,0,0,1,0,1,0,0,0,0,6.3000,15,1,1,0,0,0,0,'','','','','','',NULL,'','none','','',0,0,''),(68,1,50,'LCQF','','','','','','','','','guardian/LCQF.jpg',3.9200,'0','0',0,'2010-02-04 19:56:27','2010-09-21 09:28:41',NULL,0.3,'.25','lbs','in',4.25,2.00,1.25,'0',0,0,0,0,1,1,0,0,0,1,0,1,0,0,0,0,3.9200,15,1,1,0,0,0,0,'','','','','','',NULL,'','none','','',0,0,''),(69,1,50,'LCBS','','','','','','','','','guardian/LCBS.jpg',0.9800,'0','0',0,'2010-02-05 00:11:57','2010-09-21 09:23:52',NULL,0.1,'.1','lbs','in',8.00,2.00,0.50,'0',0,0,0,0,1,1,0,0,0,1,0,1,0,0,0,0,0.9800,15,1,1,0,0,0,0,'','','','','','',NULL,'','none','','',0,0,''),(70,1,50,'SWUH',NULL,'','','','','','','','guardian/SWUH.jpg',43.1300,'0','0',0,'2010-02-05 18:03:12','2010-09-21 10:04:47',NULL,9.5,'9.38','lbs','in',10.00,6.50,6.50,'0',0,0,0,0,1,1,0,0,0,1,0,1,0,0,0,0,43.1300,13,1,1,0,0,0,0,'','','','','','',NULL,'','none','','',0,0,NULL),(71,1,50,'','','','','','','','','','junglekit7.jpg',459.0000,'0','0',0,'2010-07-11 22:27:48','2012-04-16 10:07:45',NULL,11.5,'1.4','lbs','in',2.25,9.00,17.00,'0',1,0,0,0,1,1,0,0,0,1,0,1,0,0,0,0,459.0000,2,1,1,0,0,0,0,'','','','','','',NULL,'','none','','',0,0,''),(72,1,100,'1900-3','','','','','',NULL,NULL,NULL,'nineman_01.gif',2149.0000,'','2056',0,'2010-08-23 20:17:09','2014-02-13 12:37:21',NULL,23,'20','lbs','in',5.00,12.00,14.00,'0',1,0,0,0,1,1,0,0,0,1,0,1,0,6,0,0,2149.0000,20,0,1,0,0,1,0,'','','','','','',NULL,'','none',NULL,'',0,0,''),(73,1,1000,'AADX-MUFIRE',NULL,NULL,NULL,NULL,NULL,NULL,NULL,NULL,'firefighter_kit_complete_605790826_0303-0303.png',1119.0000,'0','0',0,'2016-07-12 13:10:30','2016-07-12 14:04:12',NULL,58,NULL,'kgs','cm',NULL,NULL,NULL,'1',1,0,0,0,1,1,0,0,0,1,0,1,0,0,0,0,1119.0000,11,1,0,0,0,0,0,NULL,NULL,NULL,NULL,NULL,NULL,NULL,NULL,'none',NULL,NULL,0,0,NULL),(74,1,1000,'AAADX-SFAK',NULL,NULL,NULL,NULL,NULL,NULL,NULL,NULL,'solas_survivalkit_dx0402m.jpg',80.0000,'0','0',0,'2016-07-12 13:20:20','2016-07-12 14:56:28',NULL,2,NULL,'kgs','cm',NULL,NULL,NULL,'1',1,0,0,0,10,1,0,0,0,0,0,1,0,0,0,0,80.0000,11,1,0,0,0,0,0,NULL,NULL,NULL,NULL,NULL,NULL,NULL,NULL,'none',NULL,NULL,0,0,NULL),(75,1,1000,'AAADX-RNC',NULL,NULL,NULL,NULL,NULL,NULL,NULL,NULL,'rescue_net_1230457653_0505-2828.jpg',1999.0000,'0','0',0,'2016-07-12 13:33:39','2016-07-12 14:04:32',NULL,15,NULL,'kgs','cm',NULL,NULL,NULL,'1',1,0,0,0,1,1,0,0,0,1,0,1,0,0,0,0,1999.0000,11,1,0,0,0,0,0,NULL,NULL,NULL,NULL,NULL,NULL,NULL,NULL,'none',NULL,NULL,0,0,NULL),(76,1,1000,'AAADX-FB',NULL,NULL,NULL,NULL,NULL,NULL,NULL,NULL,'fire_blanket_198081866_0707-0101.png',24.0000,'0','0',0,'2016-07-12 13:38:58','2016-07-12 15:00:00',NULL,7,NULL,'kgs','cm',NULL,NULL,NULL,'1',1,0,0,0,1,1,0,0,0,0,0,1,0,0,0,0,24.0000,11,1,0,0,0,0,0,NULL,NULL,NULL,NULL,NULL,NULL,NULL,NULL,'none',NULL,NULL,0,0,NULL),(77,1,1000,'AAADX-SMLJ',NULL,NULL,NULL,NULL,NULL,NULL,NULL,NULL,'Life_vest_adult_SOLAS_VSMK10AM.jpg',54.0000,'0','0',0,'2016-07-12 13:55:39',NULL,NULL,7,NULL,'kgs','cm',NULL,NULL,NULL,'1',1,0,0,0,10,10,0,0,0,1,0,1,0,0,0,0,54.0000,11,1,0,0,0,0,0,NULL,NULL,NULL,NULL,NULL,NULL,NULL,NULL,'none',NULL,NULL,0,0,NULL),(78,1,1000,'AAADX-LRB30_CGSMTC',NULL,NULL,NULL,NULL,NULL,NULL,NULL,NULL,'LifeRingBuoys_632586047_1212-0505.jpg',83.0000,'0','0',0,'2016-07-12 14:36:02','2016-07-12 14:59:21',NULL,37,NULL,'kgs','cm',NULL,NULL,NULL,'1',1,0,0,0,3,0,0,0,0,0,0,1,0,0,0,0,83.0000,11,1,0,0,0,0,0,NULL,NULL,NULL,NULL,NULL,NULL,NULL,NULL,'none',NULL,NULL,0,0,NULL),(79,1,1000,'AAADXMU275REDM',NULL,NULL,NULL,NULL,NULL,NULL,NULL,NULL,'275_red_503606177_1010-1616.jpg',369.0000,'295','0',0,'2016-07-12 21:35:13','2016-07-15 13:22:47',NULL,15,NULL,'kgs','cm',NULL,NULL,NULL,'1',1,0,0,0,6,1,0,0,0,0,0,1,0,0,0,0,369.0000,0,1,0,0,0,0,0,NULL,NULL,NULL,NULL,NULL,NULL,NULL,NULL,'none',NULL,NULL,0,0,NULL),(80,1,1000,'AAADXMU275BLUM',NULL,NULL,NULL,NULL,NULL,NULL,NULL,NULL,'275_blue_156298958_1010-1616.jpg',369.0000,'295','0',0,'2016-07-12 21:35:13','2016-07-15 13:20:18',NULL,15,NULL,'kgs','cm',NULL,NULL,NULL,'1',1,0,0,0,6,6,0,0,0,0,0,1,0,0,0,0,369.0000,0,1,0,0,0,0,0,NULL,NULL,NULL,NULL,NULL,NULL,NULL,NULL,'none',NULL,NULL,0,0,NULL),(81,1,0,'MU150REDM',NULL,NULL,NULL,NULL,NULL,NULL,NULL,NULL,NULL,398.0000,'295','0',0,'2016-07-12 21:35:13','2016-07-15 13:05:40',NULL,0,NULL,'kgs','cm',NULL,NULL,NULL,'1',0,0,NULL,0,1,1,0,0,0,0,0,1,0,0,0,0,0.0000,0,1,0,0,0,0,0,NULL,NULL,NULL,NULL,NULL,NULL,NULL,NULL,'none',NULL,NULL,0,0,NULL),(82,1,45,'XF-35',NULL,NULL,NULL,NULL,NULL,NULL,NULL,NULL,'lifepreserverxf35_01.jpg',98.0000,'0','0',0,'2016-07-15 13:05:28','2016-07-15 13:05:35','0001-01-01 00:00:00',3,NULL,'kgs','cm',NULL,NULL,NULL,'1',1,0,0,0,1,1,0,0,0,1,0,1,0,9,0,0,98.0000,16,1,0,0,0,0,0,NULL,NULL,NULL,NULL,NULL,NULL,NULL,NULL,'none',NULL,NULL,0,0,NULL),(83,1,99,'MA-1',NULL,NULL,NULL,NULL,NULL,NULL,NULL,NULL,'7324-A-HR1_black.jpg',49.9900,'0','0',0,'2016-11-22 13:36:42',NULL,NULL,3,NULL,'kgs','cm',NULL,NULL,NULL,'1',0,0,1,0,1,1,1,0,0,1,0,1,0,0,0,0,49.9900,30,1,0,0,0,0,0,NULL,NULL,NULL,NULL,NULL,NULL,NULL,NULL,'none',NULL,NULL,0,0,NULL),(84,1,0,'',NULL,NULL,NULL,NULL,NULL,NULL,NULL,NULL,'DATREX_INFANT_VEST.jpg',78.0000,'0','0',0,'2017-12-20 12:35:40',NULL,NULL,2,NULL,'kgs','cm',NULL,NULL,NULL,'1',1,0,0,0,1,1,0,0,0,1,0,1,0,0,0,0,78.0000,16,1,0,0,0,0,0,NULL,NULL,NULL,NULL,NULL,NULL,NULL,NULL,'none',NULL,NULL,0,0,NULL);

--
-- Table structure for table `zen_products_attributes`
--

CREATE TABLE `zen_products_attributes` (
  `products_attributes_id` int(11) NOT NULL AUTO_INCREMENT,
  `products_id` int(11) NOT NULL DEFAULT '0',
  `options_id` int(11) NOT NULL DEFAULT '0',
  `options_values_id` int(11) NOT NULL DEFAULT '0',
  `options_values_price` decimal(15,4) NOT NULL DEFAULT '0.0000',
  `price_prefix` char(1) COLLATE utf8_unicode_ci NOT NULL DEFAULT '',
  `products_options_sort_order` int(11) NOT NULL DEFAULT '0',
  `product_attribute_is_free` tinyint(1) NOT NULL DEFAULT '0',
  `products_attributes_weight` float NOT NULL DEFAULT '0',
  `products_attributes_weight_prefix` char(1) COLLATE utf8_unicode_ci NOT NULL DEFAULT '',
  `attributes_display_only` tinyint(1) NOT NULL DEFAULT '0',
  `attributes_default` tinyint(1) NOT NULL DEFAULT '0',
  `attributes_discounted` tinyint(1) NOT NULL DEFAULT '1',
  `attributes_image` varchar(64) COLLATE utf8_unicode_ci DEFAULT NULL,
  `attributes_price_base_included` tinyint(1) NOT NULL DEFAULT '1',
  `attributes_price_onetime` decimal(15,4) NOT NULL DEFAULT '0.0000',
  `attributes_price_factor` decimal(15,4) NOT NULL DEFAULT '0.0000',
  `attributes_price_factor_offset` decimal(15,4) NOT NULL DEFAULT '0.0000',
  `attributes_price_factor_onetime` decimal(15,4) NOT NULL DEFAULT '0.0000',
  `attributes_price_factor_onetime_offset` decimal(15,4) NOT NULL DEFAULT '0.0000',
  `attributes_qty_prices` text COLLATE utf8_unicode_ci,
  `attributes_qty_prices_onetime` text COLLATE utf8_unicode_ci,
  `attributes_price_words` decimal(15,4) NOT NULL DEFAULT '0.0000',
  `attributes_price_words_free` int(4) NOT NULL DEFAULT '0',
  `attributes_price_letters` decimal(15,4) NOT NULL DEFAULT '0.0000',
  `attributes_price_letters_free` int(4) NOT NULL DEFAULT '0',
  `attributes_required` tinyint(1) NOT NULL DEFAULT '0',
  PRIMARY KEY (`products_attributes_id`),
  KEY `idx_id_options_id_values_zen` (`products_id`,`options_id`,`options_values_id`),
  KEY `idx_opt_sort_order_zen` (`products_options_sort_order`)
) ENGINE=MyISAM AUTO_INCREMENT=143 DEFAULT CHARSET=utf8 COLLATE=utf8_unicode_ci;

--
-- Dumping data for table `zen_products_attributes`
--

INSERT INTO `zen_products_attributes` VALUES (123,25,1,1,25.0000,'+',0,0,0,'+',0,1,0,'',0,0.0000,0.0000,0.0000,0.0000,0.0000,'','',0.0000,0,0.0000,0,0),(124,25,9,2,0.0000,'+',1,1,0,'+',0,0,1,'',1,0.0000,0.0000,0.0000,0.0000,0.0000,'','',0.0000,0,0.0000,0,0),(78,3,9,2,0.0000,'+',1,1,0,'+',0,0,1,'',1,0.0000,0.0000,0.0000,0.0000,0.0000,'','',0.0000,0,0.0000,0,0),(7,38,5,5,384.0000,'',1,1,0,'+',0,0,1,'',1,0.0000,0.0000,0.0000,0.0000,0.0000,'','',0.0000,0,0.0000,0,0),(8,38,5,6,551.0000,'',2,1,0,'+',0,0,1,'',1,0.0000,0.0000,0.0000,0.0000,0.0000,'','',0.0000,0,0.0000,0,0),(9,38,5,7,646.0000,'',3,1,0,'+',0,0,1,'',1,0.0000,0.0000,0.0000,0.0000,0.0000,'','',0.0000,0,0.0000,0,0),(10,38,5,8,703.0000,'',4,1,0,'+',0,0,1,'',1,0.0000,0.0000,0.0000,0.0000,0.0000,'','',0.0000,0,0.0000,0,0),(11,38,5,9,846.0000,'',5,1,0,'+',0,0,1,'',1,0.0000,0.0000,0.0000,0.0000,0.0000,'','',0.0000,0,0.0000,0,0),(27,38,7,21,1307.0000,'+',12,1,2.5,'+',0,0,1,'attributes/ebc406apELT_01.jpg',1,0.0000,0.0000,0.0000,0.0000,0.0000,'','',0.0000,0,0.0000,0,0),(26,38,7,22,502.0000,'+',11,1,2.5,'+',0,0,1,'attributes/ebc502ELT_01.jpg',1,0.0000,0.0000,0.0000,0.0000,0.0000,'','',0.0000,0,0.0000,0,0),(14,39,4,10,498.0000,'',1,1,0,'+',0,0,1,'',1,0.0000,0.0000,0.0000,0.0000,0.0000,'','',0.0000,0,0.0000,0,0),(19,39,4,11,713.0000,'',2,1,0,'+',0,0,1,'',1,0.0000,0.0000,0.0000,0.0000,0.0000,'','',0.0000,0,0.0000,0,0),(16,39,4,12,784.0000,'',3,1,0,'+',0,0,1,'',1,0.0000,0.0000,0.0000,0.0000,0.0000,'','',0.0000,0,0.0000,0,0),(17,39,4,13,822.0000,'',4,1,0,'+',0,0,1,'',1,0.0000,0.0000,0.0000,0.0000,0.0000,'','',0.0000,0,0.0000,0,0),(18,39,4,14,1036.0000,'',5,1,0,'+',0,0,1,'',1,0.0000,0.0000,0.0000,0.0000,0.0000,'','',0.0000,0,0.0000,0,0),(51,40,6,19,2209.0000,'',5,1,0,'+',0,0,1,'',1,0.0000,0.0000,0.0000,0.0000,0.0000,'','',0.0000,0,0.0000,0,0),(47,40,6,15,1043.0000,'',1,1,0,'+',0,0,1,'',1,0.0000,0.0000,0.0000,0.0000,0.0000,'','',0.0000,0,0.0000,0,0),(48,40,6,16,1556.0000,'',2,1,0,'+',0,0,1,'',1,0.0000,0.0000,0.0000,0.0000,0.0000,'','',0.0000,0,0.0000,0,0),(49,40,6,17,1712.0000,'',3,1,0,'+',0,0,1,'',1,0.0000,0.0000,0.0000,0.0000,0.0000,'','',0.0000,0,0.0000,0,0),(50,40,6,18,1929.0000,'',4,1,0,'+',0,0,1,'',1,0.0000,0.0000,0.0000,0.0000,0.0000,'','',0.0000,0,0.0000,0,0),(25,38,7,23,399.0000,'+',10,1,1,'+',0,0,1,'attributes/ACRAquaLink406-ELT_01.jpg',0,0.0000,0.0000,0.0000,0.0000,0.0000,'','',0.0000,0,0.0000,0,0),(28,38,7,20,2185.0000,'+',13,1,1.5,'+',0,0,1,'attributes/50012y-ELT_01.jpg',1,0.0000,0.0000,0.0000,0.0000,0.0000,'','',0.0000,0,0.0000,0,0),(46,40,7,20,2185.0000,'+',13,1,1.5,'+',0,0,1,'attributes/50012y-ELT_01.jpg',1,0.0000,0.0000,0.0000,0.0000,0.0000,'','',0.0000,0,0.0000,0,0),(45,40,7,21,1307.0000,'+',12,1,2.5,'+',0,0,1,'attributes/ebc406apELT_01.jpg',1,0.0000,0.0000,0.0000,0.0000,0.0000,'','',0.0000,0,0.0000,0,0),(44,40,7,22,502.0000,'+',11,1,2.5,'+',0,0,1,'attributes/ebc502ELT_01.jpg',1,0.0000,0.0000,0.0000,0.0000,0.0000,'','',0.0000,0,0.0000,0,0),(43,40,7,23,399.0000,'+',10,1,1,'+',0,0,1,'attributes/ACRAquaLink406-ELT_01.jpg',0,0.0000,0.0000,0.0000,0.0000,0.0000,'','',0.0000,0,0.0000,0,0),(34,39,7,23,399.0000,'+',10,1,1,'+',0,0,1,'attributes/ACRAquaLink406-ELT_01.jpg',0,0.0000,0.0000,0.0000,0.0000,0.0000,'','',0.0000,0,0.0000,0,0),(35,39,7,22,502.0000,'+',11,1,2.5,'+',0,0,1,'attributes/ebc502ELT_01.jpg',1,0.0000,0.0000,0.0000,0.0000,0.0000,'','',0.0000,0,0.0000,0,0),(36,39,7,21,1307.0000,'+',12,1,2.5,'+',0,0,1,'attributes/ebc406apELT_01.jpg',1,0.0000,0.0000,0.0000,0.0000,0.0000,'','',0.0000,0,0.0000,0,0),(37,39,7,20,2185.0000,'+',13,1,1.5,'+',0,0,1,'attributes/50012y-ELT_01.jpg',1,0.0000,0.0000,0.0000,0.0000,0.0000,'','',0.0000,0,0.0000,0,0),(52,40,0,0,0.0000,'+',0,1,0,'+',0,0,1,'',1,0.0000,0.0000,0.0000,0.0000,0.0000,'','',0.0000,0,0.0000,0,0),(77,3,1,1,25.0000,'+',0,0,0,'+',0,1,0,'',0,0.0000,0.0000,0.0000,0.0000,0.0000,'','',0.0000,0,0.0000,0,0),(55,1,1,1,25.0000,'+',0,0,0,'+',0,1,0,'',0,0.0000,0.0000,0.0000,0.0000,0.0000,'','',0.0000,0,0.0000,0,0),(74,1,9,2,0.0000,'+',1,1,0,'+',0,0,1,'',1,0.0000,0.0000,0.0000,0.0000,0.0000,'','',0.0000,0,0.0000,0,0),(76,2,9,2,0.0000,'+',1,1,0,'+',0,0,1,'',1,0.0000,0.0000,0.0000,0.0000,0.0000,'','',0.0000,0,0.0000,0,0),(75,2,1,1,25.0000,'+',0,0,0,'+',0,1,0,'',0,0.0000,0.0000,0.0000,0.0000,0.0000,'','',0.0000,0,0.0000,0,0),(80,4,9,2,0.0000,'+',1,1,0,'+',0,0,1,'',1,0.0000,0.0000,0.0000,0.0000,0.0000,'','',0.0000,0,0.0000,0,0),(79,4,1,1,25.0000,'+',0,0,0,'+',0,1,0,'',0,0.0000,0.0000,0.0000,0.0000,0.0000,'','',0.0000,0,0.0000,0,0),(82,5,9,2,0.0000,'+',1,1,0,'+',0,0,1,'',1,0.0000,0.0000,0.0000,0.0000,0.0000,'','',0.0000,0,0.0000,0,0),(81,5,1,1,25.0000,'+',0,0,0,'+',0,1,0,'',0,0.0000,0.0000,0.0000,0.0000,0.0000,'','',0.0000,0,0.0000,0,0),(84,6,9,2,0.0000,'+',1,1,0,'+',0,0,1,'',1,0.0000,0.0000,0.0000,0.0000,0.0000,'','',0.0000,0,0.0000,0,0),(83,6,1,1,25.0000,'+',0,0,0,'+',0,1,0,'',0,0.0000,0.0000,0.0000,0.0000,0.0000,'','',0.0000,0,0.0000,0,0),(86,7,9,2,0.0000,'+',1,1,0,'+',0,0,1,'',1,0.0000,0.0000,0.0000,0.0000,0.0000,'','',0.0000,0,0.0000,0,0),(85,7,1,1,25.0000,'+',0,0,0,'+',0,1,0,'',0,0.0000,0.0000,0.0000,0.0000,0.0000,'','',0.0000,0,0.0000,0,0),(88,8,9,2,0.0000,'+',1,1,0,'+',0,0,1,'',1,0.0000,0.0000,0.0000,0.0000,0.0000,'','',0.0000,0,0.0000,0,0),(87,8,1,1,25.0000,'+',0,0,0,'+',0,1,0,'',0,0.0000,0.0000,0.0000,0.0000,0.0000,'','',0.0000,0,0.0000,0,0),(90,9,9,2,0.0000,'+',1,1,0,'+',0,0,1,'',1,0.0000,0.0000,0.0000,0.0000,0.0000,'','',0.0000,0,0.0000,0,0),(89,9,1,1,25.0000,'+',0,0,0,'+',0,1,0,'',0,0.0000,0.0000,0.0000,0.0000,0.0000,'','',0.0000,0,0.0000,0,0),(92,72,9,2,0.0000,'+',1,1,0,'+',0,0,1,'',1,0.0000,0.0000,0.0000,0.0000,0.0000,'','',0.0000,0,0.0000,0,0),(91,72,1,1,25.0000,'+',0,0,0,'+',0,1,0,'',0,0.0000,0.0000,0.0000,0.0000,0.0000,'','',0.0000,0,0.0000,0,0),(93,10,1,1,25.0000,'+',0,0,0,'+',0,1,0,'',0,0.0000,0.0000,0.0000,0.0000,0.0000,'','',0.0000,0,0.0000,0,0),(94,10,9,2,0.0000,'+',1,1,0,'+',0,0,1,'',1,0.0000,0.0000,0.0000,0.0000,0.0000,'','',0.0000,0,0.0000,0,0),(95,11,1,1,25.0000,'+',0,0,0,'+',0,1,0,'',0,0.0000,0.0000,0.0000,0.0000,0.0000,'','',0.0000,0,0.0000,0,0),(96,11,9,2,0.0000,'+',1,1,0,'+',0,0,1,'',1,0.0000,0.0000,0.0000,0.0000,0.0000,'','',0.0000,0,0.0000,0,0),(97,12,1,1,25.0000,'+',0,0,0,'+',0,1,0,'',0,0.0000,0.0000,0.0000,0.0000,0.0000,'','',0.0000,0,0.0000,0,0),(98,12,9,2,0.0000,'+',1,1,0,'+',0,0,1,'',1,0.0000,0.0000,0.0000,0.0000,0.0000,'','',0.0000,0,0.0000,0,0),(99,13,1,1,25.0000,'+',0,0,0,'+',0,1,0,'',0,0.0000,0.0000,0.0000,0.0000,0.0000,'','',0.0000,0,0.0000,0,0),(100,13,9,2,0.0000,'+',1,1,0,'+',0,0,1,'',1,0.0000,0.0000,0.0000,0.0000,0.0000,'','',0.0000,0,0.0000,0,0),(101,14,1,1,25.0000,'+',0,0,0,'+',0,1,0,'',0,0.0000,0.0000,0.0000,0.0000,0.0000,'','',0.0000,0,0.0000,0,0),(102,14,9,2,0.0000,'+',1,1,0,'+',0,0,1,'',1,0.0000,0.0000,0.0000,0.0000,0.0000,'','',0.0000,0,0.0000,0,0),(103,15,1,1,25.0000,'+',0,0,0,'+',0,1,0,'',0,0.0000,0.0000,0.0000,0.0000,0.0000,'','',0.0000,0,0.0000,0,0),(104,15,9,2,0.0000,'+',1,1,0,'+',0,0,1,'',1,0.0000,0.0000,0.0000,0.0000,0.0000,'','',0.0000,0,0.0000,0,0),(105,16,1,1,25.0000,'+',0,0,0,'+',0,1,0,'',0,0.0000,0.0000,0.0000,0.0000,0.0000,'','',0.0000,0,0.0000,0,0),(106,16,9,2,0.0000,'+',1,1,0,'+',0,0,1,'',1,0.0000,0.0000,0.0000,0.0000,0.0000,'','',0.0000,0,0.0000,0,0),(107,17,1,1,25.0000,'+',0,0,0,'+',0,1,0,'',0,0.0000,0.0000,0.0000,0.0000,0.0000,'','',0.0000,0,0.0000,0,0),(108,17,9,2,0.0000,'+',1,1,0,'+',0,0,1,'',1,0.0000,0.0000,0.0000,0.0000,0.0000,'','',0.0000,0,0.0000,0,0),(109,18,1,1,25.0000,'+',0,0,0,'+',0,1,0,'',0,0.0000,0.0000,0.0000,0.0000,0.0000,'','',0.0000,0,0.0000,0,0),(110,18,9,2,0.0000,'+',1,1,0,'+',0,0,1,'',1,0.0000,0.0000,0.0000,0.0000,0.0000,'','',0.0000,0,0.0000,0,0),(111,19,1,1,25.0000,'+',0,0,0,'+',0,1,0,'',0,0.0000,0.0000,0.0000,0.0000,0.0000,'','',0.0000,0,0.0000,0,0),(112,19,9,2,0.0000,'+',1,1,0,'+',0,0,1,'',1,0.0000,0.0000,0.0000,0.0000,0.0000,'','',0.0000,0,0.0000,0,0),(113,20,1,1,25.0000,'+',0,0,0,'+',0,1,0,'',0,0.0000,0.0000,0.0000,0.0000,0.0000,'','',0.0000,0,0.0000,0,0),(114,20,9,2,0.0000,'+',1,1,0,'+',0,0,1,'',1,0.0000,0.0000,0.0000,0.0000,0.0000,'','',0.0000,0,0.0000,0,0),(115,21,1,1,25.0000,'+',0,0,0,'+',0,1,0,'',0,0.0000,0.0000,0.0000,0.0000,0.0000,'','',0.0000,0,0.0000,0,0),(116,21,9,2,0.0000,'+',1,1,0,'+',0,0,1,'',1,0.0000,0.0000,0.0000,0.0000,0.0000,'','',0.0000,0,0.0000,0,0),(117,22,1,1,25.0000,'+',0,0,0,'+',0,1,0,'',0,0.0000,0.0000,0.0000,0.0000,0.0000,'','',0.0000,0,0.0000,0,0),(118,22,9,2,0.0000,'+',1,1,0,'+',0,0,1,'',1,0.0000,0.0000,0.0000,0.0000,0.0000,'','',0.0000,0,0.0000,0,0),(119,23,1,1,25.0000,'+',0,0,0,'+',0,1,0,'',0,0.0000,0.0000,0.0000,0.0000,0.0000,'','',0.0000,0,0.0000,0,0),(120,23,9,2,0.0000,'+',1,1,0,'+',0,0,1,'',1,0.0000,0.0000,0.0000,0.0000,0.0000,'','',0.0000,0,0.0000,0,0),(121,24,1,1,25.0000,'+',0,0,0,'+',0,1,0,'',0,0.0000,0.0000,0.0000,0.0000,0.0000,'','',0.0000,0,0.0000,0,0),(122,24,9,2,0.0000,'+',1,1,0,'+',0,0,1,'',1,0.0000,0.0000,0.0000,0.0000,0.0000,'','',0.0000,0,0.0000,0,0),(125,26,1,1,25.0000,'+',0,0,0,'+',0,1,0,'',0,0.0000,0.0000,0.0000,0.0000,0.0000,'','',0.0000,0,0.0000,0,0),(126,26,9,2,0.0000,'+',1,1,0,'+',0,0,1,'',1,0.0000,0.0000,0.0000,0.0000,0.0000,'','',0.0000,0,0.0000,0,0),(127,27,1,1,25.0000,'+',0,0,0,'+',0,1,0,'',0,0.0000,0.0000,0.0000,0.0000,0.0000,'','',0.0000,0,0.0000,0,0),(128,27,9,2,0.0000,'+',1,1,0,'+',0,0,1,'',1,0.0000,0.0000,0.0000,0.0000,0.0000,'','',0.0000,0,0.0000,0,0),(129,28,1,1,25.0000,'+',0,0,0,'+',0,1,0,'',0,0.0000,0.0000,0.0000,0.0000,0.0000,'','',0.0000,0,0.0000,0,0),(130,28,9,2,0.0000,'+',1,1,0,'+',0,0,1,'',1,0.0000,0.0000,0.0000,0.0000,0.0000,'','',0.0000,0,0.0000,0,0),(131,29,1,1,25.0000,'+',0,0,0,'+',0,1,0,'',0,0.0000,0.0000,0.0000,0.0000,0.0000,'','',0.0000,0,0.0000,0,0),(132,29,9,2,0.0000,'+',1,1,0,'+',0,0,1,'',1,0.0000,0.0000,0.0000,0.0000,0.0000,'','',0.0000,0,0.0000,0,0),(133,30,1,1,25.0000,'+',0,0,0,'+',0,1,0,'',0,0.0000,0.0000,0.0000,0.0000,0.0000,'','',0.0000,0,0.0000,0,0),(134,30,9,2,0.0000,'+',1,1,0,'+',0,0,1,'',1,0.0000,0.0000,0.0000,0.0000,0.0000,'','',0.0000,0,0.0000,0,0),(135,31,1,1,25.0000,'+',0,0,0,'+',0,1,0,'',0,0.0000,0.0000,0.0000,0.0000,0.0000,'','',0.0000,0,0.0000,0,0),(136,31,9,2,0.0000,'+',1,1,0,'+',0,0,1,'',1,0.0000,0.0000,0.0000,0.0000,0.0000,'','',0.0000,0,0.0000,0,0),(137,32,1,1,25.0000,'+',0,0,0,'+',0,1,0,'',0,0.0000,0.0000,0.0000,0.0000,0.0000,'','',0.0000,0,0.0000,0,0),(138,32,9,2,0.0000,'+',1,1,0,'+',0,0,1,'',1,0.0000,0.0000,0.0000,0.0000,0.0000,'','',0.0000,0,0.0000,0,0),(139,33,1,1,25.0000,'+',0,0,0,'+',0,1,0,'',0,0.0000,0.0000,0.0000,0.0000,0.0000,'','',0.0000,0,0.0000,0,0),(140,33,9,2,0.0000,'+',1,1,0,'+',0,0,1,'',1,0.0000,0.0000,0.0000,0.0000,0.0000,'','',0.0000,0,0.0000,0,0),(141,34,1,1,25.0000,'+',0,0,0,'+',0,1,0,'',0,0.0000,0.0000,0.0000,0.0000,0.0000,'','',0.0000,0,0.0000,0,0),(142,34,9,2,0.0000,'+',1,1,0,'+',0,0,1,'',1,0.0000,0.0000,0.0000,0.0000,0.0000,'','',0.0000,0,0.0000,0,0);

--
-- Table structure for table `zen_products_attributes_download`
--

CREATE TABLE `zen_products_attributes_download` (
  `products_attributes_id` int(11) NOT NULL DEFAULT '0',
  `products_attributes_filename` varchar(255) COLLATE utf8_unicode_ci NOT NULL DEFAULT '',
  `products_attributes_maxdays` int(2) DEFAULT '0',
  `products_attributes_maxcount` int(2) DEFAULT '0',
  PRIMARY KEY (`products_attributes_id`)
) ENGINE=MyISAM DEFAULT CHARSET=utf8 COLLATE=utf8_unicode_ci;

--
-- Dumping data for table `zen_products_attributes_download`
--


--
-- Table structure for table `zen_products_description`
--

CREATE TABLE `zen_products_description` (
  `products_id` int(11) NOT NULL AUTO_INCREMENT,
  `language_id` int(11) NOT NULL DEFAULT '1',
  `products_name` varchar(100) COLLATE utf8_unicode_ci NOT NULL DEFAULT '',
  `products_description` text COLLATE utf8_unicode_ci,
  `products_url` varchar(255) COLLATE utf8_unicode_ci DEFAULT NULL,
  `products_viewed` int(5) DEFAULT '0',
  `products_description2` text COLLATE utf8_unicode_ci,
  PRIMARY KEY (`products_id`,`language_id`),
  KEY `idx_products_name_zen` (`products_name`)
) ENGINE=MyISAM AUTO_INCREMENT=85 DEFAULT CHARSET=utf8 COLLATE=utf8_unicode_ci;

--
-- Dumping data for table `zen_products_description`
--

INSERT INTO `zen_products_description` VALUES (1,1,'4-Man Basic Life Raft Non TSO','Lightest and smallest package on the market today, designed for private pilots and pleasure boaters.\r\n<div id=\"TabbedPanels1\" class=\"TabbedPanels\">\r\n  <ul class=\"TabbedPanelsTabGroup\">\r\n    <li class=\"TabbedPanelsTab\" tabindex=\"0\">Features</li>\r\n    <li class=\"TabbedPanelsTab\" tabindex=\"0\">Included</li>    \r\n  </ul>\r\n  <div class=\"TabbedPanelsContentGroup\">\r\n    <div class=\"TabbedPanelsContent\"><br /><li>    Easy to carry, stow away, and maneuver in any emergency situation.</li><li>    Easily deployed by women, children, exhausted pilots, or boaters. </li><li>    Soft-pack valise made of practically indestructible nylon with secure nylon velcro closures.</li><li>    Constructed of heavy-duty FAA approved neoprene coated nylon fabric. </li><li>    Optional highly visible orange canopy to aid in search and rescue operations. </li><li>    Contains aluminum cylinders and valves eliminating corrosion and greatly reducing the weight. <br />\r\n\r\n    </li>\r\n\r\n  <li>High-tech CO2 automatic inflation system, inflates in 10 seconds. </li><li>    Optional survival kits are available to meet individual requirements. </li><li>    Lifetime warranty on parts and labor, built to last a lifetime with proper care. </li><br /></div>\r\n    <div class=\"TabbedPanelsContent\"><table border=\"0\" cellpadding=\"3\" cellspacing=\"0\">\r\n\r\n    <tbody>\r\n\r\n      <tr>\r\n\r\n\r\n      </tr>\r\n\r\n      <tr>\r\n\r\n        <td width=\"50%\" height=\"1\">&#8226;  Buoyancy tube</td>\r\n\r\n        <td width=\"50%\" height=\"1\">&#8226; Retaining line</td>\r\n\r\n      </tr>\r\n\r\n      <tr>\r\n\r\n        <td height=\"1\">&#8226; Deck</td>\r\n\r\n        <td width=\"50%\" height=\"1\">&#8226; Hand pump</td>\r\n\r\n      </tr>\r\n\r\n      <tr>\r\n\r\n        <td height=\"1\">&#8226; Lífe lines</td>\r\n\r\n        <td width=\"50%\" height=\"1\">&#8226; Bailing bucket </td>\r\n\r\n      </tr>\r\n\r\n      <tr>\r\n\r\n        <td height=\"1\">&#8226; Boarding Handles</td>\r\n\r\n        <td width=\"50%\" height=\"1\">&#8226; Sea anchor</td>\r\n\r\n      </tr>\r\n\r\n      <tr>\r\n\r\n        <td height=\"1\">&#8226; CO2 auto-inflation system</td>\r\n\r\n        <td width=\"50%\" height=\"1\">&#8226; Valise</td>\r\n\r\n      </tr>\r\n\r\n      <tr>\r\n\r\n        <td height=\"1\" colspan=\"2\"><hr />Note:  Required Raft Compartment Size - Add 3\" to Raft Pack Dimensions.  Raft Weight +/- 2.0 lbs</td>\r\n\r\n      </tr>\r\n\r\n    </tbody>\r\n\r\n  </table></div></div></div>\r\n\r\n<script type=\"text/javascript\">\r\n<!--\r\nvar TabbedPanels1 = new Spry.Widget.TabbedPanels(\"TabbedPanels1\");\r\n//-->\r\n</script>','',3536,''),(2,1,'4-Man Life Raft w/Canopy Only Non TSO','4-6 Man Life Raft. Easily deployed by women, children, exhausted pilots, or boaters.  Non TSO.\r\n<div id=\"TabbedPanels1\" class=\"TabbedPanels\">\r\n  <ul class=\"TabbedPanelsTabGroup\">\r\n    <li class=\"TabbedPanelsTab\" tabindex=\"0\">Features</li>\r\n    <li class=\"TabbedPanelsTab\" tabindex=\"0\">Included</li>    \r\n  </ul>\r\n  <div class=\"TabbedPanelsContentGroup\">\r\n    <div class=\"TabbedPanelsContent\"><br /><li>Lightest and smallest package on the market today, designed for private pilots and pleasure boaters.</li><li>    Easy to carry, stow away, and maneuver in any emergency situation.</li><li>    Easily deployed by women, children, exhausted pilots, or boaters. </li><li>    Soft-pack valise made of practically indestructible nylon with secure nylon velcro closures.</li><li>    Constructed of heavy-duty FAA approved neoprene coated nylon fabric. </li><li>    Highly visible orange canopy to aid in search and rescue operations. </li><li>    Contains aluminum cylinders and valves eliminating corrosion and greatly reducing the weight. <br />\r\n    </li>\r\n  <li>High-tech CO2 automatic inflation system, inflates in 10 seconds. </li><li>    Optional survival kits are available to meet individual requirements. </li><li>    Lifetime warranty on parts and labor, built to last a lifetime with proper care. </li><br /></div>\r\n    <div class=\"TabbedPanelsContent\"><table border=\"0\" cellpadding=\"3\" cellspacing=\"0\">\r\n    <tbody>\r\n      <tr></tr>\r\n      <tr>\r\n        <td width=\"50%\" height=\"1\">&#8226;  Buoyancy tube</td>\r\n        <td width=\"50%\" height=\"1\">&#8226; Retaining line</td>\r\n      </tr>\r\n      <tr>\r\n        <td height=\"1\">&#8226; Deck</td>\r\n        <td width=\"50%\" height=\"1\">&#8226; Hand pump</td>\r\n      </tr>\r\n      <tr>\r\n        <td height=\"1\">&#8226; Lífe lines</td>\r\n        <td width=\"50%\" height=\"1\">&#8226; Bailing bucket </td>\r\n      </tr>\r\n      <tr>\r\n        <td height=\"1\">&#8226; Boarding Handles</td>\r\n        <td width=\"50%\" height=\"1\">&#8226; Sea anchor</td>\r\n      </tr>\r\n      <tr>\r\n        <td height=\"1\">&#8226; CO2 auto-inflation system</td>\r\n        <td width=\"50%\" height=\"1\">&#8226; Valise</td>\r\n      </tr>\r\n      <tr>\r\n        <td height=\"1\">&#8226; Inflatable Mast</td>\r\n        <td height=\"1\">&#8226; Canopy</td>\r\n      </tr>\r\n      <tr>\r\n        <td height=\"1\" colspan=\"2\"><hr />Note:  Required Raft Compartment Size - Add 3\" to Raft Pack Dimensions.  Raft Weight +/- 2.0 lbs</td>\r\n      </tr>\r\n    </tbody>\r\n  </table></div>\r\n\r\n<script type=\"text/javascript\">\r\n<!--\r\nvar TabbedPanels1 = new Spry.Widget.TabbedPanels(\"TabbedPanels1\");\r\n//-->\r\n</script>','',3438,''),(3,1,'4-Man Life Raft w/Standard Survival Kit Non TSO','Lightest and smallest package on the market today, designed for private pilots and pleasure boaters.\r\n  <div id=\"TabbedPanels1\" class=\"TabbedPanels\">\r\n  <ul class=\"TabbedPanelsTabGroup\">\r\n    <li class=\"TabbedPanelsTab\" tabindex=\"0\">Features</li>\r\n    <li class=\"TabbedPanelsTab\" tabindex=\"0\">Included</li>  \r\n    <li class=\"TabbedPanelsTab\" tabindex=\"0\">Survival Kit</li>\r\n</ul>\r\n  <div class=\"TabbedPanelsContentGroup\">\r\n    <div class=\"TabbedPanelsContent\"><br /><li>Lightest and smallest package on the market today, designed for private pilots and pleasure boaters.</li><li>    Easy to carry, stow away, and maneuver in any emergency situation.</li><li>    Easily deployed by women, children, exhausted pilots, or boaters. </li><li>    Soft-pack valise made of practically indestructible nylon with secure nylon velcro closures.</li><li>    Constructed of heavy-duty FAA approved neoprene coated nylon fabric. </li><li>    Optional highly visible orange canopy to aid in search and rescue operations. </li><li>    Contains aluminum cylinders and valves eliminating corrosion and greatly reducing the weight. <br />\r\n    </li>\r\n  <li>High-tech CO2 automatic inflation system, inflates in 10 seconds. </li><li>    Survival kit </li><li>    Lifetime warranty on parts and labor, built to last a lifetime with proper care. </li><br /></div>\r\n    <div class=\"TabbedPanelsContent\">\r\n	<table border=\"0\" cellpadding=\"3\" cellspacing=\"0\">\r\n    <tbody>\r\n      <tr></tr>\r\n      <tr>\r\n        <td width=\"50%\" height=\"1\">&#8226;  Buoyancy tube</td>\r\n        <td width=\"50%\" height=\"1\">&#8226; Retaining line</td>\r\n      </tr>\r\n      <tr>\r\n        <td height=\"1\">&#8226; Deck</td>\r\n        <td width=\"50%\" height=\"1\">&#8226; Hand pump</td>\r\n      </tr>\r\n      <tr>\r\n        <td height=\"1\">&#8226; Lífe lines</td>\r\n        <td width=\"50%\" height=\"1\">&#8226; Bailing bucket </td>\r\n      </tr>\r\n      <tr>\r\n        <td height=\"1\">&#8226; Boarding Handles</td>\r\n        <td width=\"50%\" height=\"1\">&#8226; Sea anchor</td>\r\n      </tr>\r\n      <tr>\r\n        <td height=\"1\">&#8226; CO2 auto-inflation system</td>\r\n        <td width=\"50%\" height=\"1\">&#8226; Valise</td>\r\n      </tr>\r\n      <tr>\r\n        <td height=\"1\">&#8226; Inflatable Mast</td>\r\n        <td height=\"1\">&#8226; Canopy</td>\r\n      </tr>\r\n      <tr>\r\n        <td height=\"1\" colspan=\"2\"><hr />Note:  Required Raft Compartment Size - Add 3\" to Raft Pack Dimensions.  Raft Weight +/- 2.0 lbs</td>\r\n      </tr>\r\n    </tbody>\r\n  </table></div>\r\n  \r\n  <div class=\"TabbedPanelsContent\">\r\n  <table width=\"100%\" border=\"0\" cellpadding=\"3\" cellspacing=\"0\">\r\n<tr>\r\n    <td width=\"34%\">&#8226; canopy w/inflatable mast</td>\r\n    <td width=\"33%\">&#8226; first aid kit</td>\r\n    <td width=\"33%\">&#8226; signal mirror</td>\r\n  </tr>\r\n  <tr>\r\n    <td>&#8226; equipment container</td>\r\n    <td>&#8226; raft repair kit</td>\r\n    <td>&#8226; food rations</td>\r\n  </tr>\r\n  <tr>\r\n    <td>&#8226; signal flag</td>\r\n    <td>&#8226; sea dye markers</td>\r\n    <td>&#8226; water rations</td>\r\n  </tr>\r\n  <tr>\r\n    <td>&#8226; 3 signal flares</td>\r\n    <td>&#8226; 2-cell flashlight w/batteries</td>\r\n    <td>&#8226; signal whistle</td>\r\n  </tr>\r\n</table>\r\n<div id=\"productOptionImage\"><img src=\"images/kit_01.jpg\" alt=\"Standard Kit:\" title=\" Standard Kit: \" width=\"98\" height=\"120\" />\r\n</div>\r\n  </div></div></div>\r\n  \r\n    <script type=\"text/javascript\">\r\n<!--\r\nvar TabbedPanels1 = new Spry.Widget.TabbedPanels(\"TabbedPanels1\");\r\n//-->\r\n    </script>','',1195,''),(4,1,'4-Man Life Raft w/Standard Plus Survival Kit Non TSO','Lightest and smallest package on the market today, designed for private pilots and pleasure boaters.\r\n  <div id=\"TabbedPanels1\" class=\"TabbedPanels\">\r\n  <ul class=\"TabbedPanelsTabGroup\">\r\n    <li class=\"TabbedPanelsTab\" tabindex=\"0\">Features</li>\r\n    <li class=\"TabbedPanelsTab\" tabindex=\"0\">Included</li>  \r\n    <li class=\"TabbedPanelsTab\" tabindex=\"0\">Survival Kit</li>\r\n</ul>\r\n  <div class=\"TabbedPanelsContentGroup\">\r\n    <div class=\"TabbedPanelsContent\"><br /><li>Lightest and smallest package on the market today, designed for private pilots and pleasure boaters.</li><li>    Easy to carry, stow away, and maneuver in any emergency situation.</li><li>    Easily deployed by women, children, exhausted pilots, or boaters. </li><li>    Soft-pack valise made of practically indestructible nylon with secure nylon velcro closures.</li><li>    Constructed of heavy-duty FAA approved neoprene coated nylon fabric. </li><li>    Optional highly visible orange canopy to aid in search and rescue operations. </li><li>    Contains aluminum cylinders and valves eliminating corrosion and greatly reducing the weight. <br />\r\n    </li>\r\n  <li>High-tech CO2 automatic inflation system, inflates in 10 seconds. </li><li>    Survival kit </li><li>    Lifetime warranty on parts and labor, built to last a lifetime with proper care. </li><br /></div>\r\n    <div class=\"TabbedPanelsContent\">\r\n	<table border=\"0\" cellpadding=\"3\" cellspacing=\"0\">\r\n    <tbody>\r\n      <tr></tr>\r\n      <tr>\r\n        <td width=\"50%\" height=\"1\">&#8226;  Buoyancy tube</td>\r\n        <td width=\"50%\" height=\"1\">&#8226; Retaining line</td>\r\n      </tr>\r\n      <tr>\r\n        <td height=\"1\">&#8226; Deck</td>\r\n        <td width=\"50%\" height=\"1\">&#8226; Hand pump</td>\r\n      </tr>\r\n      <tr>\r\n        <td height=\"1\">&#8226; Lífe lines</td>\r\n        <td width=\"50%\" height=\"1\">&#8226; Bailing bucket </td>\r\n      </tr>\r\n      <tr>\r\n        <td height=\"1\">&#8226; Boarding Handles</td>\r\n        <td width=\"50%\" height=\"1\">&#8226; Sea anchor</td>\r\n      </tr>\r\n      <tr>\r\n        <td height=\"1\">&#8226; CO2 auto-inflation system</td>\r\n        <td width=\"50%\" height=\"1\">&#8226; Valise</td>\r\n      </tr>\r\n      <tr>\r\n        <td height=\"1\">&#8226; Inflatable Mast</td>\r\n        <td height=\"1\">&#8226; Canopy</td>\r\n      </tr>\r\n      <tr>\r\n        <td height=\"1\" colspan=\"2\"><hr />Note:  Required Raft Compartment Size - Add 3\" to Raft Pack Dimensions.  Raft Weight +/- 2.0 lbs</td>\r\n      </tr>\r\n    </tbody>\r\n  </table></div>\r\n  \r\n  <div class=\"TabbedPanelsContent\">\r\n  <table width=\"100%\" border=\"0\" cellpadding=\"3\" cellspacing=\"0\">\r\n<tr>\r\n    <td width=\"34%\">&#8226; canopy w/inflatable mast</td>\r\n    <td width=\"33%\">&#8226; first aid kit</td>\r\n    <td width=\"33%\">&#8226; signal mirror</td>\r\n  </tr>\r\n  <tr>\r\n    <td>&#8226; equipment container</td>\r\n    <td>&#8226; raft repair kit</td>\r\n    <td>&#8226; food rations</td>\r\n  </tr>\r\n  <tr>\r\n    <td>&#8226; signal flag</td>\r\n    <td>&#8226; utility knife</td>\r\n    <td>&#8226; water rations</td>\r\n  </tr>\r\n  <tr>\r\n    <td>&#8226; 3 signal flares</td>\r\n    <td>&#8226; survival manual</td>\r\n    <td>&#8226; sponge</td>\r\n  </tr>\r\n  <tr>\r\n    <td>&#8226; 2-cell flashlight w/batteries</td>\r\n    <td>&#8226; sea dye markers</td>\r\n    <td>&#8226; signal whistle</td>\r\n  </tr>\r\n</table>\r\n<div id=\"productOptionImage\"><img src=\"images/kit_01.jpg\" alt=\"Standard Plus Kit:\" title=\" Standard Plus Kit: \" width=\"98\" height=\"120\" />\r\n  </div></div></div></div>\r\n  \r\n    <script type=\"text/javascript\">\r\n<!--\r\nvar TabbedPanels1 = new Spry.Widget.TabbedPanels(\"TabbedPanels1\");\r\n//-->\r\n    </script>','',1175,''),(5,1,'4-Man Life Raft w/Deluxe Survival Kit Non TSO','Lightest and smallest package on the market today, designed for private pilots and pleasure boaters.\r\n  <div id=\"TabbedPanels1\" class=\"TabbedPanels\">\r\n  <ul class=\"TabbedPanelsTabGroup\">\r\n    <li class=\"TabbedPanelsTab\" tabindex=\"0\">Features</li>\r\n    <li class=\"TabbedPanelsTab\" tabindex=\"0\">Included</li>  \r\n    <li class=\"TabbedPanelsTab\" tabindex=\"0\">Survival Kit</li>\r\n</ul>\r\n  <div class=\"TabbedPanelsContentGroup\">\r\n    <div class=\"TabbedPanelsContent\"><br /><li>Lightest and smallest package on the market today, designed for private pilots and pleasure boaters.</li><li>    Easy to carry, stow away, and maneuver in any emergency situation.</li><li>    Easily deployed by women, children, exhausted pilots, or boaters. </li><li>    Soft-pack valise made of practically indestructible nylon with secure nylon velcro closures.</li><li>    Constructed of heavy-duty FAA approved neoprene coated nylon fabric. </li><li>    Optional highly visible orange canopy to aid in search and rescue operations. </li><li>    Contains aluminum cylinders and valves eliminating corrosion and greatly reducing the weight. <br />\r\n    </li>\r\n  <li>High-tech CO2 automatic inflation system, inflates in 10 seconds. </li><li>    Survival kit </li><li>    Lifetime warranty on parts and labor, built to last a lifetime with proper care. </li><br /></div>\r\n    <div class=\"TabbedPanelsContent\">\r\n	<table border=\"0\" cellpadding=\"3\" cellspacing=\"0\">\r\n    <tbody>\r\n      <tr></tr>\r\n      <tr>\r\n        <td width=\"50%\" height=\"1\">&#8226;  Buoyancy tube</td>\r\n        <td width=\"50%\" height=\"1\">&#8226; Retaining line</td>\r\n      </tr>\r\n      <tr>\r\n        <td height=\"1\">&#8226; Deck</td>\r\n        <td width=\"50%\" height=\"1\">&#8226; Hand pump</td>\r\n      </tr>\r\n      <tr>\r\n        <td height=\"1\">&#8226; Lífe lines</td>\r\n        <td width=\"50%\" height=\"1\">&#8226; Bailing bucket </td>\r\n      </tr>\r\n      <tr>\r\n        <td height=\"1\">&#8226; Boarding Handles</td>\r\n        <td width=\"50%\" height=\"1\">&#8226; Sea anchor</td>\r\n      </tr>\r\n      <tr>\r\n        <td height=\"1\">&#8226; CO2 auto-inflation system</td>\r\n        <td width=\"50%\" height=\"1\">&#8226; Valise</td>\r\n      </tr>\r\n      <tr>\r\n        <td height=\"1\">&#8226; Inflatable Mast</td>\r\n        <td height=\"1\">&#8226; Canopy</td>\r\n      </tr>\r\n      <tr>\r\n        <td height=\"1\" colspan=\"2\"><hr />Note:  Required Raft Compartment Size - Add 3\" to Raft Pack Dimensions.  Raft Weight +/- 2.0 lbs</td>\r\n      </tr>\r\n    </tbody>\r\n  </table></div>\r\n  \r\n  <div class=\"TabbedPanelsContent\">\r\n  <table width=\"100%\" border=\"0\" cellpadding=\"3\" cellspacing=\"0\">\r\n  <tr>\r\n    <td width=\"34%\">&#8226; canopy w/inflatable mast</td>\r\n    <td width=\"33%\">&#8226; first aid kit</td>\r\n    <td width=\"33%\">&#8226; signal mirror</td>\r\n  </tr>\r\n  <tr>\r\n    <td>&#8226; equipment container</td>\r\n    <td>&#8226; raft repair kit</td>\r\n    <td>&#8226; food rations</td>\r\n  </tr>\r\n  <tr>\r\n    <td>&#8226; signal flag</td>\r\n    <td>&#8226; utility knife</td>\r\n    <td>&#8226; water rations</td>\r\n  </tr>\r\n  <tr>\r\n    <td>&#8226; 3 signal flares</td>\r\n    <td>&#8226; survival manual</td>\r\n    <td>&#8226; sponge</td>\r\n  </tr>\r\n  <tr>\r\n    <td>&#8226; 2-cell flashlight w/batteries</td>\r\n    <td>&#8226; sea dye markers</td>\r\n    <td>&#8226; signal whistle</td>\r\n  </tr>\r\n  <tr>\r\n    <td>&#8226; magnetic compass </td>\r\n    <td>&#8226; 8-pint desalter(s) </td>\r\n    <td>&#8226; fishing kit </td>\r\n  </tr>\r\n  <tr>\r\n    <td>&#8226; 75-foot retaining line</td>\r\n    <td>&#8226; 2 paddles </td>\r\n    <td>&#8226; radar reflector</td>\r\n  </tr>\r\n</table><div id=\"productOptionImage\"><img src=\"images/kit_01.jpg\" alt=\"Deluxe Kit:\" title=\" Deluxe Kit: \" width=\"98\" height=\"120\" />\r\n</div>\r\n  </div></div></div>\r\n  \r\n    <script type=\"text/javascript\">\r\n<!--\r\nvar TabbedPanels1 = new Spry.Widget.TabbedPanels(\"TabbedPanels1\");\r\n//-->\r\n    </script>','',1784,''),(6,1,'9-Man Basic Life Raft Non TSO','Lightest and smallest package on the market today, designed for private pilots and pleasure boaters.\r\n<div id=\"TabbedPanels1\" class=\"TabbedPanels\">\r\n  <ul class=\"TabbedPanelsTabGroup\">\r\n    <li class=\"TabbedPanelsTab\" tabindex=\"0\">Features</li>\r\n    <li class=\"TabbedPanelsTab\" tabindex=\"0\">Included</li>    \r\n  </ul>\r\n  <div class=\"TabbedPanelsContentGroup\">\r\n    <div class=\"TabbedPanelsContent\"><br /><li>Lightest and smallest package on the market today, designed for private pilots and pleasure boaters.</li><li>    Easy to carry, stow away, and maneuver in any emergency situation.</li><li>    Easily deployed by women, children, exhausted pilots, or boaters. </li><li>    Soft-pack valise made of practically indestructible nylon with secure nylon velcro closures.</li><li>    Constructed of heavy-duty FAA approved neoprene coated nylon fabric. </li><li>    Optional highly visible orange canopy to aid in search and rescue operations. </li><li>    Contains aluminum cylinders and valves eliminating corrosion and greatly reducing the weight. <br />\r\n    </li>\r\n  <li>High-tech CO2 automatic inflation system, inflates in 10 seconds. </li><li>    Optional survival kits are available to meet individual requirements. </li><li>    Lifetime warranty on parts and labor, built to last a lifetime with proper care. </li><br /></div>\r\n    <div class=\"TabbedPanelsContent\"><table border=\"0\" cellpadding=\"3\" cellspacing=\"0\">\r\n    <tbody>\r\n      <tr></tr>\r\n      <tr>\r\n        <td width=\"50%\" height=\"1\">&#8226;  Buoyancy tube</td>\r\n        <td width=\"50%\" height=\"1\">&#8226; Retaining line</td>\r\n      </tr>\r\n      <tr>\r\n        <td height=\"1\">&#8226; Deck</td>\r\n        <td width=\"50%\" height=\"1\">&#8226; Hand pump</td>\r\n      </tr>\r\n      <tr>\r\n        <td height=\"1\">&#8226; Lífe lines</td>\r\n        <td width=\"50%\" height=\"1\">&#8226; Bailing bucket </td>\r\n      </tr>\r\n      <tr>\r\n        <td height=\"1\">&#8226; Boarding Handles</td>\r\n        <td width=\"50%\" height=\"1\">&#8226; Sea anchor</td>\r\n      </tr>\r\n      <tr>\r\n        <td height=\"1\">&#8226; CO2 auto-inflation system</td>\r\n        <td width=\"50%\" height=\"1\">&#8226; Valise</td>\r\n      </tr>\r\n      <tr>\r\n        <td height=\"1\" colspan=\"2\"><hr />Note:  Required Raft Compartment Size - Add 3\" to Raft Pack Dimensions.  Raft Weight +/- 2.0 lbs</td>\r\n      </tr>\r\n    </tbody>\r\n  </table></div>\r\n\r\n<script type=\"text/javascript\">\r\n<!--\r\nvar TabbedPanels1 = new Spry.Widget.TabbedPanels(\"TabbedPanels1\");\r\n//-->\r\n</script>','',1444,''),(7,1,'9-Man Life Raft w/Standard Survival Kit Non TSO','Lightest and smallest package on the market today, designed for private pilots and pleasure boaters.\r\n  <div id=\"TabbedPanels1\" class=\"TabbedPanels\">\r\n  <ul class=\"TabbedPanelsTabGroup\">\r\n    <li class=\"TabbedPanelsTab\" tabindex=\"0\">Features</li>\r\n    <li class=\"TabbedPanelsTab\" tabindex=\"0\">Included</li>  \r\n    <li class=\"TabbedPanelsTab\" tabindex=\"0\">Survival Kit</li>\r\n</ul>\r\n  <div class=\"TabbedPanelsContentGroup\">\r\n    <div class=\"TabbedPanelsContent\"><br /><li>Lightest and smallest package on the market today, designed for private pilots and pleasure boaters.</li><li>    Easy to carry, stow away, and maneuver in any emergency situation.</li><li>    Easily deployed by women, children, exhausted pilots, or boaters. </li><li>    Soft-pack valise made of practically indestructible nylon with secure nylon velcro closures.</li><li>    Constructed of heavy-duty FAA approved neoprene coated nylon fabric. </li><li>    Optional highly visible orange canopy to aid in search and rescue operations. </li><li>    Contains aluminum cylinders and valves eliminating corrosion and greatly reducing the weight. <br />\r\n    </li>\r\n  <li>High-tech CO2 automatic inflation system, inflates in 10 seconds. </li><li>    Survival kit </li><li>    Lifetime warranty on parts and labor, built to last a lifetime with proper care. </li><br /></div>\r\n    <div class=\"TabbedPanelsContent\">\r\n	<table border=\"0\" cellpadding=\"3\" cellspacing=\"0\">\r\n    <tbody>\r\n      <tr></tr>\r\n      <tr>\r\n        <td width=\"50%\" height=\"1\">&#8226;  Buoyancy tube</td>\r\n        <td width=\"50%\" height=\"1\">&#8226; Retaining line</td>\r\n      </tr>\r\n      <tr>\r\n        <td height=\"1\">&#8226; Deck</td>\r\n        <td width=\"50%\" height=\"1\">&#8226; Hand pump</td>\r\n      </tr>\r\n      <tr>\r\n        <td height=\"1\">&#8226; Lífe lines</td>\r\n        <td width=\"50%\" height=\"1\">&#8226; Bailing bucket </td>\r\n      </tr>\r\n      <tr>\r\n        <td height=\"1\">&#8226; Boarding Handles</td>\r\n        <td width=\"50%\" height=\"1\">&#8226; Sea anchor</td>\r\n      </tr>\r\n      <tr>\r\n        <td height=\"1\">&#8226; CO2 auto-inflation system</td>\r\n        <td width=\"50%\" height=\"1\">&#8226; Valise</td>\r\n      </tr>\r\n      <tr>\r\n        <td height=\"1\">&#8226; Inflatable Mast</td>\r\n        <td height=\"1\">&#8226; Canopy</td>\r\n      </tr>\r\n      <tr>\r\n        <td height=\"1\" colspan=\"2\"><hr />Note:  Required Raft Compartment Size - Add 3\" to Raft Pack Dimensions.  Raft Weight +/- 2.0 lbs</td>\r\n      </tr>\r\n    </tbody>\r\n  </table></div>\r\n  \r\n  <div class=\"TabbedPanelsContent\">\r\n  <table width=\"100%\" border=\"0\" cellpadding=\"3\" cellspacing=\"0\">\r\n<tr>\r\n    <td width=\"34%\">&#8226; canopy w/inflatable mast</td>\r\n    <td width=\"33%\">&#8226; first aid kit</td>\r\n    <td width=\"33%\">&#8226; signal mirror</td>\r\n  </tr>\r\n  <tr>\r\n    <td>&#8226; equipment container</td>\r\n    <td>&#8226; raft repair kit</td>\r\n    <td>&#8226; food rations</td>\r\n  </tr>\r\n  <tr>\r\n    <td>&#8226; signal flag</td>\r\n    <td>&#8226; sea dye markers</td>\r\n    <td>&#8226; water rations</td>\r\n  </tr>\r\n  <tr>\r\n    <td>&#8226; 3 signal flares</td>\r\n    <td>&#8226; 2-cell flashlight w/batteries</td>\r\n    <td>&#8226; signal whistle</td>\r\n  </tr>\r\n</table>\r\n<div id=\"productOptionImage\"><img src=\"images/kit_01.jpg\" alt=\"Standard Kit:\" title=\" Standard Kit: \" width=\"98\" height=\"120\" />\r\n</div>\r\n  </div></div></div>\r\n  \r\n    <script type=\"text/javascript\">\r\n<!--\r\nvar TabbedPanels1 = new Spry.Widget.TabbedPanels(\"TabbedPanels1\");\r\n//-->\r\n    </script>','',1238,''),(8,1,'9-Man Life Raft w/Standard Plus Survival Kit Non TSO','Lightest and smallest package on the market today, designed for private pilots and pleasure boaters.\r\n  <div id=\"TabbedPanels1\" class=\"TabbedPanels\">\r\n  <ul class=\"TabbedPanelsTabGroup\">\r\n    <li class=\"TabbedPanelsTab\" tabindex=\"0\">Features</li>\r\n    <li class=\"TabbedPanelsTab\" tabindex=\"0\">Included</li>  \r\n    <li class=\"TabbedPanelsTab\" tabindex=\"0\">Survival Kit</li>\r\n</ul>\r\n  <div class=\"TabbedPanelsContentGroup\">\r\n    <div class=\"TabbedPanelsContent\"><br /><li>Lightest and smallest package on the market today, designed for private pilots and pleasure boaters.</li><li>    Easy to carry, stow away, and maneuver in any emergency situation.</li><li>    Easily deployed by women, children, exhausted pilots, or boaters. </li><li>    Soft-pack valise made of practically indestructible nylon with secure nylon velcro closures.</li><li>    Constructed of heavy-duty FAA approved neoprene coated nylon fabric. </li><li>    Optional highly visible orange canopy to aid in search and rescue operations. </li><li>    Contains aluminum cylinders and valves eliminating corrosion and greatly reducing the weight. <br />\r\n    </li>\r\n  <li>High-tech CO2 automatic inflation system, inflates in 10 seconds. </li><li>    Survival kit </li><li>    Lifetime warranty on parts and labor, built to last a lifetime with proper care. </li><br /></div>\r\n    <div class=\"TabbedPanelsContent\">\r\n	<table border=\"0\" cellpadding=\"3\" cellspacing=\"0\">\r\n    <tbody>\r\n      <tr></tr>\r\n      <tr>\r\n        <td width=\"50%\" height=\"1\">&#8226;  Buoyancy tube</td>\r\n        <td width=\"50%\" height=\"1\">&#8226; Retaining line</td>\r\n      </tr>\r\n      <tr>\r\n        <td height=\"1\">&#8226; Deck</td>\r\n        <td width=\"50%\" height=\"1\">&#8226; Hand pump</td>\r\n      </tr>\r\n      <tr>\r\n        <td height=\"1\">&#8226; Lífe lines</td>\r\n        <td width=\"50%\" height=\"1\">&#8226; Bailing bucket </td>\r\n      </tr>\r\n      <tr>\r\n        <td height=\"1\">&#8226; Boarding Handles</td>\r\n        <td width=\"50%\" height=\"1\">&#8226; Sea anchor</td>\r\n      </tr>\r\n      <tr>\r\n        <td height=\"1\">&#8226; CO2 auto-inflation system</td>\r\n        <td width=\"50%\" height=\"1\">&#8226; Valise</td>\r\n      </tr>\r\n      <tr>\r\n        <td height=\"1\">&#8226; Inflatable Mast</td>\r\n        <td height=\"1\">&#8226; Canopy</td>\r\n      </tr>\r\n      <tr>\r\n        <td height=\"1\" colspan=\"2\"><hr />Note:  Required Raft Compartment Size - Add 3\" to Raft Pack Dimensions.  Raft Weight +/- 2.0 lbs</td>\r\n      </tr>\r\n    </tbody>\r\n  </table></div>\r\n  \r\n  <div class=\"TabbedPanelsContent\">\r\n  <table width=\"100%\" border=\"0\" cellpadding=\"3\" cellspacing=\"0\">\r\n<tr>\r\n    <td width=\"34%\">&#8226; canopy w/inflatable mast</td>\r\n    <td width=\"33%\">&#8226; first aid kit</td>\r\n    <td width=\"33%\">&#8226; signal mirror</td>\r\n  </tr>\r\n  <tr>\r\n    <td>&#8226; equipment container</td>\r\n    <td>&#8226; raft repair kit</td>\r\n    <td>&#8226; food rations</td>\r\n  </tr>\r\n  <tr>\r\n    <td>&#8226; signal flag</td>\r\n    <td>&#8226; utility knife</td>\r\n    <td>&#8226; water rations</td>\r\n  </tr>\r\n  <tr>\r\n    <td>&#8226; 3 signal flares</td>\r\n    <td>&#8226; survival manual</td>\r\n    <td>&#8226; sponge</td>\r\n  </tr>\r\n  <tr>\r\n    <td>&#8226; 2-cell flashlight w/batteries</td>\r\n    <td>&#8226; sea dye markers</td>\r\n    <td>&#8226; signal whistle</td>\r\n  </tr>\r\n</table>\r\n<div id=\"productOptionImage\"><img src=\"images/kit_01.jpg\" alt=\"Standard Plus Kit:\" title=\" Standard Plus Kit: \" width=\"98\" height=\"120\" />\r\n  </div></div></div></div>\r\n  \r\n    <script type=\"text/javascript\">\r\n<!--\r\nvar TabbedPanels1 = new Spry.Widget.TabbedPanels(\"TabbedPanels1\");\r\n//-->\r\n    </script>','',1068,''),(9,1,'9-Man Life Raft w/Deluxe Survival Kit Non TSO','Lightest and smallest package on the market today, designed for private pilots and pleasure boaters.\r\n  <div id=\"TabbedPanels1\" class=\"TabbedPanels\">\r\n  <ul class=\"TabbedPanelsTabGroup\">\r\n    <li class=\"TabbedPanelsTab\" tabindex=\"0\">Features</li>\r\n    <li class=\"TabbedPanelsTab\" tabindex=\"0\">Included</li>  \r\n    <li class=\"TabbedPanelsTab\" tabindex=\"0\">Survival Kit</li>\r\n</ul>\r\n  <div class=\"TabbedPanelsContentGroup\">\r\n    <div class=\"TabbedPanelsContent\"><br /><li>Lightest and smallest package on the market today, designed for private pilots and pleasure boaters.</li><li>    Easy to carry, stow away, and maneuver in any emergency situation.</li><li>    Easily deployed by women, children, exhausted pilots, or boaters. </li><li>    Soft-pack valise made of practically indestructible nylon with secure nylon velcro closures.</li><li>    Constructed of heavy-duty FAA approved neoprene coated nylon fabric. </li><li>    Optional highly visible orange canopy to aid in search and rescue operations. </li><li>    Contains aluminum cylinders and valves eliminating corrosion and greatly reducing the weight. <br />\r\n    </li>\r\n  <li>High-tech CO2 automatic inflation system, inflates in 10 seconds. </li><li>    Survival kit </li><li>    Lifetime warranty on parts and labor, built to last a lifetime with proper care. </li><br /></div>\r\n    <div class=\"TabbedPanelsContent\">\r\n	<table border=\"0\" cellpadding=\"3\" cellspacing=\"0\">\r\n    <tbody>\r\n      <tr></tr>\r\n      <tr>\r\n        <td width=\"50%\" height=\"1\">&#8226;  Buoyancy tube</td>\r\n        <td width=\"50%\" height=\"1\">&#8226; Retaining line</td>\r\n      </tr>\r\n      <tr>\r\n        <td height=\"1\">&#8226; Deck</td>\r\n        <td width=\"50%\" height=\"1\">&#8226; Hand pump</td>\r\n      </tr>\r\n      <tr>\r\n        <td height=\"1\">&#8226; Lífe lines</td>\r\n        <td width=\"50%\" height=\"1\">&#8226; Bailing bucket </td>\r\n      </tr>\r\n      <tr>\r\n        <td height=\"1\">&#8226; Boarding Handles</td>\r\n        <td width=\"50%\" height=\"1\">&#8226; Sea anchor</td>\r\n      </tr>\r\n      <tr>\r\n        <td height=\"1\">&#8226; CO2 auto-inflation system</td>\r\n        <td width=\"50%\" height=\"1\">&#8226; Valise</td>\r\n      </tr>\r\n      <tr>\r\n        <td height=\"1\">&#8226; Inflatable Mast</td>\r\n        <td height=\"1\">&#8226; Canopy</td>\r\n      </tr>\r\n      <tr>\r\n        <td height=\"1\" colspan=\"2\"><hr />Note:  Required Raft Compartment Size - Add 3\" to Raft Pack Dimensions.  Raft Weight +/- 2.0 lbs</td>\r\n      </tr>\r\n    </tbody>\r\n  </table></div>\r\n  \r\n  <div class=\"TabbedPanelsContent\">\r\n  <table width=\"100%\" border=\"0\" cellpadding=\"3\" cellspacing=\"0\">\r\n  <tr>\r\n    <td width=\"34%\">&#8226; canopy w/inflatable mast</td>\r\n    <td width=\"33%\">&#8226; first aid kit</td>\r\n    <td width=\"33%\">&#8226; signal mirror</td>\r\n  </tr>\r\n  <tr>\r\n    <td>&#8226; equipment container</td>\r\n    <td>&#8226; raft repair kit</td>\r\n    <td>&#8226; food rations</td>\r\n  </tr>\r\n  <tr>\r\n    <td>&#8226; signal flag</td>\r\n    <td>&#8226; utility knife</td>\r\n    <td>&#8226; water rations</td>\r\n  </tr>\r\n  <tr>\r\n    <td>&#8226; 3 signal flares</td>\r\n    <td>&#8226; survival manual</td>\r\n    <td>&#8226; sponge</td>\r\n  </tr>\r\n  <tr>\r\n    <td>&#8226; 2-cell flashlight w/batteries</td>\r\n    <td>&#8226; sea dye markers</td>\r\n    <td>&#8226; signal whistle</td>\r\n  </tr>\r\n  <tr>\r\n    <td>&#8226; magnetic compass </td>\r\n    <td>&#8226; 8-pint desalter(s) </td>\r\n    <td>&#8226; fishing kit </td>\r\n  </tr>\r\n  <tr>\r\n    <td>&#8226; 75-foot retaining line</td>\r\n    <td>&#8226; 2 paddles </td>\r\n    <td>&#8226; radar reflector</td>\r\n  </tr>\r\n</table><div id=\"productOptionImage\"><img src=\"images/kit_01.jpg\" alt=\"Deluxe Kit:\" title=\" Deluxe Kit: \" width=\"98\" height=\"120\" />\r\n</div>\r\n  </div></div></div>\r\n  \r\n    <script type=\"text/javascript\">\r\n<!--\r\nvar TabbedPanels1 = new Spry.Widget.TabbedPanels(\"TabbedPanels1\");\r\n//-->\r\n    </script>','',1291,''),(10,1,'4-Man Life Raft Basic Non TSO with Bulkhead Design','Single tube with bulkhead design creating two separate chambers.\r\n<div id=\"TabbedPanels1\" class=\"TabbedPanels\">\r\n  <ul class=\"TabbedPanelsTabGroup\">\r\n    <li class=\"TabbedPanelsTab\" tabindex=\"0\">Features</li>\r\n    <li class=\"TabbedPanelsTab\" tabindex=\"0\">Included</li>    \r\n  </ul>\r\n  <div class=\"TabbedPanelsContentGroup\">\r\n    <div class=\"TabbedPanelsContent\"><br /><li>    Easy to carry, stow away, and maneuver in any emergency situation.</li><li>    Easily deployed by women, children, exhausted pilots, or boaters. </li><li>    Soft-pack valise made of practically indestructible nylon with secure nylon velcro closures.</li><li>    Constructed of heavy-duty FAA approved neoprene coated nylon fabric. </li><li>    Optional highly visible orange canopy to aid in search and rescue operations. </li><li>    Contains aluminum cylinders and valves eliminating corrosion and greatly reducing the weight. <br />\r\n\r\n    </li>\r\n\r\n  <li>High-tech CO2 automatic inflation system, inflates in 10 seconds. </li><li>    Optional survival kits are available to meet individual requirements. </li><li>    Lifetime warranty on parts and labor, built to last a lifetime with proper care. </li><br /></div>\r\n    <div class=\"TabbedPanelsContent\"><table border=\"0\" cellpadding=\"3\" cellspacing=\"0\">\r\n\r\n    <tbody>\r\n\r\n      <tr>\r\n\r\n\r\n      </tr>\r\n\r\n      <tr>\r\n\r\n        <td width=\"50%\" height=\"1\">&#8226;  Buoyancy tube</td>\r\n\r\n        <td width=\"50%\" height=\"1\">&#8226; Retaining line</td>\r\n\r\n      </tr>\r\n\r\n      <tr>\r\n\r\n        <td height=\"1\">&#8226; Deck</td>\r\n\r\n        <td width=\"50%\" height=\"1\">&#8226; Hand pump</td>\r\n\r\n      </tr>\r\n\r\n      <tr>\r\n\r\n        <td height=\"1\">&#8226; Lífe lines</td>\r\n\r\n        <td width=\"50%\" height=\"1\">&#8226; Bailing bucket </td>\r\n\r\n      </tr>\r\n\r\n      <tr>\r\n\r\n        <td height=\"1\">&#8226; Boarding Handles</td>\r\n\r\n        <td width=\"50%\" height=\"1\">&#8226; Sea anchor</td>\r\n\r\n      </tr>\r\n\r\n      <tr>\r\n\r\n        <td height=\"1\">&#8226; CO2 auto-inflation system</td>\r\n\r\n        <td width=\"50%\" height=\"1\">&#8226; Valise</td>\r\n\r\n      </tr>\r\n\r\n      <tr>\r\n\r\n        <td height=\"1\" colspan=\"2\"><hr />Note:  Required Raft Compartment Size - Add 3\" to Raft Pack Dimensions.  Raft Weight +/- 2.0 lbs</td>\r\n\r\n      </tr>\r\n\r\n    </tbody>\r\n\r\n  </table></div></div></div>\r\n\r\n<script type=\"text/javascript\">\r\n<!--\r\nvar TabbedPanels1 = new Spry.Widget.TabbedPanels(\"TabbedPanels1\");\r\n//-->\r\n</script>','',1687,''),(11,1,'4-Man Life Raft w/Canopy Only TSO','FAA TSO-C70a, Type II Approved\r\n<div id=\"TabbedPanels1\" class=\"TabbedPanels\">\r\n  <ul class=\"TabbedPanelsTabGroup\">\r\n    <li class=\"TabbedPanelsTab\" tabindex=\"0\">Features</li>\r\n    <li class=\"TabbedPanelsTab\" tabindex=\"0\">Included</li>    \r\n  </ul>\r\n  <div class=\"TabbedPanelsContentGroup\">\r\n    <div class=\"TabbedPanelsContent\"><br /><ul>\r\n          <li>Single tube with bulkhead design creating two separate chambers.</li>\r\n          <li>4 person capacity with an overload of 6.</li>\r\n          <li>Comprised of buoyancy tube, deck, life lines, CO2 automatic inflation system, boarding handles, retaining line, hand pump, bailing bucket, sea anchor, and valise.</li>\r\n          <li>Includes a stabilizing water ballast system and a water activated locator light as required by the FAA.</li>\r\n          <li>Lightest weight and most compact - easy to carry, stow away, and maneuver in any emergency situation.</li>\r\n          <li>Easily deployed by women, children, exhausted pilots, or boaters.</li>\r\n          <li>Soft-pack valise made of practically indestructible nylon with secure nylon velcro closures.</li>\r\n          <li>Constructed of heavy-duty FAA approved neoprene coated nylon fabric.</li>\r\n          <li>Highly visible orange canopy to aid in search and rescue operations.</li>\r\n          <li>Contains aluminum cylinders and valves eliminating corrosion and greatly reducing the weight.</li>\r\n          <li>High-tech CO2 automatic inflation system, inflates in 10 seconds.</li>\r\n          <li>Optional survival kits are available to meet individual requirements.</li>\r\n          <li>Lifetime warranty on parts and labor, built to last a lifetime with proper care</li>\r\n        </ul><br /></div>\r\n    <div class=\"TabbedPanelsContent\"><table border=\"0\" cellpadding=\"3\" cellspacing=\"0\">\r\n    <tbody>\r\n      <tr></tr>\r\n      <tr>\r\n        <td width=\"50%\" height=\"1\">&#8226;  Buoyancy tube</td>\r\n        <td width=\"50%\" height=\"1\">&#8226; Retaining line</td>\r\n      </tr>\r\n      <tr>\r\n        <td height=\"1\">&#8226; Deck</td>\r\n        <td width=\"50%\" height=\"1\">&#8226; Hand pump</td>\r\n      </tr>\r\n      <tr>\r\n        <td height=\"1\">&#8226; Lífe lines</td>\r\n        <td width=\"50%\" height=\"1\">&#8226; Bailing bucket </td>\r\n      </tr>\r\n      <tr>\r\n        <td height=\"1\">&#8226; Boarding Handles</td>\r\n        <td width=\"50%\" height=\"1\">&#8226; Sea anchor</td>\r\n      </tr>\r\n      <tr>\r\n        <td height=\"1\">&#8226; CO2 auto-inflation system</td>\r\n        <td width=\"50%\" height=\"1\">&#8226; Valise</td>\r\n      </tr>\r\n      <tr>\r\n        <td height=\"1\">&#8226; Inflatable Mast</td>\r\n        <td height=\"1\">&#8226; Canopy</td>\r\n      </tr>\r\n      <tr>\r\n        <td height=\"1\" colspan=\"2\"><hr />Note:  Required Raft Compartment Size - Add 3\" to Raft Pack Dimensions.  Raft Weight +/- 2.0 lbs</td>\r\n      </tr>\r\n    </tbody>\r\n  </table></div>\r\n\r\n<script type=\"text/javascript\">\r\n<!--\r\nvar TabbedPanels1 = new Spry.Widget.TabbedPanels(\"TabbedPanels1\");\r\n//-->\r\n</script>','',2097,''),(12,1,'4-Man Life Raft w/FAR 91 Survival Kit TSO','FAA TSO-C70a, Type II Approved\r\n  <div id=\"TabbedPanels1\" class=\"TabbedPanels\">\r\n  <ul class=\"TabbedPanelsTabGroup\">\r\n    <li class=\"TabbedPanelsTab\" tabindex=\"0\">Features</li>\r\n    <li class=\"TabbedPanelsTab\" tabindex=\"0\">Included</li>  \r\n    <li class=\"TabbedPanelsTab\" tabindex=\"0\">Survival Kit</li>\r\n</ul>\r\n  <div class=\"TabbedPanelsContentGroup\">\r\n    <div class=\"TabbedPanelsContent\"><br /><ul>\r\n          <li>Single tube with bulkhead design creating two separate chambers.</li>\r\n          <li>4 person capacity with an overload of 6.</li>\r\n          <li>Comprised of buoyancy tube, deck, life lines, CO2 automatic inflation system, boarding handles, retaining line, hand pump, bailing bucket, sea anchor, and valise.</li>\r\n          <li>Includes a stabilizing water ballast system and a water activated locator light as required by the FAA.</li>\r\n          <li>Lightest weight and most compact - easy to carry, stow away, and maneuver in any emergency situation.</li>\r\n          <li>Easily deployed by women, children, exhausted pilots, or boaters.</li>\r\n          <li>Soft-pack valise made of practically indestructible nylon with secure nylon velcro closures.</li>\r\n          <li>Constructed of heavy-duty FAA approved neoprene coated nylon fabric.</li>\r\n          <li>Highly visible orange canopy to aid in search and rescue operations.</li>\r\n          <li>Contains aluminum cylinders and valves eliminating corrosion and greatly reducing the weight.</li>\r\n          <li>High-tech CO2 automatic inflation system, inflates in 10 seconds.</li>\r\n          <li>Survival kit.</li>\r\n          <li>Lifetime warranty on parts and labor, built to last a lifetime with proper care</li>\r\n        </ul><br /></div>\r\n    <div class=\"TabbedPanelsContent\">\r\n	<table border=\"0\" cellpadding=\"3\" cellspacing=\"0\">\r\n    <tbody>\r\n      <tr></tr>\r\n      <tr>\r\n        <td width=\"50%\" height=\"1\">&#8226;  Buoyancy tube</td>\r\n        <td width=\"50%\" height=\"1\">&#8226; Retaining line</td>\r\n      </tr>\r\n      <tr>\r\n        <td height=\"1\">&#8226; Deck</td>\r\n        <td width=\"50%\" height=\"1\">&#8226; Hand pump</td>\r\n      </tr>\r\n      <tr>\r\n        <td height=\"1\">&#8226; Lífe lines</td>\r\n        <td width=\"50%\" height=\"1\">&#8226; Bailing bucket </td>\r\n      </tr>\r\n      <tr>\r\n        <td height=\"1\">&#8226; Boarding Handles</td>\r\n        <td width=\"50%\" height=\"1\">&#8226; Sea anchor</td>\r\n      </tr>\r\n      <tr>\r\n        <td height=\"1\">&#8226; CO2 auto-inflation system</td>\r\n        <td width=\"50%\" height=\"1\">&#8226; Valise</td>\r\n      </tr>\r\n      <tr>\r\n        <td height=\"1\">&#8226; Inflatable Mast</td>\r\n        <td height=\"1\">&#8226; Canopy</td>\r\n      </tr>\r\n      <tr>\r\n        <td height=\"1\" colspan=\"2\"><hr />Note:  Required Raft Compartment Size - Add 3\" to Raft Pack Dimensions.  Raft Weight +/- 2.0 lbs</td>\r\n      </tr>\r\n    </tbody>\r\n  </table></div>\r\n  \r\n  <div class=\"TabbedPanelsContent\">\r\n  <table width=\"100%\" border=\"0\" cellpadding=\"3\" cellspacing=\"0\">\r\n<tr>\r\n    <td width=\"34%\">&#8226; canopy w/inflatable mast</td>\r\n    <td width=\"33%\">&#8226; first aid kit</td>\r\n    <td width=\"33%\">&#8226; signal mirror</td>\r\n  </tr>\r\n  <tr>\r\n    <td>&#8226; equipment container</td>\r\n    <td>&#8226; raft repair kit</td>\r\n    <td>&#8226; food rations</td>\r\n  </tr>\r\n  <tr>\r\n    <td>&#8226; signal flag</td>\r\n    <td>&#8226; sea dye markers</td>\r\n    <td>&#8226; water rations</td>\r\n  </tr>\r\n  <tr>\r\n    <td>&#8226; 3 signal flares</td>\r\n    <td>&#8226; 2-cell flashlight w/batteries</td>\r\n    <td>&#8226; signal whistle</td>\r\n  </tr>\r\n</table>\r\n<div id=\"productOptionImage\"><img src=\"images/kit_01.jpg\" alt=\"Standard Kit:\" title=\" Standard Kit: \" width=\"98\" height=\"120\" />\r\n</div>\r\n  </div></div></div>\r\n  \r\n    <script type=\"text/javascript\">\r\n<!--\r\nvar TabbedPanels1 = new Spry.Widget.TabbedPanels(\"TabbedPanels1\");\r\n//-->\r\n    </script>','',1678,''),(13,1,'4-Man Life Raft w/FAR 121 Survival Kit TSO','FAA TSO-C70a, Type II Approved\r\n  <div id=\"TabbedPanels1\" class=\"TabbedPanels\">\r\n  <ul class=\"TabbedPanelsTabGroup\">\r\n    <li class=\"TabbedPanelsTab\" tabindex=\"0\">Features</li>\r\n    <li class=\"TabbedPanelsTab\" tabindex=\"0\">Included</li>  \r\n    <li class=\"TabbedPanelsTab\" tabindex=\"0\">Survival Kit</li>\r\n</ul>\r\n  <div class=\"TabbedPanelsContentGroup\">\r\n    <div class=\"TabbedPanelsContent\"><br /><ul>\r\n          <li>Single tube with bulkhead design creating two separate chambers.</li>\r\n          <li>4 person capacity with an overload of 6.</li>\r\n          <li>Comprised of buoyancy tube, deck, life lines, CO2 automatic inflation system, boarding handles, retaining line, hand pump, bailing bucket, sea anchor, and valise.</li>\r\n          <li>Includes a stabilizing water ballast system and a water activated locator light as required by the FAA.</li>\r\n          <li>Lightest weight and most compact - easy to carry, stow away, and maneuver in any emergency situation.</li>\r\n          <li>Easily deployed by women, children, exhausted pilots, or boaters.</li>\r\n          <li>Soft-pack valise made of practically indestructible nylon with secure nylon velcro closures.</li>\r\n          <li>Constructed of heavy-duty FAA approved neoprene coated nylon fabric.</li>\r\n          <li>Highly visible orange canopy to aid in search and rescue operations.</li>\r\n          <li>Contains aluminum cylinders and valves eliminating corrosion and greatly reducing the weight.</li>\r\n          <li>High-tech CO2 automatic inflation system, inflates in 10 seconds.</li>\r\n          <li>Survival kit.</li>\r\n          <li>Lifetime warranty on parts and labor, built to last a lifetime with proper care</li>\r\n        </ul><br /></div>\r\n    <div class=\"TabbedPanelsContent\">\r\n	<table border=\"0\" cellpadding=\"3\" cellspacing=\"0\">\r\n    <tbody>\r\n      <tr></tr>\r\n      <tr>\r\n        <td width=\"50%\" height=\"1\">&#8226;  Buoyancy tube</td>\r\n        <td width=\"50%\" height=\"1\">&#8226; Retaining line</td>\r\n      </tr>\r\n      <tr>\r\n        <td height=\"1\">&#8226; Deck</td>\r\n        <td width=\"50%\" height=\"1\">&#8226; Hand pump</td>\r\n      </tr>\r\n      <tr>\r\n        <td height=\"1\">&#8226; Lífe lines</td>\r\n        <td width=\"50%\" height=\"1\">&#8226; Bailing bucket </td>\r\n      </tr>\r\n      <tr>\r\n        <td height=\"1\">&#8226; Boarding Handles</td>\r\n        <td width=\"50%\" height=\"1\">&#8226; Sea anchor</td>\r\n      </tr>\r\n      <tr>\r\n        <td height=\"1\">&#8226; CO2 auto-inflation system</td>\r\n        <td width=\"50%\" height=\"1\">&#8226; Valise</td>\r\n      </tr>\r\n      <tr>\r\n        <td height=\"1\">&#8226; Inflatable Mast</td>\r\n        <td height=\"1\">&#8226; Canopy</td>\r\n      </tr>\r\n      <tr>\r\n        <td height=\"1\" colspan=\"2\"><hr />Note:  Required Raft Compartment Size - Add 3\" to Raft Pack Dimensions.  Raft Weight +/- 2.0 lbs</td>\r\n      </tr>\r\n    </tbody>\r\n  </table></div>\r\n  \r\n  <div class=\"TabbedPanelsContent\">\r\n  <table width=\"100%\" border=\"0\" cellpadding=\"3\" cellspacing=\"0\">\r\n<tr>\r\n    <td width=\"34%\">&#8226; canopy w/inflatable mast</td>\r\n    <td width=\"33%\">&#8226; first aid kit</td>\r\n    <td width=\"33%\">&#8226; signal mirror</td>\r\n  </tr>\r\n  <tr>\r\n    <td>&#8226; equipment container</td>\r\n    <td>&#8226; raft repair kit</td>\r\n    <td>&#8226; food rations</td>\r\n  </tr>\r\n  <tr>\r\n    <td>&#8226; signal flag</td>\r\n    <td>&#8226; utility knife</td>\r\n    <td>&#8226; water rations</td>\r\n  </tr>\r\n  <tr>\r\n    <td>&#8226; 3 signal flares</td>\r\n    <td>&#8226; survival manual</td>\r\n    <td>&#8226; sponge</td>\r\n  </tr>\r\n  <tr>\r\n    <td>&#8226; 2-cell flashlight w/batteries</td>\r\n    <td>&#8226; sea dye markers</td>\r\n    <td>&#8226; signal whistle</td>\r\n  </tr>\r\n</table>\r\n<div id=\"productOptionImage\"><img src=\"images/kit_01.jpg\" alt=\"Standard Plus Kit:\" title=\" Standard Plus Kit: \" width=\"98\" height=\"120\" />\r\n  </div></div></div></div>\r\n  \r\n    <script type=\"text/javascript\">\r\n<!--\r\nvar TabbedPanels1 = new Spry.Widget.TabbedPanels(\"TabbedPanels1\");\r\n//-->\r\n    </script>','',4272,''),(14,1,'4-Man Life Raft w/FAR 135 Survival Kit TSO','4 person capacity with an overload of 6 - FAA TSO-C70a, Type II Approved\r\n  <div id=\"TabbedPanels1\" class=\"TabbedPanels\">\r\n  <ul class=\"TabbedPanelsTabGroup\">\r\n    <li class=\"TabbedPanelsTab\" tabindex=\"0\">Features</li>\r\n    <li class=\"TabbedPanelsTab\" tabindex=\"0\">Included</li>  \r\n    <li class=\"TabbedPanelsTab\" tabindex=\"0\">Survival Kit</li>\r\n</ul>\r\n  <div class=\"TabbedPanelsContentGroup\">\r\n    <div class=\"TabbedPanelsContent\"><br /><ul>\r\n          <li>Single tube with bulkhead design creating two separate chambers.</li>\r\n          <li>4 person capacity with an overload of 6.</li>\r\n          <li>Comprised of buoyancy tube, deck, life lines, CO2 automatic inflation system, boarding handles, retaining line, hand pump, bailing bucket, sea anchor, and valise.</li>\r\n          <li>Includes a stabilizing water ballast system and a water activated locator light as required by the FAA.</li>\r\n          <li>Lightest weight and most compact - easy to carry, stow away, and maneuver in any emergency situation.</li>\r\n          <li>Easily deployed by women, children, exhausted pilots, or boaters.</li>\r\n          <li>Soft-pack valise made of practically indestructible nylon with secure nylon velcro closures.</li>\r\n          <li>Constructed of heavy-duty FAA approved neoprene coated nylon fabric.</li>\r\n          <li>Highly visible orange canopy to aid in search and rescue operations.</li>\r\n          <li>Contains aluminum cylinders and valves eliminating corrosion and greatly reducing the weight.</li>\r\n          <li>High-tech CO2 automatic inflation system, inflates in 10 seconds.</li>\r\n          <li>Survival kit.</li>\r\n          <li>Lifetime warranty on parts and labor, built to last a lifetime with proper care</li>\r\n        </ul><br /></div>\r\n    <div class=\"TabbedPanelsContent\">\r\n	<table border=\"0\" cellpadding=\"3\" cellspacing=\"0\">\r\n    <tbody>\r\n      <tr></tr>\r\n      <tr>\r\n        <td width=\"50%\" height=\"1\">&#8226;  Buoyancy tube</td>\r\n        <td width=\"50%\" height=\"1\">&#8226; Retaining line</td>\r\n      </tr>\r\n      <tr>\r\n        <td height=\"1\">&#8226; Deck</td>\r\n        <td width=\"50%\" height=\"1\">&#8226; Hand pump</td>\r\n      </tr>\r\n      <tr>\r\n        <td height=\"1\">&#8226; Lífe lines</td>\r\n        <td width=\"50%\" height=\"1\">&#8226; Bailing bucket </td>\r\n      </tr>\r\n      <tr>\r\n        <td height=\"1\">&#8226; Boarding Handles</td>\r\n        <td width=\"50%\" height=\"1\">&#8226; Sea anchor</td>\r\n      </tr>\r\n      <tr>\r\n        <td height=\"1\">&#8226; CO2 auto-inflation system</td>\r\n        <td width=\"50%\" height=\"1\">&#8226; Valise</td>\r\n      </tr>\r\n      <tr>\r\n        <td height=\"1\">&#8226; Inflatable Mast</td>\r\n        <td height=\"1\">&#8226; Canopy</td>\r\n      </tr>\r\n      <tr>\r\n        <td height=\"1\" colspan=\"2\"><hr />Note:  Required Raft Compartment Size - Add 3\" to Raft Pack Dimensions.  Raft Weight +/- 2.0 lbs</td>\r\n      </tr>\r\n    </tbody>\r\n  </table></div>\r\n  \r\n  <div class=\"TabbedPanelsContent\">\r\n  <table width=\"100%\" border=\"0\" cellpadding=\"3\" cellspacing=\"0\">\r\n  <tr>\r\n    <td width=\"34%\">&#8226; canopy w/inflatable mast</td>\r\n    <td width=\"33%\">&#8226; first aid kit</td>\r\n    <td width=\"33%\">&#8226; signal mirror</td>\r\n  </tr>\r\n  <tr>\r\n    <td>&#8226; equipment container</td>\r\n    <td>&#8226; raft repair kit</td>\r\n    <td>&#8226; food rations</td>\r\n  </tr>\r\n  <tr>\r\n    <td>&#8226; signal flag</td>\r\n    <td>&#8226; utility knife</td>\r\n    <td>&#8226; water rations</td>\r\n  </tr>\r\n  <tr>\r\n    <td>&#8226; 3 signal flares</td>\r\n    <td>&#8226; survival manual</td>\r\n    <td>&#8226; sponge</td>\r\n  </tr>\r\n  <tr>\r\n    <td>&#8226; 2-cell flashlight w/batteries</td>\r\n    <td>&#8226; sea dye markers</td>\r\n    <td>&#8226; signal whistle</td>\r\n  </tr>\r\n  <tr>\r\n    <td>&#8226; magnetic compass </td>\r\n    <td>&#8226; 8-pint desalter(s) </td>\r\n    <td>&#8226; fishing kit </td>\r\n  </tr>\r\n  <tr>\r\n    <td>&#8226; 75-foot retaining line</td>\r\n    <td>&#8226; 2 paddles </td>\r\n    <td>&#8226; radar reflector</td>\r\n  </tr>\r\n</table><div id=\"productOptionImage\"><img src=\"images/kit_01.jpg\" alt=\"Deluxe Kit:\" title=\" Deluxe Kit: \" width=\"98\" height=\"120\" />\r\n</div>\r\n  </div></div></div>\r\n  \r\n    <script type=\"text/javascript\">\r\n<!--\r\nvar TabbedPanels1 = new Spry.Widget.TabbedPanels(\"TabbedPanels1\");\r\n//-->\r\n    </script>','',2078,''),(15,1,'8-Man Basic Life Raft Non TSO with Bulkhead Design','Single tube with bulkhead design creating two separate chambers. \r\n<div id=\"TabbedPanels1\" class=\"TabbedPanels\">\r\n  <ul class=\"TabbedPanelsTabGroup\">\r\n    <li class=\"TabbedPanelsTab\" tabindex=\"0\">Features</li>\r\n    <li class=\"TabbedPanelsTab\" tabindex=\"0\">Included</li>    \r\n  </ul>\r\n  <div class=\"TabbedPanelsContentGroup\">\r\n    <div class=\"TabbedPanelsContent\"><br /><li>    Easy to carry, stow away, and maneuver in any emergency situation.</li><li>    Easily deployed by women, children, exhausted pilots, or boaters. </li><li>    Soft-pack valise made of practically indestructible nylon with secure nylon velcro closures.</li><li>    Constructed of heavy-duty FAA approved neoprene coated nylon fabric. </li><li>    Optional highly visible orange canopy to aid in search and rescue operations. </li><li>    Contains aluminum cylinders and valves eliminating corrosion and greatly reducing the weight. <br />\r\n\r\n    </li>\r\n\r\n  <li>High-tech CO2 automatic inflation system, inflates in 10 seconds. </li><li>    Optional survival kits are available to meet individual requirements. </li><li>    Lifetime warranty on parts and labor, built to last a lifetime with proper care. </li><br /></div>\r\n    <div class=\"TabbedPanelsContent\"><table border=\"0\" cellpadding=\"3\" cellspacing=\"0\">\r\n\r\n    <tbody>\r\n\r\n      <tr>\r\n\r\n\r\n      </tr>\r\n\r\n      <tr>\r\n\r\n        <td width=\"50%\" height=\"1\">&#8226;  Buoyancy tube</td>\r\n\r\n        <td width=\"50%\" height=\"1\">&#8226; Retaining line</td>\r\n\r\n      </tr>\r\n\r\n      <tr>\r\n\r\n        <td height=\"1\">&#8226; Deck</td>\r\n\r\n        <td width=\"50%\" height=\"1\">&#8226; Hand pump</td>\r\n\r\n      </tr>\r\n\r\n      <tr>\r\n\r\n        <td height=\"1\">&#8226; Lífe lines</td>\r\n\r\n        <td width=\"50%\" height=\"1\">&#8226; Bailing bucket </td>\r\n\r\n      </tr>\r\n\r\n      <tr>\r\n\r\n        <td height=\"1\">&#8226; Boarding Handles</td>\r\n\r\n        <td width=\"50%\" height=\"1\">&#8226; Sea anchor</td>\r\n\r\n      </tr>\r\n\r\n      <tr>\r\n\r\n        <td height=\"1\">&#8226; CO2 auto-inflation system</td>\r\n\r\n        <td width=\"50%\" height=\"1\">&#8226; Valise</td>\r\n\r\n      </tr>\r\n\r\n      <tr>\r\n\r\n        <td height=\"1\" colspan=\"2\"><hr />Note:  Required Raft Compartment Size - Add 3\" to Raft Pack Dimensions.  Raft Weight +/- 2.0 lbs</td>\r\n\r\n      </tr>\r\n\r\n    </tbody>\r\n\r\n  </table></div></div></div>\r\n\r\n<script type=\"text/javascript\">\r\n<!--\r\nvar TabbedPanels1 = new Spry.Widget.TabbedPanels(\"TabbedPanels1\");\r\n//-->\r\n</script>','',3449,''),(16,1,'8-Man Life Raft w/Canopy Only TSO','FAA TSO-C70a, Type II Approved\r\n<div id=\"TabbedPanels1\" class=\"TabbedPanels\">\r\n  <ul class=\"TabbedPanelsTabGroup\">\r\n    <li class=\"TabbedPanelsTab\" tabindex=\"0\">Features</li>\r\n    <li class=\"TabbedPanelsTab\" tabindex=\"0\">Included</li>    \r\n  </ul>\r\n  <div class=\"TabbedPanelsContentGroup\">\r\n    <div class=\"TabbedPanelsContent\"><br /><ul>\r\n          <li>Single tube with bulkhead design creating two separate chambers.</li><li>Comprised of buoyancy tube, deck, life lines, CO2 automatic inflation system, boarding handles, retaining line, hand pump, bailing bucket, sea anchor, and valise.</li>\r\n          <li>Includes a stabilizing water ballast system and a water activated locator light as required by the FAA.</li>\r\n          <li>Lightest weight and most compact - easy to carry, stow away, and maneuver in any emergency situation.</li>\r\n          <li>Easily deployed by women, children, exhausted pilots, or boaters.</li>\r\n          <li>Soft-pack valise made of practically indestructible nylon with secure nylon velcro closures.</li>\r\n          <li>Constructed of heavy-duty FAA approved neoprene coated nylon fabric.</li>\r\n          <li>Highly visible orange canopy to aid in search and rescue operations.</li>\r\n          <li>Contains aluminum cylinders and valves eliminating corrosion and greatly reducing the weight.</li>\r\n          <li>High-tech CO2 automatic inflation system, inflates in 10 seconds.</li>\r\n          <li>Optional survival kit available.</li>\r\n          <li>Lifetime warranty on parts and labor, built to last a lifetime with proper care</li>\r\n        </ul><br /></div>\r\n    <div class=\"TabbedPanelsContent\"><table border=\"0\" cellpadding=\"3\" cellspacing=\"0\">\r\n    <tbody>\r\n      <tr></tr>\r\n      <tr>\r\n        <td width=\"50%\" height=\"1\">&#8226;  Buoyancy tube</td>\r\n        <td width=\"50%\" height=\"1\">&#8226; Retaining line</td>\r\n      </tr>\r\n      <tr>\r\n        <td height=\"1\">&#8226; Deck</td>\r\n        <td width=\"50%\" height=\"1\">&#8226; Hand pump</td>\r\n      </tr>\r\n      <tr>\r\n        <td height=\"1\">&#8226; Lífe lines</td>\r\n        <td width=\"50%\" height=\"1\">&#8226; Bailing bucket </td>\r\n      </tr>\r\n      <tr>\r\n        <td height=\"1\">&#8226; Boarding Handles</td>\r\n        <td width=\"50%\" height=\"1\">&#8226; Sea anchor</td>\r\n      </tr>\r\n      <tr>\r\n        <td height=\"1\">&#8226; CO2 auto-inflation system</td>\r\n        <td width=\"50%\" height=\"1\">&#8226; Valise</td>\r\n      </tr>\r\n      <tr>\r\n        <td height=\"1\">&#8226; Inflatable Mast</td>\r\n        <td height=\"1\">&#8226; Canopy</td>\r\n      </tr>\r\n      <tr>\r\n        <td height=\"1\" colspan=\"2\"><hr />Note:  Required Raft Compartment Size - Add 3\" to Raft Pack Dimensions.  Raft Weight +/- 2.0 lbs</td>\r\n      </tr>\r\n    </tbody>\r\n  </table></div>\r\n\r\n<script type=\"text/javascript\">\r\n<!--\r\nvar TabbedPanels1 = new Spry.Widget.TabbedPanels(\"TabbedPanels1\");\r\n//-->\r\n</script>','',1555,''),(17,1,'8-Man Life Raft w/FAR 91 Survival Kit TSO','8 person capacity with an overload of 12 - FAA TSO-C70a, Type II Approved\r\n  <div id=\"TabbedPanels1\" class=\"TabbedPanels\">\r\n  <ul class=\"TabbedPanelsTabGroup\">\r\n    <li class=\"TabbedPanelsTab\" tabindex=\"0\">Features</li>\r\n    <li class=\"TabbedPanelsTab\" tabindex=\"0\">Included</li>  \r\n    <li class=\"TabbedPanelsTab\" tabindex=\"0\">Survival Kit</li>\r\n</ul>\r\n  <div class=\"TabbedPanelsContentGroup\">\r\n    <div class=\"TabbedPanelsContent\"><br /><ul>\r\n          <li>Single tube with bulkhead design creating two separate chambers.</li><li>Comprised of buoyancy tube, deck, life lines, CO2 automatic inflation system, boarding handles, retaining line, hand pump, bailing bucket, sea anchor, and valise.</li>\r\n          <li>Includes a stabilizing water ballast system and a water activated locator light as required by the FAA.</li>\r\n          <li>Lightest weight and most compact - easy to carry, stow away, and maneuver in any emergency situation.</li>\r\n          <li>Easily deployed by women, children, exhausted pilots, or boaters.</li>\r\n          <li>Soft-pack valise made of practically indestructible nylon with secure nylon velcro closures.</li>\r\n          <li>Constructed of heavy-duty FAA approved neoprene coated nylon fabric.</li>\r\n          <li>Highly visible orange canopy to aid in search and rescue operations.</li>\r\n          <li>Contains aluminum cylinders and valves eliminating corrosion and greatly reducing the weight.</li>\r\n          <li>High-tech CO2 automatic inflation system, inflates in 10 seconds.</li>\r\n          <li>Survival kit.</li>\r\n          <li>Lifetime warranty on parts and labor, built to last a lifetime with proper care</li>\r\n        </ul><br /></div>\r\n    <div class=\"TabbedPanelsContent\">\r\n	<table border=\"0\" cellpadding=\"3\" cellspacing=\"0\">\r\n    <tbody>\r\n      <tr></tr>\r\n      <tr>\r\n        <td width=\"50%\" height=\"1\">&#8226;  Buoyancy tube</td>\r\n        <td width=\"50%\" height=\"1\">&#8226; Retaining line</td>\r\n      </tr>\r\n      <tr>\r\n        <td height=\"1\">&#8226; Deck</td>\r\n        <td width=\"50%\" height=\"1\">&#8226; Hand pump</td>\r\n      </tr>\r\n      <tr>\r\n        <td height=\"1\">&#8226; Lífe lines</td>\r\n        <td width=\"50%\" height=\"1\">&#8226; Bailing bucket </td>\r\n      </tr>\r\n      <tr>\r\n        <td height=\"1\">&#8226; Boarding Handles</td>\r\n        <td width=\"50%\" height=\"1\">&#8226; Sea anchor</td>\r\n      </tr>\r\n      <tr>\r\n        <td height=\"1\">&#8226; CO2 auto-inflation system</td>\r\n        <td width=\"50%\" height=\"1\">&#8226; Valise</td>\r\n      </tr>\r\n      <tr>\r\n        <td height=\"1\">&#8226; Inflatable Mast</td>\r\n        <td height=\"1\">&#8226; Canopy</td>\r\n      </tr>\r\n      <tr>\r\n        <td height=\"1\" colspan=\"2\"><hr />Note:  Required Raft Compartment Size - Add 3\" to Raft Pack Dimensions.  Raft Weight +/- 2.0 lbs</td>\r\n      </tr>\r\n    </tbody>\r\n  </table></div>\r\n  \r\n  <div class=\"TabbedPanelsContent\">\r\n  <table width=\"100%\" border=\"0\" cellpadding=\"3\" cellspacing=\"0\">\r\n<tr>\r\n    <td width=\"34%\">&#8226; canopy w/inflatable mast</td>\r\n    <td width=\"33%\">&#8226; first aid kit</td>\r\n    <td width=\"33%\">&#8226; signal mirror</td>\r\n  </tr>\r\n  <tr>\r\n    <td>&#8226; equipment container</td>\r\n    <td>&#8226; raft repair kit</td>\r\n    <td>&#8226; food rations</td>\r\n  </tr>\r\n  <tr>\r\n    <td>&#8226; signal flag</td>\r\n    <td>&#8226; sea dye markers</td>\r\n    <td>&#8226; water rations</td>\r\n  </tr>\r\n  <tr>\r\n    <td>&#8226; 3 signal flares</td>\r\n    <td>&#8226; 2-cell flashlight w/batteries</td>\r\n    <td>&#8226; signal whistle</td>\r\n  </tr>\r\n</table>\r\n<div id=\"productOptionImage\"><img src=\"images/kit_01.jpg\" alt=\"Standard Kit:\" title=\" Standard Kit: \" width=\"98\" height=\"120\" />\r\n</div>\r\n  </div></div></div>\r\n  \r\n    <script type=\"text/javascript\">\r\n<!--\r\nvar TabbedPanels1 = new Spry.Widget.TabbedPanels(\"TabbedPanels1\");\r\n//-->\r\n    </script>','',3033,''),(18,1,'8-Man Life Raft w/FAR 121 Survival Kit TSO','8 person capacity with an overload of 12 - FAA TSO-C70a, Type II Approved\r\n  <div id=\"TabbedPanels1\" class=\"TabbedPanels\">\r\n  <ul class=\"TabbedPanelsTabGroup\">\r\n    <li class=\"TabbedPanelsTab\" tabindex=\"0\">Features</li>\r\n    <li class=\"TabbedPanelsTab\" tabindex=\"0\">Included</li>  \r\n    <li class=\"TabbedPanelsTab\" tabindex=\"0\">Survival Kit</li>\r\n</ul>\r\n  <div class=\"TabbedPanelsContentGroup\">\r\n    <div class=\"TabbedPanelsContent\"><br /><ul>\r\n          <li>Single tube with bulkhead design creating two separate chambers.</li><li>Comprised of buoyancy tube, deck, life lines, CO2 automatic inflation system, boarding handles, retaining line, hand pump, bailing bucket, sea anchor, and valise.</li>\r\n          <li>Includes a stabilizing water ballast system and a water activated locator light as required by the FAA.</li>\r\n          <li>Lightest weight and most compact - easy to carry, stow away, and maneuver in any emergency situation.</li>\r\n          <li>Easily deployed by women, children, exhausted pilots, or boaters.</li>\r\n          <li>Soft-pack valise made of practically indestructible nylon with secure nylon velcro closures.</li>\r\n          <li>Constructed of heavy-duty FAA approved neoprene coated nylon fabric.</li>\r\n          <li>Highly visible orange canopy to aid in search and rescue operations.</li>\r\n          <li>Contains aluminum cylinders and valves eliminating corrosion and greatly reducing the weight.</li>\r\n          <li>High-tech CO2 automatic inflation system, inflates in 10 seconds.</li>\r\n          <li>Survival kit.</li>\r\n          <li>Lifetime warranty on parts and labor, built to last a lifetime with proper care</li>\r\n        </ul><br /></div>\r\n    <div class=\"TabbedPanelsContent\">\r\n	<table border=\"0\" cellpadding=\"3\" cellspacing=\"0\">\r\n    <tbody>\r\n      <tr></tr>\r\n      <tr>\r\n        <td width=\"50%\" height=\"1\">&#8226;  Buoyancy tube</td>\r\n        <td width=\"50%\" height=\"1\">&#8226; Retaining line</td>\r\n      </tr>\r\n      <tr>\r\n        <td height=\"1\">&#8226; Deck</td>\r\n        <td width=\"50%\" height=\"1\">&#8226; Hand pump</td>\r\n      </tr>\r\n      <tr>\r\n        <td height=\"1\">&#8226; Lífe lines</td>\r\n        <td width=\"50%\" height=\"1\">&#8226; Bailing bucket </td>\r\n      </tr>\r\n      <tr>\r\n        <td height=\"1\">&#8226; Boarding Handles</td>\r\n        <td width=\"50%\" height=\"1\">&#8226; Sea anchor</td>\r\n      </tr>\r\n      <tr>\r\n        <td height=\"1\">&#8226; CO2 auto-inflation system</td>\r\n        <td width=\"50%\" height=\"1\">&#8226; Valise</td>\r\n      </tr>\r\n      <tr>\r\n        <td height=\"1\">&#8226; Inflatable Mast</td>\r\n        <td height=\"1\">&#8226; Canopy</td>\r\n      </tr>\r\n      <tr>\r\n        <td height=\"1\" colspan=\"2\"><hr />Note:  Required Raft Compartment Size - Add 3\" to Raft Pack Dimensions.  Raft Weight +/- 2.0 lbs</td>\r\n      </tr>\r\n    </tbody>\r\n  </table></div>\r\n  \r\n  <div class=\"TabbedPanelsContent\">\r\n  <table width=\"100%\" border=\"0\" cellpadding=\"3\" cellspacing=\"0\">\r\n<tr>\r\n    <td width=\"34%\">&#8226; canopy w/inflatable mast</td>\r\n    <td width=\"33%\">&#8226; first aid kit</td>\r\n    <td width=\"33%\">&#8226; signal mirror</td>\r\n  </tr>\r\n  <tr>\r\n    <td>&#8226; equipment container</td>\r\n    <td>&#8226; raft repair kit</td>\r\n    <td>&#8226; food rations</td>\r\n  </tr>\r\n  <tr>\r\n    <td>&#8226; signal flag</td>\r\n    <td>&#8226; utility knife</td>\r\n    <td>&#8226; water rations</td>\r\n  </tr>\r\n  <tr>\r\n    <td>&#8226; 3 signal flares</td>\r\n    <td>&#8226; survival manual</td>\r\n    <td>&#8226; sponge</td>\r\n  </tr>\r\n  <tr>\r\n    <td>&#8226; 2-cell flashlight w/batteries</td>\r\n    <td>&#8226; sea dye markers</td>\r\n    <td>&#8226; signal whistle</td>\r\n  </tr>\r\n</table>\r\n<div id=\"productOptionImage\"><img src=\"images/kit_01.jpg\" alt=\"Standard Plus Kit:\" title=\" Standard Plus Kit: \" width=\"98\" height=\"120\" />\r\n  </div></div></div></div>\r\n  \r\n    <script type=\"text/javascript\">\r\n<!--\r\nvar TabbedPanels1 = new Spry.Widget.TabbedPanels(\"TabbedPanels1\");\r\n//-->\r\n    </script>','',1538,''),(19,1,'8-Man Life Raft w/FAR 135 Survival Kit TSO','8 person capacity with an overload of 12 - FAA TSO-C70a, Type II Approved  <div id=\"TabbedPanels1\" class=\"TabbedPanels\">\r\n  <ul class=\"TabbedPanelsTabGroup\">\r\n    <li class=\"TabbedPanelsTab\" tabindex=\"0\">Features</li>\r\n    <li class=\"TabbedPanelsTab\" tabindex=\"0\">Included</li>  \r\n    <li class=\"TabbedPanelsTab\" tabindex=\"0\">Survival Kit</li>\r\n</ul>\r\n  <div class=\"TabbedPanelsContentGroup\">\r\n    <div class=\"TabbedPanelsContent\"><br /><ul>\r\n          <li>Single tube with bulkhead design creating two separate chambers.</li><li>Comprised of buoyancy tube, deck, life lines, CO2 automatic inflation system, boarding handles, retaining line, hand pump, bailing bucket, sea anchor, and valise.</li>\r\n          <li>Includes a stabilizing water ballast system and a water activated locator light as required by the FAA.</li>\r\n          <li>Lightest weight and most compact - easy to carry, stow away, and maneuver in any emergency situation.</li>\r\n          <li>Easily deployed by women, children, exhausted pilots, or boaters.</li>\r\n          <li>Soft-pack valise made of practically indestructible nylon with secure nylon velcro closures.</li>\r\n          <li>Constructed of heavy-duty FAA approved neoprene coated nylon fabric.</li>\r\n          <li>Highly visible orange canopy to aid in search and rescue operations.</li>\r\n          <li>Contains aluminum cylinders and valves eliminating corrosion and greatly reducing the weight.</li>\r\n          <li>High-tech CO2 automatic inflation system, inflates in 10 seconds.</li>\r\n          <li>Survival kit.</li>\r\n          <li>Lifetime warranty on parts and labor, built to last a lifetime with proper care</li>\r\n        </ul><br /></div>\r\n    <div class=\"TabbedPanelsContent\">\r\n	<table border=\"0\" cellpadding=\"3\" cellspacing=\"0\">\r\n    <tbody>\r\n      <tr></tr>\r\n      <tr>\r\n        <td width=\"50%\" height=\"1\">&#8226;  Buoyancy tube</td>\r\n        <td width=\"50%\" height=\"1\">&#8226; Retaining line</td>\r\n      </tr>\r\n      <tr>\r\n        <td height=\"1\">&#8226; Deck</td>\r\n        <td width=\"50%\" height=\"1\">&#8226; Hand pump</td>\r\n      </tr>\r\n      <tr>\r\n        <td height=\"1\">&#8226; Lífe lines</td>\r\n        <td width=\"50%\" height=\"1\">&#8226; Bailing bucket </td>\r\n      </tr>\r\n      <tr>\r\n        <td height=\"1\">&#8226; Boarding Handles</td>\r\n        <td width=\"50%\" height=\"1\">&#8226; Sea anchor</td>\r\n      </tr>\r\n      <tr>\r\n        <td height=\"1\">&#8226; CO2 auto-inflation system</td>\r\n        <td width=\"50%\" height=\"1\">&#8226; Valise</td>\r\n      </tr>\r\n      <tr>\r\n        <td height=\"1\">&#8226; Inflatable Mast</td>\r\n        <td height=\"1\">&#8226; Canopy</td>\r\n      </tr>\r\n      <tr>\r\n        <td height=\"1\" colspan=\"2\"><hr />Note:  Required Raft Compartment Size - Add 3\" to Raft Pack Dimensions.  Raft Weight +/- 2.0 lbs</td>\r\n      </tr>\r\n    </tbody>\r\n  </table></div>\r\n  \r\n  <div class=\"TabbedPanelsContent\">\r\n  <table width=\"100%\" border=\"0\" cellpadding=\"3\" cellspacing=\"0\">\r\n  <tr>\r\n    <td width=\"34%\">&#8226; canopy w/inflatable mast</td>\r\n    <td width=\"33%\">&#8226; first aid kit</td>\r\n    <td width=\"33%\">&#8226; signal mirror</td>\r\n  </tr>\r\n  <tr>\r\n    <td>&#8226; equipment container</td>\r\n    <td>&#8226; raft repair kit</td>\r\n    <td>&#8226; food rations</td>\r\n  </tr>\r\n  <tr>\r\n    <td>&#8226; signal flag</td>\r\n    <td>&#8226; utility knife</td>\r\n    <td>&#8226; water rations</td>\r\n  </tr>\r\n  <tr>\r\n    <td>&#8226; 3 signal flares</td>\r\n    <td>&#8226; survival manual</td>\r\n    <td>&#8226; sponge</td>\r\n  </tr>\r\n  <tr>\r\n    <td>&#8226; 2-cell flashlight w/batteries</td>\r\n    <td>&#8226; sea dye markers</td>\r\n    <td>&#8226; signal whistle</td>\r\n  </tr>\r\n  <tr>\r\n    <td>&#8226; magnetic compass </td>\r\n    <td>&#8226; 8-pint desalter(s) </td>\r\n    <td>&#8226; fishing kit </td>\r\n  </tr>\r\n  <tr>\r\n    <td>&#8226; 75-foot retaining line</td>\r\n    <td>&#8226; 2 paddles </td>\r\n    <td>&#8226; radar reflector</td>\r\n  </tr>\r\n</table><div id=\"productOptionImage\"><img src=\"images/kit_01.jpg\" alt=\"Deluxe Kit:\" title=\" Deluxe Kit: \" width=\"98\" height=\"120\" />\r\n</div>\r\n  </div></div></div>\r\n  \r\n    <script type=\"text/javascript\">\r\n<!--\r\nvar TabbedPanels1 = new Spry.Widget.TabbedPanels(\"TabbedPanels1\");\r\n//-->\r\n    </script>','',1745,''),(20,1,'6-Man Life Raft Basic Non TSO with Double Tube Design','Constructed of heavy-duty FAA approved neoprene coated nylon fabric.\r\n<div id=\"TabbedPanels1\" class=\"TabbedPanels\">\r\n  <ul class=\"TabbedPanelsTabGroup\">\r\n    <li class=\"TabbedPanelsTab\" tabindex=\"0\">Features</li>\r\n    <li class=\"TabbedPanelsTab\" tabindex=\"0\">Included</li>    \r\n  </ul>\r\n  <div class=\"TabbedPanelsContentGroup\">\r\n    <div class=\"TabbedPanelsContent\"><br /><li>    Easy to carry, stow away, and maneuver in any emergency situation.</li><li>    Easily deployed by women, children, exhausted pilots, or boaters. </li><li>    Soft-pack valise made of practically indestructible nylon with secure nylon velcro closures.</li><li>    Constructed of heavy-duty FAA approved neoprene coated nylon fabric. </li><li>    Optional highly visible orange canopy to aid in search and rescue operations. </li><li>    Contains aluminum cylinders and valves eliminating corrosion and greatly reducing the weight. <br />\r\n\r\n    </li>\r\n\r\n  <li>High-tech CO2 automatic inflation system, inflates in 10 seconds. </li><li>    Optional survival kits are available to meet individual requirements. </li><li>    Lifetime warranty on parts and labor, built to last a lifetime with proper care. </li><br /></div>\r\n    <div class=\"TabbedPanelsContent\"><table border=\"0\" cellpadding=\"3\" cellspacing=\"0\">\r\n\r\n    <tbody>\r\n\r\n      <tr>\r\n\r\n\r\n      </tr>\r\n\r\n      <tr>\r\n\r\n        <td width=\"50%\" height=\"1\">&#8226;  Buoyancy tube</td>\r\n\r\n        <td width=\"50%\" height=\"1\">&#8226; Retaining line</td>\r\n\r\n      </tr>\r\n\r\n      <tr>\r\n\r\n        <td height=\"1\">&#8226; Deck</td>\r\n\r\n        <td width=\"50%\" height=\"1\">&#8226; Hand pump</td>\r\n\r\n      </tr>\r\n\r\n      <tr>\r\n\r\n        <td height=\"1\">&#8226; Lífe lines</td>\r\n\r\n        <td width=\"50%\" height=\"1\">&#8226; Bailing bucket </td>\r\n\r\n      </tr>\r\n\r\n      <tr>\r\n\r\n        <td height=\"1\">&#8226; Boarding Handles</td>\r\n\r\n        <td width=\"50%\" height=\"1\">&#8226; Sea anchor</td>\r\n\r\n      </tr>\r\n\r\n      <tr>\r\n\r\n        <td height=\"1\">&#8226; CO2 auto-inflation system</td>\r\n\r\n        <td width=\"50%\" height=\"1\">&#8226; Valise</td>\r\n\r\n      </tr>\r\n\r\n      <tr>\r\n\r\n        <td height=\"1\" colspan=\"2\"><hr />Note:  Required Raft Compartment Size - Add 3\" to Raft Pack Dimensions.  Raft Weight +/- 2.0 lbs</td>\r\n\r\n      </tr>\r\n\r\n    </tbody>\r\n\r\n  </table></div></div></div>\r\n\r\n<script type=\"text/javascript\">\r\n<!--\r\nvar TabbedPanels1 = new Spry.Widget.TabbedPanels(\"TabbedPanels1\");\r\n//-->\r\n</script>','',3702,''),(21,1,'6-Man Life Raft w/Canopy Only TSO','FAA TSO-C70a, Type I Approved. Constructed of heavy-duty FAA approved neoprene coated nylon fabric.\r\n<div id=\"TabbedPanels1\" class=\"TabbedPanels\">\r\n  <ul class=\"TabbedPanelsTabGroup\">\r\n    <li class=\"TabbedPanelsTab\" tabindex=\"0\">Features</li>\r\n    <li class=\"TabbedPanelsTab\" tabindex=\"0\">Included</li>    \r\n  </ul>\r\n  <div class=\"TabbedPanelsContentGroup\">\r\n    <div class=\"TabbedPanelsContent\"><br /><ul>\r\n          <li>Double tube design containing two complete separate chambers.</li> <li>Comprised of buoyancy tube, deck, life lines, CO2 automatic inflation system, boarding handles, retaining line, hand pump, bailing bucket, sea anchor, and valise.</li>\r\n          <li>Includes a stabilizing water ballast system and a water activated locator light as required by the FAA.</li>\r\n          <li>Lightest weight and most compact - easy to carry, stow away, and maneuver in any emergency situation.</li>\r\n          <li>Easily deployed by women, children, exhausted pilots, or boaters.</li>\r\n          <li>Soft-pack valise made of practically indestructible nylon with secure nylon velcro closures.</li>\r\n          <li>Constructed of heavy-duty FAA approved neoprene coated nylon fabric.</li>\r\n          <li>Highly visible orange canopy to aid in search and rescue operations.</li>\r\n          <li>Contains aluminum cylinders and valves eliminating corrosion and greatly reducing the weight.</li>\r\n          <li>High-tech CO2 automatic inflation system, inflates in 10 seconds.</li>\r\n          <li>Optional survival kits are available to meet individual requirements.</li>\r\n          <li>Lifetime warranty on parts and labor, built to last a lifetime with proper care</li>\r\n        </ul><br /></div>\r\n    <div class=\"TabbedPanelsContent\"><table border=\"0\" cellpadding=\"3\" cellspacing=\"0\">\r\n    <tbody>\r\n      <tr></tr>\r\n      <tr>\r\n        <td width=\"50%\" height=\"1\">&#8226;  Buoyancy tube</td>\r\n        <td width=\"50%\" height=\"1\">&#8226; Retaining line</td>\r\n      </tr>\r\n      <tr>\r\n        <td height=\"1\">&#8226; Deck</td>\r\n        <td width=\"50%\" height=\"1\">&#8226; Hand pump</td>\r\n      </tr>\r\n      <tr>\r\n        <td height=\"1\">&#8226; Lífe lines</td>\r\n        <td width=\"50%\" height=\"1\">&#8226; Bailing bucket </td>\r\n      </tr>\r\n      <tr>\r\n        <td height=\"1\">&#8226; Boarding Handles</td>\r\n        <td width=\"50%\" height=\"1\">&#8226; Sea anchor</td>\r\n      </tr>\r\n      <tr>\r\n        <td height=\"1\">&#8226; CO2 auto-inflation system</td>\r\n        <td width=\"50%\" height=\"1\">&#8226; Valise</td>\r\n      </tr>\r\n      <tr>\r\n        <td height=\"1\">&#8226; Inflatable Mast</td>\r\n        <td height=\"1\">&#8226; Canopy</td>\r\n      </tr>\r\n      <tr>\r\n        <td height=\"1\" colspan=\"2\"><hr />Note:  Required Raft Compartment Size - Add 3\" to Raft Pack Dimensions.  Raft Weight +/- 2.0 lbs</td>\r\n      </tr>\r\n    </tbody>\r\n  </table></div>\r\n\r\n<script type=\"text/javascript\">\r\n<!--\r\nvar TabbedPanels1 = new Spry.Widget.TabbedPanels(\"TabbedPanels1\");\r\n//-->\r\n</script>','',3347,''),(22,1,'6-Man Life Raft w/FAR 91 Survival Kit TSO','FAA TSO-C70a, Type I Approved\r\n  <div id=\"TabbedPanels1\" class=\"TabbedPanels\">\r\n  <ul class=\"TabbedPanelsTabGroup\">\r\n    <li class=\"TabbedPanelsTab\" tabindex=\"0\">Features</li>\r\n    <li class=\"TabbedPanelsTab\" tabindex=\"0\">Included</li>  \r\n    <li class=\"TabbedPanelsTab\" tabindex=\"0\">Survival Kit</li>\r\n</ul>\r\n  <div class=\"TabbedPanelsContentGroup\">\r\n    <div class=\"TabbedPanelsContent\"><br /><ul>\r\n          <li>Double tube design containing two complete separate chambers.</li> <li>Comprised of buoyancy tube, deck, life lines, CO2 automatic inflation system, boarding handles, retaining line, hand pump, bailing bucket, sea anchor, and valise.</li>\r\n          <li>Includes a stabilizing water ballast system and a water activated locator light as required by the FAA.</li>\r\n          <li>Lightest weight and most compact - easy to carry, stow away, and maneuver in any emergency situation.</li>\r\n          <li>Easily deployed by women, children, exhausted pilots, or boaters.</li>\r\n          <li>Soft-pack valise made of practically indestructible nylon with secure nylon velcro closures.</li>\r\n          <li>Constructed of heavy-duty FAA approved neoprene coated nylon fabric.</li>\r\n          <li>Highly visible orange canopy to aid in search and rescue operations.</li>\r\n          <li>Contains aluminum cylinders and valves eliminating corrosion and greatly reducing the weight.</li>\r\n          <li>High-tech CO2 automatic inflation system, inflates in 10 seconds.</li>\r\n          <li>Survival kit.</li>\r\n          <li>Lifetime warranty on parts and labor, built to last a lifetime with proper care</li>\r\n        </ul><br /></div>\r\n    <div class=\"TabbedPanelsContent\">\r\n	<table border=\"0\" cellpadding=\"3\" cellspacing=\"0\">\r\n    <tbody>\r\n      <tr></tr>\r\n      <tr>\r\n        <td width=\"50%\" height=\"1\">&#8226;  Buoyancy tube</td>\r\n        <td width=\"50%\" height=\"1\">&#8226; Retaining line</td>\r\n      </tr>\r\n      <tr>\r\n        <td height=\"1\">&#8226; Deck</td>\r\n        <td width=\"50%\" height=\"1\">&#8226; Hand pump</td>\r\n      </tr>\r\n      <tr>\r\n        <td height=\"1\">&#8226; Lífe lines</td>\r\n        <td width=\"50%\" height=\"1\">&#8226; Bailing bucket </td>\r\n      </tr>\r\n      <tr>\r\n        <td height=\"1\">&#8226; Boarding Handles</td>\r\n        <td width=\"50%\" height=\"1\">&#8226; Sea anchor</td>\r\n      </tr>\r\n      <tr>\r\n        <td height=\"1\">&#8226; CO2 auto-inflation system</td>\r\n        <td width=\"50%\" height=\"1\">&#8226; Valise</td>\r\n      </tr>\r\n      <tr>\r\n        <td height=\"1\">&#8226; Inflatable Mast</td>\r\n        <td height=\"1\">&#8226; Canopy</td>\r\n      </tr>\r\n      <tr>\r\n        <td height=\"1\" colspan=\"2\"><hr />Note:  Required Raft Compartment Size - Add 3\" to Raft Pack Dimensions.  Raft Weight +/- 2.0 lbs</td>\r\n      </tr>\r\n    </tbody>\r\n  </table></div>\r\n  \r\n  <div class=\"TabbedPanelsContent\">\r\n  <table width=\"100%\" border=\"0\" cellpadding=\"3\" cellspacing=\"0\">\r\n<tr>\r\n    <td width=\"34%\">&#8226; canopy w/inflatable mast</td>\r\n    <td width=\"33%\">&#8226; first aid kit</td>\r\n    <td width=\"33%\">&#8226; signal mirror</td>\r\n  </tr>\r\n  <tr>\r\n    <td>&#8226; equipment container</td>\r\n    <td>&#8226; raft repair kit</td>\r\n    <td>&#8226; food rations</td>\r\n  </tr>\r\n  <tr>\r\n    <td>&#8226; signal flag</td>\r\n    <td>&#8226; sea dye markers</td>\r\n    <td>&#8226; water rations</td>\r\n  </tr>\r\n  <tr>\r\n    <td>&#8226; 3 signal flares</td>\r\n    <td>&#8226; 2-cell flashlight w/batteries</td>\r\n    <td>&#8226; signal whistle</td>\r\n  </tr>\r\n</table>\r\n<div id=\"productOptionImage\"><img src=\"images/kit_01.jpg\" alt=\"Standard Kit:\" title=\" Standard Kit: \" width=\"98\" height=\"120\" />\r\n</div>\r\n  </div></div></div>\r\n  \r\n    <script type=\"text/javascript\">\r\n<!--\r\nvar TabbedPanels1 = new Spry.Widget.TabbedPanels(\"TabbedPanels1\");\r\n//-->\r\n    </script>','',1708,''),(23,1,'6-Man Life Raft w/FAR 121 Survival Kit TSO','FAA TSO-C70a, Type I Approved\r\n  <div id=\"TabbedPanels1\" class=\"TabbedPanels\">\r\n  <ul class=\"TabbedPanelsTabGroup\">\r\n    <li class=\"TabbedPanelsTab\" tabindex=\"0\">Features</li>\r\n    <li class=\"TabbedPanelsTab\" tabindex=\"0\">Included</li>  \r\n    <li class=\"TabbedPanelsTab\" tabindex=\"0\">Survival Kit</li>\r\n</ul>\r\n  <div class=\"TabbedPanelsContentGroup\">\r\n    <div class=\"TabbedPanelsContent\"><br /><ul>\r\n          <li>Double tube design containing two complete separate chambers.</li> <li>Comprised of buoyancy tube, deck, life lines, CO2 automatic inflation system, boarding handles, retaining line, hand pump, bailing bucket, sea anchor, and valise.</li>\r\n          <li>Includes a stabilizing water ballast system and a water activated locator light as required by the FAA.</li>\r\n          <li>Lightest weight and most compact - easy to carry, stow away, and maneuver in any emergency situation.</li>\r\n          <li>Easily deployed by women, children, exhausted pilots, or boaters.</li>\r\n          <li>Soft-pack valise made of practically indestructible nylon with secure nylon velcro closures.</li>\r\n          <li>Constructed of heavy-duty FAA approved neoprene coated nylon fabric.</li>\r\n          <li>Highly visible orange canopy to aid in search and rescue operations.</li>\r\n          <li>Contains aluminum cylinders and valves eliminating corrosion and greatly reducing the weight.</li>\r\n          <li>High-tech CO2 automatic inflation system, inflates in 10 seconds.</li>\r\n          <li>Survival kit.</li>\r\n          <li>Lifetime warranty on parts and labor, built to last a lifetime with proper care</li>\r\n        </ul><br /></div>\r\n    <div class=\"TabbedPanelsContent\">\r\n	<table border=\"0\" cellpadding=\"3\" cellspacing=\"0\">\r\n    <tbody>\r\n      <tr></tr>\r\n      <tr>\r\n        <td width=\"50%\" height=\"1\">&#8226;  Buoyancy tube</td>\r\n        <td width=\"50%\" height=\"1\">&#8226; Retaining line</td>\r\n      </tr>\r\n      <tr>\r\n        <td height=\"1\">&#8226; Deck</td>\r\n        <td width=\"50%\" height=\"1\">&#8226; Hand pump</td>\r\n      </tr>\r\n      <tr>\r\n        <td height=\"1\">&#8226; Lífe lines</td>\r\n        <td width=\"50%\" height=\"1\">&#8226; Bailing bucket </td>\r\n      </tr>\r\n      <tr>\r\n        <td height=\"1\">&#8226; Boarding Handles</td>\r\n        <td width=\"50%\" height=\"1\">&#8226; Sea anchor</td>\r\n      </tr>\r\n      <tr>\r\n        <td height=\"1\">&#8226; CO2 auto-inflation system</td>\r\n        <td width=\"50%\" height=\"1\">&#8226; Valise</td>\r\n      </tr>\r\n      <tr>\r\n        <td height=\"1\">&#8226; Inflatable Mast</td>\r\n        <td height=\"1\">&#8226; Canopy</td>\r\n      </tr>\r\n      <tr>\r\n        <td height=\"1\" colspan=\"2\"><hr />Note:  Required Raft Compartment Size - Add 3\" to Raft Pack Dimensions.  Raft Weight +/- 2.0 lbs</td>\r\n      </tr>\r\n    </tbody>\r\n  </table></div>\r\n  \r\n  <div class=\"TabbedPanelsContent\">\r\n  <table width=\"100%\" border=\"0\" cellpadding=\"3\" cellspacing=\"0\">\r\n<tr>\r\n    <td width=\"34%\">&#8226; canopy w/inflatable mast</td>\r\n    <td width=\"33%\">&#8226; first aid kit</td>\r\n    <td width=\"33%\">&#8226; signal mirror</td>\r\n  </tr>\r\n  <tr>\r\n    <td>&#8226; equipment container</td>\r\n    <td>&#8226; raft repair kit</td>\r\n    <td>&#8226; food rations</td>\r\n  </tr>\r\n  <tr>\r\n    <td>&#8226; signal flag</td>\r\n    <td>&#8226; utility knife</td>\r\n    <td>&#8226; water rations</td>\r\n  </tr>\r\n  <tr>\r\n    <td>&#8226; 3 signal flares</td>\r\n    <td>&#8226; survival manual</td>\r\n    <td>&#8226; sponge</td>\r\n  </tr>\r\n  <tr>\r\n    <td>&#8226; 2-cell flashlight w/batteries</td>\r\n    <td>&#8226; sea dye markers</td>\r\n    <td>&#8226; signal whistle</td>\r\n  </tr>\r\n</table>\r\n<div id=\"productOptionImage\"><img src=\"images/kit_01.jpg\" alt=\"Standard Plus Kit:\" title=\" Standard Plus Kit: \" width=\"98\" height=\"120\" />\r\n  </div></div></div></div>\r\n  \r\n    <script type=\"text/javascript\">\r\n<!--\r\nvar TabbedPanels1 = new Spry.Widget.TabbedPanels(\"TabbedPanels1\");\r\n//-->\r\n    </script>','',1441,''),(24,1,'6-Man Life Raft w/FAR 135 Survival Kit TSO','FAA TSO-C70a, Type I Approved\r\n  <div id=\"TabbedPanels1\" class=\"TabbedPanels\">\r\n  <ul class=\"TabbedPanelsTabGroup\">\r\n    <li class=\"TabbedPanelsTab\" tabindex=\"0\">Features</li>\r\n    <li class=\"TabbedPanelsTab\" tabindex=\"0\">Included</li>  \r\n    <li class=\"TabbedPanelsTab\" tabindex=\"0\">Survival Kit</li>\r\n</ul>\r\n  <div class=\"TabbedPanelsContentGroup\">\r\n    <div class=\"TabbedPanelsContent\"><br /><ul>\r\n          <li>Double tube design containing two complete separate chambers.</li> <li>Comprised of buoyancy tube, deck, life lines, CO2 automatic inflation system, boarding handles, retaining line, hand pump, bailing bucket, sea anchor, and valise.</li>\r\n          <li>Includes a stabilizing water ballast system and a water activated locator light as required by the FAA.</li>\r\n          <li>Lightest weight and most compact - easy to carry, stow away, and maneuver in any emergency situation.</li>\r\n          <li>Easily deployed by women, children, exhausted pilots, or boaters.</li>\r\n          <li>Soft-pack valise made of practically indestructible nylon with secure nylon velcro closures.</li>\r\n          <li>Constructed of heavy-duty FAA approved neoprene coated nylon fabric.</li>\r\n          <li>Highly visible orange canopy to aid in search and rescue operations.</li>\r\n          <li>Contains aluminum cylinders and valves eliminating corrosion and greatly reducing the weight.</li>\r\n          <li>High-tech CO2 automatic inflation system, inflates in 10 seconds.</li>\r\n          <li>Survival kit.</li>\r\n          <li>Lifetime warranty on parts and labor, built to last a lifetime with proper care</li>\r\n        </ul><br /></div>\r\n    <div class=\"TabbedPanelsContent\">\r\n	<table border=\"0\" cellpadding=\"3\" cellspacing=\"0\">\r\n    <tbody>\r\n      <tr></tr>\r\n      <tr>\r\n        <td width=\"50%\" height=\"1\">&#8226;  Buoyancy tube</td>\r\n        <td width=\"50%\" height=\"1\">&#8226; Retaining line</td>\r\n      </tr>\r\n      <tr>\r\n        <td height=\"1\">&#8226; Deck</td>\r\n        <td width=\"50%\" height=\"1\">&#8226; Hand pump</td>\r\n      </tr>\r\n      <tr>\r\n        <td height=\"1\">&#8226; Lífe lines</td>\r\n        <td width=\"50%\" height=\"1\">&#8226; Bailing bucket </td>\r\n      </tr>\r\n      <tr>\r\n        <td height=\"1\">&#8226; Boarding Handles</td>\r\n        <td width=\"50%\" height=\"1\">&#8226; Sea anchor</td>\r\n      </tr>\r\n      <tr>\r\n        <td height=\"1\">&#8226; CO2 auto-inflation system</td>\r\n        <td width=\"50%\" height=\"1\">&#8226; Valise</td>\r\n      </tr>\r\n      <tr>\r\n        <td height=\"1\">&#8226; Inflatable Mast</td>\r\n        <td height=\"1\">&#8226; Canopy</td>\r\n      </tr>\r\n      <tr>\r\n        <td height=\"1\" colspan=\"2\"><hr />Note:  Required Raft Compartment Size - Add 3\" to Raft Pack Dimensions.  Raft Weight +/- 2.0 lbs</td>\r\n      </tr>\r\n    </tbody>\r\n  </table></div>\r\n  \r\n  <div class=\"TabbedPanelsContent\">\r\n  <table width=\"100%\" border=\"0\" cellpadding=\"3\" cellspacing=\"0\">\r\n  <tr>\r\n    <td width=\"34%\">&#8226; canopy w/inflatable mast</td>\r\n    <td width=\"33%\">&#8226; first aid kit</td>\r\n    <td width=\"33%\">&#8226; signal mirror</td>\r\n  </tr>\r\n  <tr>\r\n    <td>&#8226; equipment container</td>\r\n    <td>&#8226; raft repair kit</td>\r\n    <td>&#8226; food rations</td>\r\n  </tr>\r\n  <tr>\r\n    <td>&#8226; signal flag</td>\r\n    <td>&#8226; utility knife</td>\r\n    <td>&#8226; water rations</td>\r\n  </tr>\r\n  <tr>\r\n    <td>&#8226; 3 signal flares</td>\r\n    <td>&#8226; survival manual</td>\r\n    <td>&#8226; sponge</td>\r\n  </tr>\r\n  <tr>\r\n    <td>&#8226; 2-cell flashlight w/batteries</td>\r\n    <td>&#8226; sea dye markers</td>\r\n    <td>&#8226; signal whistle</td>\r\n  </tr>\r\n  <tr>\r\n    <td>&#8226; magnetic compass </td>\r\n    <td>&#8226; 8-pint desalter(s) </td>\r\n    <td>&#8226; fishing kit </td>\r\n  </tr>\r\n  <tr>\r\n    <td>&#8226; 75-foot retaining line</td>\r\n    <td>&#8226; 2 paddles </td>\r\n    <td>&#8226; radar reflector</td>\r\n  </tr>\r\n</table><div id=\"productOptionImage\"><img src=\"images/kit_01.jpg\" alt=\"Deluxe Kit:\" title=\" Deluxe Kit: \" width=\"98\" height=\"120\" />\r\n</div>\r\n  </div></div></div>\r\n  \r\n    <script type=\"text/javascript\">\r\n<!--\r\nvar TabbedPanels1 = new Spry.Widget.TabbedPanels(\"TabbedPanels1\");\r\n//-->\r\n    </script>','',1563,''),(25,1,'10-Man Life Raft Basic Non TSO w/ Double Tube Design','Constructed of heavy-duty FAA approved neoprene coated nylon fabric. \r\n<div id=\"TabbedPanels1\" class=\"TabbedPanels\">\r\n  <ul class=\"TabbedPanelsTabGroup\">\r\n    <li class=\"TabbedPanelsTab\" tabindex=\"0\">Features</li>\r\n    <li class=\"TabbedPanelsTab\" tabindex=\"0\">Included</li>    \r\n  </ul>\r\n  <div class=\"TabbedPanelsContentGroup\">\r\n    <div class=\"TabbedPanelsContent\"><br /><li>    Easy to carry, stow away, and maneuver in any emergency situation.</li><li>    Easily deployed by women, children, exhausted pilots, or boaters. </li><li>    Soft-pack valise made of practically indestructible nylon with secure nylon velcro closures.</li><li>    Constructed of heavy-duty FAA approved neoprene coated nylon fabric. </li><li>    Optional highly visible orange canopy to aid in search and rescue operations. </li><li>    Contains aluminum cylinders and valves eliminating corrosion and greatly reducing the weight. <br />\r\n\r\n    </li>\r\n\r\n  <li>High-tech CO2 automatic inflation system, inflates in 10 seconds. </li><li>    Optional survival kits are available to meet individual requirements. </li><li>    Lifetime warranty on parts and labor, built to last a lifetime with proper care. </li><br /></div>\r\n    <div class=\"TabbedPanelsContent\"><table border=\"0\" cellpadding=\"3\" cellspacing=\"0\">\r\n\r\n    <tbody>\r\n\r\n      <tr>\r\n\r\n\r\n      </tr>\r\n\r\n      <tr>\r\n\r\n        <td width=\"50%\" height=\"1\">&#8226;  Buoyancy tube</td>\r\n\r\n        <td width=\"50%\" height=\"1\">&#8226; Retaining line</td>\r\n\r\n      </tr>\r\n\r\n      <tr>\r\n\r\n        <td height=\"1\">&#8226; Deck</td>\r\n\r\n        <td width=\"50%\" height=\"1\">&#8226; Hand pump</td>\r\n\r\n      </tr>\r\n\r\n      <tr>\r\n\r\n        <td height=\"1\">&#8226; Lífe lines</td>\r\n\r\n        <td width=\"50%\" height=\"1\">&#8226; Bailing bucket </td>\r\n\r\n      </tr>\r\n\r\n      <tr>\r\n\r\n        <td height=\"1\">&#8226; Boarding Handles</td>\r\n\r\n        <td width=\"50%\" height=\"1\">&#8226; Sea anchor</td>\r\n\r\n      </tr>\r\n\r\n      <tr>\r\n\r\n        <td height=\"1\">&#8226; CO2 auto-inflation system</td>\r\n\r\n        <td width=\"50%\" height=\"1\">&#8226; Valise</td>\r\n\r\n      </tr>\r\n\r\n      <tr>\r\n\r\n        <td height=\"1\" colspan=\"2\"><hr />Note:  Required Raft Compartment Size - Add 3\" to Raft Pack Dimensions.  Raft Weight +/- 2.0 lbs</td>\r\n\r\n      </tr>\r\n\r\n    </tbody>\r\n\r\n  </table></div></div></div>\r\n\r\n<script type=\"text/javascript\">\r\n<!--\r\nvar TabbedPanels1 = new Spry.Widget.TabbedPanels(\"TabbedPanels1\");\r\n//-->\r\n</script>','',3667,''),(26,1,'10-Man Life Raft w/Canopy Only TSO','FAA TSO-C70a, Type I Approved. Constructed of heavy-duty FAA approved neoprene coated nylon fabric.\r\n<div id=\"TabbedPanels1\" class=\"TabbedPanels\">\r\n  <ul class=\"TabbedPanelsTabGroup\">\r\n    <li class=\"TabbedPanelsTab\" tabindex=\"0\">Features</li>\r\n    <li class=\"TabbedPanelsTab\" tabindex=\"0\">Included</li>    \r\n  </ul>\r\n  <div class=\"TabbedPanelsContentGroup\">\r\n    <div class=\"TabbedPanelsContent\"><br /><ul>\r\n          <li>Double tube design containing two complete separate chambers.</li> <li>Comprised of buoyancy tube, deck, life lines, CO2 automatic inflation system, boarding handles, retaining line, hand pump, bailing bucket, sea anchor, and valise.</li>\r\n          <li>Includes a stabilizing water ballast system and a water activated locator light as required by the FAA.</li>\r\n          <li>Lightest weight and most compact - easy to carry, stow away, and maneuver in any emergency situation.</li>\r\n          <li>Easily deployed by women, children, exhausted pilots, or boaters.</li>\r\n          <li>Soft-pack valise made of practically indestructible nylon with secure nylon velcro closures.</li>\r\n          <li>Constructed of heavy-duty FAA approved neoprene coated nylon fabric.</li>\r\n          <li>Highly visible orange canopy to aid in search and rescue operations.</li>\r\n          <li>Contains aluminum cylinders and valves eliminating corrosion and greatly reducing the weight.</li>\r\n          <li>High-tech CO2 automatic inflation system, inflates in 10 seconds.</li>\r\n          <li>Optional survival kit.</li>\r\n          <li>Lifetime warranty on parts and labor, built to last a lifetime with proper care</li>\r\n        </ul><br /></div>\r\n    <div class=\"TabbedPanelsContent\"><table border=\"0\" cellpadding=\"3\" cellspacing=\"0\">\r\n    <tbody>\r\n      <tr></tr>\r\n      <tr>\r\n        <td width=\"50%\" height=\"1\">&#8226;  Buoyancy tube</td>\r\n        <td width=\"50%\" height=\"1\">&#8226; Retaining line</td>\r\n      </tr>\r\n      <tr>\r\n        <td height=\"1\">&#8226; Deck</td>\r\n        <td width=\"50%\" height=\"1\">&#8226; Hand pump</td>\r\n      </tr>\r\n      <tr>\r\n        <td height=\"1\">&#8226; Lífe lines</td>\r\n        <td width=\"50%\" height=\"1\">&#8226; Bailing bucket </td>\r\n      </tr>\r\n      <tr>\r\n        <td height=\"1\">&#8226; Boarding Handles</td>\r\n        <td width=\"50%\" height=\"1\">&#8226; Sea anchor</td>\r\n      </tr>\r\n      <tr>\r\n        <td height=\"1\">&#8226; CO2 auto-inflation system</td>\r\n        <td width=\"50%\" height=\"1\">&#8226; Valise</td>\r\n      </tr>\r\n      <tr>\r\n        <td height=\"1\">&#8226; Inflatable Mast</td>\r\n        <td height=\"1\">&#8226; Canopy</td>\r\n      </tr>\r\n      <tr>\r\n        <td height=\"1\" colspan=\"2\"><hr />Note:  Required Raft Compartment Size - Add 3\" to Raft Pack Dimensions.  Raft Weight +/- 2.0 lbs</td>\r\n      </tr>\r\n    </tbody>\r\n  </table></div>\r\n\r\n<script type=\"text/javascript\">\r\n<!--\r\nvar TabbedPanels1 = new Spry.Widget.TabbedPanels(\"TabbedPanels1\");\r\n//-->\r\n</script>','',1638,''),(27,1,'10-Man Life Raft w/FAR 91 Survival Kit TSO','FAA TSO-C70a, Type I Approved\r\n  <div id=\"TabbedPanels1\" class=\"TabbedPanels\">\r\n  <ul class=\"TabbedPanelsTabGroup\">\r\n    <li class=\"TabbedPanelsTab\" tabindex=\"0\">Features</li>\r\n    <li class=\"TabbedPanelsTab\" tabindex=\"0\">Included</li>  \r\n    <li class=\"TabbedPanelsTab\" tabindex=\"0\">Survival Kit</li>\r\n</ul>\r\n  <div class=\"TabbedPanelsContentGroup\">\r\n    <div class=\"TabbedPanelsContent\"><br /><ul>\r\n          <li>Double tube design containing two complete separate chambers.</li> <li>Comprised of buoyancy tube, deck, life lines, CO2 automatic inflation system, boarding handles, retaining line, hand pump, bailing bucket, sea anchor, and valise.</li>\r\n          <li>Includes a stabilizing water ballast system and a water activated locator light as required by the FAA.</li>\r\n          <li>Lightest weight and most compact - easy to carry, stow away, and maneuver in any emergency situation.</li>\r\n          <li>Easily deployed by women, children, exhausted pilots, or boaters.</li>\r\n          <li>Soft-pack valise made of practically indestructible nylon with secure nylon velcro closures.</li>\r\n          <li>Constructed of heavy-duty FAA approved neoprene coated nylon fabric.</li>\r\n          <li>Highly visible orange canopy to aid in search and rescue operations.</li>\r\n          <li>Contains aluminum cylinders and valves eliminating corrosion and greatly reducing the weight.</li>\r\n          <li>High-tech CO2 automatic inflation system, inflates in 10 seconds.</li>\r\n          <li>Survival kit.</li>\r\n          <li>Lifetime warranty on parts and labor, built to last a lifetime with proper care</li>\r\n        </ul><br /></div>\r\n    <div class=\"TabbedPanelsContent\">\r\n	<table border=\"0\" cellpadding=\"3\" cellspacing=\"0\">\r\n    <tbody>\r\n      <tr></tr>\r\n      <tr>\r\n        <td width=\"50%\" height=\"1\">&#8226;  Buoyancy tube</td>\r\n        <td width=\"50%\" height=\"1\">&#8226; Retaining line</td>\r\n      </tr>\r\n      <tr>\r\n        <td height=\"1\">&#8226; Deck</td>\r\n        <td width=\"50%\" height=\"1\">&#8226; Hand pump</td>\r\n      </tr>\r\n      <tr>\r\n        <td height=\"1\">&#8226; Lífe lines</td>\r\n        <td width=\"50%\" height=\"1\">&#8226; Bailing bucket </td>\r\n      </tr>\r\n      <tr>\r\n        <td height=\"1\">&#8226; Boarding Handles</td>\r\n        <td width=\"50%\" height=\"1\">&#8226; Sea anchor</td>\r\n      </tr>\r\n      <tr>\r\n        <td height=\"1\">&#8226; CO2 auto-inflation system</td>\r\n        <td width=\"50%\" height=\"1\">&#8226; Valise</td>\r\n      </tr>\r\n      <tr>\r\n        <td height=\"1\">&#8226; Inflatable Mast</td>\r\n        <td height=\"1\">&#8226; Canopy</td>\r\n      </tr>\r\n      <tr>\r\n        <td height=\"1\" colspan=\"2\"><hr />Note:  Required Raft Compartment Size - Add 3\" to Raft Pack Dimensions.  Raft Weight +/- 2.0 lbs</td>\r\n      </tr>\r\n    </tbody>\r\n  </table></div>\r\n  \r\n  <div class=\"TabbedPanelsContent\">\r\n  <table width=\"100%\" border=\"0\" cellpadding=\"3\" cellspacing=\"0\">\r\n<tr>\r\n    <td width=\"34%\">&#8226; canopy w/inflatable mast</td>\r\n    <td width=\"33%\">&#8226; first aid kit</td>\r\n    <td width=\"33%\">&#8226; signal mirror</td>\r\n  </tr>\r\n  <tr>\r\n    <td>&#8226; equipment container</td>\r\n    <td>&#8226; raft repair kit</td>\r\n    <td>&#8226; food rations</td>\r\n  </tr>\r\n  <tr>\r\n    <td>&#8226; signal flag</td>\r\n    <td>&#8226; sea dye markers</td>\r\n    <td>&#8226; water rations</td>\r\n  </tr>\r\n  <tr>\r\n    <td>&#8226; 3 signal flares</td>\r\n    <td>&#8226; 2-cell flashlight w/batteries</td>\r\n    <td>&#8226; signal whistle</td>\r\n  </tr>\r\n</table>\r\n<div id=\"productOptionImage\"><img src=\"images/kit_01.jpg\" alt=\"Standard Kit:\" title=\" Standard Kit: \" width=\"98\" height=\"120\" />\r\n</div>\r\n  </div></div></div>\r\n  \r\n    <script type=\"text/javascript\">\r\n<!--\r\nvar TabbedPanels1 = new Spry.Widget.TabbedPanels(\"TabbedPanels1\");\r\n//-->\r\n    </script>','',4209,''),(28,1,'10-Man Life Raft w/FAR 121 Survival Kit TSO','FAA TSO-C70a, Type I Approved\r\n  <div id=\"TabbedPanels1\" class=\"TabbedPanels\">\r\n  <ul class=\"TabbedPanelsTabGroup\">\r\n    <li class=\"TabbedPanelsTab\" tabindex=\"0\">Features</li>\r\n    <li class=\"TabbedPanelsTab\" tabindex=\"0\">Included</li>  \r\n    <li class=\"TabbedPanelsTab\" tabindex=\"0\">Survival Kit</li>\r\n</ul>\r\n  <div class=\"TabbedPanelsContentGroup\">\r\n    <div class=\"TabbedPanelsContent\"><br /><ul>\r\n          <li>Double tube design containing two complete separate chambers.</li> <li>Comprised of buoyancy tube, deck, life lines, CO2 automatic inflation system, boarding handles, retaining line, hand pump, bailing bucket, sea anchor, and valise.</li>\r\n          <li>Includes a stabilizing water ballast system and a water activated locator light as required by the FAA.</li>\r\n          <li>Lightest weight and most compact - easy to carry, stow away, and maneuver in any emergency situation.</li>\r\n          <li>Easily deployed by women, children, exhausted pilots, or boaters.</li>\r\n          <li>Soft-pack valise made of practically indestructible nylon with secure nylon velcro closures.</li>\r\n          <li>Constructed of heavy-duty FAA approved neoprene coated nylon fabric.</li>\r\n          <li>Highly visible orange canopy to aid in search and rescue operations.</li>\r\n          <li>Contains aluminum cylinders and valves eliminating corrosion and greatly reducing the weight.</li>\r\n          <li>High-tech CO2 automatic inflation system, inflates in 10 seconds.</li>\r\n          <li>Survival kit.</li>\r\n          <li>Lifetime warranty on parts and labor, built to last a lifetime with proper care</li>\r\n        </ul><br /></div>\r\n    <div class=\"TabbedPanelsContent\">\r\n	<table border=\"0\" cellpadding=\"3\" cellspacing=\"0\">\r\n    <tbody>\r\n      <tr></tr>\r\n      <tr>\r\n        <td width=\"50%\" height=\"1\">&#8226;  Buoyancy tube</td>\r\n        <td width=\"50%\" height=\"1\">&#8226; Retaining line</td>\r\n      </tr>\r\n      <tr>\r\n        <td height=\"1\">&#8226; Deck</td>\r\n        <td width=\"50%\" height=\"1\">&#8226; Hand pump</td>\r\n      </tr>\r\n      <tr>\r\n        <td height=\"1\">&#8226; Lífe lines</td>\r\n        <td width=\"50%\" height=\"1\">&#8226; Bailing bucket </td>\r\n      </tr>\r\n      <tr>\r\n        <td height=\"1\">&#8226; Boarding Handles</td>\r\n        <td width=\"50%\" height=\"1\">&#8226; Sea anchor</td>\r\n      </tr>\r\n      <tr>\r\n        <td height=\"1\">&#8226; CO2 auto-inflation system</td>\r\n        <td width=\"50%\" height=\"1\">&#8226; Valise</td>\r\n      </tr>\r\n      <tr>\r\n        <td height=\"1\">&#8226; Inflatable Mast</td>\r\n        <td height=\"1\">&#8226; Canopy</td>\r\n      </tr>\r\n      <tr>\r\n        <td height=\"1\" colspan=\"2\"><hr />Note:  Required Raft Compartment Size - Add 3\" to Raft Pack Dimensions.  Raft Weight +/- 2.0 lbs</td>\r\n      </tr>\r\n    </tbody>\r\n  </table></div>\r\n  \r\n  <div class=\"TabbedPanelsContent\">\r\n  <table width=\"100%\" border=\"0\" cellpadding=\"3\" cellspacing=\"0\">\r\n<tr>\r\n    <td width=\"34%\">&#8226; canopy w/inflatable mast</td>\r\n    <td width=\"33%\">&#8226; first aid kit</td>\r\n    <td width=\"33%\">&#8226; signal mirror</td>\r\n  </tr>\r\n  <tr>\r\n    <td>&#8226; equipment container</td>\r\n    <td>&#8226; raft repair kit</td>\r\n    <td>&#8226; food rations</td>\r\n  </tr>\r\n  <tr>\r\n    <td>&#8226; signal flag</td>\r\n    <td>&#8226; utility knife</td>\r\n    <td>&#8226; water rations</td>\r\n  </tr>\r\n  <tr>\r\n    <td>&#8226; 3 signal flares</td>\r\n    <td>&#8226; survival manual</td>\r\n    <td>&#8226; sponge</td>\r\n  </tr>\r\n  <tr>\r\n    <td>&#8226; 2-cell flashlight w/batteries</td>\r\n    <td>&#8226; sea dye markers</td>\r\n    <td>&#8226; signal whistle</td>\r\n  </tr>\r\n</table>\r\n<div id=\"productOptionImage\"><img src=\"images/kit_01.jpg\" alt=\"Standard Plus Kit:\" title=\" Standard Plus Kit: \" width=\"98\" height=\"120\" />\r\n  </div></div></div></div>\r\n  \r\n    <script type=\"text/javascript\">\r\n<!--\r\nvar TabbedPanels1 = new Spry.Widget.TabbedPanels(\"TabbedPanels1\");\r\n//-->\r\n    </script>','',1800,''),(29,1,'10-Man Life Raft w/FAR 135 Survival Kit TSO','FAA TSO-C70a, Type I Approved\r\n  <div id=\"TabbedPanels1\" class=\"TabbedPanels\">\r\n  <ul class=\"TabbedPanelsTabGroup\">\r\n    <li class=\"TabbedPanelsTab\" tabindex=\"0\">Features</li>\r\n    <li class=\"TabbedPanelsTab\" tabindex=\"0\">Included</li>  \r\n    <li class=\"TabbedPanelsTab\" tabindex=\"0\">Survival Kit</li>\r\n</ul>\r\n  <div class=\"TabbedPanelsContentGroup\">\r\n    <div class=\"TabbedPanelsContent\"><br /><ul>\r\n          <li>Double tube design containing two complete separate chambers.</li> <li>Comprised of buoyancy tube, deck, life lines, CO2 automatic inflation system, boarding handles, retaining line, hand pump, bailing bucket, sea anchor, and valise.</li>\r\n          <li>Includes a stabilizing water ballast system and a water activated locator light as required by the FAA.</li>\r\n          <li>Lightest weight and most compact - easy to carry, stow away, and maneuver in any emergency situation.</li>\r\n          <li>Easily deployed by women, children, exhausted pilots, or boaters.</li>\r\n          <li>Soft-pack valise made of practically indestructible nylon with secure nylon velcro closures.</li>\r\n          <li>Constructed of heavy-duty FAA approved neoprene coated nylon fabric.</li>\r\n          <li>Highly visible orange canopy to aid in search and rescue operations.</li>\r\n          <li>Contains aluminum cylinders and valves eliminating corrosion and greatly reducing the weight.</li>\r\n          <li>High-tech CO2 automatic inflation system, inflates in 10 seconds.</li>\r\n          <li>Survival kit.</li>\r\n          <li>Lifetime warranty on parts and labor, built to last a lifetime with proper care</li>\r\n        </ul><br /></div>\r\n    <div class=\"TabbedPanelsContent\">\r\n	<table border=\"0\" cellpadding=\"3\" cellspacing=\"0\">\r\n    <tbody>\r\n      <tr></tr>\r\n      <tr>\r\n        <td width=\"50%\" height=\"1\">&#8226;  Buoyancy tube</td>\r\n        <td width=\"50%\" height=\"1\">&#8226; Retaining line</td>\r\n      </tr>\r\n      <tr>\r\n        <td height=\"1\">&#8226; Deck</td>\r\n        <td width=\"50%\" height=\"1\">&#8226; Hand pump</td>\r\n      </tr>\r\n      <tr>\r\n        <td height=\"1\">&#8226; Lífe lines</td>\r\n        <td width=\"50%\" height=\"1\">&#8226; Bailing bucket </td>\r\n      </tr>\r\n      <tr>\r\n        <td height=\"1\">&#8226; Boarding Handles</td>\r\n        <td width=\"50%\" height=\"1\">&#8226; Sea anchor</td>\r\n      </tr>\r\n      <tr>\r\n        <td height=\"1\">&#8226; CO2 auto-inflation system</td>\r\n        <td width=\"50%\" height=\"1\">&#8226; Valise</td>\r\n      </tr>\r\n      <tr>\r\n        <td height=\"1\">&#8226; Inflatable Mast</td>\r\n        <td height=\"1\">&#8226; Canopy</td>\r\n      </tr>\r\n      <tr>\r\n        <td height=\"1\" colspan=\"2\"><hr />Note:  Required Raft Compartment Size - Add 3\" to Raft Pack Dimensions.  Raft Weight +/- 2.0 lbs</td>\r\n      </tr>\r\n    </tbody>\r\n  </table></div>\r\n  \r\n  <div class=\"TabbedPanelsContent\">\r\n  <table width=\"100%\" border=\"0\" cellpadding=\"3\" cellspacing=\"0\">\r\n  <tr>\r\n    <td width=\"34%\">&#8226; canopy w/inflatable mast</td>\r\n    <td width=\"33%\">&#8226; first aid kit</td>\r\n    <td width=\"33%\">&#8226; signal mirror</td>\r\n  </tr>\r\n  <tr>\r\n    <td>&#8226; equipment container</td>\r\n    <td>&#8226; raft repair kit</td>\r\n    <td>&#8226; food rations</td>\r\n  </tr>\r\n  <tr>\r\n    <td>&#8226; signal flag</td>\r\n    <td>&#8226; utility knife</td>\r\n    <td>&#8226; water rations</td>\r\n  </tr>\r\n  <tr>\r\n    <td>&#8226; 3 signal flares</td>\r\n    <td>&#8226; survival manual</td>\r\n    <td>&#8226; sponge</td>\r\n  </tr>\r\n  <tr>\r\n    <td>&#8226; 2-cell flashlight w/batteries</td>\r\n    <td>&#8226; sea dye markers</td>\r\n    <td>&#8226; signal whistle</td>\r\n  </tr>\r\n  <tr>\r\n    <td>&#8226; magnetic compass </td>\r\n    <td>&#8226; 8-pint desalter(s) </td>\r\n    <td>&#8226; fishing kit </td>\r\n  </tr>\r\n  <tr>\r\n    <td>&#8226; 75-foot retaining line</td>\r\n    <td>&#8226; 2 paddles </td>\r\n    <td>&#8226; radar reflector</td>\r\n  </tr>\r\n</table><div id=\"productOptionImage\"><img src=\"images/kit_01.jpg\" alt=\"Deluxe Kit:\" title=\" Deluxe Kit: \" width=\"98\" height=\"120\" />\r\n</div>\r\n  </div></div></div>\r\n  \r\n    <script type=\"text/javascript\">\r\n<!--\r\nvar TabbedPanels1 = new Spry.Widget.TabbedPanels(\"TabbedPanels1\");\r\n//-->\r\n    </script>','',2437,''),(30,1,'12-Man Life Raft Basic Non TSO w/ Double Tube Design','Constructed of heavy-duty FAA approved neoprene coated nylon fabric.\r\n<div id=\"TabbedPanels1\" class=\"TabbedPanels\">\r\n  <ul class=\"TabbedPanelsTabGroup\">\r\n    <li class=\"TabbedPanelsTab\" tabindex=\"0\">Features</li>\r\n    <li class=\"TabbedPanelsTab\" tabindex=\"0\">Included</li>    \r\n  </ul>\r\n  <div class=\"TabbedPanelsContentGroup\">\r\n    <div class=\"TabbedPanelsContent\"><br /><li>    Easy to carry, stow away, and maneuver in any emergency situation.</li><li>    Easily deployed by women, children, exhausted pilots, or boaters. </li><li>    Soft-pack valise made of practically indestructible nylon with secure nylon velcro closures.</li><li>    Constructed of heavy-duty FAA approved neoprene coated nylon fabric. </li><li>    Optional highly visible orange canopy to aid in search and rescue operations. </li><li>    Contains aluminum cylinders and valves eliminating corrosion and greatly reducing the weight. <br />\r\n\r\n    </li>\r\n\r\n  <li>High-tech CO2 automatic inflation system, inflates in 10 seconds. </li><li>    Optional survival kits are available to meet individual requirements. </li><li>    Lifetime warranty on parts and labor, built to last a lifetime with proper care. </li><br /></div>\r\n    <div class=\"TabbedPanelsContent\"><table border=\"0\" cellpadding=\"3\" cellspacing=\"0\">\r\n\r\n    <tbody>\r\n\r\n      <tr>\r\n\r\n\r\n      </tr>\r\n\r\n      <tr>\r\n\r\n        <td width=\"50%\" height=\"1\">&#8226;  Buoyancy tube</td>\r\n\r\n        <td width=\"50%\" height=\"1\">&#8226; Retaining line</td>\r\n\r\n      </tr>\r\n\r\n      <tr>\r\n\r\n        <td height=\"1\">&#8226; Deck</td>\r\n\r\n        <td width=\"50%\" height=\"1\">&#8226; Hand pump</td>\r\n\r\n      </tr>\r\n\r\n      <tr>\r\n\r\n        <td height=\"1\">&#8226; Lífe lines</td>\r\n\r\n        <td width=\"50%\" height=\"1\">&#8226; Bailing bucket </td>\r\n\r\n      </tr>\r\n\r\n      <tr>\r\n\r\n        <td height=\"1\">&#8226; Boarding Handles</td>\r\n\r\n        <td width=\"50%\" height=\"1\">&#8226; Sea anchor</td>\r\n\r\n      </tr>\r\n\r\n      <tr>\r\n\r\n        <td height=\"1\">&#8226; CO2 auto-inflation system</td>\r\n\r\n        <td width=\"50%\" height=\"1\">&#8226; Valise</td>\r\n\r\n      </tr>\r\n\r\n      <tr>\r\n\r\n        <td height=\"1\" colspan=\"2\"><hr />Note:  Required Raft Compartment Size - Add 3\" to Raft Pack Dimensions.  Raft Weight +/- 2.0 lbs</td>\r\n\r\n      </tr>\r\n\r\n    </tbody>\r\n\r\n  </table></div></div></div>\r\n\r\n<script type=\"text/javascript\">\r\n<!--\r\nvar TabbedPanels1 = new Spry.Widget.TabbedPanels(\"TabbedPanels1\");\r\n//-->\r\n</script>','',4046,''),(31,1,'12-Man Life Raft w/Canopy Only TSO','FAA TSO-C70a, Type I Approved. Constructed of heavy-duty FAA approved neoprene coated nylon fabric.\r\n<div id=\"TabbedPanels1\" class=\"TabbedPanels\">\r\n  <ul class=\"TabbedPanelsTabGroup\">\r\n    <li class=\"TabbedPanelsTab\" tabindex=\"0\">Features</li>\r\n    <li class=\"TabbedPanelsTab\" tabindex=\"0\">Included</li>    \r\n  </ul>\r\n  <div class=\"TabbedPanelsContentGroup\">\r\n    <div class=\"TabbedPanelsContent\"><br /><ul>\r\n          <li>Double tube design containing two complete separate chambers.</li> <li>Comprised of buoyancy tube, deck, life lines, CO2 automatic inflation system, boarding handles, retaining line, hand pump, bailing bucket, sea anchor, and valise.</li>\r\n          <li>Includes a stabilizing water ballast system and a water activated locator light as required by the FAA.</li>\r\n          <li>Lightest weight and most compact - easy to carry, stow away, and maneuver in any emergency situation.</li>\r\n          <li>Easily deployed by women, children, exhausted pilots, or boaters.</li>\r\n          <li>Soft-pack valise made of practically indestructible nylon with secure nylon velcro closures.</li>\r\n          <li>Constructed of heavy-duty FAA approved neoprene coated nylon fabric.</li>\r\n          <li>Highly visible orange canopy to aid in search and rescue operations.</li>\r\n          <li>Contains aluminum cylinders and valves eliminating corrosion and greatly reducing the weight.</li>\r\n          <li>High-tech CO2 automatic inflation system, inflates in 10 seconds.</li>\r\n          <li>Optional survival kit.</li>\r\n          <li>Lifetime warranty on parts and labor, built to last a lifetime with proper care</li>\r\n        </ul><br /></div>\r\n    <div class=\"TabbedPanelsContent\"><table border=\"0\" cellpadding=\"3\" cellspacing=\"0\">\r\n    <tbody>\r\n      <tr></tr>\r\n      <tr>\r\n        <td width=\"50%\" height=\"1\">&#8226;  Buoyancy tube</td>\r\n        <td width=\"50%\" height=\"1\">&#8226; Retaining line</td>\r\n      </tr>\r\n      <tr>\r\n        <td height=\"1\">&#8226; Deck</td>\r\n        <td width=\"50%\" height=\"1\">&#8226; Hand pump</td>\r\n      </tr>\r\n      <tr>\r\n        <td height=\"1\">&#8226; Lífe lines</td>\r\n        <td width=\"50%\" height=\"1\">&#8226; Bailing bucket </td>\r\n      </tr>\r\n      <tr>\r\n        <td height=\"1\">&#8226; Boarding Handles</td>\r\n        <td width=\"50%\" height=\"1\">&#8226; Sea anchor</td>\r\n      </tr>\r\n      <tr>\r\n        <td height=\"1\">&#8226; CO2 auto-inflation system</td>\r\n        <td width=\"50%\" height=\"1\">&#8226; Valise</td>\r\n      </tr>\r\n      <tr>\r\n        <td height=\"1\">&#8226; Inflatable Mast</td>\r\n        <td height=\"1\">&#8226; Canopy</td>\r\n      </tr>\r\n      <tr>\r\n        <td height=\"1\" colspan=\"2\"><hr />Note:  Required Raft Compartment Size - Add 3\" to Raft Pack Dimensions.  Raft Weight +/- 2.0 lbs</td>\r\n      </tr>\r\n    </tbody>\r\n  </table></div>\r\n\r\n<script type=\"text/javascript\">\r\n<!--\r\nvar TabbedPanels1 = new Spry.Widget.TabbedPanels(\"TabbedPanels1\");\r\n//-->\r\n</script>','',1881,''),(32,1,'12-Man Life Raft w/FAR 91 Survival Kit TSO','FAA TSO-C70a, Type I Approved\r\nLightest and smallest package on the market today, designed for private pilots and pleasure boaters.\r\n  <div id=\"TabbedPanels1\" class=\"TabbedPanels\">\r\n  <ul class=\"TabbedPanelsTabGroup\">\r\n    <li class=\"TabbedPanelsTab\" tabindex=\"0\">Features</li>\r\n    <li class=\"TabbedPanelsTab\" tabindex=\"0\">Included</li>  \r\n    <li class=\"TabbedPanelsTab\" tabindex=\"0\">Survival Kit</li>\r\n</ul>\r\n  <div class=\"TabbedPanelsContentGroup\">\r\n    <div class=\"TabbedPanelsContent\"><br /><ul>\r\n          <li>Double tube design containing two complete separate chambers.</li> <li>Comprised of buoyancy tube, deck, life lines, CO2 automatic inflation system, boarding handles, retaining line, hand pump, bailing bucket, sea anchor, and valise.</li>\r\n          <li>Includes a stabilizing water ballast system and a water activated locator light as required by the FAA.</li>\r\n          <li>Lightest weight and most compact - easy to carry, stow away, and maneuver in any emergency situation.</li>\r\n          <li>Easily deployed by women, children, exhausted pilots, or boaters.</li>\r\n          <li>Soft-pack valise made of practically indestructible nylon with secure nylon velcro closures.</li>\r\n          <li>Constructed of heavy-duty FAA approved neoprene coated nylon fabric.</li>\r\n          <li>Highly visible orange canopy to aid in search and rescue operations.</li>\r\n          <li>Contains aluminum cylinders and valves eliminating corrosion and greatly reducing the weight.</li>\r\n          <li>High-tech CO2 automatic inflation system, inflates in 10 seconds.</li>\r\n          <li>Survival kit.</li>\r\n          <li>Lifetime warranty on parts and labor, built to last a lifetime with proper care</li>\r\n        </ul><br /></div>\r\n    <div class=\"TabbedPanelsContent\">\r\n	<table border=\"0\" cellpadding=\"3\" cellspacing=\"0\">\r\n    <tbody>\r\n      <tr></tr>\r\n      <tr>\r\n        <td width=\"50%\" height=\"1\">&#8226;  Buoyancy tube</td>\r\n        <td width=\"50%\" height=\"1\">&#8226; Retaining line</td>\r\n      </tr>\r\n      <tr>\r\n        <td height=\"1\">&#8226; Deck</td>\r\n        <td width=\"50%\" height=\"1\">&#8226; Hand pump</td>\r\n      </tr>\r\n      <tr>\r\n        <td height=\"1\">&#8226; Lífe lines</td>\r\n        <td width=\"50%\" height=\"1\">&#8226; Bailing bucket </td>\r\n      </tr>\r\n      <tr>\r\n        <td height=\"1\">&#8226; Boarding Handles</td>\r\n        <td width=\"50%\" height=\"1\">&#8226; Sea anchor</td>\r\n      </tr>\r\n      <tr>\r\n        <td height=\"1\">&#8226; CO2 auto-inflation system</td>\r\n        <td width=\"50%\" height=\"1\">&#8226; Valise</td>\r\n      </tr>\r\n      <tr>\r\n        <td height=\"1\">&#8226; Inflatable Mast</td>\r\n        <td height=\"1\">&#8226; Canopy</td>\r\n      </tr>\r\n      <tr>\r\n        <td height=\"1\" colspan=\"2\"><hr />Note:  Required Raft Compartment Size - Add 3\" to Raft Pack Dimensions.  Raft Weight +/- 2.0 lbs</td>\r\n      </tr>\r\n    </tbody>\r\n  </table></div>\r\n  \r\n  <div class=\"TabbedPanelsContent\">\r\n  <table width=\"100%\" border=\"0\" cellpadding=\"3\" cellspacing=\"0\">\r\n<tr>\r\n    <td width=\"34%\">&#8226; canopy w/inflatable mast</td>\r\n    <td width=\"33%\">&#8226; first aid kit</td>\r\n    <td width=\"33%\">&#8226; signal mirror</td>\r\n  </tr>\r\n  <tr>\r\n    <td>&#8226; equipment container</td>\r\n    <td>&#8226; raft repair kit</td>\r\n    <td>&#8226; food rations</td>\r\n  </tr>\r\n  <tr>\r\n    <td>&#8226; signal flag</td>\r\n    <td>&#8226; sea dye markers</td>\r\n    <td>&#8226; water rations</td>\r\n  </tr>\r\n  <tr>\r\n    <td>&#8226; 3 signal flares</td>\r\n    <td>&#8226; 2-cell flashlight w/batteries</td>\r\n    <td>&#8226; signal whistle</td>\r\n  </tr>\r\n</table>\r\n<div id=\"productOptionImage\"><img src=\"images/kit_01.jpg\" alt=\"Standard Kit:\" title=\" Standard Kit: \" width=\"98\" height=\"120\" />\r\n</div>\r\n  </div></div></div>\r\n  \r\n    <script type=\"text/javascript\">\r\n<!--\r\nvar TabbedPanels1 = new Spry.Widget.TabbedPanels(\"TabbedPanels1\");\r\n//-->\r\n    </script>','',1734,''),(33,1,'12-Man Life Raft w/FAR 121 Survival Kit TSO','FAA TSO-C70a, Type I Approved\r\n  <div id=\"TabbedPanels1\" class=\"TabbedPanels\">\r\n  <ul class=\"TabbedPanelsTabGroup\">\r\n    <li class=\"TabbedPanelsTab\" tabindex=\"0\">Features</li>\r\n    <li class=\"TabbedPanelsTab\" tabindex=\"0\">Included</li>  \r\n    <li class=\"TabbedPanelsTab\" tabindex=\"0\">Survival Kit</li>\r\n</ul>\r\n  <div class=\"TabbedPanelsContentGroup\">\r\n    <div class=\"TabbedPanelsContent\"><br /><ul>\r\n          <li>Double tube design containing two complete separate chambers.</li> <li>Comprised of buoyancy tube, deck, life lines, CO2 automatic inflation system, boarding handles, retaining line, hand pump, bailing bucket, sea anchor, and valise.</li>\r\n          <li>Includes a stabilizing water ballast system and a water activated locator light as required by the FAA.</li>\r\n          <li>Lightest weight and most compact - easy to carry, stow away, and maneuver in any emergency situation.</li>\r\n          <li>Easily deployed by women, children, exhausted pilots, or boaters.</li>\r\n          <li>Soft-pack valise made of practically indestructible nylon with secure nylon velcro closures.</li>\r\n          <li>Constructed of heavy-duty FAA approved neoprene coated nylon fabric.</li>\r\n          <li>Highly visible orange canopy to aid in search and rescue operations.</li>\r\n          <li>Contains aluminum cylinders and valves eliminating corrosion and greatly reducing the weight.</li>\r\n          <li>High-tech CO2 automatic inflation system, inflates in 10 seconds.</li>\r\n          <li>Survival kit.</li>\r\n          <li>Lifetime warranty on parts and labor, built to last a lifetime with proper care</li>\r\n        </ul><br /></div>\r\n    <div class=\"TabbedPanelsContent\">\r\n	<table border=\"0\" cellpadding=\"3\" cellspacing=\"0\">\r\n    <tbody>\r\n      <tr></tr>\r\n      <tr>\r\n        <td width=\"50%\" height=\"1\">&#8226;  Buoyancy tube</td>\r\n        <td width=\"50%\" height=\"1\">&#8226; Retaining line</td>\r\n      </tr>\r\n      <tr>\r\n        <td height=\"1\">&#8226; Deck</td>\r\n        <td width=\"50%\" height=\"1\">&#8226; Hand pump</td>\r\n      </tr>\r\n      <tr>\r\n        <td height=\"1\">&#8226; Lífe lines</td>\r\n        <td width=\"50%\" height=\"1\">&#8226; Bailing bucket </td>\r\n      </tr>\r\n      <tr>\r\n        <td height=\"1\">&#8226; Boarding Handles</td>\r\n        <td width=\"50%\" height=\"1\">&#8226; Sea anchor</td>\r\n      </tr>\r\n      <tr>\r\n        <td height=\"1\">&#8226; CO2 auto-inflation system</td>\r\n        <td width=\"50%\" height=\"1\">&#8226; Valise</td>\r\n      </tr>\r\n      <tr>\r\n        <td height=\"1\">&#8226; Inflatable Mast</td>\r\n        <td height=\"1\">&#8226; Canopy</td>\r\n      </tr>\r\n      <tr>\r\n        <td height=\"1\" colspan=\"2\"><hr />Note:  Required Raft Compartment Size - Add 3\" to Raft Pack Dimensions.  Raft Weight +/- 2.0 lbs</td>\r\n      </tr>\r\n    </tbody>\r\n  </table></div>\r\n  \r\n  <div class=\"TabbedPanelsContent\">\r\n  <table width=\"100%\" border=\"0\" cellpadding=\"3\" cellspacing=\"0\">\r\n<tr>\r\n    <td width=\"34%\">&#8226; canopy w/inflatable mast</td>\r\n    <td width=\"33%\">&#8226; first aid kit</td>\r\n    <td width=\"33%\">&#8226; signal mirror</td>\r\n  </tr>\r\n  <tr>\r\n    <td>&#8226; equipment container</td>\r\n    <td>&#8226; raft repair kit</td>\r\n    <td>&#8226; food rations</td>\r\n  </tr>\r\n  <tr>\r\n    <td>&#8226; signal flag</td>\r\n    <td>&#8226; utility knife</td>\r\n    <td>&#8226; water rations</td>\r\n  </tr>\r\n  <tr>\r\n    <td>&#8226; 3 signal flares</td>\r\n    <td>&#8226; survival manual</td>\r\n    <td>&#8226; sponge</td>\r\n  </tr>\r\n  <tr>\r\n    <td>&#8226; 2-cell flashlight w/batteries</td>\r\n    <td>&#8226; sea dye markers</td>\r\n    <td>&#8226; signal whistle</td>\r\n  </tr>\r\n</table>\r\n<div id=\"productOptionImage\"><img src=\"images/kit_01.jpg\" alt=\"Standard Plus Kit:\" title=\" Standard Plus Kit: \" width=\"98\" height=\"120\" />\r\n  </div></div></div></div>\r\n  \r\n    <script type=\"text/javascript\">\r\n<!--\r\nvar TabbedPanels1 = new Spry.Widget.TabbedPanels(\"TabbedPanels1\");\r\n//-->\r\n    </script>','',1372,''),(34,1,'12-Man Life Raft w/FAR 135 Survival Kit TSO','FAA TSO-C70a, Type I Approved\r\n  <div id=\"TabbedPanels1\" class=\"TabbedPanels\">\r\n  <ul class=\"TabbedPanelsTabGroup\">\r\n    <li class=\"TabbedPanelsTab\" tabindex=\"0\">Features</li>\r\n    <li class=\"TabbedPanelsTab\" tabindex=\"0\">Included</li>  \r\n    <li class=\"TabbedPanelsTab\" tabindex=\"0\">Survival Kit</li>\r\n</ul>\r\n  <div class=\"TabbedPanelsContentGroup\">\r\n    <div class=\"TabbedPanelsContent\"><br /><ul>\r\n          <li>Double tube design containing two complete separate chambers.</li> <li>Comprised of buoyancy tube, deck, life lines, CO2 automatic inflation system, boarding handles, retaining line, hand pump, bailing bucket, sea anchor, and valise.</li>\r\n          <li>Includes a stabilizing water ballast system and a water activated locator light as required by the FAA.</li>\r\n          <li>Lightest weight and most compact - easy to carry, stow away, and maneuver in any emergency situation.</li>\r\n          <li>Easily deployed by women, children, exhausted pilots, or boaters.</li>\r\n          <li>Soft-pack valise made of practically indestructible nylon with secure nylon velcro closures.</li>\r\n          <li>Constructed of heavy-duty FAA approved neoprene coated nylon fabric.</li>\r\n          <li>Highly visible orange canopy to aid in search and rescue operations.</li>\r\n          <li>Contains aluminum cylinders and valves eliminating corrosion and greatly reducing the weight.</li>\r\n          <li>High-tech CO2 automatic inflation system, inflates in 10 seconds.</li>\r\n          <li>Survival kit.</li>\r\n          <li>Lifetime warranty on parts and labor, built to last a lifetime with proper care</li>\r\n        </ul><br /></div>\r\n    <div class=\"TabbedPanelsContent\">\r\n	<table border=\"0\" cellpadding=\"3\" cellspacing=\"0\">\r\n    <tbody>\r\n      <tr></tr>\r\n      <tr>\r\n        <td width=\"50%\" height=\"1\">&#8226;  Buoyancy tube</td>\r\n        <td width=\"50%\" height=\"1\">&#8226; Retaining line</td>\r\n      </tr>\r\n      <tr>\r\n        <td height=\"1\">&#8226; Deck</td>\r\n        <td width=\"50%\" height=\"1\">&#8226; Hand pump</td>\r\n      </tr>\r\n      <tr>\r\n        <td height=\"1\">&#8226; Lífe lines</td>\r\n        <td width=\"50%\" height=\"1\">&#8226; Bailing bucket </td>\r\n      </tr>\r\n      <tr>\r\n        <td height=\"1\">&#8226; Boarding Handles</td>\r\n        <td width=\"50%\" height=\"1\">&#8226; Sea anchor</td>\r\n      </tr>\r\n      <tr>\r\n        <td height=\"1\">&#8226; CO2 auto-inflation system</td>\r\n        <td width=\"50%\" height=\"1\">&#8226; Valise</td>\r\n      </tr>\r\n      <tr>\r\n        <td height=\"1\">&#8226; Inflatable Mast</td>\r\n        <td height=\"1\">&#8226; Canopy</td>\r\n      </tr>\r\n      <tr>\r\n        <td height=\"1\" colspan=\"2\"><hr />Note:  Required Raft Compartment Size - Add 3\" to Raft Pack Dimensions.  Raft Weight +/- 2.0 lbs</td>\r\n      </tr>\r\n    </tbody>\r\n  </table></div>\r\n  \r\n  <div class=\"TabbedPanelsContent\">\r\n  <table width=\"100%\" border=\"0\" cellpadding=\"3\" cellspacing=\"0\">\r\n  <tr>\r\n    <td width=\"34%\">&#8226; canopy w/inflatable mast</td>\r\n    <td width=\"33%\">&#8226; first aid kit</td>\r\n    <td width=\"33%\">&#8226; signal mirror</td>\r\n  </tr>\r\n  <tr>\r\n    <td>&#8226; equipment container</td>\r\n    <td>&#8226; raft repair kit</td>\r\n    <td>&#8226; food rations</td>\r\n  </tr>\r\n  <tr>\r\n    <td>&#8226; signal flag</td>\r\n    <td>&#8226; utility knife</td>\r\n    <td>&#8226; water rations</td>\r\n  </tr>\r\n  <tr>\r\n    <td>&#8226; 3 signal flares</td>\r\n    <td>&#8226; survival manual</td>\r\n    <td>&#8226; sponge</td>\r\n  </tr>\r\n  <tr>\r\n    <td>&#8226; 2-cell flashlight w/batteries</td>\r\n    <td>&#8226; sea dye markers</td>\r\n    <td>&#8226; signal whistle</td>\r\n  </tr>\r\n  <tr>\r\n    <td>&#8226; magnetic compass </td>\r\n    <td>&#8226; 8-pint desalter(s) </td>\r\n    <td>&#8226; fishing kit </td>\r\n  </tr>\r\n  <tr>\r\n    <td>&#8226; 75-foot retaining line</td>\r\n    <td>&#8226; 2 paddles </td>\r\n    <td>&#8226; radar reflector</td>\r\n  </tr>\r\n</table><div id=\"productOptionImage\"><img src=\"images/kit_01.jpg\" alt=\"Deluxe Kit:\" title=\" Deluxe Kit: \" width=\"98\" height=\"120\" />\r\n</div>\r\n  </div></div></div>\r\n  \r\n    <script type=\"text/javascript\">\r\n<!--\r\nvar TabbedPanels1 = new Spry.Widget.TabbedPanels(\"TabbedPanels1\");\r\n//-->\r\n    </script>','',1993,''),(1,2,'Balsa Salvavida 4-Hombre Basico No TSO','Balsa Salvavida 4-6 del hombre. El paquete más ligero y más pequeño en el mercado hoy, diseñado para los pilotos privados y los navegantes del placer. TSO no aprobada.','',1191,''),(2,2,'Balsa Salvavida 4-Hombre con Pabellón solamente No TSO','Balsa Salvavida 4-6 del hombre. Desplegado fácilmente por las mujeres, los niños, agotaron pilotos, o a navegantes. TSO no aprobada.','',1242,''),(3,2,'Balsa Salvavida 4-Hombre con Kit de Supervivencia  Estándar No TSO','Balsa Salvavida 4-6 del Hombre Non TSO\r\n<table width=\"100%\" border=\"0\" cellspacing=\"0\" cellpadding=\"3\">\r\n  <tr>\r\n    <th scope=\"col\"><p class=\"indexProductListCatHeading\">Kit de Supervivencia Estándar</p></th>\r\n  </tr>\r\n</table>\r\n<table width=\"100%\" border=\"1\" align=\"center\" cellpadding=\"3\" cellspacing=\"0\">\r\n  <tr>\r\n    <td width=\"50%\">pabellón con el mástil inflable </td>\r\n    <td width=\"50%\">kit de primeros auxilios</td>\r\n  </tr>\r\n  <tr>\r\n    <td>envase del equipo</td>\r\n    <td>kit de reparación de la balsa</td>\r\n  </tr>\r\n  <tr>\r\n    <td>bandera de señal</td>\r\n    <td>silbido de la señal</td>\r\n  </tr>\r\n  <tr>\r\n    <td>linterna de 2 células con las baterías</td>\r\n    <td>raciones del alimento</td>\r\n  </tr>\r\n  <tr>\r\n    <td>3 llamaradas de señal</td>\r\n    <td>raciones del agua</td>\r\n  </tr>\r\n  <tr>\r\n    <td>espejo de la señal</td>\r\n    <td>marcador del tinte del mar</td>\r\n  </tr>\r\n</table>\r\n\r\n<div id=\"productOptionImage\"><img src=\"images/kit_01.jpg\" alt=\"Kit Estandar:\" title=\" Kit Estandar: \" width=\"98\" height=\"120\" />\r\n</div>','',631,''),(4,2,'Balsa Salvavida 4-Hombre con Kit de Supervivencia Estándar Más No TSO','<table width=\"100%\" border=\"0\" cellspacing=\"0\" cellpadding=\"3\">\r\n  <tr>\r\n    <th scope=\"col\"><p class=\"indexProductListCatHeading\">Kit de Supervivencia Estándar Más</p></th>\r\n  </tr>\r\n</table>\r\n<table width=\"100%\" border=\"1\" align=\"center\" cellpadding=\"3\" cellspacing=\"0\">\r\n  <tr>\r\n    <td width=\"50%\">pabellón con el mástil inflable </td>\r\n    <td width=\"50%\">kit de primeros auxilios</td>\r\n  </tr>\r\n  <tr>\r\n    <td>envase del equipo</td>\r\n    <td>kit de reparación de la balsa</td>\r\n  </tr>\r\n  <tr>\r\n    <td>bandera de señal</td>\r\n    <td>cuchillo para uso general</td>\r\n  </tr>\r\n  <tr>\r\n    <td>linterna de 2 células con las baterías</td>\r\n    <td>manual de la supervivencia</td>\r\n  </tr>\r\n  <tr>\r\n    <td>3 llamaradas de señal</td>\r\n    <td>marcador del tinte del mar</td>\r\n  </tr>\r\n  <tr>\r\n    <td>espejo de la señal</td>\r\n    <td>esponja</td>\r\n  </tr>\r\n  <tr>\r\n    <td>raciones del alimento</td>\r\n    <td>silbido de la señal</td>\r\n  </tr>\r\n  <tr>\r\n    <td>raciones del agua</td>\r\n    <td>&nbsp;</td>\r\n  </tr>\r\n</table>\r\n\r\n<div id=\"productOptionImage\"><img src=\"images/kit_01.jpg\" alt=\"Kit Estándar Más:\" title=\" Kit Estándar Más: \" width=\"98\" height=\"120\" />\r\n</div>','',1585,''),(5,2,'Balsa Salvavida 4-Hombre con Kit de Supervivencia  de lujo No TSO','4-6 del hombre TSO no aprobada\r\n<table width=\"100%\" border=\"0\" cellspacing=\"0\" cellpadding=\"3\">\r\n  <tr>\r\n    <th scope=\"col\"><p class=\"indexProductListCatHeading\">Kit de Supervivencia de lujo</p></th>\r\n  </tr>\r\n</table>\r\n<table width=\"100%\" border=\"1\" align=\"center\" cellpadding=\"3\" cellspacing=\"0\">\r\n  <tr>\r\n    <td width=\"50%\">pabellón con el mástil inflable </td>\r\n    <td width=\"50%\">kit de primeros auxilios</td>\r\n  </tr>\r\n  <tr>\r\n    <td>envase del equipo</td>\r\n    <td>kit de reparación de la balsa</td>\r\n  </tr>\r\n  <tr>\r\n    <td>bandera de señal</td>\r\n    <td>cuchillo para uso general</td>\r\n  </tr>\r\n  <tr>\r\n    <td>linterna de 2 células con las baterías</td>\r\n    <td>manual de la supervivencia</td>\r\n  </tr>\r\n  <tr>\r\n    <td>3 llamaradas de señal</td>\r\n    <td>marcador del tinte del mar</td>\r\n  </tr>\r\n  <tr>\r\n    <td>espejo de la señal</td>\r\n    <td>esponja</td>\r\n  </tr>\r\n  <tr>\r\n    <td>raciones del alimento</td>\r\n    <td>silbido de la señal</td>\r\n  </tr>\r\n  <tr>\r\n    <td>raciones del agua</td>\r\n    <td>compás magnético</td>\r\n  </tr>\r\n  <tr>\r\n    <td>kit de la pesca</td>\r\n    <td>75 pies de línea de retención</td>\r\n  </tr>\r\n  <tr>\r\n    <td>reflector del radar</td>\r\n    <td>2 paletas</td>\r\n  </tr>\r\n  <tr>\r\n    <td> 8 pintas de removedor de la sal </td>\r\n    <td>&nbsp;</td>\r\n  </tr>\r\n</table>\r\n\r\n<div id=\"productOptionImage\"><img src=\"images/kit_01.jpg\" alt=\"Kit de lujo:\" title=\" Kit de lujo: \" width=\"98\" height=\"120\" />\r\n</div>','',748,''),(6,2,'Balsa Salvavida 9-Hombre Basico No TSO','Balsa Salvavida 9-13 del hombre TSO no aprobada','',943,''),(7,2,'Balsa Salvavida 9-Hombre con Kit de Supervivencia Estándar No TSO','9-13 Hombre Balsa Salvavida TSO No Aprobada\r\n<table width=\"100%\" border=\"0\" cellspacing=\"0\" cellpadding=\"3\">\r\n  <tr>\r\n    <th scope=\"col\"><p class=\"indexProductListCatHeading\">Kit de Supervivencia  Estándar</p></th>\r\n  </tr>\r\n</table>\r\n<table width=\"100%\" border=\"1\" align=\"center\" cellpadding=\"3\" cellspacing=\"0\">\r\n  <tr>\r\n    <td width=\"50%\">pabellón con el mástil inflable </td>\r\n    <td width=\"50%\">kit de primeros auxilios</td>\r\n  </tr>\r\n  <tr>\r\n    <td>envase del equipo</td>\r\n    <td>kit de reparación de la balsa</td>\r\n  </tr>\r\n  <tr>\r\n    <td>bandera de señal</td>\r\n    <td>silbido de la señal</td>\r\n  </tr>\r\n  <tr>\r\n    <td>linterna de 2 células con las baterías</td>\r\n    <td>raciones del alimento</td>\r\n  </tr>\r\n  <tr>\r\n    <td>3 llamaradas de señal</td>\r\n    <td>raciones del agua</td>\r\n  </tr>\r\n  <tr>\r\n    <td>espejo de la señal</td>\r\n    <td>marcador del tinte del mar</td>\r\n  </tr>\r\n</table>\r\n\r\n<div id=\"productOptionImage\"><img src=\"images/kit_01.jpg\" alt=\"Kit Estándar:\" title=\" Kit Estándar: \" width=\"98\" height=\"120\" />\r\n</div>','',675,''),(8,2,'Balsa Salvavida 9-Hombre con Kit de Supervivencia Estándar Más No TSO','<table width=\"100%\" border=\"0\" cellspacing=\"0\" cellpadding=\"3\">\r\n  <tr>\r\n    <th scope=\"col\"><p class=\"indexProductListCatHeading\">Kit de Supervivencia Estándar Más</p></th>\r\n  </tr>\r\n</table>\r\n<table width=\"100%\" border=\"1\" align=\"center\" cellpadding=\"3\" cellspacing=\"0\">\r\n  <tr>\r\n    <td width=\"50%\">pabellón con el mástil inflable </td>\r\n    <td width=\"50%\">kit de primeros auxilios</td>\r\n  </tr>\r\n  <tr>\r\n    <td>envase del equipo</td>\r\n    <td>kit de reparación de la balsa</td>\r\n  </tr>\r\n  <tr>\r\n    <td>bandera de señal</td>\r\n    <td>cuchillo para uso general</td>\r\n  </tr>\r\n  <tr>\r\n    <td>linterna de 2 células con las baterías</td>\r\n    <td>manual de la supervivencia</td>\r\n  </tr>\r\n  <tr>\r\n    <td>3 llamaradas de señal</td>\r\n    <td>marcador del tinte del mar</td>\r\n  </tr>\r\n  <tr>\r\n    <td>espejo de la señal</td>\r\n    <td>esponja</td>\r\n  </tr>\r\n  <tr>\r\n    <td>raciones del alimento</td>\r\n    <td>silbido de la señal</td>\r\n  </tr>\r\n  <tr>\r\n    <td>raciones del agua</td>\r\n    <td>&nbsp;</td>\r\n  </tr>\r\n</table>\r\n\r\n<div id=\"productOptionImage\"><img src=\"images/kit_01.jpg\" alt=\"Kit Estándar Más:\" title=\" Kit Estándar Más: \" width=\"98\" height=\"120\" />\r\n</div>','',687,''),(9,2,'Balsa Salvavida 9-Hombre con Kit de Supervivencia de lujo No TSO','Balsa Salvavida 9-13 del hombre TSO no aprobada\r\n<table width=\"100%\" border=\"0\" cellspacing=\"0\" cellpadding=\"3\">\r\n  <tr>\r\n    <th scope=\"col\"><p class=\"indexProductListCatHeading\">Kit de Supervivencia de lujo</p></th>\r\n  </tr>\r\n</table>\r\n<table width=\"100%\" border=\"1\" align=\"center\" cellpadding=\"3\" cellspacing=\"0\">\r\n  <tr>\r\n    <td width=\"50%\">pabellón con el mástil inflable </td>\r\n    <td width=\"50%\">kit de primeros auxilios</td>\r\n  </tr>\r\n  <tr>\r\n    <td>envase del equipo</td>\r\n    <td>kit de reparación de la balsa</td>\r\n  </tr>\r\n  <tr>\r\n    <td>bandera de señal</td>\r\n    <td>cuchillo para uso general</td>\r\n  </tr>\r\n  <tr>\r\n    <td>linterna de 2 células con las baterías</td>\r\n    <td>manual de la supervivencia</td>\r\n  </tr>\r\n  <tr>\r\n    <td>3 llamaradas de señal</td>\r\n    <td>marcador del tinte del mar</td>\r\n  </tr>\r\n  <tr>\r\n    <td>espejo de la señal</td>\r\n    <td>esponja</td>\r\n  </tr>\r\n  <tr>\r\n    <td>raciones del alimento</td>\r\n    <td>silbido de la señal</td>\r\n  </tr>\r\n  <tr>\r\n    <td>raciones del agua</td>\r\n    <td>compás magnético</td>\r\n  </tr>\r\n  <tr>\r\n    <td>kit de la pesca</td>\r\n    <td>75 pies de línea de retención</td>\r\n  </tr>\r\n  <tr>\r\n    <td>reflector del radar</td>\r\n    <td>2 paletas</td>\r\n  </tr>\r\n  <tr>\r\n    <td> 8 pintas de removedor de la sal </td>\r\n    <td>&nbsp;</td>\r\n  </tr>\r\n</table>\r\n\r\n<div id=\"productOptionImage\"><img src=\"images/kit_01.jpg\" alt=\"Kit de lujo:\" title=\" Kit de lujo: \" width=\"98\" height=\"120\" />\r\n</div>','',688,''),(10,2,'Balsa Salvavida Basico 4-Hombre','<h4>La capacidad de 4 personas con una sobrecarga de 6 <br /></h4>','',736,''),(11,2,'Balsa Salvavida 4-Hombre con Pabellón solamente TSO','<h4>La capacidad de 4 personas con una sobrecarga de 6 <br />FAA TSO-C70a, Tipo II Aprobado</h4>','',870,''),(12,2,'Balsa Salvavida 4-Hombre con Kit de Supervivencia FAR 91 TSO','<h4>La capacidad de 4 personas con una sobrecarga de 6 <br />FAA TSO-C70a, Tipo II Aprobado</h4>\r\n<table width=\"100%\" border=\"0\" cellspacing=\"0\" cellpadding=\"3\">\r\n  <tr>\r\n    <th scope=\"col\"><p class=\"indexProductListCatHeading\">Kit de Supervivencia FAR 91</p></th>\r\n  </tr>\r\n</table>\r\n<table width=\"100%\" border=\"1\" align=\"center\" cellpadding=\"3\" cellspacing=\"0\">\r\n  <tr>\r\n    <td width=\"50%\">pabellón con el mástil inflable </td>\r\n    <td width=\"50%\">kit de primeros auxilios</td>\r\n  </tr>\r\n  <tr>\r\n    <td>envase del equipo</td>\r\n    <td>kit de reparación de la balsa</td>\r\n  </tr>\r\n  <tr>\r\n    <td>bandera de señal</td>\r\n    <td>silbido de la señal</td>\r\n  </tr>\r\n  <tr>\r\n    <td>linterna de 2 células con las baterías</td>\r\n    <td>raciones del alimento</td>\r\n  </tr>\r\n  <tr>\r\n    <td>3 llamaradas de señal</td>\r\n    <td>raciones del agua</td>\r\n  </tr>\r\n  <tr>\r\n    <td>espejo de la señal</td>\r\n    <td>marcador del tinte del mar</td>\r\n  </tr>\r\n</table>\r\n\r\n<div id=\"productOptionImage\"><img src=\"images/kit_01.jpg\" alt=\"Kit FAR 91:\" title=\" Kit FAR 91: \" width=\"98\" height=\"120\" />\r\n</div>','',766,''),(13,2,'Balsa Salvavida 4-Hombre  con Kit de Supervivencia FAR 121 TSO','<h4>La capacidad de 4 personas con una sobrecarga de 6. <br />FAA TSO-C70a, Tipo II Aprobado</h4>\r\n<table width=\"100%\" border=\"0\" cellspacing=\"0\" cellpadding=\"3\">\r\n  <tr>\r\n    <th scope=\"col\"><p class=\"indexProductListCatHeading\">Kit de Supervivencia FAR 121</p></th>\r\n  </tr>\r\n</table>\r\n<table width=\"100%\" border=\"1\" align=\"center\" cellpadding=\"3\" cellspacing=\"0\">\r\n  <tr>\r\n    <td width=\"50%\">pabellón con el mástil inflable </td>\r\n    <td width=\"50%\">kit de primeros auxilios</td>\r\n  </tr>\r\n  <tr>\r\n    <td>envase del equipo</td>\r\n    <td>kit de reparación de la balsa</td>\r\n  </tr>\r\n  <tr>\r\n    <td>bandera de señal</td>\r\n    <td>cuchillo para uso general</td>\r\n  </tr>\r\n  <tr>\r\n    <td>linterna de 2 células con las baterías</td>\r\n    <td>manual de la supervivencia</td>\r\n  </tr>\r\n  <tr>\r\n    <td>3 llamaradas de señal</td>\r\n    <td>marcador del tinte del mar</td>\r\n  </tr>\r\n  <tr>\r\n    <td>espejo de la señal</td>\r\n    <td>esponja</td>\r\n  </tr>\r\n  <tr>\r\n    <td>raciones del alimento</td>\r\n    <td>silbido de la señal</td>\r\n  </tr>\r\n  <tr>\r\n    <td>raciones del agua</td>\r\n    <td>&nbsp;</td>\r\n  </tr>\r\n</table>\r\n\r\n<div id=\"productOptionImage\"><img src=\"images/kit_01.jpg\" alt=\"Kit Estándar Más:\" title=\" Kit Estándar Más: \" width=\"98\" height=\"120\" />\r\n</div>','',1755,''),(14,2,'Balsa Salvavida 4-Hombre con Kit de Supervivencia FAR 135 TSO','<h4>La capacidad de 4 personas con una sobrecarga de 6 <br />FAA TSO-C70a, Tipo II Aprobado</h4<table width=\"100%\" border=\"0\" cellspacing=\"0\" cellpadding=\"3\">\r\n  <tr>\r\n    <th scope=\"col\"><p class=\"indexProductListCatHeading\">Kit de Supervivencia FAR 135</p></th>\r\n  </tr>\r\n</table>\r\n<table width=\"100%\" border=\"1\" align=\"center\" cellpadding=\"3\" cellspacing=\"0\">\r\n  <tr>\r\n    <td width=\"50%\">pabellón con el mástil inflable </td>\r\n    <td width=\"50%\">kit de primeros auxilios</td>\r\n  </tr>\r\n  <tr>\r\n    <td>envase del equipo</td>\r\n    <td>kit de reparación de la balsa</td>\r\n  </tr>\r\n  <tr>\r\n    <td>bandera de señal</td>\r\n    <td>cuchillo para uso general</td>\r\n  </tr>\r\n  <tr>\r\n    <td>linterna de 2 células con las baterías</td>\r\n    <td>manual de la supervivencia</td>\r\n  </tr>\r\n  <tr>\r\n    <td>3 llamaradas de señal</td>\r\n    <td>marcador del tinte del mar</td>\r\n  </tr>\r\n  <tr>\r\n    <td>espejo de la señal</td>\r\n    <td>esponja</td>\r\n  </tr>\r\n  <tr>\r\n    <td>raciones del alimento</td>\r\n    <td>silbido de la señal</td>\r\n  </tr>\r\n  <tr>\r\n    <td>raciones del agua</td>\r\n    <td>compás magnético</td>\r\n  </tr>\r\n  <tr>\r\n    <td>kit de la pesca</td>\r\n    <td>75 pies de línea de retención</td>\r\n  </tr>\r\n  <tr>\r\n    <td>reflector del radar</td>\r\n    <td>2 paletas</td>\r\n  </tr>\r\n  <tr>\r\n    <td> 8 pintas de removedor de la sal </td>\r\n    <td>&nbsp;</td>\r\n  </tr>\r\n</table>\r\n\r\n<div id=\"productOptionImage\"><img src=\"images/kit_01.jpg\" alt=\"Kit FAR 135:\" title=\" Kit FAR 135: \" width=\"98\" height=\"120\" /></div>>','',1144,''),(15,2,'Balsa Salvavida Basico 8-Hombre','<h4>La capacidad de 8 personas con una sobrecarga de 12 </h4>','',1301,''),(16,2,'Balsa Salvavida 8-Hombre con Pabellón solamente TSO','<h4>La capacidad de 8 personas con una sobrecarga de 12. <br />FAA TSO-C70a, Tipo II Aprobado</h4>','',772,''),(17,2,'Balsa Salvavida 8-Hombre con Kit  de Supervivencia FAR 91 TSO','<h4>La capacidad de 8 personas con una sobrecarga de 12 <br />FAA TSO-C70a, Tipo II Aprobado</h4>\r\n<table width=\"100%\" border=\"0\" cellspacing=\"0\" cellpadding=\"3\">\r\n  <tr>\r\n    <th scope=\"col\"><p class=\"indexProductListCatHeading\">Kit de Supervivencia FAR 91</p></th>\r\n  </tr>\r\n</table>\r\n<table width=\"100%\" border=\"1\" align=\"center\" cellpadding=\"3\" cellspacing=\"0\">\r\n  <tr>\r\n    <td width=\"50%\">pabellón con el mástil inflable </td>\r\n    <td width=\"50%\">kit de primeros auxilios</td>\r\n  </tr>\r\n  <tr>\r\n    <td>envase del equipo</td>\r\n    <td>kit de reparación de la balsa</td>\r\n  </tr>\r\n  <tr>\r\n    <td>bandera de señal</td>\r\n    <td>silbido de la señal</td>\r\n  </tr>\r\n  <tr>\r\n    <td>linterna de 2 células con las baterías</td>\r\n    <td>raciones del alimento</td>\r\n  </tr>\r\n  <tr>\r\n    <td>3 llamaradas de señal</td>\r\n    <td>raciones del agua</td>\r\n  </tr>\r\n  <tr>\r\n    <td>espejo de la señal</td>\r\n    <td>marcador del tinte del mar</td>\r\n  </tr>\r\n</table>\r\n\r\n<div id=\"productOptionImage\"><img src=\"images/kit_01.jpg\" alt=\"Kit FAR 91:\" title=\" Kit FAR 91: \" width=\"98\" height=\"120\" />\r\n</div>','',1265,''),(18,2,'Balsa Salvavida 8-Hombre con Kit de Supervivencia FAR 121 TSO','<h4>La capacidad de 8 personas con una sobrecarga de 12. <br />FAA TSO-C70a, Tipo II Aprobado</h4>\r\n<table width=\"100%\" border=\"0\" cellspacing=\"0\" cellpadding=\"3\">\r\n  <tr>\r\n    <th scope=\"col\"><p class=\"indexProductListCatHeading\">Kit de Supervivencia FAR 121</p></th>\r\n  </tr>\r\n</table>\r\n<table width=\"100%\" border=\"1\" align=\"center\" cellpadding=\"3\" cellspacing=\"0\">\r\n  <tr>\r\n    <td width=\"50%\">pabellón con el mástil inflable </td>\r\n    <td width=\"50%\">kit de primeros auxilios</td>\r\n  </tr>\r\n  <tr>\r\n    <td>envase del equipo</td>\r\n    <td>kit de reparación de la balsa</td>\r\n  </tr>\r\n  <tr>\r\n    <td>bandera de señal</td>\r\n    <td>cuchillo para uso general</td>\r\n  </tr>\r\n  <tr>\r\n    <td>linterna de 2 células con las baterías</td>\r\n    <td>manual de la supervivencia</td>\r\n  </tr>\r\n  <tr>\r\n    <td>3 llamaradas de señal</td>\r\n    <td>marcador del tinte del mar</td>\r\n  </tr>\r\n  <tr>\r\n    <td>espejo de la señal</td>\r\n    <td>esponja</td>\r\n  </tr>\r\n  <tr>\r\n    <td>raciones del alimento</td>\r\n    <td>silbido de la señal</td>\r\n  </tr>\r\n  <tr>\r\n    <td>raciones del agua</td>\r\n    <td>&nbsp;</td>\r\n  </tr>\r\n</table>\r\n\r\n<div id=\"productOptionImage\"><img src=\"images/kit_01.jpg\" alt=\"Kit Estándar Más:\" title=\" Kit Estándar Más: \" width=\"98\" height=\"120\" />\r\n</div>','',790,''),(19,2,'Balsa Salvavida 8-Hombre con Kit de Supervivencia FAR 135 TSO','<h4>La capacidad de 8 personas con una sobrecarga de 12 <br />FAA TSO-C70a, Tipo II Aprobado</h4>\r\n<table width=\"100%\" border=\"0\" cellspacing=\"0\" cellpadding=\"3\">\r\n  <tr>\r\n    <th scope=\"col\"><p class=\"indexProductListCatHeading\">Kit de Supervivencia FAR 135</p></th>\r\n  </tr>\r\n</table>\r\n<table width=\"100%\" border=\"1\" align=\"center\" cellpadding=\"3\" cellspacing=\"0\">\r\n  <tr>\r\n    <td width=\"50%\">pabellón con el mástil inflable </td>\r\n    <td width=\"50%\">kit de primeros auxilios</td>\r\n  </tr>\r\n  <tr>\r\n    <td>envase del equipo</td>\r\n    <td>kit de reparación de la balsa</td>\r\n  </tr>\r\n  <tr>\r\n    <td>bandera de señal</td>\r\n    <td>cuchillo para uso general</td>\r\n  </tr>\r\n  <tr>\r\n    <td>linterna de 2 células con las baterías</td>\r\n    <td>manual de la supervivencia</td>\r\n  </tr>\r\n  <tr>\r\n    <td>3 llamaradas de señal</td>\r\n    <td>marcador del tinte del mar</td>\r\n  </tr>\r\n  <tr>\r\n    <td>espejo de la señal</td>\r\n    <td>esponja</td>\r\n  </tr>\r\n  <tr>\r\n    <td>raciones del alimento</td>\r\n    <td>silbido de la señal</td>\r\n  </tr>\r\n  <tr>\r\n    <td>raciones del agua</td>\r\n    <td>compás magnético</td>\r\n  </tr>\r\n  <tr>\r\n    <td>kit de la pesca</td>\r\n    <td>75 pies de línea de retención</td>\r\n  </tr>\r\n  <tr>\r\n    <td>reflector del radar</td>\r\n    <td>2 paletas</td>\r\n  </tr>\r\n  <tr>\r\n    <td> 8 pintas de removedor de la sal </td>\r\n    <td>&nbsp;</td>\r\n  </tr>\r\n</table>\r\n\r\n<div id=\"productOptionImage\"><img src=\"images/kit_01.jpg\" alt=\"Kit FAR 135:\" title=\" Kit FAR 135: \" width=\"98\" height=\"120\" /></div>','',670,''),(20,2,'Balsa Salvavida Basico 6 Hombre','Balsa Salvavida Basico 6 Hombre TSO No Aprobada','',1422,''),(21,2,'Balsa Salvavida 6-Hombre con Pabellón solamente TSO','<h4>FAA TSO-C70a, Tipo I Aprobado</h4>','',1325,''),(22,2,'Balsa Salvavida 6-Hombre con Kit de Supervivencia FAR 91 TSO','<h4>FAA TSO-C70a, Tipo I Aprobado</h4>\r\n<table width=\"100%\" border=\"0\" cellspacing=\"0\" cellpadding=\"3\">\r\n  <tr>\r\n    <th scope=\"col\"><p class=\"indexProductListCatHeading\">Kit de Supervivencia FAR 91</p></th>\r\n  </tr>\r\n</table>\r\n<table width=\"100%\" border=\"1\" align=\"center\" cellpadding=\"3\" cellspacing=\"0\">\r\n  <tr>\r\n    <td width=\"50%\">pabellón con el mástil inflable </td>\r\n    <td width=\"50%\">kit de primeros auxilios</td>\r\n  </tr>\r\n  <tr>\r\n    <td>envase del equipo</td>\r\n    <td>kit de reparación de la balsa</td>\r\n  </tr>\r\n  <tr>\r\n    <td>bandera de señal</td>\r\n    <td>silbido de la señal</td>\r\n  </tr>\r\n  <tr>\r\n    <td>linterna de 2 células con las baterías</td>\r\n    <td>raciones del alimento</td>\r\n  </tr>\r\n  <tr>\r\n    <td>3 llamaradas de señal</td>\r\n    <td>raciones del agua</td>\r\n  </tr>\r\n  <tr>\r\n    <td>espejo de la señal</td>\r\n    <td>marcador del tinte del mar</td>\r\n  </tr>\r\n</table>\r\n\r\n<div id=\"productOptionImage\"><img src=\"images/kit_01.jpg\" alt=\"Kit FAR 91:\" title=\" Kit FAR 91: \" width=\"98\" height=\"120\" />\r\n</div>','',779,''),(23,2,'Balsa Salvavida 6-Hombre con Kit de Supervivencia FAR 121 TSO','<h4>FAA TSO-C70a, Tipo I Aprobado</h4>\r\n<table width=\"100%\" border=\"0\" cellspacing=\"0\" cellpadding=\"3\">\r\n  <tr>\r\n    <th scope=\"col\"><p class=\"indexProductListCatHeading\">Kit de Supervivencia FAR 121</p></th>\r\n  </tr>\r\n</table>\r\n<table width=\"100%\" border=\"1\" align=\"center\" cellpadding=\"3\" cellspacing=\"0\">\r\n  <tr>\r\n    <td width=\"50%\">pabellón con el mástil inflable </td>\r\n    <td width=\"50%\">kit de primeros auxilios</td>\r\n  </tr>\r\n  <tr>\r\n    <td>envase del equipo</td>\r\n    <td>kit de reparación de la balsa</td>\r\n  </tr>\r\n  <tr>\r\n    <td>bandera de señal</td>\r\n    <td>cuchillo para uso general</td>\r\n  </tr>\r\n  <tr>\r\n    <td>linterna de 2 células con las baterías</td>\r\n    <td>manual de la supervivencia</td>\r\n  </tr>\r\n  <tr>\r\n    <td>3 llamaradas de señal</td>\r\n    <td>marcador del tinte del mar</td>\r\n  </tr>\r\n  <tr>\r\n    <td>espejo de la señal</td>\r\n    <td>esponja</td>\r\n  </tr>\r\n  <tr>\r\n    <td>raciones del alimento</td>\r\n    <td>silbido de la señal</td>\r\n  </tr>\r\n  <tr>\r\n    <td>raciones del agua</td>\r\n    <td>&nbsp;</td>\r\n  </tr>\r\n</table>\r\n\r\n<div id=\"productOptionImage\"><img src=\"images/kit_01.jpg\" alt=\"Kit Estándar Más:\" title=\" Kit Estándar Más: \" width=\"98\" height=\"120\" />\r\n</div>','',707,''),(24,2,'Balsa Salvavida 6-Hombre con Kit de Supervivencia  FAR 135  TSO','<h4>FAA TSO-C70a, Tipo I Aprobado</h4>\r\n<table width=\"100%\" border=\"0\" cellspacing=\"0\" cellpadding=\"3\">\r\n  <tr>\r\n    <th scope=\"col\"><p class=\"indexProductListCatHeading\">Kit de Supervivencia FAR 135</p></th>\r\n  </tr>\r\n</table>\r\n<table width=\"100%\" border=\"1\" align=\"center\" cellpadding=\"3\" cellspacing=\"0\">\r\n  <tr>\r\n    <td width=\"50%\">pabellón con el mástil inflable </td>\r\n    <td width=\"50%\">kit de primeros auxilios</td>\r\n  </tr>\r\n  <tr>\r\n    <td>envase del equipo</td>\r\n    <td>kit de reparación de la balsa</td>\r\n  </tr>\r\n  <tr>\r\n    <td>bandera de señal</td>\r\n    <td>cuchillo para uso general</td>\r\n  </tr>\r\n  <tr>\r\n    <td>linterna de 2 células con las baterías</td>\r\n    <td>manual de la supervivencia</td>\r\n  </tr>\r\n  <tr>\r\n    <td>3 llamaradas de señal</td>\r\n    <td>marcador del tinte del mar</td>\r\n  </tr>\r\n  <tr>\r\n    <td>espejo de la señal</td>\r\n    <td>esponja</td>\r\n  </tr>\r\n  <tr>\r\n    <td>raciones del alimento</td>\r\n    <td>silbido de la señal</td>\r\n  </tr>\r\n  <tr>\r\n    <td>raciones del agua</td>\r\n    <td>compás magnético</td>\r\n  </tr>\r\n  <tr>\r\n    <td>kit de la pesca</td>\r\n    <td>75 pies de línea de retención</td>\r\n  </tr>\r\n  <tr>\r\n    <td>reflector del radar</td>\r\n    <td>2 paletas</td>\r\n  </tr>\r\n  <tr>\r\n    <td> 8 pintas de removedor de la sal </td>\r\n    <td>&nbsp;</td>\r\n  </tr>\r\n</table>\r\n\r\n<div id=\"productOptionImage\"><img src=\"images/kit_01.jpg\" alt=\"Kit FAR 135:\" title=\" Kit FAR 135: \" width=\"98\" height=\"120\" />\r\n</div>','',1861,''),(25,2,'Balsa Salvavida Básico 10-Hombre','Balsa Salvavida Básico 10-Hombre TSO No Aprobada','',1356,''),(26,2,'Balsa Salvavida 10-Hombre con el pabellón solamente TSO','<h4>FAA TSO-C70a, Tipo I Aprobado</h4>','',770,''),(27,2,'Balsa Salvavida 10-Hombre con Kit de Supervivencia FAR 91 TSO','<h4>FAA TSO-C70a, Tipo I Aprobado</h4>\r\n<table width=\"100%\" border=\"0\" cellspacing=\"0\" cellpadding=\"3\">\r\n  <tr>\r\n    <th scope=\"col\"><p class=\"indexProductListCatHeading\">Kit de Supervivencia FAR 91</p></th>\r\n  </tr>\r\n</table>\r\n<table width=\"100%\" border=\"1\" align=\"center\" cellpadding=\"3\" cellspacing=\"0\">\r\n  <tr>\r\n    <td width=\"50%\">pabellón con el mástil inflable </td>\r\n    <td width=\"50%\">kit de primeros auxilios</td>\r\n  </tr>\r\n  <tr>\r\n    <td>envase del equipo</td>\r\n    <td>kit de reparación de la balsa</td>\r\n  </tr>\r\n  <tr>\r\n    <td>bandera de señal</td>\r\n    <td>silbido de la señal</td>\r\n  </tr>\r\n  <tr>\r\n    <td>linterna de 2 células con las baterías</td>\r\n    <td>raciones del alimento</td>\r\n  </tr>\r\n  <tr>\r\n    <td>3 llamaradas de señal</td>\r\n    <td>raciones del agua</td>\r\n  </tr>\r\n  <tr>\r\n    <td>espejo de la señal</td>\r\n    <td>marcador del tinte del mar</td>\r\n  </tr>\r\n</table>\r\n\r\n<div id=\"productOptionImage\"><img src=\"images/kit_01.jpg\" alt=\"Kit FAR 91:\" title=\" Kit FAR 91: \" width=\"98\" height=\"120\" />\r\n</div>','',1404,''),(28,2,'Balsa Salvavida 10-Hombre con Kit de Supervivencia FAR 121 TSO','<h4>FAA TSO-C70a, Tipo I Aprobado</h4>\r\n<table width=\"100%\" border=\"0\" cellspacing=\"0\" cellpadding=\"3\">\r\n  <tr>\r\n    <th scope=\"col\"><p class=\"indexProductListCatHeading\">Kit de Supervivencia FAR 121</p></th>\r\n  </tr>\r\n</table>\r\n<table width=\"100%\" border=\"1\" align=\"center\" cellpadding=\"3\" cellspacing=\"0\">\r\n  <tr>\r\n    <td width=\"50%\">pabellón con el mástil inflable </td>\r\n    <td width=\"50%\">kit de primeros auxilios</td>\r\n  </tr>\r\n  <tr>\r\n    <td>envase del equipo</td>\r\n    <td>kit de reparación de la balsa</td>\r\n  </tr>\r\n  <tr>\r\n    <td>bandera de señal</td>\r\n    <td>cuchillo para uso general</td>\r\n  </tr>\r\n  <tr>\r\n    <td>linterna de 2 células con las baterías</td>\r\n    <td>manual de la supervivencia</td>\r\n  </tr>\r\n  <tr>\r\n    <td>3 llamaradas de señal</td>\r\n    <td>marcador del tinte del mar</td>\r\n  </tr>\r\n  <tr>\r\n    <td>espejo de la señal</td>\r\n    <td>esponja</td>\r\n  </tr>\r\n  <tr>\r\n    <td>raciones del alimento</td>\r\n    <td>silbido de la señal</td>\r\n  </tr>\r\n  <tr>\r\n    <td>raciones del agua</td>\r\n    <td>&nbsp;</td>\r\n  </tr>\r\n</table>\r\n\r\n<div id=\"productOptionImage\"><img src=\"images/kit_01.jpg\" alt=\"Kit Estándar Más:\" title=\" Kit Estándar Más: \" width=\"98\" height=\"120\" />\r\n</div>','',718,''),(29,2,'Balsa Salvavida 10-Hombre con Kit de Supervivencia FAR 135 TSO','<h4>FAA TSO-C70a, Tipo I Aprobado</h4>\r\n<table width=\"100%\" border=\"0\" cellspacing=\"0\" cellpadding=\"3\">\r\n  <tr>\r\n    <th scope=\"col\"><p class=\"indexProductListCatHeading\">Kit de Supervivencia FAR 135</p></th>\r\n  </tr>\r\n</table>\r\n<table width=\"100%\" border=\"1\" align=\"center\" cellpadding=\"3\" cellspacing=\"0\">\r\n  <tr>\r\n    <td width=\"50%\">pabellón con el mástil inflable </td>\r\n    <td width=\"50%\">kit de primeros auxilios</td>\r\n  </tr>\r\n  <tr>\r\n    <td>envase del equipo</td>\r\n    <td>kit de reparación de la balsa</td>\r\n  </tr>\r\n  <tr>\r\n    <td>bandera de señal</td>\r\n    <td>cuchillo para uso general</td>\r\n  </tr>\r\n  <tr>\r\n    <td>linterna de 2 células con las baterías</td>\r\n    <td>manual de la supervivencia</td>\r\n  </tr>\r\n  <tr>\r\n    <td>3 llamaradas de señal</td>\r\n    <td>marcador del tinte del mar</td>\r\n  </tr>\r\n  <tr>\r\n    <td>espejo de la señal</td>\r\n    <td>esponja</td>\r\n  </tr>\r\n  <tr>\r\n    <td>raciones del alimento</td>\r\n    <td>silbido de la señal</td>\r\n  </tr>\r\n  <tr>\r\n    <td>raciones del agua</td>\r\n    <td>compás magnético</td>\r\n  </tr>\r\n  <tr>\r\n    <td>kit de la pesca</td>\r\n    <td>75 pies de línea de retención</td>\r\n  </tr>\r\n  <tr>\r\n    <td>reflector del radar</td>\r\n    <td>2 paletas</td>\r\n  </tr>\r\n  <tr>\r\n    <td> 8 pintas de removedor de la sal </td>\r\n    <td>&nbsp;</td>\r\n  </tr>\r\n</table>\r\n\r\n<div id=\"productOptionImage\"><img src=\"images/kit_01.jpg\" alt=\"Kit FAR 135:\" title=\" Kit FAR 135: \" width=\"98\" height=\"120\" />\r\n</div>','',789,''),(30,2,'Balsa Salvavida Basico 12-Hombre','Balsa Salvavida Basico 12-Hombre  TSO No Aprobada','',1428,''),(31,2,'Balsa Salvavida 12-Hombre con el pabellón solamente TSO','<h4>FAA TSO-C70a, Tipo I Aprobado</h4>','',783,''),(32,2,'Balsa Salvavida 12-Hombre con Kit de Supervivencia FAR 91 TSO','<h4>FAA TSO-C70a, Tipo I Aprobado</h4>\r\n<table width=\"100%\" border=\"0\" cellspacing=\"0\" cellpadding=\"3\">\r\n  <tr>\r\n    <th scope=\"col\"><p class=\"indexProductListCatHeading\">Kit de Supervivencia FAR 91</p></th>\r\n  </tr>\r\n</table>\r\n<table width=\"100%\" border=\"1\" align=\"center\" cellpadding=\"3\" cellspacing=\"0\">\r\n  <tr>\r\n    <td width=\"50%\">pabellón con el mástil inflable </td>\r\n    <td width=\"50%\">kit de primeros auxilios</td>\r\n  </tr>\r\n  <tr>\r\n    <td>envase del equipo</td>\r\n    <td>kit de reparación de la balsa</td>\r\n  </tr>\r\n  <tr>\r\n    <td>bandera de señal</td>\r\n    <td>silbido de la señal</td>\r\n  </tr>\r\n  <tr>\r\n    <td>linterna de 2 células con las baterías</td>\r\n    <td>raciones del alimento</td>\r\n  </tr>\r\n  <tr>\r\n    <td>3 llamaradas de señal</td>\r\n    <td>raciones del agua</td>\r\n  </tr>\r\n  <tr>\r\n    <td>espejo de la señal</td>\r\n    <td>marcador del tinte del mar</td>\r\n  </tr>\r\n</table>\r\n\r\n<div id=\"productOptionImage\"><img src=\"images/kit_01.jpg\" alt=\"Kit FAR 91:\" title=\" Kit FAR 91: \" width=\"98\" height=\"120\" />\r\n</div>','',725,''),(33,2,'Balsa Salvavida 12-Hombre con Kit de Supervivencia FAR 121 TSO','<h4>FAA TSO-C70a, Tipo I Aprobado</h4>\r\n<table width=\"100%\" border=\"0\" cellspacing=\"0\" cellpadding=\"3\">\r\n  <tr>\r\n    <th scope=\"col\"><p class=\"indexProductListCatHeading\">Kit de Supervivencia FAR 121</p></th>\r\n  </tr>\r\n</table>\r\n<table width=\"100%\" border=\"1\" align=\"center\" cellpadding=\"3\" cellspacing=\"0\">\r\n  <tr>\r\n    <td width=\"50%\">pabellón con el mástil inflable </td>\r\n    <td width=\"50%\">kit de primeros auxilios</td>\r\n  </tr>\r\n  <tr>\r\n    <td>envase del equipo</td>\r\n    <td>kit de reparación de la balsa</td>\r\n  </tr>\r\n  <tr>\r\n    <td>bandera de señal</td>\r\n    <td>cuchillo para uso general</td>\r\n  </tr>\r\n  <tr>\r\n    <td>linterna de 2 células con las baterías</td>\r\n    <td>manual de la supervivencia</td>\r\n  </tr>\r\n  <tr>\r\n    <td>3 llamaradas de señal</td>\r\n    <td>marcador del tinte del mar</td>\r\n  </tr>\r\n  <tr>\r\n    <td>espejo de la señal</td>\r\n    <td>esponja</td>\r\n  </tr>\r\n  <tr>\r\n    <td>raciones del alimento</td>\r\n    <td>silbido de la señal</td>\r\n  </tr>\r\n  <tr>\r\n    <td>raciones del agua</td>\r\n    <td>&nbsp;</td>\r\n  </tr>\r\n</table>\r\n\r\n<div id=\"productOptionImage\"><img src=\"images/kit_01.jpg\" alt=\"Kit Estándar Más:\" title=\" Kit Estándar Más: \" width=\"98\" height=\"120\" />\r\n</div>','',686,''),(34,2,'Balsa Salvavida 12-Hombre con Kit de Supervivencia FAR 135 TSO','<h4>FAA TSO-C70a, Tipo I Aprobado</h4>\r\n<table width=\"100%\" border=\"0\" cellspacing=\"0\" cellpadding=\"3\">\r\n  <tr>\r\n    <th scope=\"col\"><p class=\"indexProductListCatHeading\">Kit de Supervivencia FAR 135</p></th>\r\n  </tr>\r\n</table>\r\n<table width=\"100%\" border=\"1\" align=\"center\" cellpadding=\"3\" cellspacing=\"0\">\r\n  <tr>\r\n    <td width=\"50%\">pabellón con el mástil inflable </td>\r\n    <td width=\"50%\">kit de primeros auxilios</td>\r\n  </tr>\r\n  <tr>\r\n    <td>envase del equipo</td>\r\n    <td>kit de reparación de la balsa</td>\r\n  </tr>\r\n  <tr>\r\n    <td>bandera de señal</td>\r\n    <td>cuchillo para uso general</td>\r\n  </tr>\r\n  <tr>\r\n    <td>linterna de 2 células con las baterías</td>\r\n    <td>manual de la supervivencia</td>\r\n  </tr>\r\n  <tr>\r\n    <td>3 llamaradas de señal</td>\r\n    <td>marcador del tinte del mar</td>\r\n  </tr>\r\n  <tr>\r\n    <td>espejo de la señal</td>\r\n    <td>esponja</td>\r\n  </tr>\r\n  <tr>\r\n    <td>raciones del alimento</td>\r\n    <td>silbido de la señal</td>\r\n  </tr>\r\n  <tr>\r\n    <td>raciones del agua</td>\r\n    <td>compás magnético</td>\r\n  </tr>\r\n  <tr>\r\n    <td>kit de la pesca</td>\r\n    <td>75 pies de línea de retención</td>\r\n  </tr>\r\n  <tr>\r\n    <td>reflector del radar</td>\r\n    <td>2 paletas</td>\r\n  </tr>\r\n  <tr>\r\n    <td> 8 pintas de removedor de la sal </td>\r\n    <td>&nbsp;</td>\r\n  </tr>\r\n</table>\r\n\r\n<div id=\"productOptionImage\"><img src=\"images/kit_01.jpg\" alt=\"Kit FAR 135:\" title=\" Kit FAR 135: \" width=\"98\" height=\"120\" />\r\n</div>','',812,''),(35,2,'EBC 502 Faro del Localizador de la Emergencia(ELT) -  Faro del Localizador de la Supervivencia','<table cellpadding=\"10\" cellspacing=\"0\" border=\"0\" width=\"100%\">\r\n  <tbody>\r\n    <tr>\r\n      <td valign=\"top\"><h6>EBC 502 -   TRANSMISOR DUAL DEL LOCALIZADOR DE LA EMERGENCIA DE LA FRECUENCIA  </h6>\r\n        <p> El ELT con el monitor audible, transmite en el &amp; 121.5; 243.0MHz. La cabina/la carlinga montó, tiene una antena integral. TSO-C91a. <br />\r\n        </p>\r\n        <p><strong><a href=\"http://www.emergencybeaconcorp.com/manuals/502.pdf\" target=\"_blank\"> Manual del Producto </a></strong></p>\r\n        <p> El EBC 502 es indudablemente el mejor valor de un transmisor de dos frecuencias del localizador de la emergencia (ELT) en el mercado hoy. Excede estándares de TSO-C91a, es FCC aprobada y satélite compatible. </p>\r\n        <p> Como con todo el EBC ELTs, el EBC 502 transmite automáticamente o manualmente en el civil (121.5 megaciclos) y las frecuencias militares (243.0 megaciclos) simultáneamente. Tiene un interruptor eléctrico ahuecado de 3 posiciones para la operación automática o manual y la prueba prevuela. Un circuito y una lámpara de la prueba incorporada permite que el piloto determine visualmente la modulación de la salida de energía del ELT y la fuerza de la batería. Tiene una antena integral incorporada. Esta unidad completamente portable no requiere ninguÌÂn cableado o antena externa, haciéndola menos costosa y fácil instalar en carlinga o cabina. Construido para asegurar la confiabilidad bajo condiciones más ásperas, puede soportar 1000+ Gs del choque, hasta 24 horas terminan la submisión en agua salada y sobrevivirán un fuego de destello hasta de 1500&#730;F por dos minutos. Todos los EBC ELTs tienen una antena integral incorporada - ninguna necesidad de cables o de antenas externas. El EBC 502 se ha equipado con un monitor externo que emite un tono que emite un sonido breve y agudo ruidoso sobre la activación de la unidad. El monitor se sienta por debajo el ELT en la consola de montaje y está conectado vía un conectador de la corriente continua, Eliminando la necesidad de un arnés del alambre. El monitor tiene su propia batería de modo que no salga energía del ELT. En una emergencia real, está tranquilizando absolutamente para oír que se ha activado su ELT. Cuando salen mal las circunstancias, el EBC 502 está allí cada paso de la manera con diseño delantero y la tecnología del borde que ayuda excepto vidas. </p>\r\n        <p> El EBC 502 es aprobado por el FAA a TSO C91a y tipo aceptados por la FCC bajo parte 87. </p>\r\n        <u><strong>CARACTERÃSTICAS FÃSICAS</strong></u>\r\n        <ul>\r\n          <li> Caja cocida al horno amarillo del aluminio del esmalte </li>\r\n          <li> La antena no que se telescopa flexible amplía 19&quot; sobre cuerpo del transmisor </li>\r\n          <li>Size: 2.5&quot;W x 2&quot;D x 8.5&quot;H</li>\r\n          <li>Weight: 2.75   libras con el paquete de la batería instalado  </li>\r\n        </ul>\r\n        <p><br />\r\n          <strong><u>CARACTERÃSTICAS ESPECIALES</u></strong></p>\r\n        <ul>\r\n          <li> Previsto para la instalación en área de la carlinga o de cabina </li>\r\n          <li> Interruptor eléctrico ahuecado de 3 posiciones </li>\r\n          <li> piezas y garantía de trabajo  de 2 años </li>\r\n          <li> Viene completo con la consola de montaje, el paquete de la batería y el monitor audible </li>\r\n          <li> Aplicaciones un paquete del acumulador alcalino GS-52 </li>\r\n          <li> Alarma audible del monitor cuando está activado </li>\r\n        </ul>\r\n        <p><br />\r\n          <u><strong>ESPECIFICACIONES</strong></u></p>\r\n        <table width=\"100%\" border=\"1\" cellspacing=\"0\" cellpadding=\"5\">\r\n          <tbody>\r\n            <tr>\r\n              <td width=\"35%\">Alcance</td>\r\n              <td> Satélite: millas 1200+ </td>\r\n            </tr>\r\n            <tr>\r\n              <td width=\"35%\">Alcance</td>\r\n              <td> Aviones de la búsqueda: Linea de Visión</td>\r\n            </tr>\r\n            <tr>\r\n              <td width=\"35%\"> Vida útil </td>\r\n              <td> 120 horas o más @ 21&#730;C </td>\r\n            </tr>\r\n            <tr>\r\n              <td width=\"35%\"> Temperatura de funcionamiento </td>\r\n              <td>-20&#730;C a +55&#730;C</td>\r\n            </tr>\r\n            <tr>\r\n              <td width=\"35%\"> Transmita la frecuencia </td>\r\n              <td> 121.5 megaciclos y 243.0 megaciclos </td>\r\n            </tr>\r\n            <tr>\r\n              <td width=\"35%\"> Estabilidad de la frecuencia </td>\r\n              <td>+/- 0.005%</td>\r\n            </tr>\r\n            <tr>\r\n              <td width=\"35%\"> Resistencia de choque </td>\r\n              <td> Resiste hasta 1000 Gs </td>\r\n            </tr>\r\n            <tr>\r\n              <td width=\"35%\">Impermeable</td>\r\n              <td>Sumersión completo en agua salada hasta 24 horas</td>\r\n            </tr>\r\n            <tr>\r\n              <td width=\"35%\"> Modulación </td>\r\n              <td>Tono barrido 1600 hertzios a 300 hertzios, 2-4 veces por segundo</td>\r\n            </tr>\r\n            <tr>\r\n              <td width=\"35%\"> Energía </td>\r\n              <td>50mW PERP   después de 50 horas   @ -20&#730;C</td>\r\n            </tr>\r\n          </tbody>\r\n        </table></td>\r\n    </tr>\r\n  </tbody>\r\n</table>','',1703,''),(35,1,'EBC 502 Emergency Locator Transmitter (ELT) - Survival Locator Beacon','<table cellpadding=\"10\" cellspacing=\"0\" border=\"0\" width=\"100%\">\r\n  <tbody>\r\n    <tr>\r\n      <td valign=\"top\"><h6>EBC 502 - DUAL FREQUENCY EMERGENCY LOCATOR TRANSMITTER</h6>\r\n        <p><em>ELT with audible monitor, transmits on 121.5 &amp; 243.0MHz. Cabin/cockpit mounted, has an integral antenna. Meets TSO-C91a.</em></p>\r\n        <br />\r\n        <p><strong><a href=\"http://www.emergencybeaconcorp.com/manuals/502.pdf\" target=\"_blank\">Product Manual</a></strong></p>\r\n        <p>The EBC 502 is undoubtedly the best value in a two frequency Emergency Locator Transmitter (ELT) on the market today. It exceeds TSO-C91a standards, is FCC approved and satellite compatible.</p>\r\n        <p>As with all EBC ELTs, the EBC 502 transmits either automatically or manually on both civilian (121.5 MHz) and military (243.0 MHz) frequencies simultaneously.It has a recessed 3-position toggle switch for automatic or manual operation and pre-flight testing. A built-in test circuit and lamp allows the pilot to visually assess ELT power output modulation and battery strength. It has a built-in integral antenna. This fully portable unit requires no cabling or external antenna, making it less expensive and easy to install in cockpit or cabin. Built to ensure reliability under the harshest conditions, it is able to withstand 1000+ Gs of shock, up to 24 hours complete submersion in salt water and will survive a flash fire of up to 1500&#730;F for two minutes. All EBC ELTs have a built-in integral antenna - no need for cables or external antennas. The EBC 502 has been outfitted with an external monitor that emits a loud beeping tone upon activation of the unit. The monitor sits underneath the ELT in the mounting bracket and is connected via a DC power connector, eliminating the need for a wire harness. The monitor has its own battery so that it will not drain power from the ELT. In an actual emergency, it is quite reassuring to hear that your ELT has been activated. When circumstances go wrong, the EBC 502 is there every step of the way with leading edge design and technology that helps save lives.</p>\r\n        <p>The EBC 502 is approved by the FAA to TSO C91a and Type Accepted by the FCC under part 87.</p>\r\n        <u><strong>PHYSICAL FEATURES</strong></u>\r\n        <ul>\r\n          <li>Yellow baked enamel aluminum case</li>\r\n          <li>Flexible non-telescoping antenna extends 19&quot; above transmitter body</li>\r\n          <li>Size: 2.5&quot;W x 2&quot;D x 8.5&quot;H</li>\r\n          <li>Weight: 2.75 lbs. with battery pack installed</li>\r\n        </ul>\r\n        <p><br />\r\n          <strong><u>SPECIAL FEATURES</u></strong></p>\r\n        <ul>\r\n          <li>Intended for installation in cockpit or cabin area</li>\r\n          <li>Recessed 3 position toggle switch</li>\r\n          <li>2 year parts and labor warranty</li>\r\n          <li>Comes complete with mounting bracket, battery pack and audible monitor</li>\r\n          <li>Uses one GS-52 alkaline battery pack</li>\r\n          <li>Audible monitor alert when activated</li>\r\n        </ul>\r\n        <p><br />\r\n          <u><strong>SPECIFICATIONS</strong></u></p>\r\n        <table width=\"100%\" border=\"1\" cellspacing=\"0\" cellpadding=\"5\">\r\n          <tbody>\r\n            <tr>\r\n              <td width=\"35%\">Range</td>\r\n              <td>Satellite: 1200+ miles</td>\r\n            </tr>\r\n            <tr>\r\n              <td width=\"35%\">Range</td>\r\n              <td>Search Aircraft: Line of Sight</td>\r\n            </tr>\r\n            <tr>\r\n              <td width=\"35%\">Operating Life</td>\r\n              <td>120 hours or more @ 21&#730;C</td>\r\n            </tr>\r\n            <tr>\r\n              <td width=\"35%\">Operating Temperature</td>\r\n              <td>-20&#730;C to +55&#730;C</td>\r\n            </tr>\r\n            <tr>\r\n              <td width=\"35%\">Transmit Frequency</td>\r\n              <td>Both 121.5 MHz and 243.0 MHz</td>\r\n            </tr>\r\n            <tr>\r\n              <td width=\"35%\">Frequency Stability</td>\r\n              <td>+/- 0.005%</td>\r\n            </tr>\r\n            <tr>\r\n              <td width=\"35%\">Shock Resistance</td>\r\n              <td>Withstands up to 1000 Gs</td>\r\n            </tr>\r\n            <tr>\r\n              <td width=\"35%\">Waterproof</td>\r\n              <td>Complete submersion in salt water up to 24 hrs.</td>\r\n            </tr>\r\n            <tr>\r\n              <td width=\"35%\">Modulation</td>\r\n              <td>Swept tone 1600 Hz to 300 Hz, 2-4 times per second</td>\r\n            </tr>\r\n            <tr>\r\n              <td width=\"35%\">Power</td>\r\n              <td>50mW PERP after 50 hours @ -20&#730;C</td>\r\n            </tr>\r\n          </tbody>\r\n        </table></td>\r\n    </tr>\r\n  </tbody>\r\n</table>','',3348,''),(36,2,'500-12Y Faro del Localizador de la Emergencia(ELT) | Faro del Localizador de la Supervivencia*','Completa de la FAA y la JAA Aprobaciones de conformidad con el TSO C91a y C126 Convenio sobre, JTSO 2C91a y 2C126 COSPAS-SARSAT Aprobación 111, CAA WR1029 N º Aprobación. <br />\r\n<br />\r\nEl PLB puede ser embalado dentro de nuestra FAA TSO Aprobado vida Balsas. <br />\r\n<br />\r\n500-12Y tiene un precio competitivo! <br />\r\n<br />\r\nLa serie 500-12 de Personal Locator Beacons son simples, unidades compactas, peso ligero que se puede utilizar ya sea manualmente o automáticamente a través de arnés de eyección del asiento. Totalmente compatible con la mayoría de los equipos de búsqueda y rescate, incluyendo el COSPAS-SARSAT equipo satelital basada sobreviviente ubicación. <br />\r\n<br />\r\nEl PLB es una unidad de una sola pieza con el transmisor ubicado en un color amarillo reflectante termoplástico moldeado del caso, que está diseñado de tal manera que el paquete de batería reemplazable se puede montar en el paquete global para formar una unidad anti-deslizante mano suave, pero portátil. El diseño es tal que el reemplazo fácil del módulo de batería (15 segundos) es posible durante el funcionamiento del faro. capacidad de discurso completo en 121,5 y 243 MHz, junto con un tono audible que indica la retransmisión en directo del faro. La unidad está diseñada para la supervivencia de hasta diez años con el reemplazo de la batería de mantenimiento sólo es cada cinco años. La antena (suministrado) es capaz de ser conectado directamente a la PLB o remota a través de un conjunto de cables para la operación en un bote. <br />\r\n<br />\r\n• Las transmisiones simultáneas. <br />\r\n• Beacon y Discurso, el sistema Cospas / Sarsat cobertura. <br />\r\n• La exclusiva función programable remotamente código del país de 406.025 MHz. Reprogramable en corriente alterna. <br />\r\n• Funcionamiento manual o automático. <br />\r\n• Resistente al agua hasta 10 metros. <br />\r\n• Cumple con la OTAN STANAG 7007 última edición. EUROCAE ED 62 RTCA DO-204, OD-183. <br /><br />*VENDIDO POR SEPARADO DENTRO DE LOS E.E.U.U. SOLAMENTE. DEBE SER COMPRADO CON UNA BALSA PARA TODAS LAS ÓRDENES FUERA DE LOS ESTADOS UNIDOS.','',1920,''),(36,1,'500-12Y Emergency Locator Transmitter (ELT) Survival Locator Beacon*','Full FAA and JAA Approvals in accordance with TSO C91a and C126, JTSO-2C91a and 2C126 COSPAS/SARSAT Approval 111, CAA Approval No. WR1029.<br />\r\n<br />\r\nThe PLB may be packed inside our FAA TSO Approved Life Rafts. <br />\r\n<br />\r\n500-12Y is Competitively Priced!<br />\r\n<br />\r\nThe Series 500-12 Personal Locator Beacons are simple, compact, lightweight units which can be used either manually or automatically via ejection seat harness. Fully compatible with the majority of search and rescue equipment including the COSPAS/SARSAT satellite based survivor location equipment.<br />\r\n<br />\r\nThe PLB is a one-piece unit with the transmitter housed in a reflective yellow molded thermoplastic case, which is designed such that the replaceable battery pack can be mounted within the overall package to form a smooth but non-slip hand portable unit. The design is such that easy replacement of the battery module (15 seconds) is possible during beacon operation. Full speech capability on 121.5 and 243 MHz together with an audible tone indicating live beacon transmissions. The unit is designed to last for up to ten years with the only maintenance being battery replacement every five years. The antenna (supplied) is capable of being attached directly to the PLB or remote through a cable assembly for operation in a dinghy.<br />\r\n<br />\r\n <li>Simultaneous Transmissions.</li>\r\n <li>Beacon and Speech Modes and COSPAS/SARSAT coverage.</li>\r\n <li>Unique remotely programmable country code function for 406.025 MHz. Reprogrammable on ac.</li>\r\n <li>Manual or automatic operation.</li>\r\n <li>Waterproof to 10 meters.</li>\r\n <li>Meets NATO STANAG 7007 latest issue. EUROCAE ED 62 RTCA DO-204, DO-183.</li>\r\n <li>Power Output - 48 hours min., 100mW (+20dBm) on both frequencies at -20 degrees C.</li>\r\n <li>Pack Size: 2in. x 4in. x 6in.</li><br /><br />*SOLD SEPARATELY WITHIN THE USA ONLY. MUST BE PURCHASED WITH A RAFT FOR ALL ORDERS OUTSIDE THE UNITED STATES.','',11881,''),(37,2,'EBC 406AP Faro del Localizador de la Emergencia(ELT) - Faro del Localizador de la Supervivencia','<strong>El EBC 406</strong> es el primer de la nueva línea de EBC digital ELT\' s. Diseñado con la más nueva tecnología también incorpora el mejor y las características probadas que caracterizan todo el EBC\' transmisores del localizador de la emergencia de s. Estos transmisores han encapsulado electrónica y la batería embala para prever la protección agregada contra choque, humedad, y otros peligros para el medio ambiente. Tienen un monitor incorporado que emita un tono que emite un sonido breve y agudo ruidoso si se activa el ELT. Pueden ser activados automáticamente o manualmente. <br /><br /> Las líneas de EBC 406 de transmisores del localizador de la emergencia se han diseñado con flexibilidad de la instalación en mente. Las AP-Series ELT de EBC 406 se deben instalar en la cabina de los aviones. La instalación cerca del piloto elimina la necesidad de un teledirigido, así la reducción de la instalación cuesta y la eliminación de la necesidad de utilizar el espacio precioso del panel. La instalación en la cabina también permite el retiro fácil del ELT en caso de una emergencia real - apenas desconecte el cable coaxil de la antena externa y ate la antena de la supervivencia. El EBC 406 AF-Series se debe instalar en la sección de cola de los aviones para los que prefieran esa localización del ELT. En ese caso, una unidad alejada se proporciona para el panel de aviones así que el ELT se puede controlar por el piloto. Como con la cabina montó la unidad, antena de la supervivencia se utiliza cuando el transmisor se quita de los aviones. Todo el EBC 406 ELT\' s tiene una característica de autoprueba incorporada que permita que el piloto compruebe la energía 406 y antena-engatuse la conexión. La cabina y la cola montan ELT\' uso de s una antena externa.\r\n<br /><br />\r\n<strong>Características</strong><br /><br />\r\n<li>Operating Freqs: 406.028 MHz and 121.5 MHz</li>\r\n<li>Output Power on 406 MHz: 5W for 24 Hours at -20C</li>\r\n<li>Output Power on 121.5 MHz: 50mW min for 50 Hours at -20C</li>\r\n<li>Temperatura de funcionamiento: -20C a +55C</li>\r\n<li>Tipo de la batería: Dióxido del manganeso del litio</li>\r\n<li>Vida de batería útil: 5 años o 1 hora de uso acumulativo</li>\r\n<li>Modulación 406 megaciclos: L bifásico (16KOG1D)</li>\r\n<li>Modulación 121.5 megaciclos: Tono barrido 1600Hz a 300 hertzios, 2-4</li>\r\n<li>Épocas/en segundo lugar</li>\r\n<li>Activación automática: Cambio de la velocidad de 4.5 pies por segundo</li>\r\n<li>Altitud: 50.000 pies</li>\r\n<li>Descompresión: 8000 pies a 40.000 pies</li>\r\n<li>Alta presión: -15.000 pies</li>\r\n<li>Humedad: el 95% por 50 horas</li>\r\n<li>Funcionamiento del choque: Soporta 500G\' s en 6 hachas</li>\r\n<li>Vibración: Withstands 10 G\' s</li>\r\n<li>Inmersión: Withstands 24 horas en agua salada</li>\r\n<li>Garantía: 2 años, hechos en los E.E.U.U.</li>\r\n<br /><br />\r\nAhora, puede ser embalado adentro o ir junto con muchas de nuestras balsas salvavidas de la TSO de FAA.','',1789,''),(37,1,'EBC 406AP Emergency Locator Transmitter (ELT) - Survival Locator Beacon','<strong>The EBC 406</strong> is the first of the new line of digital EBC ELT\'s. Designed with the newest technology it also incorporates the best and proven features that characterize all of EBC\'s emergency locator transmitters. These transmitters have encapsulated electronics and battery packs to provide for added protection against shock, moisture, and other environmental hazards. They have a built-in monitor that emits a loud beeping tone if the ELT is activated. They can be activated either automatically or manually.\r\n<br /><br />\r\nThe EBC 406 lines of emergency locator transmitters have been designed with installation flexibility in mind. The EBC 406 AP-Series ELT should be installed in the cabin of the aircraft. Installation near the pilot eliminates the need for a remote control, thus reducing the installation costs and eliminating the need to use precious panel space. Installation in the cabin also allows for easy removal of the ELT in case of an actual emergency - just disconnect the external antenna coax cable and attach the survival antenna. The EBC 406 AF-Series should be installed in the tail section of the aircraft for those who prefer that ELT location. In that case, a remote unit is provided for the aircraft panel so the the ELT can be controlled by the pilot. As with the cabin mounted unit, survival antenna is used when the transmitter is removed from the aircraft. All EBC 406 ELT\'s have a built-in self test feature that allows the pilot to check 406 power and the antenna-coax connection. Both cabin and tail mount ELT\'s use an external antenna.\r\n<br /><br />\r\n<strong>Features</strong><br /><br />\r\n<li>Operating Freqs: 406.028 MHz and 121.5 MHz</li>\r\n<li>Output Power on 406 MHz: 5W for 24 Hours at -20C</li>\r\n<li>Output Power on 121.5 MHz: 50mW min for 50 Hours at -20C</li>\r\n<li>Operating Temperature: -20C to +55C</li>\r\n<li>Battery Type: Lithium Manganese Dioxide</li>\r\n<li>Useful Battery Life: 5 Years or 1 Hour of Cumulative Use</li>\r\n<li>Modulation 406 MHz: Biphase L (16KOG1D)</li>\r\n<li>Modulation 121.5 MHz: Swept Tone 1600Hz to 300 Hz, 2-4</li>\r\n<li>Times/Second</li>\r\n<li>Automatic Activation: Velocity Change of 4.5 feet per Second</li>\r\n<li>Altitude: 50,000 feet</li>\r\n<li>Decompression: 8000 feet to 40,000 feet</li>\r\n<li>High Pressure: -15,000 feet</li>\r\n<li>Humidity: 95% for 50 Hours</li>\r\n<li>Shock Performance: Withstands 500G\'s on 6 axes</li>\r\n<li>Vibration: Withstands 10 G\'s</li>\r\n<li>Immersion: Withstands 24 hours in Salt Water</li>\r\n<li>Warranty: 2 Years, Made in the USA.</li> <br /><br /> Now, may be packed in or go along with many of our FAA TSO life rafts.','',3791,''),(38,2,'Estándar / 91 Tipo Kit de Supervivencia','<table width=\"100%\" border=\"0\" cellspacing=\"0\" cellpadding=\"3\">\r\n  <tr>\r\n    <th scope=\"col\"><p class=\"indexProductListCatHeading\">Kit de Supervivencia Estándar / 91Tipo</p></th>\r\n  </tr>\r\n</table>\r\n<table width=\"100%\" border=\"1\" align=\"center\" cellpadding=\"3\" cellspacing=\"0\">\r\n  <tr>\r\n    <td width=\"50%\">pabellón con el mástil inflable </td>\r\n    <td width=\"50%\">kit de primeros auxilios</td>\r\n  </tr>\r\n  <tr>\r\n    <td>envase del equipo</td>\r\n    <td>kit de reparación de la balsa</td>\r\n  </tr>\r\n  <tr>\r\n    <td>bandera de señal</td>\r\n    <td>silbido de la señal</td>\r\n  </tr>\r\n  <tr>\r\n    <td>linterna de 2 células con las baterías</td>\r\n    <td>raciones del alimento</td>\r\n  </tr>\r\n  <tr>\r\n    <td>3 llamaradas de señal</td>\r\n    <td>raciones del agua</td>\r\n  </tr>\r\n  <tr>\r\n    <td>espejo de la señal</td>\r\n    <td>marcador del tinte del mar</td>\r\n  </tr>\r\n</table>','',1506,''),(38,1,'Standard / 91 Type Survival Kit','<table width=\"100%\" border=\"0\" cellspacing=\"0\" cellpadding=\"3\">\r\n  <tr>\r\n    <th scope=\"col\"><p class=\"indexProductListCatHeading\">Standard / 91 Type Survival Kit</p></th>\r\n  </tr>\r\n</table>\r\n<table width=\"100%\" border=\"1\" align=\"center\" cellpadding=\"3\" cellspacing=\"0\">\r\n  <tr>\r\n    <td width=\"34%\">canopy w/inflatable mast</td>\r\n    <td width=\"33%\">first aid kit</td>\r\n    <td width=\"33%\">signal mirror</td>\r\n  </tr>\r\n  <tr>\r\n    <td>equipment container</td>\r\n    <td>raft repair kit</td>\r\n    <td>food rations</td>\r\n  </tr>\r\n  <tr>\r\n    <td>signal flag</td>\r\n    <td>sea dye markers</td>\r\n    <td>water rations</td>\r\n  </tr>\r\n  <tr>\r\n    <td>3 signal flares</td>\r\n    <td>2-cell flashlight w/batteries</td>\r\n    <td>signal whistle</td>\r\n  </tr>\r\n</table>','',2288,''),(39,2,'Estándar Más / 121 Tipo Kit de Supervivencia','<table width=\"100%\" border=\"0\" cellspacing=\"0\" cellpadding=\"3\">\r\n  <tr>\r\n    <th scope=\"col\"><p class=\"indexProductListCatHeading\">Kit de Supervivencia Estándar Más / 121 Tipo</p></th>\r\n  </tr>\r\n</table>\r\n<table width=\"100%\" border=\"1\" align=\"center\" cellpadding=\"3\" cellspacing=\"0\">\r\n  <tr>\r\n    <td width=\"50%\">pabellón con el mástil inflable </td>\r\n    <td width=\"50%\">kit de primeros auxilios</td>\r\n  </tr>\r\n  <tr>\r\n    <td>envase del equipo</td>\r\n    <td>kit de reparación de la balsa</td>\r\n  </tr>\r\n  <tr>\r\n    <td>bandera de señal</td>\r\n    <td>cuchillo para uso general</td>\r\n  </tr>\r\n  <tr>\r\n    <td>linterna de 2 células con las baterías</td>\r\n    <td>manual de la supervivencia</td>\r\n  </tr>\r\n  <tr>\r\n    <td>3 llamaradas de señal</td>\r\n    <td>marcador del tinte del mar</td>\r\n  </tr>\r\n  <tr>\r\n    <td>espejo de la señal</td>\r\n    <td>esponja</td>\r\n  </tr>\r\n  <tr>\r\n    <td>raciones del alimento</td>\r\n    <td>silbido de la señal</td>\r\n  </tr>\r\n  <tr>\r\n    <td>raciones del agua</td>\r\n    <td>&nbsp;</td>\r\n  </tr>\r\n</table>','',1568,''),(39,1,'Standard Plus / 121 Type Survival Kit','<table width=\"100%\" border=\"0\" cellspacing=\"0\" cellpadding=\"3\">\r\n  <tr>\r\n    <th scope=\"col\"><p class=\"indexProductListCatHeading\">Standard Plus / 121 Type Survival Kit</p></th>\r\n  </tr>\r\n</table>\r\n<table width=\"100%\" border=\"1\" align=\"center\" cellpadding=\"3\" cellspacing=\"0\">\r\n  <tr>\r\n    <td width=\"34%\">canopy w/inflatable mast</td>\r\n    <td width=\"33%\">first aid kit</td>\r\n    <td width=\"33%\">signal mirror</td>\r\n  </tr>\r\n  <tr>\r\n    <td>equipment container</td>\r\n    <td>raft repair kit</td>\r\n    <td>food rations</td>\r\n  </tr>\r\n  <tr>\r\n    <td>signal flag</td>\r\n    <td>utility knife</td>\r\n    <td>water rations</td>\r\n  </tr>\r\n  <tr>\r\n    <td>3 signal flares</td>\r\n    <td>survival manual</td>\r\n    <td>sponge</td>\r\n  </tr>\r\n  <tr>\r\n    <td>2-cell flashlight w/batteries</td>\r\n    <td>sea dye markers</td>\r\n    <td>signal whistle</td>\r\n  </tr>\r\n</table>','',2359,''),(40,2,'De Lujo / 135 Tipo Kit de Supervivencia','<table width=\"100%\" border=\"0\" cellspacing=\"0\" cellpadding=\"3\">\r\n  <tr>\r\n    <th scope=\"col\"><p class=\"indexProductListCatHeading\">Kit de Supervivencia de Lujo / 135 Tipo</p></th>\r\n  </tr>\r\n</table>\r\n<table width=\"100%\" border=\"1\" align=\"center\" cellpadding=\"3\" cellspacing=\"0\">\r\n  <tr>\r\n    <td width=\"50%\">pabellón con el mástil inflable </td>\r\n    <td width=\"50%\">kit de primeros auxilios</td>\r\n  </tr>\r\n  <tr>\r\n    <td>envase del equipo</td>\r\n    <td>kit de reparación de la balsa</td>\r\n  </tr>\r\n  <tr>\r\n    <td>bandera de señal</td>\r\n    <td>cuchillo para uso general</td>\r\n  </tr>\r\n  <tr>\r\n    <td>linterna de 2 células con las baterías</td>\r\n    <td>manual de la supervivencia</td>\r\n  </tr>\r\n  <tr>\r\n    <td>3 llamaradas de señal</td>\r\n    <td>marcador del tinte del mar</td>\r\n  </tr>\r\n  <tr>\r\n    <td>espejo de la señal</td>\r\n    <td>esponja</td>\r\n  </tr>\r\n  <tr>\r\n    <td>raciones del alimento</td>\r\n    <td>silbido de la señal</td>\r\n  </tr>\r\n  <tr>\r\n    <td>raciones del agua</td>\r\n    <td>compás magnético</td>\r\n  </tr>\r\n  <tr>\r\n    <td>kit de la pesca</td>\r\n    <td>75 pies de línea de retención</td>\r\n  </tr>\r\n  <tr>\r\n    <td>reflector del radar</td>\r\n    <td>2 paletas</td>\r\n  </tr>\r\n  <tr>\r\n    <td> 8 pintas de removedor de la sal </td>\r\n    <td>&nbsp;</td>\r\n  </tr>\r\n</table>','',1643,''),(40,1,'Deluxe / 135 Type Survival Kit','<table width=\"100%\" border=\"0\" cellspacing=\"0\" cellpadding=\"3\">\r\n  <tr>\r\n    <th scope=\"col\"><p class=\"indexProductListCatHeading\">Deluxe / 135 Type Survival Kit</p></th>\r\n  </tr>\r\n</table>\r\n<table width=\"100%\" border=\"1\" align=\"center\" cellpadding=\"3\" cellspacing=\"0\">\r\n  <tr>\r\n    <td width=\"34%\">canopy w/inflatable mast</td>\r\n    <td width=\"33%\">first aid kit</td>\r\n    <td width=\"33%\">signal mirror</td>\r\n  </tr>\r\n  <tr>\r\n    <td>equipment container</td>\r\n    <td>raft repair kit</td>\r\n    <td>food rations</td>\r\n  </tr>\r\n  <tr>\r\n    <td>signal flag</td>\r\n    <td>utility knife</td>\r\n    <td>water rations</td>\r\n  </tr>\r\n  <tr>\r\n    <td>3 signal flares</td>\r\n    <td>survival manual</td>\r\n    <td>sponge</td>\r\n  </tr>\r\n  <tr>\r\n    <td>2-cell flashlight w/batteries</td>\r\n    <td>sea dye markers</td>\r\n    <td>signal whistle</td>\r\n  </tr>\r\n  <tr>\r\n    <td>magnetic compass </td>\r\n    <td>8-pint desalter(s) </td>\r\n    <td>fishing kit </td>\r\n  </tr>\r\n  <tr>\r\n    <td>75-foot retaining line</td>\r\n    <td>2 paddles </td>\r\n    <td>radar reflector</td>\r\n  </tr>\r\n</table>','',3949,''),(52,2,'Kit de Supervivencia de lujo','El kit incluye el siguiente: Alimento y agua: 12 cajas de cajas de agua de Blox del Aqua - dos veces la cantidad de agua como surtidores principales y cada caja tiene un período de validez de 5 años barras del alimento de 12 - 400 calorías (4800 calorías) - fuente de 3 días de alimento con una vida útil de cinco años para 2 personas 20 tabletas de la purificación del agua - cada tableta purifica 1 litro de agua Luz y comunicación: Radio de Am/Fm con los auriculares y las baterías Linterna recargable del apretón - linterna de 3 LED que genera y almacena energía exprimiendo la manija (NINGUNAS BATERÃAS NECESARIAS) Vela de la emergencia de 36 horas - puede también ser utilizado como estufa Ponga verde el palillo del resplandor de la emergencia - dura por 12 horas silbido de la supervivencia 5 in-1 - silbido chillón ruidoso (recorridos sobre 1 milla) que contiene un arrancador del pedernal, un espejo de la señal, un compás, y un acollador Caja de 50 fósforos impermeables Alumbrador del estilo del Bic Abrigo y calor: 2 sacos de dormir de la supervivencia de la emergencia - recomendados sobre \" común; blankets\" del espacio; calentadores del cuerpo de 2 - 16-20 horas - caliente para arriba en minutos con una temperatura media de 130 grados. tienda del tubo 2-Person con la cuerda 2 ponchos de la emergencia con la capilla Herramientas: Cuchillo de 16 funciones Guantes de trabajo punteados palma 2 - Máscaras de polvo del respirador N95 - NIOSH aprobado 50 pies de la cuerda de nylon Higiene y saneamiento: 2 - 24 kits de lujo de la higiene del pedazo - cepillo de dientes, crema dental, 9 wetnaps, barra del jabón, champú y acondicionador, selección de la seda dental, mano y loción del cuerpo, gel del desodorisante, maquinilla de afeitar gemela de la lámina, 5\" de .34 onza de .25 onza; peine negro, 4 maxipads, paquete de la crema de afeitar, y washcloth. 6 paquetes del tejido del bolsillo del tempo Primeros auxilios: Kit de primeros auxilios del Portable de 42 pedazos - contiene 42 pedazos - 10 vendajes del punto, 10 tiras del joven escarpado, 5 del medio escarpado, 5 escarpadas, 2 tiras del anti-bacteriano, 3 claras, 2 tiras de la tela, 1 grande adicional, 2 cojines del alcohol, y 2 cojines de gasa Kit del esencial de los primeros auxilios del guarda - 1 preparación del trauma (5\" x9\"), 3 paquetes de la loción de la protección solar, 1 cojín de la preparación de la relevación de la picadura, 1 paquete poner crema de la quemadura, 4 tabletas de No-Aspirin, 4 tabletas antiácidas, 4 tabletas del ibuprofen, 1 paquete del ungüento del labio, 1 paquete antibiótico del ungüento, 1 par de guantes del vinilo (no látex), 2 tablillas del dedo, 10 aplicadores de la extremidad del algodón, 1 rodillo de cinta de los primeros auxilios, 1 rodillo de apósito de gasa, y una guía de la instrucción de los primeros auxilios Otro: Libreta Lápiz Cubierta de las tarjetas que juegan para la hospitalidad Bolso inútil infeccioso','',2151,NULL),(41,2,'Juego de Inmersión','<strong>CARACTERÃSTICAS</strong><br /><br /><li>Mitón digitado tres para guardar su calentador de los dedos.</li><br />\r\n<li>Dos tirones de la lengüeta de la cremallera en la cremallera localizada en la parte superior e inferior de la cremallera. Esto redujo en tiempo que ponía permitiendo que la cremallera sea tirada derecho para arriba. </li><br />\r\n<li> Las piernas anchas permiten aprisa el poner con la capacidad de poner con los zapatos o los cargadores encendido. Correas del tobillo a ayudar en caminar. </li><br />\r\n<li>El agua de la purgación de las válvulas del dedo del pie ayuna. Si el juego se daña, o se pone en el agua, será necesario purgar cualquier agua del juego antes de trasladarse a una balsa salvavidas, de subir otro recipiente o de mover encendido a una playa. Estas válvulas no sólo purgan el agua muy rápidamente, ellas también lanzan el aire atrapado sobre entrar en el agua.</li><br />\r\n<li>El sello de cara es suave, flexible y cómodo. </li><br />\r\n  <li>El alto anillo del jinete guarda más de su cuerpo superior entero fuera del agua.\r\n  Las correas traseras guardan el anillo en el lugar.</li> <br />\r\n<li>Una cinta más reflexiva en juego que requerido. </li><br />\r\n<li>Bolso que lleva robusto con dos manijas.</li>\r\n\r\n<p>Nota:<br /><br />* &nbsp;&nbsp;Los juegos no se deben poner si en la casa de la rueda sino atar completamente alrededor de la cintura. Esto es una precaución para prevenir la colocación de trampas en la casa de la rueda.<br /><br />\r\n** Los juegos son tamaño verdadero. Intente todos los juegos encendido antes de guardar para el uso. </p>','',967,''),(41,1,'Immersion Suit','<strong>FEATURES</strong><br /><br /><li>Three fingered mitt to keep your fingers warmer.</li><br />\r\n  <li>Two zipper tab pulls on zipper located at top and bottom of zipper.  This cuts down on donning time allowing the zipper to be pulled straight up. </li><br />\r\n  <li>Wide legs allow quick donning with the ability to don with shoes or boots on.  Ankle straps to aid in walking. </li><br />\r\n  <li>Toe valves purge water fast.  If the suit is damaged, or donned in the water, it will be necessary to purge any water from the suit before moving into a life raft, boarding another vessel or moving on to a beach.  These valves not only purge water very quickly, they also release trapped air upon entering the water. </li><br />\r\n  <li>Face Seal is soft and flexible making it comfortable to wear. </li><br />\r\n  <li>High rider ring.  Keep more of your whole upper body out of the water. Back straps keep the ring in place.</li> <br />\r\n  <li>More Reflective tape on suit than required. </li><br />\r\n  <li>Suits are true size.  Please try any suit on before you buy. </li><br />\r\n  <li>Sturdy carrying bag with two handles.</li>\r\n<p>Note:<br /><br />* &nbsp;&nbsp;Suits should not be fully donned if in the wheel house but tied around the waist.  This is a precaution to prevent entrapment in the wheel house. <br /><br />** Suits are true size.  Try all suits on before stowing for use.</p>','',1584,''),(43,2,'Chaleco Salvavidas Inflable auto (XF-35) con el marcador del tinte del mar y el silbido de la señal','<strong>¡Nuevo! Intervalo de cinco años de la inspección (Llena en polybag estándar)<br />\r\n\r\n¡El chaleco de la célula gemelo más ligero en el mercado!</strong><br /><br />\r\n\r\n<li> Categoría de chalecoe: Adulto - Niño combinación</li>\r\n<li> Peso del portador: 35 libras. (15.91kg) y arriba</li>\r\n<li> Células inflables de la flotabilidad: 2 células independientes </li>\r\n<li> Flotabilidad inflada: 35 libras. Mínimo (de 150 Newtons) </li>\r\n<li> Volumen inflado: 970 pulgadas cúbicas (16 litros) de mínimo </li>\r\n<li> Sistema de la inflación: Aparato para inflar con aire manual del CO2 y tubo oral de la inflación en células de la flotabilidad </li>\r\n<li> Aprobaciones: </li>\r\n&nbsp;- EU FAA TSO-C13f; <br />\r\n&nbsp;- Aprobación alemana No. 40.321/33 de LBA <br />\r\n&nbsp;- Aprobación No. AR01445 de Reino Unido CAA <br />\r\n<li> Material: Nilón revestido del uretano, ignífugo </li>\r\n<li> Construcción: El RF soldó costuras en caliente </li>\r\n<li> Color: Amarillo del pasajero o naranja fundida del equipo </li>\r\n<li> Temperatura: Gama funcional: -40 to 140 oF (-40 to 60 oC) </li>\r\n<li> Gama del almacenaje: 0 to 120 oF (-17.8 to 48.9 oC) </li>\r\n<li> Humedad: Gama funcional: Higrometría del hasta 95%; </li>\r\n<li> Gama del almacenaje: Hasta Higrometría del 70% </li>\r\n<li> Altitud: -2000 a 45.000 pies sobre nivel del mar </li>\r\n<li> Carga del gas CO2: 2 x 0.035 libras. (2 x 16 gramos) </li>\r\n<li> Luz del localizador del sobreviviente: Agua-activado. TSO-C85 aprobó. </li>\r\n<li> SVida de servicio: Indefinido si la unidad continúa pasando la inspección del mantenimiento periódico. </li>\r\n<li> Frecuencia de la inspección: Cada 5 años.</li>','',4277,''),(43,1,'Life Vest Auto Inflatable (XF-35)  w / Sea Dye Marker and Signal Whistle','<strong>New! 5-Year Interval of Inspection (Packed in Standard Polybag)<br />\r\n\r\nLightest Twin Cell Vest on the Market!</strong><br /><br />\r\n\r\n<li> Category of Preserver: Adult/Child Combination </li>\r\n<li> Weight of wearer: 35 lbs. (15.91kg) and above </li>\r\n<li> Inflatable Buoyancy Cells: 2 Independent Cells </li>\r\n<li> Inflated Buoyancy: 35 lbs. (150 Newtons) minimum </li>\r\n<li> Inflated Volume: 970 cu. in. (16 liters) minimum </li>\r\n<li> Inflation System: Manual CO2 Inflator &amp; Oral Inflation Tube in Buoyancy Cells </li>\r\n<li> Approvals: </li>\r\n&nbsp;- USA FAA TSO-C13f; <br />\r\n&nbsp;- German LBA Approval No. 40.321/33 <br />\r\n&nbsp;- United Kingdom CAA Approval No. AR01445 <br />\r\n<li> Material: Urethane Coated Nylon, Flame Retardant </li>\r\n<li> Construction: RF Heat Sealed Seams </li>\r\n<li> Color: Passenger Yellow or Crew Molten Orange </li>\r\n<li> Temperature: Functional Range: -40 to 140 oF (-40 to 60 oC) </li>\r\n<li> Storage Range: 0 to 120 oF (-17.8 to 48.9 oC) </li>\r\n<li> Humidity: Functional Range: Up to 95% Relative Humidity; </li>\r\n<li> Storage Range: Up to   70% Relative Humidity </li>\r\n<li> Altitude: -2000 to 45,000 feet above sea level </li>\r\n<li> CO2 Gas Charge: 2 x 0.035 lbs. (2 x 16 grams) </li>\r\n<li> Survivor Locator Light: Water-activated. TSO-C85 Approved. </li>\r\n<li> Service Life: Indefinite if unit continues to pass periodic maintenance inspection. </li>\r\n<li> Frequency of Inspection: Every 5 years.</li>','',8803,''),(44,2,'Del Fabricante del Agua  \"Survivor 06\"','<strong>Tome al sobreviviente junto con usted y olvide sus preocupaciones del agua dulce.</strong>\r\n<br /><br />\r\nDeriva en el mar abierto usado para crear el dilema histórico: agua, agua, por todas partes, pero no una gota a beber. Eso se cambia todo. Ahora usted puede producir el agua potable fresca con el Survivor-06, una innovación revolucionaria en la purificación del agua. Y usted puede finalmente parar el preocuparse del agua dulce para las emergencias.\r\n<br /><br />\r\nLos desalinators del sobreviviente son los primeros de su clase. Son el único sistema manual de la ósmosis reversa (RO) para la agua de mar. Usted consigue el agua dulce mientras usted bombee. Ningunas baterías, ningunos generadores, ningunos alternadores.\r\n<br /><br />\r\nCosechadoras tecnología de la ósmosis reversa de la bomba de mano Survivor-06 y de la recuperación de energía para hacer el agua pura, potable del agua dulce de la sal, salobre o contaminada. En cerca de diez minutos, usted puede hacer una taza del agua con virtualmente todas las sales del mar y otros contaminantes quitados.\r\n<br /><br />\r\nSu diseño simple más tecnología de la recuperación de energía hace Survivor-06 cómodo para utilizar por largos periodos del tiempo. Y su tamaño ultra compacto hace el Survivor-06 fácil funcionar y almacenar en un valise del kit o de la balsa salvavidas de supervivencia de la emergencia.\r\n<br /><br />\r\n<strong>ESPECIFICACIONES:</strong><br />\r\nPeso Seco: 2.5 lbs. 1.1 Kg.) <br />\r\nÃndice de purificación del agua: 1 taza/13 minutos (.24 liters/23 minutos) <br />\r\nAltura: 5\" (13 cm) <br />\r\nLongitud: 8\" (20 cm) <br />\r\nAlchura: 2.5\" (6 cm) <br />\r\nAltura máxima de la succión: 10\" (300 cm)<br />\r\nTemperatura de la alimentación: 33 F to 120 F (1 C to 48.5 C) <br />\r\nRechazamiento mínimo de la sal: 98%','',1279,''),(44,1,'Watermaker \"Survivor 06\"','<strong>Take the Survivor along with you and forget your fresh water worries.</strong>\r\n<br /><br />\r\nDrifting on the open sea used to create the age-old dilemma:  water, water, everywhere, but not a drop to drink.  That\'s all changed.  Now you can produce fresh drinking water with the Survivor-06, a revolutionary innovation in water purification.  And you can finally quit worrying about fresh water for emergencies.\r\n<br /><br />\r\nSurvivor desalinators are the first of their kind.  They are the only manually operated reverse osmosis (RO) system for sea water.  You get fresh water as long as you pump.  No batteries, no generators, no alternators.\r\n<br /><br />\r\nSurvivor-06 hand pump combines reverse osmosis and energy recovery technology to make pure, drinkable water from salt, brackish or contaminated fresh water.  In about ten minutes, you can make a cup of water with virtually all sea salts and other contaminants removed.\r\n<br /><br />\r\nIts simple design plus energy recovery technology  make Survivor-06 comfortable to use for long periods of time.  And its ultra-compact size make the Survivor-06 easy to operate and store in an emergency survival kit or life raft valise.\r\n<br /><br />\r\n<strong>SPECIFICATIONS: </strong><br />\r\nDry Weight: 2.5 lbs. 1.1 Kg.) <br />\r\nRate of Water Purification: 1 cup/13 minutes (.24 liters/23 minutes) <br />\r\nHeight: 5\" (13 cm) <br />\r\nLength: 8\" (20 cm) <br />\r\nWidth: 2.5\" (6 cm) <br />\r\nMaximum Suction Height: 10\" (300 cm)<br />\r\nFeed Temperature: 33 F to 120 F (1 C to 48.5 C) <br />\r\nMinimum Salt Rejection: 98%','',4090,''),(45,2,'ResQLink 406 - Transmisor del Localizador de la Emergencia (ELT)','<strong>ACR ResQLink 406 MHz GPS PLB ARC # 2881 (PLB-375)</strong><br />\r\n<br />\r\nRecorrido costa afuera con confianza. Con tres niveles de la tecnología integrada de la señal - colocación del GPS, una señal de gran alcance de 406 megaciclos y 121.5 megaciclos de capacidad autoguiada hacia el blanco - el AquaLink rápidamente y retransmite exactamente su posición a una red mundial de los satélites de la búsqueda y del rescate, reduciendo tiempo de búsqueda y aumentando sus ocasiones de la supervivencia. Es la tecnología confiable de la señalización que ha ahorrado más de 25.000 vidas desde 1982. El AquaLink difunde una señal de señal de socorro registrada única que no sólo diga a salvadores donde usted está, pero quién usted es. El GPS a bordo puede fijar su posición a 100 metros y después utiliza una señal de gran alcance de 406 megaciclos de retransmitir su llamada de socorro a los satélites que se mueven en órbita alrededor. Como búsqueda y rescate locales se despliega, una señal autoguiada hacia el blanco separada y salvadores integrados de la guía ligera del estroboscópico del LED a su localización exacta. El AquaLink es bastante pequeño ser llevado fácilmente adentro un paquete o un bolsillo o se puede usar en cubierta, en el timón, en cuartos o en un chaleco de vida y flotará si está caído accidentalmente al agua. Ejecución de una autoprueba funcional completa del trazado de circuito interno del PLB, & del voltaje de la batería; la energía, y la transmisión de 406 megaciclos le da la paz interior que sabe que su PLB trabajará el momento que usted lo necesita a más. <br />\r\n<br />\r\nExclusiva del ACR: El modo de prueba incorporado de la adquisición del GPS permite que usted pruebe funcionalidad del GPS hasta 12 veces durante la vida de la vida de batería. Golpecito adentro a la misma tecnología probada en práctica del rescate usada por los militares de los E.E.U.U., el guardacostas, las fuerzas especiales de la OTAN y los exploradores árticos.\r\n<br />\r\n<br />\r\n\r\nCuando está activado, el código de identificación único en su PLB se liga a la base de datos del registro de NOAA. Las autoridades de esta manera pueden recuperar la información valiosa sobre usted y su viaje. El AquaLink es un dispositivo basado en los satélites de la señalización del último recurso, para el uso cuando el resto de los medios del rescate de uno mismo se han agotado, donde está víctimas mortales la situación graves e inminentes, miembro, vista, o la característica valiosa ocurrirá sin ayuda. Apoya la comunicación de 406Link.com.\r\n\r\n<br />\r\n<br />\r\n<strong>Especificaciones técnicas</strong> <br />\r\n<br />\r\n<li>Producto número: 2882</li> <li>Número de modelo: PLB-350 B</li> <li>Tamaño: 2.25 x 5.88 x 1.49â€ (5.72 x 14.94 x 3.78 cm)</li> \r\n<li>Cargue: 9.1 onzas (257g) con el acollador</li> \r\n<li>La batería de litio de la clase 2 de la batería (non-hazmat) embala; 6 años a partir de la fecha de la fabricación, almacenaje de 11 años</li> <li> Material: Mezcla dirigida del policarbonato </li>\r\n<li> Color: Alto ACR-treuse de la visibilidad </li>\r\n<li> Despliegue: Manual </li>\r\n<li> Activación: Manual </li>\r\n<li> Operación: 2 pasos - despliegue la antena, prensa el botón ON, dando la vista clara del cielo </li>\r\n<li>Impermeabilice: 16.40 pies (5 m) @ 1 hora, 33 pies (10 m) @ 10 minutos</li> \r\n<li>@ 70°F probado fábrica, excede requisitos impermeables de RTCM</li> \r\n<li>Energía irradiada: 5 W +/-2dB (406 MHz) 50 mW +/-3dB (121.5 MHz)</li> <li>La vida operacional: se excede requerido 24 horas @ de -4°F (- 20°C) las 35 horas típicas @ de -4°F (- 20°C) más de largo en temperaturas ambiente más altas</li> \r\n<li>Almacenaje: -40°F a + 158°F (- 40°C a +70°C)</li> \r\n<li>Clip del accesorio de los accesorios incluido</li> \r\n<li>Certificación: Cospas-Sarsat, FCC pendiente: Canadá, Europa</li> <li>Garantía limitada; 5 años</li> \r\n<li>Sin plomo: Sí</li> <li>08/09 Ningunos honorarios de suscripción</li> <li>a flote </li><li>LED brillante estupendo </li><li> 66 canal GPS </li><li>Autoprueba y características de la prueba del GPS </li>\r\n<li>Funcionamiento típico; 35 horas</li> <li>Batería de Non-Hazmat</li> <li>Hecho en los E.E.U.U.</li><br />\r\n<br />  ¡El EPIRB último y más grande en el mercado hoy para su tamaño y precio! <br />Mismo el acuerdo y se puede atar encendido a la manija de nuestras balsas salvavidas.','',1883,''),(45,1,'ResQLink  406 Emergency Locator Transmitter (ELT)','ACR ResQLink 406 MHz GPS PLB ARC # 2881 (PLB-375<br />\r\n<br />\r\n\r\n\r\n  <div id=\"TabbedPanels1\" class=\"TabbedPanels\">\r\n  <ul class=\"TabbedPanelsTabGroup\">\r\n    <li class=\"TabbedPanelsTab\" tabindex=\"0\">Features</li>\r\n    <li class=\"TabbedPanelsTab\" tabindex=\"0\">Technical Specifications</li>  \r\n</ul>\r\n  <div class=\"TabbedPanelsContentGroup\">\r\n    <div class=\"TabbedPanelsContent\"><br /> Latest and greatest EPIRB on the market today for it\'s size and price!  <br />Very compact and can be tied on to the handle of our life rafts.<br /><br />Head offshore with confidence. With three levels of integrated signal technology — GPS positioning, a powerful 406 MHz signal & 121.5 MHz homing capability — the ResQLink quickly & accurately relays your position to a worldwide network of Search & Rescue satellites, reducing search time & increasing your chances of survival. It’s a reliable signaling technology that has saved more than 25,000 lives since 1982. The ResQLink broadcasts a unique registered distress signal that not only tells rescuers where you are, but who you are. The onboard GPS can fix your position to within 100 meters and then utilizes a powerful 406 MHz signal to relay your distress call to orbiting satellites. The ResQLink is small enough to be easily carried in a pack or pocket or can be worn on deck, at the helm, in quarters or on a life vest and will float if accidentally dropped overboard. Performing a full functional self test of the PLB’s internal circuitry, battery voltage & power, & 406 MHz transmission gives you the peace of mind knowing your PLB will work the moment you need it to the most. <br />\r\n<br />\r\nACR Exclusive: Built-in GPS acquisition test mode allows you to test GPS functionality up to 12 times over the life of the battery life. Tap in to the same field-tested rescue technology used by the U.S. Military, Coast Guard, NATO Special Forces and Arctic explorers. \r\n<br />\r\n<br />\r\n\r\nWhen activated, the unique identification code in your PLB is linked to the NOAA registration database. This way authorities can retrieve valuable information about you and your trip. The ResQLink is a satellite signaling device of last resort, for use when all other means of self rescue have been exhausted, where the situation is grave and imminent loss of life, limb, eyesight, or valuable property will occur without assistance. Supports 406Link.com communication.\r\n\r\n<br /></div>\r\n    <div class=\"TabbedPanelsContent\">\r\n	 <br />\r\n<br />\r\n<li>Product Number 2881</li> <li>Model Number PLB-375 B</li> <li>Size 1.60 x 1.90 x 4.5â€ (4.10 x 4.80 x 11.40 cm)</li> <li>Weight 5.4 oz (153g)</li> <li>Battery Class 2 (non-hazmat) lithium battery packs; 6 years from date of manufacture or five (5) years after beacon is placed into service, whichever is first, or after emergency use.</li><li>Battery Operational Life: Exceeds required 24 Hours @ -4°F (-20°C) </li><li>Battery, Typical Performance: 30 Hours @ -4°F (-20°C)</li> <li>Material: Engineered polycarbonate blend </li>\r\n<li>Color: High visibility yellow, ACR-treuse</li> \r\n<li>Deployment: Manual </li>\r\n<li>Activation: Manual </li>\r\n<li>Operation 2 steps: deploy antenna, press ON button, giving clear view of sky</li>\r\n<li>Waterproof: 16.40ft (5 m) @ 1 hr., 33 ft (10 m) @ 10 min.</li> \r\n<li>Factory tested @ 70°F, exceeds RTCM waterproof requirements</li> <li>Radiated Power: 5 W (406 MHz) 50 mW +/-3dB (121.5 MHz)</li>  <li>Storage: -40°F to + 158°F (-40°C to +70°C)</li> <li>Accessories: Double-sided Attachment Velcro Strap Included</li> <li>Certification Cospas-Sarsat, FCC, Canada, R&TTE, Australia, New Zealand</li> <li>Limited Warranty: 5 years</li> <li>Lead Free: Yes</li> <li>08/09 No Subscription Fees</li> <li>Floats </li><li>220 self tests/12 GPS tests</li><li>Non-Hazmat Battery</li> <li>Made in the U.S.A </li><br />\r\n</div></div></div>\r\n  \r\n    <script type=\"text/javascript\">\r\n<!--\r\nvar TabbedPanels1 = new Spry.Widget.TabbedPanels(\"TabbedPanels1\");\r\n//-->\r\n    </script>','',3166,''),(46,2,'Agua potable purificada emergencia','Agua potable purificada emergencia <br><br>\r\n\r\nAprobaciones: <br>\r\nNo 160.026/65/0 de USCG TC 168.005.011 <br><br>\r\n\r\nContenido: <br>\r\n125 ml/4.22 onzas líquidas <br><br>\r\n\r\nHay 96 bolsas por caso.','',1411,''),(46,1,'Purified Drinking Water','Emergency Purified Drinking Water<br><br>\r\n\r\nApprovals: <br>\r\nUSCG No 160.026/65/0 <br>\r\nTC 168.005.011 <br><br>\r\n\r\nContents: <br>\r\n125 ml / 4.22 fl oz <br><br>\r\n\r\n96 pouches per case.','',2651,''),(47,2,'Paquete del alimento de la supervivencia','Paquete del alimento de la supervivencia el SOS<br><br> \r\nAprobaciones: <br>No 160.046/24/0 de USCG <br><br>\r\nContenido: Cada paquete contiene 6 barras fortificadas del alimento que proporcionan 2400 Kcal (10.000 KJ)<br><br> Peso neto: 16.7 onzas (g) cada paquete (475g).<br><br> \r\nHay 40 paquetes por caso.','',1211,NULL),(47,1,'SOS 2400 Kcal Survival Food Pack','SOS Survival Food Pack <br><br>\r\n\r\nApprovals: <br>\r\nUSCG No 160.046/24/0<br><br>\r\n\r\nContents: <br><br>\r\nEach packet contains 6 fortified food bars providing 2400 Kcal (10,000 KJ)<br>\r\nNet Wt: 16.7 oz (475 g) each packet.<br>\r\nThere are 40 packets per case.','',2467,NULL),(48,2,'Ración del alimento de la emergencia de 3682 Kcal','Ración del alimento de la emergencia de 3682 Kcal <br><br>Aprobaciones: <br>USCG ninguÌÂn 160.046.36/0 No 168.006.010 del TC <br><br>Contenido: Cada paquete contiene 9 barras fortificadas del alimento que proporcionan 3682 pesos netos de Kcal (15.460 KJ): 1.60 libras (756 g) por el paquete. <br><br>20 paquetes por caso.','',1804,''),(48,1,'3682 Kcal Emergency Food Ration','3682 Kcal Emergency Food Ration<br><br>\r\nApprovals:<br>\r\nUSCG No 160.046.36/0<br>\r\nTC No 168.006.010 <br><br>\r\nContents: <br>\r\nEach packet contains 9 fortified food bars providing 3682 Kcal (15,460 KJ)<br>\r\nNet Wt: 1.60 lbs (756 g) per packet.<br>\r\n\r\n20 packets per case.','',2735,''),(49,2,'Nueva barra de energía del milenio','Nueva barra de energía del milenio<br><br>  Disponible en 9 sabores naturales: Albaricoque, arándano, cereza, coco, limón, naranja, frambuesa, fruta tropical, vainilla. <br><br> Cada paquete contiene 1 barra fortificada del alimento que proporciona 409 Kcal (1720 KJ) Peso neto: 2.95 onzas (84 g) cada packet.<br><br> 144 packet por caso.','',1305,''),(49,1,'New Millenium Energy Bar','New Millenium Energy Bar<br><br>  \r\n\r\nAvailable in 9 natural flavors: Apricot, Blueberry, Cherry, Coconut, Lemon, Orange, Raspberry, Tropical Fruit, Vanilla.<br><br>\r\n\r\nEach packet contains 1 fortified food bar providing 409 Kcal (1720 KJ)<br><br>\r\n\r\nNet Wt: 2.95 oz (84 g) each packet.<br><br>144 packet per case.','',2047,''),(50,2,'Palillos con Luz','Palillos con Luz<br> palillos con luz 12-Hour disponibles en verde, amarillo, naranja y rojo.<br> <br>Cantidad del caso: 500 <br>Peso del caso: 28 LIBRAS','',619,''),(50,1,'Light Sticks','Light Sticks<br>\r\n12-Hour light sticks available in green, yellow, orange and red.<br><br>\r\n\r\nCase Quantity: 500<br>\r\nCase Weight: 28 LBS','',761,''),(51,2,'Mantas térmicas','Mantas térmicas<br><br>Tamaño: 52\" x 84\" <br><br>Cantidad del caso: 250<br> Peso del caso: 28 LIBRAS','',632,NULL),(51,1,'Thermal Blankets','Thermal Blankets <br><br>Size: 52\" x 84\" <br><br>\r\nCase Quantity: 250 <br>\r\nCase Weight: 28 LBS','',756,NULL),(52,1,'Deluxe Survival Kit','The kit includes the following:<br>\r\n<br>\r\n<b>Food and Water:</b><br>\r\n6 Boxes of Aqua Blox Water Boxes -<i> twice the amount of water as leading \r\nsuppliers and has a 5 year shelf-life</i><br>\r\n6 - 400 Calorie Food Bars -<i> 5 year shelf-life, 2400 calories total</i><br>\r\n10 Water Purification Tablets - <i>each tablet purifies 1 liter of water</i></p>\r\n<p><b>Light and Communication:</b><br>\r\nAm/Fm Radio with Headphones and Batteries<br>\r\nRechargeable Squeeze Flashlight - <i>3 LED flashlight which generates and stores \r\npower by squeezing the handle (NO BATTERIES NEEDED)</i><br>\r\n30 Hour Emergency Candle - <i>can also be used as a stove</i> <br>\r\nGreen Emergency Glow Stick <i>- lasts for 24 hours </i><br>\r\n5-in-1 Survival Whistle - <i>compass, signal mirror, flint starter, waterproof \r\ncontainer, lanyard, and shrill whistle</i><br>\r\nBox of 50 Waterproof Matches <br>\r\nBic Style Lighter </p>\r\n<p><b>Shelter and Warmth:</b><br>\r\nEmergency Survival Sleeping Bag - <i>Recommended over common \"space blankets\"</i><br>\r\n16 Hour Body Warmer <br>\r\n2-Person Tube Tent with Rope <br>\r\nEmergency Poncho with Hood </p>\r\n<p><b>Tools:</b><br>\r\n16 Function Knife<br>\r\nLeather Palm Working Gloves<br>\r\nN95 Respirator Dust Mask <br>\r\n60 Feet of Nylon Rope</p>\r\n<p><b>Hygiene and Sanitation:</b><br>\r\n24 Piece Deluxe Hygiene Kit<i> - toothbrush, toothpaste, 9 wetnaps, bar of soap, \r\n.34 oz shampoo and conditioner, dental floss pick, .25 oz hand and body lotion, \r\ndeodorant gel, twin blade razor, 5\" black comb, 4 maxipads, shaving cream \r\npacket, and washcloth.</i><br>\r\n3 Tempo Pocket Tissue Packs </p>\r\n<p><b>First Aid:</b><br>\r\n<u>42 Piece Bandage First Aid Kit</u> - <i>Contains 42 Pieces - 10 Spot \r\nBandages, 10 Sheer Junior, 5 Sheer Medium, 5 Sheer Strips, 2 Antibacterial, \r\n3Clear Strips, 2 Fabric Strips, 1 Extra Large, 2 Alcohol Pads, and 2 Gauze Pads&\r\n</i><br>\r\n<u>Guardian First Aid Essentials Kit</u> - <i>1 Trauma Dressing (5\"x9\"), 3 \r\nSunscreen Lotion Packs, 1 Sting Relief Prep Pad, 1 Burn Cream Pack, 4 \r\nNon-Aspirin Tablets, 4 Antacid Tablets, 4 Ibuprofen Tablets, 1 Lip Ointment \r\nPack, 1 Antibiotic Ointment Pack, 1 Pair of Vinyl (non latex) Gloves, 2 Finger \r\nSplints, 10 Cotton Tip Applicators, 1 Roll of First Aid Tape, 1 Roll of Gauze \r\nDressing, and a First Aid Instruction Guide</i><br>\r\n<br>\r\n<b>Other:<br>\r\n</b>Notepad<br>\r\nPencil<br>\r\nDeck of playing cards for entertainment<br>\r\nInfectious Waste Bag </p>','',889,NULL),(55,2,'Kit de Supervivencia de la Oficina de 5 Personas','(Todos los artículos se embalan con seguridad en nuestro 5 galones Cubo con la tapa del asiento de tocador) El kit incluye el siguiente: Alimento y agua: 5 cajas del Aqua Literz - equivalente a 30 paquetes de agua de la emergencia (5 litros) y cada caja tiene un período de validez de 5 años 5 - 2400 Barras del alimento de la caloría (12.000 calorías) - 30 barras individualmente envueltas con a vida útil de cinco años Agua 50 Tabletas de la purificación - cada tableta purifica 1 litro de agua & nbsp; Luz y comunicación: & nbsp; & nbsp; & nbsp; Dínamo Linterna de radio 4 en 1 - radio de AmFm, sirena, linterna de 3 LED, teléfono celular Cargador con el adaptador incluido (NUNCA NECESITA LAS BATERÃAS) Linterna recargable del apretón - linterna de 3 LED que genera y almacena energía exprimiendo la manija (NUNCA NECESITA LAS BATERÃAS) 30 horas Vela de la emergencia - puede también ser utilizado como estufa 5 - Verde El resplandor de la emergencia se pega - dura por 24 horas de & nbsp; 5 in-1 Silbido de la supervivencia - silbido chillón ruidoso (recorridos sobre 1 milla) que contiene a arrancador del pedernal, espejo de la señal, compás, y acollador Caja de 50 Fósforos impermeables & nbsp; Abrigo y calor: 5 Las mantas de la supervivencia de la emergencia - conserve sobre el 90% del calor del cuerpo de usuarios 2-Person Tienda del tubo con la cuerda 5 Ponchos de la emergencia con la capilla & nbsp; Herramientas: 10\' x 10\' Encerado azul 7-1/2& quot; Barra de palanca plana 16 Cuchillo de la función Cuero Guantes de trabajo de la palma Cinta del conducto - 2& quot; x 10 yardas 5 - Máscaras de polvo del respirador N95 - NIOSH aprobado & nbsp; Higiene y saneamiento: Bolsos del tocador con los productos químicos - lacrables, prueba del escape externa el bolso selló al bolso inútil interno que contenía la congelación inútil del biogel Higiene 5 Kits cepillo de dientes, crema dental, barra del jabón, y 9 trapos mojados Tempo 5 Paquetes del tejido del bolsillo Aire Ambientador & nbsp; Primero Ayuda: 2 - 42 Kits de primeros auxilios del Portable del pedazo - contiene 42 pedazos - 10 vendajes del punto, 10 joven escarpado, 5 medios escarpados, 5 tiras escarpadas, 2 anti-bacterianos, 3 tiras claras, 2 tiras de la tela, 1 grande adicional, 2 cojines del alcohol, y 2 cojines de gasa 2 Kits del esencial de los primeros auxilios del guarda - 1 preparación del trauma (5& quot; x9& quot;), 3 paquetes de la loción de la protección solar, 1 cojín de la preparación de la relevación de la picadura, 1 paquete poner crema de la quemadura, 4 tabletas de No-Aspirin, 4 tabletas antiácidas, 4 tabletas del ibuprofen, 1 paquete del ungüento del labio, 1 antibiótico Paquete del ungüento, 1 par de guantes del vinilo (no látex), 2 tablillas del dedo, algodón 10 Aplicadores de la extremidad, 1 rodillo de cinta de los primeros auxilios, 1 rodillo de apósito de gasa, y un primer Guía de la instrucción de la ayuda & nbsp; Otro: Cubierta de tarjetas que juegan para la hospitalidad & nbsp;','',811,NULL),(53,2,'Kit de Supervivencia para los Niños','El kit incluye el siguiente: Alimento y agua: 6 cajas de cajas de agua de Blox del Aqua - dos veces la cantidad de agua como surtidores principales y cada caja tiene un período de validez de 5 años barras del alimento de 6 - 400 calorías (2400 calorías) - fuente de 3 días de alimento con una vida útil de cinco años para 1 persona 10 tabletas de la purificación del agua - cada tableta purifica 1 litro de agua Luz y comunicación: Linterna recargable del apretón - linterna de 3 LED que genera y almacena energía exprimiendo la manija (NINGUNAS BATERÃAS NECESARIAS) 3 palillos verdes del resplandor de la emergencia - dura por 12 horas por cada uno silbido de la supervivencia 5 in-1 - silbido chillón ruidoso (recorridos sobre 1 milla) que contiene un arrancador del pedernal, un espejo de la señal, un compás, y un acollador Abrigo y calor: Manta polar del paño grueso y suave - esta manta caliente es 130 cm x 170 cm 16-20 calentador del cuerpo de la hora - caliente para arriba en minutos con una temperatura media de 130 grados. Poncho de la emergencia para los niños Herramientas: Guantes calientes del invierno Máscara de polvo del respirador N95 - NIOSH aprobó Higiene y saneamiento: Kit de la higiene - incluye el jabón, el cepillo de dientes, la crema dental, y 9 trapos mojados. 3 paquetes del tejido del bolsillo del tempo Primeros auxilios: Kit de primeros auxilios del Portable de 42 pedazos - contiene 42 pedazos - 10 vendajes del punto, 10 tiras del joven escarpado, 5 del medio escarpado, 5 escarpadas, 2 tiras del anti-bacteriano, 3 claras, 2 tiras de la tela, 1 grande adicional, 2 cojines del alcohol, y 2 cojines de gasa Hospitalidad: Libro de colorante de la actividad con 8 creyones - contiene cuadros para colorear y actividades para ayudar a guardar un child\' la mente de s ocupó Juguetes de los niños - cuerda de salto, paleta con la bola, y un sistema del jax','',1955,''),(53,1,'Children\'s Survival Kit','The kit includes the \r\nfollowing:<br>\r\n<br>\r\n<b>Food and Water:</b><br>\r\n6 Boxes of Aqua Blox Water Boxes -<i> twice the amount of water \r\nas leading suppliers</i><br>\r\n12 - 200 Calorie Food Bars (2400 calories)<br>\r\n10 Water Purification Tablets - <i>each tablet purifies 1 liter \r\nof water</i></p>\r\n<p><b>Light and Communication:</b><br>\r\nRechargeable Squeeze Flashlight - <i>contains lithium batteries \r\nwhich last up to 30 hours and also is able to generate power through squeezing</i><br>\r\n5-in-1 Survival Whistle<br>\r\n3 Green Emergency Glow Sticks -<i> lasts for 24 hours each</i>\r\n</p>\r\n<p><b>Shelter and Warmth:</b><br>\r\nPolar Fleece Blanket - <i>this warm blanket is 130 cm x 170 cm</i><br>\r\nEmergency Poncho for Children<br>\r\n16-20 Hour Body Warmer - <i>heat up in minutes with an average \r\ntemperature of 130 degrees.</i></p>\r\n<p><b>\r\nTools:</b><br>\r\nWarm Winter Gloves<br>\r\nN95 Respirator Dust Mask - <i>NIOSH approved</i><br>\r\n<br>\r\n<b>Hygiene and Sanitation:</b><br>\r\nHygiene Kit -<i> Includes soap, \r\ntoothbrush, toothpaste, and 9 wet wipes.</i><br>\r\n3 Tempo Pocket Tissue Packs </p>\r\n<p><b>First Aid:</b><br>\r\n42 Piece Pocket First Aid Kit - <i>contains 42 pieces - 10 spot \r\nbandages, 10 sheer junior,5 sheer medium, 5 sheer strips, 2 antibacterial, 3 \r\nclear strips, 2 fabric strips, 1 extra large, 2 alcohol pads, and 2 gauze pads</i><br>\r\n<br>\r\n<b>Entertainment:</b><br>\r\nActivity Coloring Book with Crayons - <i>contains pictures to \r\ncolor and activities to help keep a child\'s \r\nmind occupied<br>\r\n</i>Children\'s Toys - <i>jump rope, paddle with ball, and \r\na jax set </i></p>\r\n<br>','',805,''),(54,2,'Kit de lujo de 2 Personas','El kit incluye el siguiente: Alimento y agua: 12 cajas de cajas de agua de Blox del Aqua - dos veces la cantidad del agua como llevando los surtidores y tienen un período de validez de 5 años barras del alimento de 12 - 400 calorías - período de validez de 5 años (4800 calorías) 20 tabletas de la purificación del agua - cada tableta purifica 1 litro de agua Luz y comunicación: Radio de Am/Fm con los auriculares y las baterías Linterna recargable del apretón - linterna de 3 LED que genera y almacena energía exprimiendo la manija (NINGUNAS BATERÃAS NECESARIAS) Vela de la emergencia de 30 horas - puede también ser utilizado como estufa Ponga verde el palillo del resplandor de la emergencia - dura por 24 horas silbido de la supervivencia 5 in-1 - compás, espejo de la señal, arrancador del pedernal, impermeable envase, acollador, y silbido chillón Caja de 50 fósforos impermeables Alumbrador del estilo del Bic Abrigo y calor: 2 sacos de dormir de la supervivencia de la emergencia - recomendados sobre & común; quot; blankets& del espacio; quot; calentadores del cuerpo de 2 - 16 horas tienda del tubo 2-Person con la cuerda 2 ponchos de la emergencia con la capilla Herramientas: Cuchillo de 16 funciones Guantes de trabajo de la palma de cuero 2 máscaras de polvo del respirador N95 60 pies de la cuerda de nylon Higiene y saneamiento: 2 - 24 kits de lujo de la higiene del pedazo - cepillo de dientes, crema dental, 9 wetnaps, barra del jabón, champú de .34 onza y acondicionador, selección de la seda dental, mano y loción del cuerpo, gel del desodorisante, maquinilla de afeitar gemela de .25 onza de la lámina, 5& quot; peine negro, 4 maxipads, paquete de la crema de afeitar, y washcloth. 6 paquetes del tejido del bolsillo del tempo Primeros auxilios: Kit de primeros auxilios del vendaje de 42 pedazos - contiene 42 pedazos - punto 10 Vendajes, 10 jóvenes escarpados, 5 medios escarpados, 5 tiras escarpadas, anti-bacteriano 2, tiras 3Clear, 2 tiras de la tela, 1 grande adicional, 2 cojines del alcohol, y 2 gasa Pads& amperio; Kit del esencial de los primeros auxilios del guarda - 1 preparación del trauma (5& quot; x9& quot;), 3 Paquetes de la loción de la protección solar, 1 cojín de la preparación de la relevación de la picadura, 1 paquete poner crema de la quemadura, 4 Tabletas de No-Aspirin, 4 tabletas antiácidas, 4 tabletas del ibuprofen, 1 ungüento del labio Paquete, 1 paquete antibiótico del ungüento, 1 par de guantes del vinilo (no látex), dedo 2 Tablillas, 10 aplicadores de la extremidad del algodón, 1 rodillo de cinta de los primeros auxilios, 1 rodillo de gasa Vestido, y una guía de la instrucción de los primeros auxilios Otro: Libreta Lápiz Cubierta de las tarjetas que juegan para la hospitalidad Bolso inútil infeccioso','',1023,NULL),(54,1,'2 Person Deluxe Kit','The kit includes the following:<br>\r\n<br>\r\n<b>Food and Water:</b><br>\r\n12 Boxes of Aqua Blox Water Boxes -<i> twice the amount of water as leading \r\nsuppliers and has a 5 year shelf-life</i><br>\r\n12 - 400 Calorie Food Bars -<i> 5 year shelf-life (4800 Calories)</i><br>\r\n20 Water Purification Tablets - <i>each tablet purifies 1 liter of water</i></p>\r\n<p><b>Light and Communication:</b><br>\r\nAm/Fm Radio with Headphones and Batteries<br>\r\nRechargeable Squeeze Flashlight - <i>3 LED flashlight which generates and stores \r\npower by squeezing the handle (NO BATTERIES NEEDED)</i><br>\r\n30 Hour Emergency Candle - <i>can also be used as a stove</i> <br>\r\nGreen Emergency Glow Stick <i>- lasts for 24 hours </i><br>\r\n5-in-1 Survival Whistle - <i>compass, signal mirror, flint starter, waterproof \r\ncontainer, lanyard, and shrill whistle</i><br>\r\nBox of 50 Waterproof Matches <br>\r\nBic Style Lighter </p>\r\n<p><b>Shelter and Warmth:</b><br>\r\n2 Emergency Survival Sleeping Bags - <i>Recommended over common \"space blankets\"</i><br>\r\n2 - 16 Hour Body Warmers <br>\r\n2-Person Tube Tent with Rope <br>\r\n2 Emergency Ponchos with Hood </p>\r\n<p><b>Tools:</b><br>\r\n16 Function Knife<br>\r\nLeather Palm Working Gloves<br>\r\n2 N95 Respirator Dust Masks <br>\r\n60 Feet of Nylon Rope</p>\r\n<p><b>Hygiene and Sanitation:<br>\r\n</b>2 - 24 Piece Deluxe Hygiene Kits<b> </b>- \r\ntoothbrush, toothpaste, 9 wetnaps, bar of soap, .34 oz shampoo and conditioner, \r\ndental floss pick, .25 oz hand and body lotion, deodorant gel, twin blade razor, \r\n5\" black comb, 4 maxipads, shaving cream packet, and washcloth.</span><br>\r\n6 Tempo Pocket Tissue Packs </p>\r\n<p><b>First Aid:</b><br>\r\n<u>42 Piece Bandage First Aid Kit</u> - <i>Contains 42 Pieces - 10 Spot \r\nBandages, 10 Sheer Junior, 5 Sheer Medium, 5 Sheer Strips, 2 Antibacterial, \r\n3Clear Strips, 2 Fabric Strips, 1 Extra Large, 2 Alcohol Pads, and 2 Gauze Pads&\r\n</i><br>\r\n<u>Guardian First Aid Essentials Kit</u> - <i>1 Trauma Dressing (5\"x9\"), 3 \r\nSunscreen Lotion Packs, 1 Sting Relief Prep Pad, 1 Burn Cream Pack, 4 \r\nNon-Aspirin Tablets, 4 Antacid Tablets, 4 Ibuprofen Tablets, 1 Lip Ointment \r\nPack, 1 Antibiotic Ointment Pack, 1 Pair of Vinyl (non latex) Gloves, 2 Finger \r\nSplints, 10 Cotton Tip Applicators, 1 Roll of First Aid Tape, 1 Roll of Gauze \r\nDressing, and a First Aid Instruction Guide</i><br>\r\n<br>\r\n<b>Other:<br>\r\n</b>Notepad<br>\r\nPencil<br>\r\nDeck of playing cards for entertainment<br>\r\nInfectious Waste Bag </p>','',794,NULL),(55,1,'5 Person Office Survival Kit','The kit includes the following:<br><br>\r\n<b>Food \r\nand Water:</b><br>\r\n5 Boxes \r\nof Aqua Literz - <i>Equivalent to 30 packets of emergency water (5 Liters) and \r\neach box has a 5 year shelf-life</i><br>\r\n5 - 2400 \r\nCalorie Food Bars (12,000 Calories) -<i> 30 Individually wrapped bars with a \r\n5-year shelf life</i><br>\r\n50 Water \r\nPurification Tablets - <i>each tablet purifies 1 liter of water</i><br>\r\n <br>\r\n<b>Light \r\nand Communication:    </b><br>\r\nDynamo \r\nRadio Flashlight 4 in 1 - <i>AmFm Radio, Siren, 3 LED Flashlight, Cell-phone \r\nCharger with adapter included (NEVER NEEDS BATTERIES)</i><br>\r\n\r\nRechargeable Squeeze Flashlight - <i>3 LED flashlight which generates and stores \r\npower by squeezing the handle (NEVER NEEDS BATTERIES)</i><br>\r\n30 Hour \r\nEmergency Candle -<i> can also be used as a stove</i><br>\r\n5 - Green \r\nEmergency Glow Sticks -<i> lasts for 24 hours  </i><br>\r\n5-in-1 \r\nSurvival Whistle - <i>loud shrill whistle (travels over 1 mile) containing a \r\nflint starter, signal mirror, compass, and lanyard</i><br>\r\nBox of 50 \r\nWaterproof Matches<br>\r\n <br>\r\n<b>\r\nShelter and Warmth:</b><br>\r\n5 \r\nEmergency Survival Blankets - <i>Retain over 90% of the users body heat</i><br>\r\n2-Person \r\nTube Tent with Rope<br>\r\n5 \r\nEmergency Ponchos with Hood<br>\r\n <br>\r\n<b>Tools:</b><br>\r\n10\' x 10\' \r\nBlue Tarp<br>\r\n7-1/2\" \r\nFlat Pry Bar<br>\r\n16 \r\nFunction Knife<br>\r\nLeather \r\nPalm Working Gloves<br>\r\nDuct Tape \r\n- 2\" x 10 yards<br>\r\n5 - \r\nN95 Respirator Dust Masks -<i> NIOSH approved</i><br>\r\n <br>\r\n<b>\r\nHygiene and Sanitation:</b><br>\r\n\r\nToilet Bags with Chemicals -<i> Sealable, leak proof outer \r\nbag sealed to inner waste bag containing Bio-Gel waste gelation </i>\r\n<br>\r\n5 Hygiene \r\nKits- toothbrush, toothpaste, bar of soap, and 9 wet wipes<br>\r\n5 Tempo \r\nPocket Tissue Packs <br>\r\nAir \r\nFreshener <br>\r\n <br>\r\n<b>First \r\nAid:</b><br>\r\n2 - 42 \r\nPiece Portable First Aid Kits - <i>contains 42 pieces - 10 spot bandages, 10 \r\nsheer junior,5 sheer medium, 5 sheer strips, 2 antibacterial, 3 clear strips, 2 \r\nfabric strips, 1 extra large, 2 alcohol pads, and 2 gauze pads</i><br>\r\n2 \r\nGuardian First Aid Essentials Kits -<i> 1 Trauma Dressing (5\"x9\"), 3 Sunscreen \r\nLotion Packs, 1 Sting Relief Prep Pad, 1 Burn Cream Pack, 4 Non-Aspirin Tablets, \r\n4 Antacid Tablets, 4 Ibuprofen Tablets, 1 Lip Ointment Pack, 1 Antibiotic \r\nOintment Pack, 1 Pair of Vinyl (non latex) Gloves, 2 Finger Splints, 10 Cotton \r\nTip Applicators, 1 Roll of First Aid Tape, 1 Roll of Gauze Dressing, and a First \r\nAid Instruction Guide</i><br>\r\n <br>\r\n<b>Other:</b><br>\r\nDeck of \r\nplaying cards for entertainment<br>\r\n <br>(All items are packed securely in our 5 Gallon \r\nBucket with Toilet Seat Lid)<br>','',740,NULL),(58,2,'Bolso de Totalizador del Kit de Supervivencia para los Niños','Este kit de supervivencia compacto se embala cuidadosamente en un artículo bolso impermeable del refrigerador. Se diseña para los niños 11 años o más jovenes. El bolso rojo del refrigerador tiene el & de las palabras; quot; Supervivencia Kit& quot; en el frente, una correa de hombro ajustable, cuerdas del amarre en tapa, y una raya del reflector en la parte posterior. El kit incluye el siguiente: Alimento y agua: 3 cajas de cajas de agua de Blox del Aqua - dos veces cantidad de agua como surtidores principales barras del alimento de 12 - 200 calorías 10 tabletas de la purificación del agua - cada tableta purifica 1 litro de agua Luz y comunicación: Mini radio de la exploración con los auriculares y las baterías Linterna recargable del apretón - contiene las baterías de litio que las hasta 30 horas pasadas y también pueden generar energía con exprimir silbido de la supervivencia 5 in-1 Abrigo y calor: Saco de dormir de la supervivencia de la emergencia - recomendado sobre & común; quot; espacio blankets.& quot; Poncho de la emergencia para los niños Herramientas: Máscara de polvo del respirador N95 Higiene y saneamiento: 3 paquetes del tejido del bolsillo del tempo 3 trapos mojados para la higiene Primeros auxilios: Kit de primeros auxilios del bolsillo de 42 pedazos - contiene 42 pedazos - 10 manchan los vendajes, 10 jóvenes escarpados, 5 medios escarpados, 5 tiras escarpadas, 2 anti-bacteriano, 3 tiras claras, 2 tiras de la tela, 1 grande adicional, 2 cojines del alcohol, y 2 cojines de gasa Hospitalidad: Libro de colorante de la actividad con 8 creyones - contiene cuadros para colorear y actividades para ayudar a guardar a child\' mente de s ocupada','',1527,NULL),(56,2,'Kit de Supervivencia de la Oficina de 10 personas','El kit incluye el siguiente: Alimento y agua: 10 cajas del Aqua Literz - equivalente a 30 paquetes de agua de la emergencia (5 litros) y cada caja tiene un período de validez de 5 años 10 - 2400 Barras del alimento de la caloría (12.000 calorías) - 30 barras individualmente envueltas con a vida útil de cinco años Agua 50 Tabletas de la purificación - cada tableta purifica 1 litro de agua & nbsp; Luz y comunicación: & nbsp; & nbsp; & nbsp; Dínamo Linterna de radio 4 en 1 - radio de AmFm, sirena, linterna de 3 LED, teléfono celular Cargador con el adaptador incluido (NUNCA NECESITA LAS BATERÃAS) Linterna recargable del apretón - linterna de 3 LED que genera y almacena energía exprimiendo la manija (NUNCA NECESITA LAS BATERÃAS) 30 horas Vela de la emergencia - puede también ser utilizado como estufa 5 - Verde El resplandor de la emergencia se pega - dura por 24 horas de & nbsp; 5 in-1 Silbido de la supervivencia - silbido chillón ruidoso (recorridos sobre 1 milla) que contiene a arrancador del pedernal, espejo de la señal, compás, y acollador Caja de 50 Fósforos impermeables & nbsp; Abrigo y calor: 10 Las mantas de la supervivencia de la emergencia - conserve sobre el 90% del calor del cuerpo de usuarios 2-Person Tienda del tubo con la cuerda 10 Ponchos de la emergencia con la capilla & nbsp; Herramientas: 10\' x 10\' Encerado azul 7-1/2& quot; Barra de palanca plana 16 Cuchillo de la función Cuero Guantes de trabajo de la palma Cinta del conducto - 2& quot; x 10 yardas 10 - Máscaras de polvo del respirador N95 - NIOSH aprobado & nbsp; Higiene y saneamiento: Bolsos del tocador con los productos químicos - lacrables, prueba del escape externa el bolso selló al bolso inútil interno que contenía la congelación inútil del biogel 10 Kits cepillo de dientes, crema dental, barra del jabón, y 9 trapos mojados de la higiene Tempo 10 Paquetes del tejido del bolsillo Aire Ambientador & nbsp; Primero Ayuda: 2 - 42 Kits de primeros auxilios del Portable del pedazo - contiene 42 pedazos - 10 vendajes del punto, 10 joven escarpado, 5 medios escarpados, 5 tiras escarpadas, 2 anti-bacterianos, 3 tiras claras, 2 tiras de la tela, 1 grande adicional, 2 cojines del alcohol, y 2 cojines de gasa 2 Kits del esencial de los primeros auxilios del guarda - 1 preparación del trauma (5& quot; x9& quot;), 3 paquetes de la loción de la protección solar, 1 cojín de la preparación de la relevación de la picadura, 1 paquete poner crema de la quemadura, 4 tabletas de No-Aspirin, 4 tabletas antiácidas, 4 tabletas del ibuprofen, 1 paquete del ungüento del labio, 1 antibiótico Paquete del ungüento, 1 par de guantes del vinilo (no látex), 2 tablillas del dedo, algodón 10 Aplicadores de la extremidad, 1 rodillo de cinta de los primeros auxilios, 1 rodillo de apósito de gasa, y un primer Guía de la instrucción de la ayuda & nbsp; Otro: 2 cubiertas de las tarjetas que juegan para la hospitalidad (Todos los artículos se embalan con seguridad en 1 de lujo Morral de los caminantes que contiene el espacio adicional disponible para sus artículos personales y cubo de 1 - 5 galones con la tapa del asiento de tocador)','',841,NULL),(56,1,'10 Person Office Survival Kit','The kit includes the following:<br><br>\r\n<b>Food \r\nand Water:</b><br>\r\n10 Boxes \r\nof Aqua Literz - <i>Equivalent to 30 packets of emergency water (5 Liters) and \r\neach box has a 5 year shelf-life</i><br>\r\n10 - 2400 \r\nCalorie Food Bars (12,000 Calories) -<i> 30 Individually wrapped bars with a \r\n5-year shelf life</i><br>\r\n50 Water \r\nPurification Tablets - <i>each tablet purifies 1 liter of water</i><br>\r\n <br>\r\n<b>Light \r\nand Communication:    </b><br>\r\nDynamo \r\nRadio Flashlight 4 in 1 - <i>AmFm Radio, Siren, 3 LED Flashlight, Cell-phone \r\nCharger with adapter included (NEVER NEEDS BATTERIES)</i><br>\r\n\r\nRechargeable Squeeze Flashlight - <i>3 LED flashlight which generates and stores \r\npower by squeezing the handle (NEVER NEEDS BATTERIES)</i><br>\r\n30 Hour \r\nEmergency Candle -<i> can also be used as a stove</i><br>\r\n5 - Green \r\nEmergency Glow Sticks -<i> lasts for 24 hours  </i><br>\r\n5-in-1 \r\nSurvival Whistle - <i>loud shrill whistle (travels over 1 mile) containing a \r\nflint starter, signal mirror, compass, and lanyard</i><br>\r\nBox of 50 \r\nWaterproof Matches<br>\r\n <br>\r\n<b>\r\nShelter and Warmth:</b><br>\r\n10 \r\nEmergency Survival Blankets - <i>Retain over 90% of the users body heat</i><br>\r\n2-Person \r\nTube Tent with Rope<br>\r\n10 \r\nEmergency Ponchos with Hood<br>\r\n <br>\r\n<b>Tools:</b><br>\r\n10\' x 10\' \r\nBlue Tarp<br>\r\n7-1/2\" \r\nFlat Pry Bar<br>\r\n16 \r\nFunction Knife<br>\r\nLeather \r\nPalm Working Gloves<br>\r\nDuct Tape \r\n- 2\" x 10 yards<br>\r\n10 \r\n- N95 Respirator Dust Masks -<i> NIOSH approved</i><br>\r\n <br>\r\n<b>\r\nHygiene and Sanitation:</b><br>\r\n\r\nToilet Bags with Chemicals -<i> Sealable, leak proof outer \r\nbag sealed to inner waste bag containing Bio-Gel waste gelation </i>\r\n<br>\r\n10 \r\nHygiene Kits- toothbrush, toothpaste, bar of soap, and 9 wet wipes<br>\r\n10 Tempo \r\nPocket Tissue Packs <br>\r\nAir \r\nFreshener <br>\r\n <br>\r\n<b>First \r\nAid:</b><br>\r\n2 - 42 \r\nPiece Portable First Aid Kits - <i>contains 42 pieces - 10 spot bandages, 10 \r\nsheer junior,5 sheer medium, 5 sheer strips, 2 antibacterial, 3 clear strips, 2 \r\nfabric strips, 1 extra large, 2 alcohol pads, and 2 gauze pads</i><br>\r\n2 \r\nGuardian First Aid Essentials Kits -<i> 1 Trauma Dressing (5\"x9\"), 3 Sunscreen \r\nLotion Packs, 1 Sting Relief Prep Pad, 1 Burn Cream Pack, 4 Non-Aspirin Tablets, \r\n4 Antacid Tablets, 4 Ibuprofen Tablets, 1 Lip Ointment Pack, 1 Antibiotic \r\nOintment Pack, 1 Pair of Vinyl (non latex) Gloves, 2 Finger Splints, 10 Cotton \r\nTip Applicators, 1 Roll of First Aid Tape, 1 Roll of Gauze Dressing, and a First \r\nAid Instruction Guide</i><br>\r\n <br>\r\n<b>Other:</b><br>\r\n2 Decks \r\nof playing cards for entertainment<br>\r\n(All items are packed securely in <b>1 Deluxe \r\nHikers Backpack</b> which contains extra space available for your personal items \r\nand <b>1 - 5 Gallon Bucket with Toilet Seat Lid</b>)<br>','',886,NULL),(57,2,'Bolso de Totalizador del Kit de Supervivencia','Este kit de supervivencia compacto se embala cuidadosamente en un bolso impermeable durable del refrigerador. Es perfecto mantener en la oficina, en salas de clase, en el país, o coche. El bolso rojo del refrigerador tiene el & de las palabras; quot; Supervivencia Kit& quot; en el frente, una correa de hombro ajustable, cuerdas del amarre en tapa, y un reflector raya en la parte posterior. El kit incluye siguiente: Alimento y agua: 3 cajas de cajas de agua de Blox del Aqua - dos veces la cantidad del agua como surtidores principales barras del alimento de 12 - 200 calorías 10 tabletas de la purificación del agua - cada tableta purifica 1 litro del agua Luz y comunicación: Mini radio de la exploración con los auriculares y las baterías Linterna recargable del apretón - contiene las baterías de litio qué último hasta 30 horas y también puede generar energía con exprimir el silbido de la supervivencia 5 in-1 Caja de 50 fósforos impermeables Abrigo y calor: Saco de dormir de la supervivencia de la emergencia - Recomendado sobre & común; quot; espacio blankets.& quot; Poncho de la emergencia con la capilla Herramientas: Máscara de polvo del respirador N95 Higiene y saneamiento: 3 paquetes del tejido del bolsillo del tempo 3 trapos mojados para la higiene Primeros auxilios: Kit de primeros auxilios del bolsillo de 42 pedazos - contiene 42 pedazos - punto 10 vendajes, 10 jóvenes escarpados, 5 medios escarpados, 5 tiras escarpadas, 2 anti-bacteriano, 3 despeje las tiras, 2 tiras de la tela, 1 grande adicional, 2 cojines del alcohol, y 2 cojines de gasa Otro: Cubierta de las tarjetas que juegan para la hospitalidad','',1688,NULL),(57,1,'Survival Kit Tote Bag','This compact <strong>survival kit </strong>is packed neatly into a <strong>durable waterproof cooler bag</strong>.\r\nIt is perfect to keep in the office, in classrooms, at home, or in the\r\ncar. The red cooler bag has the words \"Survival Kit\" on the front, an\r\nadjustable shoulder strap, tie-down cords on top, and a reflector\r\nstripe on the back.<br />\r\n\r\n\r\nThe kit includes the \r\nfollowing:<br />\r\n<br />\r\n<strong>Food and Water:</strong><br />3 Boxes of Aqua Blox Water Boxes - twice the amount of water \r\nas leading suppliers<br />\r\n12 - 200 Calorie Food Bars<br />\r\n10 Water Purification Tablets - each tablet purifies 1 liter \r\nof water<br /><br />\r\n\r\n<strong>Light and Communication:</strong><br />\r\nMini Scan Radio with Headphones and Batteries<br />\r\nRechargeable Squeeze Flashlight - contains lithium batteries \r\nwhich last up to 30 hours and also is able to generate power through squeezing<br />\r\n5-in-1 Survival Whistle<br />\r\nBox of 50 Waterproof Matches<br /><br />\r\n\r\n<strong>Shelter and Warmth:</strong><br /><br />\r\nEmergency Survival Sleeping Bag - \r\n\r\nRecommended over common \"space blankets.\"<br />\r\n\r\nEmergency Poncho with Hood<br /><br />\r\n\r\n\r\n<strong>\r\nTools:</strong><br />\r\nN95 Respirator Dust Mask<br />\r\n<br />\r\n<strong>Hygiene and Sanitation:</strong><br />\r\n3 Tempo Pocket Tissue Packs<br />\r\n3 Wet Wipes for Hygiene <br /><br />\r\n<strong>First Aid:</strong><br />\r\n42 Piece Pocket First Aid Kit - contains 42 pieces - 10 spot \r\nbandages, 10 sheer junior,5 sheer medium, 5 sheer strips, 2 antibacterial, 3 \r\nclear strips, 2 fabric strips, 1 extra large, 2 alcohol pads, and 2 gauze pads<br />\r\n<br />\r\n<strong>Other:</strong><br />\r\nDeck of playing cards for entertainment<br />','',880,NULL),(58,1,'Survival Kit Tote Bag for Children','<p>This compact <strong>survival kit </strong>is packed neatly into a <strong>durable\r\nwaterproof cooler bag</strong>. It is designed for children 11 years old or younger. The red cooler bag has the words \"Survival\r\nKit\" on the front, an adjustable shoulder strap, tie-down cords on top,\r\nand a reflector stripe on the back.<o:p /></p>\r\n\r\n<p>The kit includes the following:<br />\r\n<br />\r\n<strong>Food and Water:</strong><br />\r\n3 Boxes of Aqua Blox Water Boxes -twice the\r\namount of water as leading suppliers<br />\r\n12 - 200 Calorie Food Bars<br />\r\n10 Water Purification Tablets - each tablet\r\npurifies 1 liter of water<o:p /></p>\r\n\r\n<p><strong>Light and Communication:</strong><br />\r\nMini Scan Radio with Headphones and Batteries<br />\r\nRechargeable Squeeze Flashlight - contains\r\nlithium batteries which last up to 30 hours and also is able to generate power\r\nthrough squeezing<br />\r\n5-in-1 Survival Whistle</p>\r\n\r\n<p><strong>Shelter and Warmth:</strong><br />\r\nEmergency Survival Sleeping Bag - Recommended\r\nover common \"space blankets.\"<br />\r\nEmergency Poncho for Children<o:p /></p>\r\n\r\n<p><strong>Tools:</strong><br />\r\nN95 Respirator Dust Mask<br />\r\n<br />\r\n<strong>Hygiene and Sanitation:</strong><br />\r\n3 Tempo Pocket Tissue Packs<br />\r\n3 Wet Wipes for Hygiene <o:p /></p>\r\n\r\n<p><strong>First Aid:</strong><br />\r\n42 Piece Pocket First Aid Kit - contains 42\r\npieces - 10 spot bandages, 10 sheer junior,5 sheer medium, 5 sheer strips, 2\r\nantibacterial, 3 clear strips, 2 fabric strips, 1 extra large, 2 alcohol pads,\r\nand 2 gauze pads<br />\r\n<br />\r\nEntertainment<strong>:</strong><br />Activity Coloring Book with 8 Crayons - contains pictures to color and activities to help keep a \r\nchild\'s mind occupied</font><o:p /></p>','',815,NULL),(59,2,'Kit de Supervivencia Mini','Este kit de supervivencia compacto se embala cuidadosamente en un bolso durable del tamaño del recorrido. Es perfecto mantener en la oficina, en salas de clase, en el país, o el coche. El bolso rojo del tamaño del recorrido tiene el \" de las palabras; Supervivencia Kit\" en el frente, y viene con un carabiner azul. Alimento y agua: 1 bolso de agua 1 barra de energía del milenio Luz y comunicación: 1 palillo del resplandor de la emergencia 5 - silbido de la supervivencia in-1 Fósforos impermeables Linterna recargable del apretón Abrigo y calor: Poncho de la emergencia con la capilla Manta de la supervivencia de la emergencia Calentador lleno del cuerpo Herramientas: Cuchillo suizo del estilo del ejército de la función multi Kit de costura','',1786,NULL),(59,1,'Survival Kit Mini','This compact survival kit is packed neatly into a durable travel size bag. It is perfect to keep in the office, in classrooms, at home, or in the car. The red travel size bag has the words \"Survival Kit\" on the front, and comes with a blue carabiner.\r\n<br>\r\n<br>\r\n\r\n<strong>Food and Water:</strong>\r\n1 Bag of Water\r\n1 Millenium Energy Bar\r\n<br>\r\n<br>\r\n\r\n<strong>Light and Communication:</strong>\r\n1 Emergency Glow Stick\r\n5 -in-1 Survival Whistle\r\nWaterproof Matches\r\nRechargeable Squeeze Flashlight\r\n<br>\r\n<br>\r\n\r\n<strong>Shelter and Warmth:</strong>\r\nEmergency Poncho w/ Hood\r\nEmergency Survival Blanket\r\nFull Body Warmer\r\n<br>\r\n<br>\r\n\r\n<strong>Tools:</strong>\r\nMulti Function Swiss Army Style Knife\r\nSewing Kit','',736,NULL),(60,2,'Kit de Supervivencia Mini para los Niños','Este kit de supervivencia compacto se diseña para que a los niños los guarden encendido o acerquen siempre en sus morrales. Se embala cuidadosamente en un bolso durable del tamaño del recorrido. El bolso rojo del tamaño del recorrido tiene el de las palabras \"Supervivencia Kit\" en el frente, y viene con un carabiner azul. \r\n<br>\r\n<br>\r\n\r\n<strong>Alimento y agua:</strong>\r\n1 bolso de agua \r\n1 barra de energía del milenio \r\n<br>\r\n<br>\r\n\r\n<strong>Luz y comunicación:</strong>\r\n1 palillo verde del resplandor de la emergencia \r\n5 - silbido de la supervivencia in-1 \r\nLinterna recargable del apretón \r\n<br>\r\n<br>\r\n\r\n<strong>Abrigo y calor: </strong>\r\nPoncho de la emergencia con la capilla \r\nManta de la supervivencia de la emergencia \r\nCalentador lleno del cuerpo','',660,''),(60,1,'Survival Kit Mini for Children','This compact survival kit is designed for children to keep on or near them at all times in their backpacks.  It is packed neatly into a durable travel size bag.  The red travel size bag has the words \"Survival Kit\" on the front, and comes with a blue carabiner.\r\n<br>\r\n<br>\r\n\r\n<strong>Food and Water:</strong>\r\n1 Bag of Water\r\n1 Millenium Energy Bar\r\n<br>\r\n<br>\r\n\r\n<strong>Light and Communication:</strong>\r\n1 Green Emergency Glow Stick\r\n5 -in-1 Survival Whistle\r\nRechargeable Squeeze Flashlight\r\n<br>\r\n<br>\r\n\r\n<strong>Shelter and Warmth:</strong>\r\nEmergency Poncho w/ Hood\r\nEmergency Survival Blanket\r\nFull Body Warmer','',758,''),(61,2,'Kit de primeros auxilios del animal doméstico de 58 pedazos','Este kit de primeros auxilios de lujo del animal doméstico de 58 pedazos trata sus animales para varias lesiones. Este kit de primeros auxilios de lujo se embala cuidadosamente en un bolso de nylon con los artículos necesarios para tratar su animal doméstico-también incluye una guía detallada de los primeros auxilios del animal doméstico. Contiene los puntos siguientes: Tratamiento de lesión y del dolor: 1 envase en frío químico inmediato 3 ungüentos antibióticos 3 cojines de la relevación de la picadura de insecto 1 aerosol del peróxido de hidrógeno 2 onzas. Vendajes: 1 rodillo .5\" de la cinta; x 5 yardas 1 rodillo 2\" de la gasa; x 4.1 yds. 1 rodillo 3\" de la gasa; x 4.1 yds 6 apósitos de gasa estéril 2â€ x 2â€ (2 en un paquete) 6 apósitos de gasa estéril 4â€ x 4â€ (2 en un paquete) 1 cojín pesado 5\" del trauma; x 9\" Productos de limpiamiento: 2 guantes de la examinación 9 cojines de la preparación del alcohol 9 antiséptico Towelettes Yodo de 3 Povidone 5 aplicadores de la extremidad del algodón 1 colirio estéril 1 onza. Fuentes adicionales: 1 guía de los primeros auxilios del animal doméstico 1 par de tijeras del metal 1 par de las pinzas 3\" del metal; 2 removedores de la astilla','',1358,NULL),(61,1,'58 Piece Pet First Aid Kit','This 58 piece deluxe pet first aid kit treats your animals for various injuries. This deluxe first aid kit is neatly packed into a nylon bag with the items needed to treat your pet—also includes a detailed pet first aid guide.\r\n<br>\r\n<br>\r\n\r\nContains the following items:\r\n<br>\r\n<br>\r\n\r\n<strong>Injury and Pain Treatment:</strong>\r\n1 Instant Chemical Cold Pack\r\n3 Antibiotic Ointments\r\n3 Insect Sting Relief Pads\r\n1 Hydrogen Peroxide Spray 2 oz.\r\n<br>\r\n<br>\r\n\r\n<strong>Bandages:</strong>\r\n1 Tape Roll .5\" x 5 yards\r\n1 Gauze Roll 2\" x 4.1 yds.\r\n1 Gauze Roll 3\" x 4.1 yds\r\n6 Sterile Gauze Dressings 2â€ x 2â€  (2 in one pack)\r\n6 Sterile Gauze Dressings 4â€ x 4â€  (2 in one pack)\r\n1 Heavy Trauma Pad 5\" x 9\"\r\n<br>\r\n<br>\r\n\r\n<strong>Cleansing Products:</strong>\r\n2 Examination Gloves  \r\n9 Alcohol Prep Pads\r\n9 Antiseptic Towelettes\r\n3 Povidone Iodine\r\n5 Cotton Tip Applicators\r\n1 Sterile Eyewash 1 oz.\r\n<br>\r\n<br>\r\n\r\n<strong>Additional Supplies:</strong>\r\n1 Pet First Aid Guide \r\n1 Pair of Metal Scissors\r\n1 Pair of Metal Tweezers 3\"\r\n2 Splinter Removers','',2356,NULL),(62,2,'Cargador del teléfono celular de la emergencia','Esta unidad puede ser un life-saver en una situación de emergencia permitiendo que el usuario ponga una llamada cuando muere una batería del teléfono celular. Tape simplemente el adaptador al teléfono y enrolle la manija. Para cada minuto de enrrollamiento el teléfono recibirá bastante energía por 2-3 minutos de tiempo de la charla. Cargará cualquier teléfono que tenga el adaptador requerido. Viene con una cuerda del adaptador de Nokia que se pueda tapar en cualquier adaptador del teléfono celular. Compre el paquete del adaptador que incluye 16 diversos adaptadores para complementar este producto (recomendado).','',1291,NULL),(62,1,'Emergency Cell Phone Charger','This unit can be a life-saver in an emergency situation by allowing the user to place a call when a cell-phone battery dies. Simply plug the adapter to the phone and wind the handle. For every minute of winding the phone will receive enough energy for 2-3 minutes of talk time. It will charge any phone that has the required adapter. It comes with a Nokia adapter cord which can be plugged into any cell-phone adapter. Purchase the adapter package which includes 16 different adapters to supplement this product (recommended).','',2119,NULL),(63,2,'Paquete móvil del adaptador del teléfono celular (16 adaptadores','Estos adaptadores funcionan con el cargador del teléfono celular de la emergencia del guarda y todas las linternas del dínamo con capacidades de carga del teléfono celular. Tape un adaptador en su teléfono y la cuerda en el dispositivo de carga para generar energía a cualquier teléfono móvil que tenga el adaptador necesario. Los adaptadores incluidos son: • Panasonic X-70 • LG1300 • LG7010 • Nokia • CDMA • Panasonic GD92 • LG800 • Samsung A460 • Kyocera • Philips929 • Nokia1470 • Siemens C55 • Motorola V3 (para RAZR y Blackberry) • Motorola V60 • Sony-Ericsson • Alcatel','',527,NULL),(63,1,'Mobile Cell-phone Adapter Package (16 adapters)','These adapters work with the Guardian Emergency Cell-phone Charger and all dynamo flashlights with cell-phone charging capabilities. Plug an adapter into your phone and the cord into the charging device to generate power to any mobile phone which has the necessary adapter. The adapters included are: <br>\r\n                                \r\n• Panasonic X-70<br>\r\n\r\n• LG1300<br>\r\n\r\n• LG7010<br>\r\n\r\n• Nokia<br>\r\n\r\n• CDMA<br>\r\n\r\n• Panasonic GD92\r\n<br>\r\n• LG800<br>\r\n\r\n• Samsung A460<br>\r\n\r\n• Kyocera<br>\r\n\r\n• Philips929<br>\r\n\r\n• Nokia1470<br>\r\n\r\n• Siemens C55<br>\r\n\r\n• Motorola V3 (for RAZR and Blackberry)<br>\r\n\r\n• Motorola V60<br>\r\n\r\n• Sony-Ericsson<br>\r\n\r\n• Alcatel','',803,NULL),(64,2,'Linterna del dínamo de la emergencia con la radio','Nueva linterna brillante increíble del dínamo del LED que nunca necesita las baterías y utiliza una batería de almacenaje de OomAh/3.6v NI-MH. Esta linterna se puede también cargar usando un adaptador eléctrico externo 6V también. Este producto puede cargar un teléfono celular y tiene un lazo del USB que pueda cargar a un jugador MP3. La energía almacenada se utiliza para suministrar las luces del LED, la radio de FM, y la sirena. ¡También hace un compás atar y es una emergencia perfecta o un artículo que acampa y hace un gran regalo! El sintonizador de FM viene con una salida del altavoz o del auricular y volumen ajustable. Tres minutos de poner proporcionan 2-8 minutos de tiempo de la charla del teléfono móvil, 10-20 minutos del uso MP3, o 4-10 minutos del uso MP4.','',614,NULL),(64,1,'Emergency Dynamo Lantern with Radio','Incredible new bright LED dynamo lantern which never needs batteries and uses a OomAh/3.6v NI-MH Storage Battery. This lantern can also be charged using a 6V external electrical adapter as well. This product can charge a cell phone and has a USB tie which can charge an MP3 player. The energy stored is used to supply the LED Lights, FM Radio, and Siren. It also has a compass attached and is a perfect emergency or camping item and makes a great gift! The FM tuner comes with a loudspeaker or earphone output and adjustable volume. Three minutes of cranking provides 2-8 minutes of mobile phone talk time, 10-20 minutes of MP3 use, or 4-10 minutes of MP4 use.','',776,NULL),(65,2,'Guarda Automóvil','Esta linterna de la emergencia es una necesidad tiene para cada automóvil. Tiene 3 luces brillantes del LED con 5 pilotos del LED en el lado que puede destellar para atraer la atención. Tiene una sirena ruidosa para llamar ayuda a una situación de emergencia, un cortador del cinturón de seguridad para ayudar cortado de un cinturón de seguridad atasc, y puede ser utilizada como martillo para romperse a través del vidrio para escapar un coche cuando las ventanas no trabajan. El imán incorporado puede permitir que un individuo guarde la linterna dentro del alcance de los brazos siempre que estén conduciendo. Esta linterna 5 in-1 es también hidrófuga.','',592,''),(65,1,'Automobile Guardian','This emergency flashlight is a must have for every automobile. It has 3 bright LED lights with 5 LED warning lights on the side which can flash to attract attention. It has a loud siren to call help to an emergency situation, a seatbelt cutter to help cut out of a jammed seatbelt, and can be used as a hammer to break through glass to escape a car when windows do not work. The built-in magnet can allow an individual to keep the flashlight within arms reach whenever they are driving. This 5-in-1 flashlight is also water-resistant.','',790,''),(66,2,'Linterna accionada solar','Esta linterna brillante diseñada tiene 2 LED brillantes y se carga con energía solar. Es un gran producto a guardar en un keychain así que puede cargar constantemente mientras que conduce durante el día. Nunca necesita las baterías y le da una fuente de luz lista siempre que usted la necesite. Utilícelo para iluminar el coche y las cerraduras de puerta, para buscar para los artículos en su coche y caja de guante, y para el uso afuera. Es también impermeable y nunca necesita bulbos del reemplazo.','',588,NULL),(66,1,'Solar Powered Flashlight','This brilliantly designed flashlight has 2 bright LED’s and is charged through solar energy. It is a great product to keep on a keychain so it can constantly be charging while driving during the day. It never needs batteries and gives you a ready light source whenever you need it. Use it to illuminate car and door locks, to search for items in your car and glove box, and for use outside. It is also rainproof and never needs replacement bulbs.','',800,NULL),(67,2,'Menear verdadera (por siempre linterna)','Estas linternas de la sacudida no contienen ninguna batería. Mucho nuevo \" menear\" falso; las linternas demandan ser recargables cuando utilizan realmente las baterías de litio genéricas. Éstos son el reparto verdadero. El caso impermeable flota en agua y la luz es hasta una milla visible.','',631,''),(67,1,'Real Shake (forever flashlight)','These shake flashlights contain no batteries. Many new \"fake shake\" flashlights claim to be rechargeable when actually they use generic lithium  batteries. These are the real deal. The waterproof case floats in water  and the light is visible up to one mile.','',827,''),(68,2,'3 LED Linterna del Apretón','Estas linternas prácticas del LED son baratas con todo muy eficiente y brillante. Son totalmente recargables simplemente exprimiendo la manija que genera y almacena energía. Son perfectas para las situaciones agotadoras desde exprimir se han demostrado ser terapéuticas.','',626,''),(68,1,'3 LED Squeeze Flashlight','These handy LED flashlights are inexpensive yet very efficient and bright. They are completely rechargeable by simply squeezing the handle which generates and stores power.  They are perfect for stressful situations since squeezing has been proven to be therapeutic.','',867,''),(69,2,'Palillos con Luz de la emergencia 12 hora','Nuestros palillos del resplandor de la emergencia duran por 12 horas y tienen un período de validez largo de 3-5 años','',605,''),(69,1,'12 Hour Emergency Bright Stick','Our emergency glow sticks last for 12 hours and have a long shelf-life of 3-5 years','',851,''),(70,2,'Calentadores del cuerpo de 16 horas','Estos calentadores de cuerpo caliente en cuestión de minutos. Ellos duran 16-20 horas y hasta 150 grados con una temperatura promedio de 130 grados de calor. Colocar dentro de su saco de dormir o debajo de la ropa para obtener resultados óptimos. 50 por la caja.','',601,NULL),(70,1,'16 Hour Body Warmers','These body warmers heat up in just minutes. They last for 16-20 hours and heat up to 150 degrees with an average temperature of 130 degrees. Place within your sleeping bag or under clothing for optimal results.\r\n50 per box.','',961,NULL),(71,2,'Kit de Supervivencia de la Selva','<strong>Kit de Supervivencia de la Selva <br />\r\nSostiene a 1 hombre por 5 días. </strong><br />\r\n<br />\r\nPN 1001-1  (KIT0005) <br /><br />\r\n<table width=\"100%\" border=\"1\" cellspacing=\"0\" cellpadding=\"1\">\r\n  <tr>\r\n    <th width=\"9%\" bgcolor=\"#99BB99\"scope=\"col\"> Artículo </th>\r\n    <th width=\"15%\" bgcolor=\"#99BB99\"scope=\"col\"> Cantidad </th>\r\n    <th width=\"15%\" bgcolor=\"#99BB99\"scope=\"col\"><div align=\"left\"> Número de parte </div></th>\r\n    <th width=\"61%\" bgcolor=\"#99BB99\"scope=\"col\"><div align=\"left\"> Descripción </div></th>\r\n  </tr>\r\n  <tr>\r\n    <td><div align=\"center\">1</div></td>\r\n    <td><div align=\"center\">1</div></td>\r\n    <td><div align=\"left\">2000</div></td>\r\n    <td> 5 cuartos de galón de agua </td>\r\n  </tr>\r\n  <tr>\r\n    <td><div align=\"center\">2</div></td>\r\n    <td><div align=\"center\">1</div></td>\r\n    <td><div align=\"left\">2001-1</div></td>\r\n    <td> Bandera de señal </td>\r\n  </tr>\r\n  <tr>\r\n    <td><div align=\"center\">3</div></td>\r\n    <td><div align=\"center\">3</div></td>\r\n    <td><div align=\"left\">2001-3</div></td>\r\n    <td> Llamarada de señal aérea </td>\r\n  </tr>\r\n  <tr>\r\n    <td><div align=\"center\">4</div></td>\r\n    <td><div align=\"center\">1</div></td>\r\n    <td><div align=\"left\">2002</div></td>\r\n    <td>Emergen-C,   4 onzas polvo  </td>\r\n  </tr>\r\n  <tr>\r\n    <td><div align=\"center\">5</div></td>\r\n    <td><div align=\"center\">1</div></td>\r\n    <td><div align=\"left\">2003</div></td>\r\n    <td> Kit de primeros auxilios </td>\r\n  </tr>\r\n  <tr>\r\n    <td><div align=\"center\">6</div></td>\r\n    <td><div align=\"center\">1</div></td>\r\n    <td><div align=\"left\">2004</div></td>\r\n    <td> Kit de la pesca </td>\r\n  </tr>\r\n  <tr>\r\n    <td><div align=\"center\">7</div></td>\r\n    <td><div align=\"center\">1</div></td>\r\n    <td><div align=\"left\">2005</div></td>\r\n    <td> Cuchillo de la supervivencia de 11 pulg. </td>\r\n  </tr>\r\n  <tr>\r\n    <td><div align=\"center\">8</div></td>\r\n    <td><div align=\"center\">1</div></td>\r\n    <td><div align=\"left\"></div></td>\r\n    <td>Piedra que afila el cuchillo</td>\r\n  </tr>\r\n  <tr>\r\n    <td><div align=\"center\">9</div></td>\r\n    <td><div align=\"center\">1</div></td>\r\n    <td><div align=\"left\"></div></td>\r\n    <td> Compás magnético </td>\r\n  </tr>\r\n  <tr>\r\n    <td><div align=\"center\">10</div></td>\r\n    <td><div align=\"center\">1</div></td>\r\n    <td><div align=\"left\"></div></td>\r\n    <td> Vio el alambre </td>\r\n  </tr>\r\n  <tr>\r\n    <td><div align=\"center\">11</div></td>\r\n    <td><div align=\"center\">1</div></td>\r\n    <td><div align=\"left\"></div></td>\r\n    <td> Fósforos de madera </td>\r\n  </tr>\r\n  <tr>\r\n    <td><div align=\"center\">12</div></td>\r\n    <td><div align=\"center\">1</div></td>\r\n    <td><div align=\"left\">2006</div></td>\r\n    <td> Cuchillo de ejército suizo </td>\r\n  </tr>\r\n  <tr>\r\n    <td><div align=\"center\">13</div></td>\r\n    <td><div align=\"center\">1</div></td>\r\n    <td><div align=\"left\"></div></td>\r\n    <td> Machete, 15 pulg. </td>\r\n  </tr>\r\n  <tr>\r\n    <td><div align=\"center\">14</div></td>\r\n    <td><div align=\"center\">1</div></td>\r\n    <td><div align=\"left\"></div></td>\r\n    <td> Manual de la supervivencia de la Fuerza Aérea de EU</td>\r\n  </tr>\r\n  <tr>\r\n    <td><div align=\"center\">15</div></td>\r\n    <td><div align=\"center\">1</div></td>\r\n    <td><div align=\"left\"></div></td>\r\n    <td> Marcador del tinte del mar </td>\r\n  </tr>\r\n  <tr>\r\n    <td><div align=\"center\">16</div></td>\r\n    <td><div align=\"center\">1</div></td>\r\n    <td><div align=\"left\"></div></td>\r\n    <td>  Espejo militar de la señal, 3 pulg. por 4 pulg. </td>\r\n  </tr>\r\n  <tr>\r\n    <td><div align=\"center\">17</div></td>\r\n    <td><div align=\"center\">50</div></td>\r\n    <td><div align=\"left\">2010</div></td>\r\n    <td> Tableta de la purificación del agua </td>\r\n  </tr>\r\n  <tr>\r\n    <td><div align=\"center\">18</div></td>\r\n    <td><div align=\"center\">1</div></td>\r\n    <td><div align=\"left\">2011</div></td>\r\n    <td> Ración del alimento </td>\r\n  </tr>\r\n  <tr>\r\n    <td><div align=\"center\">19</div></td>\r\n    <td><div align=\"center\">4</div></td>\r\n    <td><div align=\"left\">2012</div></td>\r\n    <td> Ración del agua 4 onzas</td>\r\n  </tr>\r\n  <tr>\r\n    <td><div align=\"center\">20</div></td>\r\n    <td><div align=\"center\">1</div></td>\r\n    <td><div align=\"left\">2013</div></td>\r\n    <td> Repulsivo de insecto </td>\r\n  </tr>\r\n  <tr>\r\n    <td><div align=\"center\">21</div></td>\r\n    <td><div align=\"center\">1</div></td>\r\n    <td><div align=\"left\">2014</div></td>\r\n    <td> Cuerda del poliester, .25 pulg. por 100 pie</td>\r\n  </tr>\r\n  <tr>\r\n    <td><div align=\"center\">22</div></td>\r\n    <td><div align=\"center\">1</div></td>\r\n    <td><div align=\"left\">2015</div></td>\r\n    <td>Valise, 2.25 pulg. por 9 pulg. por  17 pulg.</td>\r\n  </tr>\r\n  <tr>\r\n    <td><div align=\"center\">23</div></td>\r\n    <td><div align=\"center\">1</div></td>\r\n    <td><div align=\"left\">2016</div></td>\r\n    <td> Silbido de la señal </td>\r\n  </tr>\r\n</table>','',5140,''),(71,1,'Jungle Survival Kit','<strong>Jungle Survival Kit <br />\r\nSustains 1 man for 5 days. </strong><br />\r\n<br />\r\nPN 1001-1  (KIT0005) <br /><br /><table width=\"70%\" border=\"1\" cellspacing=\"0\" cellpadding=\"1\">\r\n  <tbody>\r\n    <tr>\r\n      <th width=\"10%\" bgcolor=\"#99BB99\" scope=\"col\">Item</th>\r\n      <th width=\"21%\" bgcolor=\"#99BB99\" scope=\"col\">Qty.</th>\r\n      <th width=\"16%\" bgcolor=\"#99BB99\" scope=\"col\"><div align=\"left\">Part No.</div></th>\r\n      <th width=\"53%\" bgcolor=\"#99BB99\" scope=\"col\"><div align=\"left\">Description</div></th>\r\n\r\n    </tr>\r\n    <tr>\r\n      <td><div align=\"center\">1</div></td>\r\n      <td><div align=\"center\">1</div></td>\r\n      <td><div align=\"left\">2000</div></td>\r\n      <td>5 Qt. Water</td>\r\n    </tr>\r\n    <tr>\r\n      <td><div align=\"center\">2</div></td>\r\n      <td><div align=\"center\">1</div></td>\r\n      <td><div align=\"left\">2001-1</div></td>\r\n      <td>Signal Flag</td>\r\n    </tr>\r\n    <tr>\r\n      <td><div align=\"center\">3</div></td>\r\n      <td><div align=\"center\">3</div></td>\r\n      <td><div align=\"left\">2001-3</div></td>\r\n      <td>Aerial Signal Flare</td>\r\n    </tr>\r\n    <tr>\r\n      <td><div align=\"center\">4</div></td>\r\n      <td><div align=\"center\">1</div></td>\r\n      <td><div align=\"left\">2002</div></td>\r\n      <td>Emergen-C, 4 oz. Powder</td>\r\n    </tr>\r\n    <tr>\r\n      <td><div align=\"center\">5</div></td>\r\n      <td><div align=\"center\">1</div></td>\r\n      <td><div align=\"left\">2003</div></td>\r\n      <td>First Aid Kit</td>\r\n    </tr>\r\n    <tr>\r\n      <td><div align=\"center\">6</div></td>\r\n      <td><div align=\"center\">1</div></td>\r\n      <td><div align=\"left\">2004</div></td>\r\n      <td>Fishing Kit</td>\r\n    </tr>\r\n    <tr>\r\n      <td><div align=\"center\">7</div></td>\r\n      <td><div align=\"center\">1</div></td>\r\n      <td><div align=\"left\">2005</div></td>\r\n      <td>11&quot; Survival Knife</td>\r\n    </tr>\r\n    <tr>\r\n      <td><div align=\"center\">8</div></td>\r\n      <td><div align=\"center\">1</div></td>\r\n      <td><div align=\"left\"></div></td>\r\n      <td>Knife Sharpening Stone</td>\r\n    </tr>\r\n    <tr>\r\n      <td><div align=\"center\">9</div></td>\r\n      <td><div align=\"center\">1</div></td>\r\n      <td><div align=\"left\"></div></td>\r\n      <td>Magnetic Compass</td>\r\n    </tr>\r\n    <tr>\r\n      <td><div align=\"center\">10</div></td>\r\n      <td><div align=\"center\">1</div></td>\r\n      <td><div align=\"left\"></div></td>\r\n      <td>Saw Wire</td>\r\n    </tr>\r\n    <tr>\r\n      <td><div align=\"center\">11</div></td>\r\n      <td><div align=\"center\">1</div></td>\r\n      <td><div align=\"left\"></div></td>\r\n      <td>Wooden Matches</td>\r\n    </tr>\r\n    <tr>\r\n      <td><div align=\"center\">12</div></td>\r\n      <td><div align=\"center\">1</div></td>\r\n      <td><div align=\"left\">2006</div></td>\r\n      <td>Swiss Army Knife</td>\r\n    </tr>\r\n    <tr>\r\n      <td><div align=\"center\">13</div></td>\r\n      <td><div align=\"center\">1</div></td>\r\n      <td><div align=\"left\"></div></td>\r\n      <td>Machete, 15&quot;</td>\r\n    </tr>\r\n    <tr>\r\n      <td><div align=\"center\">14</div></td>\r\n      <td><div align=\"center\">1</div></td>\r\n      <td><div align=\"left\"></div></td>\r\n      <td>Air Force Survival Manual</td>\r\n    </tr>\r\n    <tr>\r\n      <td><div align=\"center\">15</div></td>\r\n      <td><div align=\"center\">1</div></td>\r\n      <td><div align=\"left\"></div></td>\r\n      <td>Sea Dye Marker</td>\r\n    </tr>\r\n    <tr>\r\n      <td><div align=\"center\">16</div></td>\r\n      <td><div align=\"center\">1</div></td>\r\n      <td><div align=\"left\"></div></td>\r\n      <td>3&quot; x 4&quot; Military Signal Mirror</td>\r\n    </tr>\r\n    <tr>\r\n      <td><div align=\"center\">17</div></td>\r\n      <td><div align=\"center\">50</div></td>\r\n      <td><div align=\"left\">2010</div></td>\r\n      <td>Water Purification Tablet</td>\r\n    </tr>\r\n    <tr>\r\n      <td><div align=\"center\">18</div></td>\r\n      <td><div align=\"center\">1</div></td>\r\n      <td><div align=\"left\">2011</div></td>\r\n      <td>Food Ration</td>\r\n    </tr>\r\n    <tr>\r\n      <td><div align=\"center\">19</div></td>\r\n      <td><div align=\"center\">4</div></td>\r\n      <td><div align=\"left\">2012</div></td>\r\n      <td>4 oz. Water Ration</td>\r\n    </tr>\r\n    <tr>\r\n      <td><div align=\"center\">20</div></td>\r\n      <td><div align=\"center\">1</div></td>\r\n      <td><div align=\"left\">2013</div></td>\r\n      <td>Insect Repellant</td>\r\n    </tr>\r\n    <tr>\r\n      <td><div align=\"center\">21</div></td>\r\n      <td><div align=\"center\">1</div></td>\r\n      <td><div align=\"left\">2014</div></td>\r\n      <td>1/4&quot; x 100\' Polyester Rope</td>\r\n    </tr>\r\n    <tr>\r\n      <td><div align=\"center\">22</div></td>\r\n      <td><div align=\"center\">1</div></td>\r\n      <td><div align=\"left\">2015</div></td>\r\n      <td>Valise, 2.25&quot; x 9&quot; x 17&quot;</td>\r\n    </tr>\r\n    <tr>\r\n      <td><div align=\"center\">23</div></td>\r\n      <td><div align=\"center\">1</div></td>\r\n      <td><div align=\"left\">2016</div></td>\r\n      <td>Signal Whistle</td>\r\n    </tr>\r\n  </tbody>\r\n</table>','',30919,''),(72,2,'Balsa Salvavida 9-Hombre con Pabellón solamente No TSO','Balsa Salvavida 9-13 del hombre No TSO','',1295,''),(72,1,'9-Man Life Raft w/Canopy Only Non TSO','9 - 13 Man Life Raft. Constructed of heavy-duty FAA approved neoprene coated nylon fabric.  No TSO.\r\n<div id=\"TabbedPanels1\" class=\"TabbedPanels\">\r\n  <ul class=\"TabbedPanelsTabGroup\">\r\n    <li class=\"TabbedPanelsTab\" tabindex=\"0\">Features</li>\r\n    <li class=\"TabbedPanelsTab\" tabindex=\"0\">Included</li>    \r\n  </ul>\r\n  <div class=\"TabbedPanelsContentGroup\">\r\n    <div class=\"TabbedPanelsContent\"><br /><li>Lightest and smallest package on the market today, designed for private pilots and pleasure boaters.</li><li>    Easy to carry, stow away, and maneuver in any emergency situation.</li><li>    Easily deployed by women, children, exhausted pilots, or boaters. </li><li>    Soft-pack valise made of practically indestructible nylon with secure nylon velcro closures.</li><li>    Constructed of heavy-duty FAA approved neoprene coated nylon fabric. </li><li>    Highly visible orange canopy to aid in search and rescue operations. </li><li>    Contains aluminum cylinders and valves eliminating corrosion and greatly reducing the weight. <br />\r\n    </li>\r\n  <li>High-tech CO2 automatic inflation system, inflates in 10 seconds. </li><li>    Optional survival kits are available to meet individual requirements. </li><li>    Lifetime warranty on parts and labor, built to last a lifetime with proper care. </li><br /></div>\r\n    <div class=\"TabbedPanelsContent\"><table border=\"0\" cellpadding=\"3\" cellspacing=\"0\">\r\n    <tbody>\r\n      <tr></tr>\r\n      <tr>\r\n        <td width=\"50%\" height=\"1\">&#8226;  Buoyancy tube</td>\r\n        <td width=\"50%\" height=\"1\">&#8226; Retaining line</td>\r\n      </tr>\r\n      <tr>\r\n        <td height=\"1\">&#8226; Deck</td>\r\n        <td width=\"50%\" height=\"1\">&#8226; Hand pump</td>\r\n      </tr>\r\n      <tr>\r\n        <td height=\"1\">&#8226; Lífe lines</td>\r\n        <td width=\"50%\" height=\"1\">&#8226; Bailing bucket </td>\r\n      </tr>\r\n      <tr>\r\n        <td height=\"1\">&#8226; Boarding Handles</td>\r\n        <td width=\"50%\" height=\"1\">&#8226; Sea anchor</td>\r\n      </tr>\r\n      <tr>\r\n        <td height=\"1\">&#8226; CO2 auto-inflation system</td>\r\n        <td width=\"50%\" height=\"1\">&#8226; Valise</td>\r\n      </tr>\r\n      <tr>\r\n        <td height=\"1\">&#8226; Inflatable Mast</td>\r\n        <td height=\"1\">&#8226; Canopy</td>\r\n      </tr>\r\n      <tr>\r\n        <td height=\"1\" colspan=\"2\"><hr />Note:  Required Raft Compartment Size - Add 3\" to Raft Pack Dimensions.  Raft Weight +/- 2.0 lbs</td>\r\n      </tr>\r\n    </tbody>\r\n  </table></div>\r\n\r\n<script type=\"text/javascript\">\r\n<!--\r\nvar TabbedPanels1 = new Spry.Widget.TabbedPanels(\"TabbedPanels1\");\r\n//-->\r\n</script>','',2721,''),(73,1,'Fire Fighting Suit Complete Kit','Fire Fighting Suit Complete Kit\r\nPart Number: AADX-MUFIRE\r\nWeight(LBS): 55.00 \r\n\r\nComes with the following items:\r\n\r\nFirefighter Suit\r\n\r\nProfessional fire fighter suit that complies with SOLAS regulations.\r\n\r\nMED Approved\r\n\r\nSOLAS Approved\r\n\r\n(Must state which size when ordering)\r\n\r\nThe Jacket and Trousers meet the SOLAS fire resistant standards (EN469:2005) of a minimum of 5 minutes at 356°F (180°C). \r\n\r\n\r\nFirefighter Helmet\r\n\r\nDurable and adjustable flame retardant helmet with neck protector and replaceable visor.\r\n\r\nSOLAS Approved\r\n\r\n\r\nSOLAS Firefighter Gloves\r\n\r\nHeat and cut resistant leather gloves with Kevlar thread on seams. Perfect fit with elastic tightening at the wrists. \r\n\r\nLarge or X-Large(Must state which size when ordering)\r\n\r\n \r\nFirefighter Boots\r\n\r\nElectrical Insulating fireman’s boots, with rubber uppers, a protective toe cap, a flame retardant rubber outsole and a comfortable woven cotton canvas lining.\r\n\r\nMED Approved\r\n\r\nSOALS Approved\r\n\r\n(Must state which size when ordering)\r\n\r\n \r\nFirefighter Gear Bag\r\n\r\nRed gear bag for storing the complete Firefighter kit','Fire Fighting Suit',387,NULL),(73,2,'Fire Fighting Suit Complete Kit','Fire Fighting Suit Complete Kit\r\nPart Number: AADX-MUFIRE\r\nWeight(LBS): 55.00 \r\n\r\nComes with the following items:\r\n\r\nFirefighter Suit\r\n\r\nProfessional fire fighter suit that complies with SOLAS regulations.\r\n\r\nMED Approved\r\n\r\nSOLAS Approved\r\n\r\n(Must state which size when ordering)\r\n\r\nThe Jacket and Trousers meet the SOLAS fire resistant standards (EN469:2005) of a minimum of 5 minutes at 356°F (180°C). \r\n\r\n\r\nFirefighter Helmet\r\n\r\nDurable and adjustable flame retardant helmet with neck protector and replaceable visor.\r\n\r\nSOLAS Approved\r\n\r\n\r\nSOLAS Firefighter Gloves\r\n\r\nHeat and cut resistant leather gloves with Kevlar thread on seams. Perfect fit with elastic tightening at the wrists. \r\n\r\nLarge or X-Large(Must state which size when ordering)\r\n\r\n \r\nFirefighter Boots\r\n\r\nElectrical Insulating fireman’s boots, with rubber uppers, a protective toe cap, a flame retardant rubber outsole and a comfortable woven cotton canvas lining.\r\n\r\nMED Approved\r\n\r\nSOALS Approved\r\n\r\n(Must state which size when ordering)\r\n\r\n \r\nFirefighter Gear Bag\r\n\r\nRed gear bag for storing the complete Firefighter kit','',262,NULL),(74,1,'FIRST AID KIT SOLAS','First Aid Kit, SOLAS\r\n\r\nThis first aid kit is certified to meet the SOLAS requirements for liferafts and lifeboats.\r\n\r\nEC approved first aid kit according to SOLAS.\r\n\r\nContents are sealed in a waterproof pouch.\r\n\r\n \r\nPouch contains:\r\n\r\n1              Plastic Burn Bag Liferaft Kit\r\n\r\n1              Bandage - Triangular NON-CALICO 90x127cm\r\n\r\n1              Paracetamol Tablets - 500mg (32/pk)\r\n\r\n1              Antiseptic Wipes\r\n\r\n1              Antiseptic Cream - Cetrimide (30g/tube)\r\n\r\n1              Tape - Zinc Oxide - 2.5cm (3m)\r\n\r\n1              Plasters - Waterproof Assorted (20/pk)\r\n\r\n1              Dressing - Surgical Absorbent No 08 - Medium\r\n\r\n1              Dressing - Surgical Absorbent No 09 - Large\r\n\r\n1              Dressing - Extra Large Unmedicated\r\n\r\n1              Gauze Swabs 7.5cm x 7.5cm - Sterile (5/pk)\r\n\r\n1              Scissors B/B - 12.5cm\r\n\r\n1              Safety Pins (medium- 6/pk)\r\n\r\n1              Dressing - Paraffin Gauze - 10cm x 10cm (10/pk)\r\n\r\n1              Booklet - Waterproof First Aid Multi Language\r\n\r\n1              SOLAS Liferaft Bags\r\n\r\n1              Thick Clear Bag 12.5x16 inch (300mm x 450mm) Used in LFB rm','Solas First Aid Kit',1765,NULL),(74,2,'FIRST AID KIT SOLAS','First Aid Kit, SOLAS\r\n\r\nThis first aid kit is certified to meet the SOLAS requirements for liferafts and lifeboats.\r\n\r\nEC approved first aid kit according to SOLAS.\r\n\r\nContents are sealed in a waterproof pouch.\r\n\r\n \r\n\r\nPouch contains:\r\n\r\n1              Plastic Burn Bag Liferaft Kit\r\n\r\n1              Bandage - Triangular NON-CALICO 90x127cm\r\n\r\n1              Paracetamol Tablets - 500mg (32/pk)\r\n\r\n1              Antiseptic Wipes\r\n\r\n1              Antiseptic Cream - Cetrimide (30g/tube)\r\n\r\n1              Tape - Zinc Oxide - 2.5cm (3m)\r\n\r\n1              Plasters - Waterproof Assorted (20/pk)\r\n\r\n1              Dressing - Surgical Absorbent No 08 - Medium\r\n\r\n1              Dressing - Surgical Absorbent No 09 - Large\r\n\r\n1              Dressing - Extra Large Unmedicated\r\n\r\n1              Gauze Swabs 7.5cm x 7.5cm - Sterile (5/pk)\r\n\r\n1              Scissors B/B - 12.5cm\r\n\r\n1              Safety Pins (medium- 6/pk)\r\n\r\n1              Dressing - Paraffin Gauze - 10cm x 10cm (10/pk)\r\n\r\n1              Booklet - Waterproof First Aid Multi Language\r\n\r\n1              SOLAS Liferaft Bags\r\n\r\n1              Thick Clear Bag 12.5x16 inch (300mm x 450mm) Used in LFB rm','Solas First Ais Kit',275,NULL),(75,1,'RESCUE NET MARKUS SCN6-200 - Scramble-Net/Cradle','RESCUE NET MARKUS SCN6-200 - Scramble-Net/Cradle\r\nPart Number: AAADX-RNC\r\nWeight(LBS): 12.00\r\nLength(in): 77\r\nWidth(in): 48\r\nHeight(in): 9 \r\n\r\n RESCUE NET MARKUS SCN6-200  -  Scramble-Net/Cradle\r\n\r\nThe SCN6-200 is designed to retrieve a MOB, either enabling a conscious MOB to climb aboard, or an unconscious MOB to be rolled par buckle onboard in a horizontal position.\r\n\r\nThere is a new IMO standard (III/-17) for the retrieval of persons in the water.  This standard will soon affect most operations, SOLAS vessels, passenger vessels, and commercial vessels carrying more than 12 persons, and including FRC’s (Fast Rescue Craft).\r\n\r\nEach net must extend into the water 1.5 to 2 meters in the water to be effective and meet the new IMO standards for retrieval of persons in the water. \r\n\r\nThe SCN6 is 6 rungs wide or (4ft) which is considered the minimum width for lifting a person in the horizontal position. The net is 2 meters long and extends into the water 1.5 to 2 meters.\r\n\r\nDesigned for workboats, charter boats, tourist boats and patrol boats (must have suitable rescue zone at the specific height)\r\n\r\nModel	        Width	                Length           Maximum Freeboard\r\nMRSCN6-200	1.2 meters (4ft)	2 meters (6.5ft)	0.5 meters\r\nMRSCN6-250	1.2 meters (4ft)	2.5 meters (8.2ft)	1 meters\r\nMRSCN6-300	1.2 meters (4ft)	3 meters (9.8ft)	1.5 meters\r\nMRSCN6-350	1.2 meters (4ft)	3.5 meters  (11.5ft)	2 meters\r\nMRSCN6-400	1.2 meters (4ft)	4 meters  (13.1ft)	2.5 meters\r\n \r\nThe SN6-200 can be installed permanently or be stowed away and then transported for quick install and deployment. There are a few different rigging packages available; \r\n\r\nMR7350-001	SCN6 Link pipe without rope. 124\r\nMR7350-002	SCN6 Link pipe with 2 ropes and snap hooks.\r\nMR7350-011	SCN6 Fixed Extension ropes 19.5in (50cm) with snap hook. Kit of 3 pcs\r\nMR7350-012	SCN6 Adjustable Extension ropes snap hooks. Kit of 3 pcs.','RESCUE NET MARKUS SCN6-200- Scramble-Net-Cradle',556,NULL),(75,2,'RESCUE NET MARKUS SCN6-200 - Scramble-Net/Cradle','RESCUE NET MARKUS SCN6-200 - Scramble-Net/Cradle\r\nPart Number: AAADX-RNC\r\nWeight(LBS): 12.00\r\nLength(in): 77\r\nWidth(in): 48\r\nHeight(in): 9 \r\n\r\n RESCUE NET MARKUS SCN6-200  -  Scramble-Net/Cradle\r\n\r\nThe SCN6-200 is designed to retrieve a MOB, either enabling a conscious MOB to climb aboard, or an unconscious MOB to be rolled par buckle onboard in a horizontal position.\r\n\r\nThere is a new IMO standard (III/-17) for the retrieval of persons in the water.  This standard will soon affect most operations, SOLAS vessels, passenger vessels, and commercial vessels carrying more than 12 persons, and including FRC’s (Fast Rescue Craft).\r\n\r\nEach net must extend into the water 1.5 to 2 meters in the water to be effective and meet the new IMO standards for retrieval of persons in the water. \r\n\r\nThe SCN6 is 6 rungs wide or (4ft) which is considered the minimum width for lifting a person in the horizontal position. The net is 2 meters long and extends into the water 1.5 to 2 meters.\r\n\r\nDesigned for workboats, charter boats, tourist boats and patrol boats (must have suitable rescue zone at the specific height)\r\n\r\nModel	        Width	                Length           Maximum Freeboard\r\nMRSCN6-200	1.2 meters (4ft)	2 meters (6.5ft)	0.5 meters\r\nMRSCN6-250	1.2 meters (4ft)	2.5 meters (8.2ft)	1 meters\r\nMRSCN6-300	1.2 meters (4ft)	3 meters (9.8ft)	1.5 meters\r\nMRSCN6-350	1.2 meters (4ft)	3.5 meters  (11.5ft)	2 meters\r\nMRSCN6-400	1.2 meters (4ft)	4 meters  (13.1ft)	2.5 meters\r\n \r\nThe SN6-200 can be installed permanently or be stowed away and then transported for quick install and deployment. There are a few different rigging packages available; \r\n\r\nMR7350-001	SCN6 Link pipe without rope. 124\r\nMR7350-002	SCN6 Link pipe with 2 ropes and snap hooks.\r\nMR7350-011	SCN6 Fixed Extension ropes 19.5in (50cm) with snap hook. Kit of 3 pcs\r\nMR7350-012	SCN6 Adjustable Extension ropes snap hooks. Kit of 3 pcs.','RESCUE NET MARKUS SCN6-200- Scramble-Net-Cradle',299,NULL),(76,1,'FIRE BLANKET- HARD PACK','FIRE BLANKET- HARD PACK\r\n\r\nPart Number: AAADX-FB\r\nWeight(LBS): 4.00\r\nLength(in): 4\r\nWidth(in): 6\r\nHeight(in): 1 \r\n\r\nApproval: CE- EN1869:1997\r\n\r\nSize: 1.2m x 1.8m (4ft x 6ft)\r\n\r\nMaterial: 100% fiber glass','FIRE BLANKET- HARD PACK',417,NULL),(76,2,'FIRE BLANKET- HARD PACK','FIRE BLANKET- HARD PACK\r\n\r\nPart Number: AAADX-FB\r\nWeight(LBS): 4.00\r\nLength(in): 4\r\nWidth(in): 6\r\nHeight(in): 1 \r\n\r\nApproval: CE- EN1869:1997\r\n\r\nSize: 1.2m x 1.8m (4ft x 6ft)\r\n\r\nMaterial: 100% fiber glass','FIRE BLANKET- HARD PACK',243,NULL),(77,1,'Life Jacket VSG MK10 ADULT SOLAS/MED UNI AND OVERSIZE','VSG MK10 ADULT SOLAS/MED UNI AND OVERSIZE\r\n\r\nPart Number: AAADX-SMLJ\r\nWeight(LBS): 3.00 \r\n\r\nThe Mk10 Lifejacket meets both Universal and Oversize requirements and is approved according to the latest SOLAS2010 regulations, MSC.207(81) SOLAS/MED 2010.\r\n\r\nChest Girth: up to 69in (1750 mm)\r\n\r\nWeight: between 95-310lbs (43-140 kg)\r\n\r\nHeight: > 5\'1\" (155 cm)\r\n\r\nTwo-Quick Release Plastic Buckles\r\n\r\nFitted with Buddy Line/Lifting Strap/Whistle and Retro Reflective Tape\r\n\r\nOptional equipment: Lifejacket Light','Lifejacket Mk10 Adult Universal and OversizeSOLAS/MED',451,NULL),(77,2,'Life Jacket VSG MK10 ADULT SOLAS/MED UNI AND OVERSIZE','VSG MK10 ADULT SOLAS/MED UNI AND OVERSIZE\r\n\r\nPart Number: AAADX-SMLJ\r\nWeight(LBS): 3.00 \r\n\r\nThe Mk10 Lifejacket meets both Universal and Oversize requirements and is approved according to the latest SOLAS2010 regulations, MSC.207(81) SOLAS/MED 2010.\r\n\r\nChest Girth: up to 69in (1750 mm)\r\n\r\nWeight: between 95-310lbs (43-140 kg)\r\n\r\nHeight: > 5\'1\" (155 cm)\r\n\r\nTwo-Quick Release Plastic Buckles\r\n\r\nFitted with Buddy Line/Lifting Strap/Whistle and Retro Reflective Tape\r\n\r\nOptional equipment: Lifejacket Light','Lifejacket Mk10 Adult Universal and OversizeSOLAS/MED',338,NULL),(78,1,'30\" BRIDGEBUOY 4.0 KG USCG/SOLAS/MED/TC','30\" BRIDGEBUOY 4.0 KG USCG/SOLAS/MED/TC\r\n\r\nPart Number:  AAADX-LRB30_CGSMTC\r\nWeight(LBS):  12.00 \r\n\r\nBRIDGEBUOY 4.0 KG USCG/SOLAS/MED/TC p\r\n\r\nPurchased by the pallet of case of 3\r\n\r\nThe only \"Bridgebuoy®\",  it is used onboard commercial vessels, offshore installations and larger yachts. All Datrex rings are molded from high impact linear low-density polyethylene for superior life expectancy in the most severe environments. The becket/grab lines are replaceable.\r\n\r\n    Approved Globally with retro reflective tape.\r\n    Drop tested up to 50 meters\r\n    Diameter 30\"\r\n    Weight 4.0 kg\r\n    3 buoys per case\r\n    9 case per pallet\r\n\r\n    Case dimensions: 31 x 31 x 13 inches\r\n    Case weight:  34 lbs\r\n    Pallet dimensions: 43 x 48 x 65\r\n    Pallet weight 306 lbs\r\n\r\nUSCG, Canadian Coast Guard and BV/MED approved.\r\n\r\nOrange buoy USCG/SOLAS 50 METERS  USCG Approval BV - SOLAS - MED TC Canada - Drop test report, 50 meters','30\" BRIDGEBUOY 4.0 KG USCG/SOLAS/MED/TC',427,NULL),(78,2,'30\" BRIDGEBUOY 4.0 KG USCG/SOLAS/MED/TC','30\" BRIDGEBUOY 4.0 KG USCG/SOLAS/MED/TC\r\n\r\n30\" BRIDGEBUOY 4.0 KG USCG/SOLAS/MED/TC\r\n\r\nPart Number:  AAADX-LRB30_CGSMTC\r\nWeight(LBS):  12.00 \r\n\r\nBRIDGEBUOY 4.0 KG USCG/SOLAS/MED/TC p\r\n\r\nPurchased by the pallet of case of 3\r\n\r\nThe only \"Bridgebuoy®\",  it is used onboard commercial vessels, offshore installations and larger yachts. All Datrex rings are molded from high impact linear low-density polyethylene for superior life expectancy in the most severe environments. The becket/grab lines are replaceable.\r\n\r\n    Approved Globally with retro reflective tape.\r\n    Drop tested up to 50 meters\r\n    Diameter 30\"\r\n    Weight 4.0 kg\r\n    3 buoys per case\r\n    9 case per pallet\r\n\r\n    Case dimensions: 31 x 31 x 13 inches\r\n    Case weight:  34 lbs\r\n    Pallet dimensions: 43 x 48 x 65\r\n    Pallet weight 306 lbs\r\n\r\nUSCG, Canadian Coast Guard and BV/MED approved.\r\n\r\nOrange buoy USCG/SOLAS 50 METERS  USCG Approval BV - SOLAS - MED TC Canada - Drop test report, 50 meters','30\" BRIDGEBUOY 4.0 KG USCG/SOLAS/MED/TC',255,NULL),(79,1,'MULLION 275 HI-RISE, RED 275 NEWTON SOLAS/MED','MULLION 275 HI-RISE, RED 275 NEWTON SOLAS/MED\r\nPart Number:  AAADXMU275REDM\r\nWeight(LBS):  2.00 \r\n\r\n MULLION Hi-Rise 275 SOLAS/MED 2010 (2MS1A3N06)\r\n\r\n    Buoyancy 275 N\r\n    Approved according to SOLAS 2010 / MED MSC 200(80) + MSC 207 (81)\r\n    Double chamber\r\n    UML inflation system\r\n    Fitted with; buddy line, harness and crotch strap, whistle, retro reflective tape and automatic water activated lifejacket light.','MULLION 275 HI-RISE, RED 275 NEWTON SOLAS/MED',576,NULL),(80,1,'MULLION 275 HI-RISE, BLUE 275 NEWTON SOLAS/MED','MULLION 275 HI-RISE, BLUE 275 NEWTON SOLAS/MED\r\n\r\nPart Number:  AAADXMU275BLUM\r\nWeight(LBS):  2.00 \r\n\r\n MULLION Hi-Rise 275 SOLAS/MED 2010 (2MS1A3N06)\r\n\r\n    Buoyancy 275 N\r\n    Approved according to SOLAS 2010 / MED MSC 200(80) + MSC 207 (81)\r\n    Double chamber\r\n    UML inflation system\r\n    Fitted with; buddy line, harness and crotch strap, whistle, retro reflective tape and automatic water activated lifejacket light.','MULLION 275 HI-RISE, BLUE 275 NEWTON SOLAS/MED',619,NULL),(81,1,'MULLION 150 HI-RISE, RED 150 NEWTON SOLAS/MED',NULL,NULL,0,NULL),(82,1,'Life Vest Auto Inflatable (XF-35)  w / Sea Dye Marker and Signal Whistle','<strong>New! 5-Year Interval of Inspection (Packed in Standard Polybag)<br />\r\n\r\nLightest Twin Cell Vest on the Market!</strong><br /><br />\r\n\r\n<li> Category of Preserver: Adult/Child Combination </li>\r\n<li> Weight of wearer: 35 lbs. (15.91kg) and above </li>\r\n<li> Inflatable Buoyancy Cells: 2 Independent Cells </li>\r\n<li> Inflated Buoyancy: 35 lbs. (150 Newtons) minimum </li>\r\n<li> Inflated Volume: 970 cu. in. (16 liters) minimum </li>\r\n<li> Inflation System: Manual CO2 Inflator &amp; Oral Inflation Tube in Buoyancy Cells </li>\r\n<li> Approvals: </li>\r\n&nbsp;- USA FAA TSO-C13f; <br />\r\n&nbsp;- German LBA Approval No. 40.321/33 <br />\r\n&nbsp;- United Kingdom CAA Approval No. AR01445 <br />\r\n<li> Material: Urethane Coated Nylon, Flame Retardant </li>\r\n<li> Construction: RF Heat Sealed Seams </li>\r\n<li> Color: Passenger Yellow or Crew Molten Orange </li>\r\n<li> Temperature: Functional Range: -40 to 140 oF (-40 to 60 oC) </li>\r\n<li> Storage Range: 0 to 120 oF (-17.8 to 48.9 oC) </li>\r\n<li> Humidity: Functional Range: Up to 95% Relative Humidity; </li>\r\n<li> Storage Range: Up to   70% Relative Humidity </li>\r\n<li> Altitude: -2000 to 45,000 feet above sea level </li>\r\n<li> CO2 Gas Charge: 2 x 0.035 lbs. (2 x 16 grams) </li>\r\n<li> Survivor Locator Light: Water-activated. TSO-C85 Approved. </li>\r\n<li> Service Life: Indefinite if unit continues to pass periodic maintenance inspection. </li>\r\n<li> Frequency of Inspection: Every 5 years.</li>','',507,NULL),(82,2,'Chaleco Salvavidas Inflable auto (XF-35) con el marcador del tinte del mar y el silbido de la señal','<strong>¡Nuevo! Intervalo de cinco años de la inspección (Llena en polybag estándar)<br />\r\n\r\n¡El chaleco de la célula gemelo más ligero en el mercado!</strong><br /><br />\r\n\r\n<li> Categoría de chalecoe: Adulto - Niño combinación</li>\r\n<li> Peso del portador: 35 libras. (15.91kg) y arriba</li>\r\n<li> Células inflables de la flotabilidad: 2 células independientes </li>\r\n<li> Flotabilidad inflada: 35 libras. Mínimo (de 150 Newtons) </li>\r\n<li> Volumen inflado: 970 pulgadas cúbicas (16 litros) de mínimo </li>\r\n<li> Sistema de la inflación: Aparato para inflar con aire manual del CO2 y tubo oral de la inflación en células de la flotabilidad </li>\r\n<li> Aprobaciones: </li>\r\n&nbsp;- EU FAA TSO-C13f; <br />\r\n&nbsp;- Aprobación alemana No. 40.321/33 de LBA <br />\r\n&nbsp;- Aprobación No. AR01445 de Reino Unido CAA <br />\r\n<li> Material: Nilón revestido del uretano, ignífugo </li>\r\n<li> Construcción: El RF soldó costuras en caliente </li>\r\n<li> Color: Amarillo del pasajero o naranja fundida del equipo </li>\r\n<li> Temperatura: Gama funcional: -40 to 140 oF (-40 to 60 oC) </li>\r\n<li> Gama del almacenaje: 0 to 120 oF (-17.8 to 48.9 oC) </li>\r\n<li> Humedad: Gama funcional: Higrometría del hasta 95%; </li>\r\n<li> Gama del almacenaje: Hasta Higrometría del 70% </li>\r\n<li> Altitud: -2000 a 45.000 pies sobre nivel del mar </li>\r\n<li> Carga del gas CO2: 2 x 0.035 libras. (2 x 16 gramos) </li>\r\n<li> Luz del localizador del sobreviviente: Agua-activado. TSO-C85 aprobó. </li>\r\n<li> SVida de servicio: Indefinido si la unidad continúa pasando la inspección del mantenimiento periódico. </li>\r\n<li> Frecuencia de la inspección: Cada 5 años.</li>','',892,NULL),(83,1,'Rothco MA-1 Flight Jacket','Rothco\'s MA-1 Flight Jacket features a fully reversible orange lining, ribbed collar, 100% nylon water repellent outer shell, poly fiberfill lining and 4 front slash pockets. The classic military style flight jacket has an extra full cut and is available in sizes from Small through 8XL, Sizes and colors do vary. \r\n\r\nBrand: Rothco \r\nClosures And Fasteners: Snaps, Zipper \r\nUPC Label On Product: Yes \r\nSize Chart: \r\nMA-1 Flight Jacket \r\nGender / Age: Adult \r\nMaterial: Nylon, Polyester \r\nMaterial Specs: 100% nylon \r\nWeather: Cold Weather \r\nPockets: 5 \r\nComponents: utlity and pencil pouch \r\nProduct Origin: CHN','',0,NULL),(83,2,'Rothco MA-1 Chaquetas de Vuelo','Chaqueta MA-1 de ROTHCO cuenta con un naranja completamente reversible, forro, cuello acanalado, capa exterior repelente al agua de 100% nylon, poly fiberfill forro y bolsillos de corte frontal 4. La chaqueta de estilo militar vuelo tiene un corte muy completo y está disponible en tamaños desde pequeñas a través de 8XL, tamaños y colores varían.\r\n\r\nBrand: Rothco \r\nClosures And Fasteners: Snaps, Zipper \r\nUPC Label On Product: Yes \r\nSize Chart: \r\nMA-1 Flight Jacket \r\nGender / Age: Adult \r\nMaterial: Nylon, Polyester \r\nMaterial Specs: 100% nylon \r\nWeather: Cold Weather \r\nPockets: 5 \r\nComponents: utlity and pencil pouch \r\nProduct Origin: CHN','',0,NULL),(84,1,'VSG BABYSAFE SOLAS/MED INFANT BABY LIFE VEST','Infant Baby Safe15 – SOLAS/MED\r\n\r\nThe Infant Baby Safe15 is designed for an optimal position in the water for a baby or child weighing less than 33LBS (15kg).\r\n\r\nThe closing system is an adjustable abdominal strap, back and padded crotch strap. There are two quick release buckles, a rescue loop and comes equipped with the \"Buddy System\".','',71,NULL),(84,2,'VSG BABYSAFE SOLAS/MED INFANT BABY LIFE VEST','Infant Baby Safe15 – SOLAS/MED\r\n\r\nThe Infant Baby Safe15 is designed for an optimal position in the water for a baby or child weighing less than 33LBS (15kg).\r\n\r\nThe closing system is an adjustable abdominal strap, back and padded crotch strap. There are two quick release buckles, a rescue loop and comes equipped with the \"Buddy System\".','',65,NULL);

--
-- Table structure for table `zen_products_discount_quantity`
--

CREATE TABLE `zen_products_discount_quantity` (
  `discount_id` int(4) NOT NULL DEFAULT '0',
  `products_id` int(11) NOT NULL DEFAULT '0',
  `discount_qty` float NOT NULL DEFAULT '0',
  `discount_price` decimal(15,4) NOT NULL DEFAULT '0.0000',
  KEY `idx_id_qty_zen` (`products_id`,`discount_qty`)
) ENGINE=MyISAM DEFAULT CHARSET=utf8 COLLATE=utf8_unicode_ci;

--
-- Dumping data for table `zen_products_discount_quantity`
--


--
-- Table structure for table `zen_products_notifications`
--

CREATE TABLE `zen_products_notifications` (
  `products_id` int(11) NOT NULL DEFAULT '0',
  `customers_id` int(11) NOT NULL DEFAULT '0',
  `date_added` datetime NOT NULL DEFAULT '0001-01-01 00:00:00',
  PRIMARY KEY (`products_id`,`customers_id`)
) ENGINE=MyISAM DEFAULT CHARSET=utf8 COLLATE=utf8_unicode_ci;

--
-- Dumping data for table `zen_products_notifications`
--


--
-- Table structure for table `zen_products_options`
--

CREATE TABLE `zen_products_options` (
  `products_options_id` int(11) NOT NULL DEFAULT '0',
  `language_id` int(11) NOT NULL DEFAULT '1',
  `products_options_name` varchar(55) COLLATE utf8_unicode_ci NOT NULL DEFAULT '',
  `products_options_sort_order` int(11) NOT NULL DEFAULT '0',
  `products_options_type` int(5) NOT NULL DEFAULT '0',
  `products_options_length` smallint(2) NOT NULL DEFAULT '32',
  `products_options_comment` varchar(64) COLLATE utf8_unicode_ci DEFAULT NULL,
  `products_options_size` smallint(2) NOT NULL DEFAULT '32',
  `products_options_images_per_row` int(2) DEFAULT '5',
  `products_options_images_style` int(1) DEFAULT '0',
  `products_options_rows` smallint(2) NOT NULL DEFAULT '1',
  PRIMARY KEY (`products_options_id`,`language_id`),
  KEY `idx_lang_id_zen` (`language_id`),
  KEY `idx_products_options_sort_order_zen` (`products_options_sort_order`),
  KEY `idx_products_options_name_zen` (`products_options_name`)
) ENGINE=MyISAM DEFAULT CHARSET=utf8 COLLATE=utf8_unicode_ci;

--
-- Dumping data for table `zen_products_options`
--

INSERT INTO `zen_products_options` VALUES (1,2,'',0,2,32,'',32,0,0,0),(1,1,'',0,2,32,'Hazardous Materials Shipping Applies',32,0,0,0),(2,2,'Marcador del tinte del mar',0,3,32,'',32,0,0,0),(2,1,'Sea Dye Marker',0,3,32,'',32,0,0,0),(3,2,'Silbido',0,3,32,'',32,0,0,0),(3,1,'Whistle',0,3,32,'',32,0,0,0),(4,1,'[Standard Plus] Kit Capacity',2,0,32,'',32,0,0,0),(4,2,'[Estándar Más]  Capacidad de Kit',2,0,32,'',32,0,0,0),(5,2,'[Estándar] Capacidad de Kit',1,0,32,'',32,0,0,0),(5,1,'[Standard] Kit Capacity',1,0,32,'',32,0,0,0),(6,2,'[De Lujo] Capacidad de Kit',3,0,32,'',32,0,0,0),(6,1,'[Deluxe] Kit Capacity',3,0,32,'',32,0,0,0),(7,2,'Agregue el ELT',4,3,32,'',32,4,0,2),(7,1,'Add<br /> ELT',4,3,32,'',32,4,0,2),(8,2,'',0,0,32,NULL,32,0,0,0),(8,1,'',0,0,32,NULL,32,0,0,0),(9,1,'',1,5,32,NULL,32,0,0,0),(9,2,'',0,5,32,NULL,32,0,0,0);

--
-- Table structure for table `zen_products_options_types`
--

CREATE TABLE `zen_products_options_types` (
  `products_options_types_id` int(11) NOT NULL DEFAULT '0',
  `products_options_types_name` varchar(32) COLLATE utf8_unicode_ci DEFAULT NULL,
  PRIMARY KEY (`products_options_types_id`)
) ENGINE=MyISAM DEFAULT CHARSET=utf8 COLLATE=utf8_unicode_ci;

--
-- Dumping data for table `zen_products_options_types`
--

INSERT INTO `zen_products_options_types` VALUES (0,'Dropdown'),(1,'Text'),(2,'Radio'),(3,'Checkbox'),(4,'File'),(5,'Read Only');

--
-- Table structure for table `zen_products_options_values`
--

CREATE TABLE `zen_products_options_values` (
  `products_options_values_id` int(11) NOT NULL DEFAULT '0',
  `language_id` int(11) NOT NULL DEFAULT '1',
  `products_options_values_name` varchar(164) COLLATE utf8_unicode_ci NOT NULL DEFAULT '',
  `products_options_values_sort_order` int(11) NOT NULL DEFAULT '0',
  PRIMARY KEY (`products_options_values_id`,`language_id`),
  KEY `idx_products_options_values_name_zen` (`products_options_values_name`),
  KEY `idx_products_options_values_sort_order_zen` (`products_options_values_sort_order`)
) ENGINE=MyISAM DEFAULT CHARSET=utf8 COLLATE=utf8_unicode_ci;

--
-- Dumping data for table `zen_products_options_values`
--

INSERT INTO `zen_products_options_values` VALUES (0,1,'TEXT',0),(0,2,'TEXT',0),(1,2,'',0),(1,1,'Ground (Hazmat)',0),(2,2,'',1),(2,1,'Air (Hazmat) - Call for Quote',1),(3,2,'En flor',0),(3,1,'Flourescent',0),(4,2,'Plástico - de alta frecuencia',0),(4,1,'Plastic - High frequency',0),(6,1,'6-Man',2),(6,2,'6-Hombre',2),(5,1,'4-Man',1),(5,2,'4-Hombre',1),(7,2,'8-Hombre',3),(7,1,'8-Man',3),(8,2,'10-Hombre',4),(8,1,'10-Man',4),(9,2,'12-Hombre',5),(9,1,'12-Man',5),(10,2,'4-Hombre',1),(10,1,'4-Man',1),(11,2,'6-Hombre',2),(11,1,'6-Man',2),(12,2,'8-Hombre',3),(12,1,'8-Man',3),(13,2,'10-Hombre',4),(13,1,'10-Man',4),(14,2,'12-Hombre',5),(14,1,'12-Man',5),(15,2,'4-Hombre',1),(15,1,'4-Man',1),(16,2,'6-Hombre',2),(16,1,'6-Man',2),(17,2,'8-Hombre',3),(17,1,'8-Man',3),(18,2,'10-Hombre',4),(18,1,'10-Man',4),(19,2,'12-Hombre',5),(19,1,'12-Man',5),(20,2,'500-12Y Faro del Localizador de la Emergencia (ELT)',4),(20,1,'500-12Y Emergency Locator Transmitter (ELT)',4),(21,2,'EBC 406AP Faro del Localizador de la Emergencia (ELT)',3),(21,1,'EBC 406AP Emergency Locator Transmitter (ELT)',3),(22,2,'EBC 502 Faro del Localizador de la Emergencia (ELT)',2),(22,1,'EBC 502 Emergency Locator Transmitter (ELT)',2),(23,2,'AquaLink 406 - Transmisor del Localizador de la Emergencia (ELT)',1),(23,1,'AquaLink 406 Emergency Locator Transmitter (ELT)',1);

--
-- Table structure for table `zen_products_options_values_to_products_options`
--

CREATE TABLE `zen_products_options_values_to_products_options` (
  `products_options_values_to_products_options_id` int(11) NOT NULL AUTO_INCREMENT,
  `products_options_id` int(11) NOT NULL DEFAULT '0',
  `products_options_values_id` int(11) NOT NULL DEFAULT '0',
  PRIMARY KEY (`products_options_values_to_products_options_id`),
  KEY `idx_products_options_id_zen` (`products_options_id`),
  KEY `idx_products_options_values_id_zen` (`products_options_values_id`)
) ENGINE=MyISAM AUTO_INCREMENT=27 DEFAULT CHARSET=utf8 COLLATE=utf8_unicode_ci;

--
-- Dumping data for table `zen_products_options_values_to_products_options`
--

INSERT INTO `zen_products_options_values_to_products_options` VALUES (1,1,1),(2,9,2),(3,2,3),(4,3,4),(5,5,5),(6,5,6),(7,5,7),(8,5,8),(9,5,9),(10,4,10),(11,4,11),(12,4,12),(14,4,13),(15,4,14),(16,6,15),(17,6,16),(18,6,17),(19,6,18),(20,6,19),(21,7,20),(22,7,21),(23,7,22),(24,7,23);

--
-- Table structure for table `zen_products_to_categories`
--

CREATE TABLE `zen_products_to_categories` (
  `products_id` int(11) NOT NULL DEFAULT '0',
  `categories_id` int(11) NOT NULL DEFAULT '0',
  PRIMARY KEY (`products_id`,`categories_id`),
  KEY `idx_cat_prod_id_zen` (`categories_id`,`products_id`)
) ENGINE=MyISAM DEFAULT CHARSET=utf8 COLLATE=utf8_unicode_ci;

--
-- Dumping data for table `zen_products_to_categories`
--

INSERT INTO `zen_products_to_categories` VALUES (1,19),(2,19),(3,19),(4,19),(5,19),(6,20),(7,20),(8,20),(9,20),(10,19),(11,21),(12,21),(13,21),(14,21),(15,27),(16,23),(17,23),(18,23),(19,23),(20,26),(21,22),(22,22),(23,22),(24,22),(25,28),(26,24),(27,24),(28,24),(29,24),(30,29),(31,25),(32,25),(33,25),(34,25),(35,3),(36,3),(37,3),(38,2),(39,2),(40,2),(41,11),(43,11),(44,11),(45,3),(46,12),(47,12),(48,12),(49,12),(50,15),(51,13),(52,14),(53,14),(54,14),(55,14),(56,14),(57,14),(58,14),(59,14),(60,14),(61,4),(62,13),(63,13),(64,15),(65,15),(66,15),(67,15),(68,15),(69,15),(70,13),(71,2),(72,20),(73,11),(74,11),(75,11),(76,11),(77,11),(78,11),(79,16),(80,16),(81,16),(82,16),(83,30),(84,16);

--
-- Table structure for table `zen_project_version`
--

CREATE TABLE `zen_project_version` (
  `project_version_id` tinyint(3) NOT NULL AUTO_INCREMENT,
  `project_version_key` varchar(40) COLLATE utf8_unicode_ci NOT NULL DEFAULT '',
  `project_version_major` varchar(20) COLLATE utf8_unicode_ci NOT NULL DEFAULT '',
  `project_version_minor` varchar(20) COLLATE utf8_unicode_ci NOT NULL DEFAULT '',
  `project_version_patch1` varchar(20) COLLATE utf8_unicode_ci NOT NULL DEFAULT '',
  `project_version_patch2` varchar(20) COLLATE utf8_unicode_ci NOT NULL DEFAULT '',
  `project_version_patch1_source` varchar(20) COLLATE utf8_unicode_ci NOT NULL DEFAULT '',
  `project_version_patch2_source` varchar(20) COLLATE utf8_unicode_ci NOT NULL DEFAULT '',
  `project_version_comment` varchar(250) COLLATE utf8_unicode_ci NOT NULL DEFAULT '',
  `project_version_date_applied` datetime NOT NULL DEFAULT '0001-01-01 01:01:01',
  PRIMARY KEY (`project_version_id`),
  UNIQUE KEY `idx_project_version_key_zen` (`project_version_key`)
) ENGINE=MyISAM AUTO_INCREMENT=3 DEFAULT CHARSET=utf8 COLLATE=utf8_unicode_ci;

--
-- Dumping data for table `zen_project_version`
--

INSERT INTO `zen_project_version` VALUES (1,'Zen-Cart Main','1','3.9g','','','','','Fresh Installation','2010-10-17 08:24:08'),(2,'Zen-Cart Database','1','3.9g','','','','','Fresh Installation','2010-10-17 08:24:08');

--
-- Table structure for table `zen_project_version_history`
--

CREATE TABLE `zen_project_version_history` (
  `project_version_id` tinyint(3) NOT NULL AUTO_INCREMENT,
  `project_version_key` varchar(40) COLLATE utf8_unicode_ci NOT NULL DEFAULT '',
  `project_version_major` varchar(20) COLLATE utf8_unicode_ci NOT NULL DEFAULT '',
  `project_version_minor` varchar(20) COLLATE utf8_unicode_ci NOT NULL DEFAULT '',
  `project_version_patch` varchar(20) COLLATE utf8_unicode_ci NOT NULL DEFAULT '',
  `project_version_comment` varchar(250) COLLATE utf8_unicode_ci NOT NULL DEFAULT '',
  `project_version_date_applied` datetime NOT NULL DEFAULT '0001-01-01 01:01:01',
  PRIMARY KEY (`project_version_id`)
) ENGINE=MyISAM AUTO_INCREMENT=3 DEFAULT CHARSET=utf8 COLLATE=utf8_unicode_ci;

--
-- Dumping data for table `zen_project_version_history`
--

INSERT INTO `zen_project_version_history` VALUES (1,'Zen-Cart Main','1','3.9g','','Fresh Installation','2010-10-17 08:24:08'),(2,'Zen-Cart Database','1','3.9g','','Fresh Installation','2010-10-17 08:24:08');

--
-- Table structure for table `zen_query_builder`
--

CREATE TABLE `zen_query_builder` (
  `query_id` int(11) NOT NULL AUTO_INCREMENT,
  `query_category` varchar(40) COLLATE utf8_unicode_ci NOT NULL DEFAULT '',
  `query_name` varchar(80) COLLATE utf8_unicode_ci NOT NULL DEFAULT '',
  `query_description` text COLLATE utf8_unicode_ci NOT NULL,
  `query_string` text COLLATE utf8_unicode_ci NOT NULL,
  `query_keys_list` text COLLATE utf8_unicode_ci NOT NULL,
  PRIMARY KEY (`query_id`),
  UNIQUE KEY `query_name` (`query_name`)
) ENGINE=MyISAM AUTO_INCREMENT=8 DEFAULT CHARSET=utf8 COLLATE=utf8_unicode_ci;

--
-- Dumping data for table `zen_query_builder`
--

INSERT INTO `zen_query_builder` VALUES (1,'email','All Customers','Returns all customers name and email address for sending mass emails (ie: for newsletters, coupons, GVs, messages, etc).','select customers_email_address, customers_firstname, customers_lastname from TABLE_CUSTOMERS order by customers_lastname, customers_firstname, customers_email_address',''),(2,'email,newsletters','All Newsletter Subscribers','Returns name and email address of newsletter subscribers','select customers_firstname, customers_lastname, customers_email_address from TABLE_CUSTOMERS where customers_newsletter = \'1\'',''),(3,'email,newsletters','Dormant Customers (>3months) (Subscribers)','Subscribers who HAVE purchased something, but have NOT purchased for at least three months.','select o.date_purchased, c.customers_email_address, c.customers_lastname, c.customers_firstname from TABLE_CUSTOMERS c, TABLE_ORDERS o WHERE c.customers_id = o.customers_id AND c.customers_newsletter = 1 GROUP BY c.customers_email_address HAVING max(o.date_purchased) <= subdate(now(),INTERVAL 3 MONTH) ORDER BY c.customers_lastname, c.customers_firstname ASC',''),(4,'email,newsletters','Active customers in past 3 months (Subscribers)','Newsletter subscribers who are also active customers (purchased something) in last 3 months.','select c.customers_email_address, c.customers_lastname, c.customers_firstname from TABLE_CUSTOMERS c, TABLE_ORDERS o where c.customers_newsletter = \'1\' AND c.customers_id = o.customers_id and o.date_purchased > subdate(now(),INTERVAL 3 MONTH) GROUP BY c.customers_email_address order by c.customers_lastname, c.customers_firstname ASC',''),(5,'email,newsletters','Active customers in past 3 months (Regardless of subscription status)','All active customers (purchased something) in last 3 months, ignoring newsletter-subscription status.','select c.customers_email_address, c.customers_lastname, c.customers_firstname from TABLE_CUSTOMERS c, TABLE_ORDERS o WHERE c.customers_id = o.customers_id and o.date_purchased > subdate(now(),INTERVAL 3 MONTH) GROUP BY c.customers_email_address order by c.customers_lastname, c.customers_firstname ASC',''),(6,'email,newsletters','Administrator','Just the email account of the current administrator','select \'ADMIN\' as customers_firstname, admin_name as customers_lastname, admin_email as customers_email_address from TABLE_ADMIN where admin_id = $SESSION:admin_id',''),(7,'email,newsletters','Customers who have never completed a purchase','For sending newsletter to all customers who registered but have never completed a purchase','SELECT DISTINCT c.customers_email_address as customers_email_address, c.customers_lastname as customers_lastname, c.customers_firstname as customers_firstname FROM TABLE_CUSTOMERS c LEFT JOIN  TABLE_ORDERS o ON c.customers_id=o.customers_id WHERE o.date_purchased IS NULL','');

--
-- Table structure for table `zen_record_artists`
--

CREATE TABLE `zen_record_artists` (
  `artists_id` int(11) NOT NULL AUTO_INCREMENT,
  `artists_name` varchar(32) COLLATE utf8_unicode_ci NOT NULL DEFAULT '',
  `artists_image` varchar(64) COLLATE utf8_unicode_ci DEFAULT NULL,
  `date_added` datetime DEFAULT NULL,
  `last_modified` datetime DEFAULT NULL,
  PRIMARY KEY (`artists_id`),
  KEY `idx_rec_artists_name_zen` (`artists_name`)
) ENGINE=MyISAM DEFAULT CHARSET=utf8 COLLATE=utf8_unicode_ci;

--
-- Dumping data for table `zen_record_artists`
--


--
-- Table structure for table `zen_record_artists_info`
--

CREATE TABLE `zen_record_artists_info` (
  `artists_id` int(11) NOT NULL DEFAULT '0',
  `languages_id` int(11) NOT NULL DEFAULT '0',
  `artists_url` varchar(255) COLLATE utf8_unicode_ci NOT NULL DEFAULT '',
  `url_clicked` int(5) NOT NULL DEFAULT '0',
  `date_last_click` datetime DEFAULT NULL,
  PRIMARY KEY (`artists_id`,`languages_id`)
) ENGINE=MyISAM DEFAULT CHARSET=utf8 COLLATE=utf8_unicode_ci;

--
-- Dumping data for table `zen_record_artists_info`
--


--
-- Table structure for table `zen_record_company`
--

CREATE TABLE `zen_record_company` (
  `record_company_id` int(11) NOT NULL AUTO_INCREMENT,
  `record_company_name` varchar(32) COLLATE utf8_unicode_ci NOT NULL DEFAULT '',
  `record_company_image` varchar(64) COLLATE utf8_unicode_ci DEFAULT NULL,
  `date_added` datetime DEFAULT NULL,
  `last_modified` datetime DEFAULT NULL,
  PRIMARY KEY (`record_company_id`),
  KEY `idx_rec_company_name_zen` (`record_company_name`)
) ENGINE=MyISAM DEFAULT CHARSET=utf8 COLLATE=utf8_unicode_ci;

--
-- Dumping data for table `zen_record_company`
--


--
-- Table structure for table `zen_record_company_info`
--

CREATE TABLE `zen_record_company_info` (
  `record_company_id` int(11) NOT NULL DEFAULT '0',
  `languages_id` int(11) NOT NULL DEFAULT '0',
  `record_company_url` varchar(255) COLLATE utf8_unicode_ci NOT NULL DEFAULT '',
  `url_clicked` int(5) NOT NULL DEFAULT '0',
  `date_last_click` datetime DEFAULT NULL,
  PRIMARY KEY (`record_company_id`,`languages_id`)
) ENGINE=MyISAM DEFAULT CHARSET=utf8 COLLATE=utf8_unicode_ci;

--
-- Dumping data for table `zen_record_company_info`
--


--
-- Table structure for table `zen_reviews`
--

CREATE TABLE `zen_reviews` (
  `reviews_id` int(11) NOT NULL AUTO_INCREMENT,
  `products_id` int(11) NOT NULL DEFAULT '0',
  `customers_id` int(11) DEFAULT NULL,
  `customers_name` varchar(64) COLLATE utf8_unicode_ci NOT NULL DEFAULT '',
  `reviews_rating` int(1) DEFAULT NULL,
  `date_added` datetime DEFAULT NULL,
  `last_modified` datetime DEFAULT NULL,
  `reviews_read` int(5) NOT NULL DEFAULT '0',
  `status` int(1) NOT NULL DEFAULT '1',
  PRIMARY KEY (`reviews_id`),
  KEY `idx_products_id_zen` (`products_id`),
  KEY `idx_customers_id_zen` (`customers_id`),
  KEY `idx_status_zen` (`status`),
  KEY `idx_date_added_zen` (`date_added`)
) ENGINE=MyISAM DEFAULT CHARSET=utf8 COLLATE=utf8_unicode_ci;

--
-- Dumping data for table `zen_reviews`
--


--
-- Table structure for table `zen_reviews_description`
--

CREATE TABLE `zen_reviews_description` (
  `reviews_id` int(11) NOT NULL DEFAULT '0',
  `languages_id` int(11) NOT NULL DEFAULT '0',
  `reviews_text` text COLLATE utf8_unicode_ci NOT NULL,
  PRIMARY KEY (`reviews_id`,`languages_id`)
) ENGINE=MyISAM DEFAULT CHARSET=utf8 COLLATE=utf8_unicode_ci;

--
-- Dumping data for table `zen_reviews_description`
--


--
-- Table structure for table `zen_salemaker_sales`
--

CREATE TABLE `zen_salemaker_sales` (
  `sale_id` int(11) NOT NULL AUTO_INCREMENT,
  `sale_status` tinyint(4) NOT NULL DEFAULT '0',
  `sale_name` varchar(30) COLLATE utf8_unicode_ci NOT NULL DEFAULT '',
  `sale_deduction_value` decimal(15,4) NOT NULL DEFAULT '0.0000',
  `sale_deduction_type` tinyint(4) NOT NULL DEFAULT '0',
  `sale_pricerange_from` decimal(15,4) NOT NULL DEFAULT '0.0000',
  `sale_pricerange_to` decimal(15,4) NOT NULL DEFAULT '0.0000',
  `sale_specials_condition` tinyint(4) NOT NULL DEFAULT '0',
  `sale_categories_selected` text COLLATE utf8_unicode_ci,
  `sale_categories_all` text COLLATE utf8_unicode_ci,
  `sale_date_start` date NOT NULL DEFAULT '0001-01-01',
  `sale_date_end` date NOT NULL DEFAULT '0001-01-01',
  `sale_date_added` date NOT NULL DEFAULT '0001-01-01',
  `sale_date_last_modified` date NOT NULL DEFAULT '0001-01-01',
  `sale_date_status_change` date NOT NULL DEFAULT '0001-01-01',
  PRIMARY KEY (`sale_id`),
  KEY `idx_sale_status_zen` (`sale_status`),
  KEY `idx_sale_date_start_zen` (`sale_date_start`),
  KEY `idx_sale_date_end_zen` (`sale_date_end`)
) ENGINE=MyISAM DEFAULT CHARSET=utf8 COLLATE=utf8_unicode_ci;

--
-- Dumping data for table `zen_salemaker_sales`
--


--
-- Table structure for table `zen_specials`
--

CREATE TABLE `zen_specials` (
  `specials_id` int(11) NOT NULL AUTO_INCREMENT,
  `products_id` int(11) NOT NULL DEFAULT '0',
  `specials_new_products_price` decimal(15,4) NOT NULL DEFAULT '0.0000',
  `specials_date_added` datetime DEFAULT NULL,
  `specials_last_modified` datetime DEFAULT NULL,
  `expires_date` date NOT NULL DEFAULT '0001-01-01',
  `date_status_change` datetime DEFAULT NULL,
  `status` int(1) NOT NULL DEFAULT '1',
  `specials_date_available` date NOT NULL DEFAULT '0001-01-01',
  PRIMARY KEY (`specials_id`),
  KEY `idx_status_zen` (`status`),
  KEY `idx_products_id_zen` (`products_id`),
  KEY `idx_date_avail_zen` (`specials_date_available`),
  KEY `idx_expires_date_zen` (`expires_date`)
) ENGINE=MyISAM DEFAULT CHARSET=utf8 COLLATE=utf8_unicode_ci;

--
-- Dumping data for table `zen_specials`
--


--
-- Table structure for table `zen_tax_class`
--

CREATE TABLE `zen_tax_class` (
  `tax_class_id` int(11) NOT NULL AUTO_INCREMENT,
  `tax_class_title` varchar(32) COLLATE utf8_unicode_ci NOT NULL DEFAULT '',
  `tax_class_description` varchar(255) COLLATE utf8_unicode_ci NOT NULL DEFAULT '',
  `last_modified` datetime DEFAULT NULL,
  `date_added` datetime NOT NULL DEFAULT '0001-01-01 00:00:00',
  PRIMARY KEY (`tax_class_id`)
) ENGINE=MyISAM AUTO_INCREMENT=2 DEFAULT CHARSET=utf8 COLLATE=utf8_unicode_ci;

--
-- Dumping data for table `zen_tax_class`
--

INSERT INTO `zen_tax_class` VALUES (1,'Taxable Goods','The following types of products are included: non-food, services, etc',NULL,'2010-10-17 08:24:09');

--
-- Table structure for table `zen_tax_rates`
--

CREATE TABLE `zen_tax_rates` (
  `tax_rates_id` int(11) NOT NULL AUTO_INCREMENT,
  `tax_zone_id` int(11) NOT NULL DEFAULT '0',
  `tax_class_id` int(11) NOT NULL DEFAULT '0',
  `tax_priority` int(5) DEFAULT '1',
  `tax_rate` decimal(7,4) NOT NULL DEFAULT '0.0000',
  `tax_description` varchar(255) COLLATE utf8_unicode_ci NOT NULL DEFAULT '',
  `last_modified` datetime DEFAULT NULL,
  `date_added` datetime NOT NULL DEFAULT '0001-01-01 00:00:00',
  PRIMARY KEY (`tax_rates_id`),
  KEY `idx_tax_zone_id_zen` (`tax_zone_id`),
  KEY `idx_tax_class_id_zen` (`tax_class_id`)
) ENGINE=MyISAM AUTO_INCREMENT=2 DEFAULT CHARSET=utf8 COLLATE=utf8_unicode_ci;

--
-- Dumping data for table `zen_tax_rates`
--

INSERT INTO `zen_tax_rates` VALUES (1,1,1,1,7.0000,'FL TAX 7.0%','2010-10-17 08:24:09','2010-10-17 08:24:09');

--
-- Table structure for table `zen_template_select`
--

CREATE TABLE `zen_template_select` (
  `template_id` int(11) NOT NULL AUTO_INCREMENT,
  `template_dir` varchar(64) COLLATE utf8_unicode_ci NOT NULL DEFAULT '',
  `template_language` varchar(64) COLLATE utf8_unicode_ci NOT NULL DEFAULT '0',
  PRIMARY KEY (`template_id`),
  KEY `idx_tpl_lang_zen` (`template_language`)
) ENGINE=MyISAM AUTO_INCREMENT=4 DEFAULT CHARSET=utf8 COLLATE=utf8_unicode_ci;

--
-- Dumping data for table `zen_template_select`
--

INSERT INTO `zen_template_select` VALUES (1,'aaas','0'),(2,'aaas','1'),(3,'aaas','2');

--
-- Table structure for table `zen_upgrade_exceptions`
--

CREATE TABLE `zen_upgrade_exceptions` (
  `upgrade_exception_id` smallint(5) NOT NULL AUTO_INCREMENT,
  `sql_file` varchar(50) COLLATE utf8_unicode_ci DEFAULT NULL,
  `reason` varchar(200) COLLATE utf8_unicode_ci DEFAULT NULL,
  `errordate` datetime DEFAULT '0001-01-01 00:00:00',
  `sqlstatement` text COLLATE utf8_unicode_ci,
  PRIMARY KEY (`upgrade_exception_id`)
) ENGINE=MyISAM DEFAULT CHARSET=utf8 COLLATE=utf8_unicode_ci;

--
-- Dumping data for table `zen_upgrade_exceptions`
--


--
-- Table structure for table `zen_zen_address_book`
--

CREATE TABLE `zen_zen_address_book` (
  `address_book_id` int(11) NOT NULL AUTO_INCREMENT,
  `customers_id` int(11) NOT NULL DEFAULT '0',
  `entry_gender` char(1) COLLATE utf8_unicode_ci NOT NULL DEFAULT '',
  `entry_company` varchar(64) COLLATE utf8_unicode_ci DEFAULT NULL,
  `entry_firstname` varchar(32) COLLATE utf8_unicode_ci NOT NULL DEFAULT '',
  `entry_lastname` varchar(32) COLLATE utf8_unicode_ci NOT NULL DEFAULT '',
  `entry_street_address` varchar(64) COLLATE utf8_unicode_ci NOT NULL DEFAULT '',
  `entry_suburb` varchar(32) COLLATE utf8_unicode_ci DEFAULT NULL,
  `entry_postcode` varchar(10) COLLATE utf8_unicode_ci NOT NULL DEFAULT '',
  `entry_city` varchar(32) COLLATE utf8_unicode_ci NOT NULL DEFAULT '',
  `entry_state` varchar(32) COLLATE utf8_unicode_ci DEFAULT NULL,
  `entry_country_id` int(11) NOT NULL DEFAULT '0',
  `entry_zone_id` int(11) NOT NULL DEFAULT '0',
  PRIMARY KEY (`address_book_id`),
  KEY `idx_address_book_customers_id_zen` (`customers_id`)
) ENGINE=MyISAM AUTO_INCREMENT=39 DEFAULT CHARSET=utf8 COLLATE=utf8_unicode_ci;

--
-- Dumping data for table `zen_zen_address_book`
--


--
-- Table structure for table `zen_zones`
--

CREATE TABLE `zen_zones` (
  `zone_id` int(11) NOT NULL AUTO_INCREMENT,
  `zone_country_id` int(11) NOT NULL DEFAULT '0',
  `zone_code` varchar(32) COLLATE utf8_unicode_ci NOT NULL DEFAULT '',
  `zone_name` varchar(32) COLLATE utf8_unicode_ci NOT NULL DEFAULT '',
  PRIMARY KEY (`zone_id`),
  KEY `idx_zone_country_id_zen` (`zone_country_id`),
  KEY `idx_zone_code_zen` (`zone_code`)
) ENGINE=MyISAM AUTO_INCREMENT=190 DEFAULT CHARSET=utf8 COLLATE=utf8_unicode_ci;

--
-- Dumping data for table `zen_zones`
--

INSERT INTO `zen_zones` VALUES (1,223,'AL','Alabama'),(2,223,'AK','Alaska'),(3,223,'AS','American Samoa'),(4,223,'AZ','Arizona'),(5,223,'AR','Arkansas'),(6,223,'AF','Armed Forces Africa'),(7,223,'AA','Armed Forces Americas'),(8,223,'AC','Armed Forces Canada'),(9,223,'AE','Armed Forces Europe'),(10,223,'AM','Armed Forces Middle East'),(11,223,'AP','Armed Forces Pacific'),(12,223,'CA','California'),(13,223,'CO','Colorado'),(14,223,'CT','Connecticut'),(15,223,'DE','Delaware'),(16,223,'DC','District of Columbia'),(17,223,'FM','Federated States Of Micronesia'),(18,223,'FL','Florida'),(19,223,'GA','Georgia'),(20,223,'GU','Guam'),(21,223,'HI','Hawaii'),(22,223,'ID','Idaho'),(23,223,'IL','Illinois'),(24,223,'IN','Indiana'),(25,223,'IA','Iowa'),(26,223,'KS','Kansas'),(27,223,'KY','Kentucky'),(28,223,'LA','Louisiana'),(29,223,'ME','Maine'),(30,223,'MH','Marshall Islands'),(31,223,'MD','Maryland'),(32,223,'MA','Massachusetts'),(33,223,'MI','Michigan'),(34,223,'MN','Minnesota'),(35,223,'MS','Mississippi'),(36,223,'MO','Missouri'),(37,223,'MT','Montana'),(38,223,'NE','Nebraska'),(39,223,'NV','Nevada'),(40,223,'NH','New Hampshire'),(41,223,'NJ','New Jersey'),(42,223,'NM','New Mexico'),(43,223,'NY','New York'),(44,223,'NC','North Carolina'),(45,223,'ND','North Dakota'),(46,223,'MP','Northern Mariana Islands'),(47,223,'OH','Ohio'),(48,223,'OK','Oklahoma'),(49,223,'OR','Oregon'),(50,163,'PW','Palau'),(51,223,'PA','Pennsylvania'),(52,223,'PR','Puerto Rico'),(53,223,'RI','Rhode Island'),(54,223,'SC','South Carolina'),(55,223,'SD','South Dakota'),(56,223,'TN','Tennessee'),(57,223,'TX','Texas'),(58,223,'UT','Utah'),(59,223,'VT','Vermont'),(60,223,'VI','Virgin Islands'),(61,223,'VA','Virginia'),(62,223,'WA','Washington'),(63,223,'WV','West Virginia'),(64,223,'WI','Wisconsin'),(65,223,'WY','Wyoming'),(66,38,'AB','Alberta'),(67,38,'BC','British Columbia'),(68,38,'MB','Manitoba'),(69,38,'NL','Newfoundland'),(70,38,'NB','New Brunswick'),(71,38,'NS','Nova Scotia'),(72,38,'NT','Northwest Territories'),(73,38,'NU','Nunavut'),(74,38,'ON','Ontario'),(75,38,'PE','Prince Edward Island'),(76,38,'QC','Quebec'),(77,38,'SK','Saskatchewan'),(78,38,'YT','Yukon Territory'),(79,81,'NDS','Niedersachsen'),(80,81,'BAW','Baden Würtemberg'),(81,81,'BAY','Bayern'),(82,81,'BER','Berlin'),(83,81,'BRG','Brandenburg'),(84,81,'BRE','Bremen'),(85,81,'HAM','Hamburg'),(86,81,'HES','Hessen'),(87,81,'MEC','Mecklenburg-Vorpommern'),(88,81,'NRW','Nordrhein-Westfalen'),(89,81,'RHE','Rheinland-Pfalz'),(90,81,'SAR','Saarland'),(91,81,'SAS','Sachsen'),(92,81,'SAC','Sachsen-Anhalt'),(93,81,'SCN','Schleswig-Holstein'),(94,81,'THE','Thringen'),(95,14,'WI','Wien'),(96,14,'NO','Niedersterreich'),(97,14,'OO','Obersterreich'),(98,14,'SB','Salzburg'),(99,14,'KN','Kärnten'),(100,14,'ST','Steiermark'),(101,14,'TI','Tirol'),(102,14,'BL','Burgenland'),(103,14,'VB','Voralberg'),(104,204,'AG','Aargau'),(105,204,'AI','Appenzell Innerrhoden'),(106,204,'AR','Appenzell Ausserrhoden'),(107,204,'BE','Bern'),(108,204,'BL','Basel-Landschaft'),(109,204,'BS','Basel-Stadt'),(110,204,'FR','Freiburg'),(111,204,'GE','Genf'),(112,204,'GL','Glarus'),(113,204,'JU','Graubnden'),(114,204,'JU','Jura'),(115,204,'LU','Luzern'),(116,204,'NE','Neuenburg'),(117,204,'NW','Nidwalden'),(118,204,'OW','Obwalden'),(119,204,'SG','St. Gallen'),(120,204,'SH','Schaffhausen'),(121,204,'SO','Solothurn'),(122,204,'SZ','Schwyz'),(123,204,'TG','Thurgau'),(124,204,'TI','Tessin'),(125,204,'UR','Uri'),(126,204,'VD','Waadt'),(127,204,'VS','Wallis'),(128,204,'ZG','Zug'),(129,204,'ZH','Zrich'),(130,195,'A Corua','A Corua'),(131,195,'Alava','Alava'),(132,195,'Albacete','Albacete'),(133,195,'Alicante','Alicante'),(134,195,'Almeria','Almeria'),(135,195,'Asturias','Asturias'),(136,195,'Avila','Avila'),(137,195,'Badajoz','Badajoz'),(138,195,'Baleares','Baleares'),(139,195,'Barcelona','Barcelona'),(140,195,'Burgos','Burgos'),(141,195,'Caceres','Caceres'),(142,195,'Cadiz','Cadiz'),(143,195,'Cantabria','Cantabria'),(144,195,'Castellon','Castellon'),(145,195,'Ceuta','Ceuta'),(146,195,'Ciudad Real','Ciudad Real'),(147,195,'Cordoba','Cordoba'),(148,195,'Cuenca','Cuenca'),(149,195,'Girona','Girona'),(150,195,'Granada','Granada'),(151,195,'Guadalajara','Guadalajara'),(152,195,'Guipuzcoa','Guipuzcoa'),(153,195,'Huelva','Huelva'),(154,195,'Huesca','Huesca'),(155,195,'Jaen','Jaen'),(156,195,'La Rioja','La Rioja'),(157,195,'Las Palmas','Las Palmas'),(158,195,'Leon','Leon'),(159,195,'Lleida','Lleida'),(160,195,'Lugo','Lugo'),(161,195,'Madrid','Madrid'),(162,195,'Malaga','Malaga'),(163,195,'Melilla','Melilla'),(164,195,'Murcia','Murcia'),(165,195,'Navarra','Navarra'),(166,195,'Ourense','Ourense'),(167,195,'Palencia','Palencia'),(168,195,'Pontevedra','Pontevedra'),(169,195,'Salamanca','Salamanca'),(170,195,'Santa Cruz de Tenerife','Santa Cruz de Tenerife'),(171,195,'Segovia','Segovia'),(172,195,'Sevilla','Sevilla'),(173,195,'Soria','Soria'),(174,195,'Tarragona','Tarragona'),(175,195,'Teruel','Teruel'),(176,195,'Toledo','Toledo'),(177,195,'Valencia','Valencia'),(178,195,'Valladolid','Valladolid'),(179,195,'Vizcaya','Vizcaya'),(180,195,'Zamora','Zamora'),(181,195,'Zaragoza','Zaragoza'),(182,13,'ACT','Australian Capital Territory'),(183,13,'NSW','New South Wales'),(184,13,'NT','Northern Territory'),(185,13,'QLD','Queensland'),(186,13,'SA','South Australia'),(187,13,'TAS','Tasmania'),(188,13,'VIC','Victoria'),(189,13,'WA','Western Australia');

--
-- Table structure for table `zen_zones_to_geo_zones`
--

CREATE TABLE `zen_zones_to_geo_zones` (
  `association_id` int(11) NOT NULL AUTO_INCREMENT,
  `zone_country_id` int(11) NOT NULL DEFAULT '0',
  `zone_id` int(11) DEFAULT NULL,
  `geo_zone_id` int(11) DEFAULT NULL,
  `last_modified` datetime DEFAULT NULL,
  `date_added` datetime NOT NULL DEFAULT '0001-01-01 00:00:00',
  PRIMARY KEY (`association_id`),
  KEY `idx_zones_zen` (`geo_zone_id`,`zone_country_id`,`zone_id`)
) ENGINE=MyISAM AUTO_INCREMENT=2 DEFAULT CHARSET=utf8 COLLATE=utf8_unicode_ci;

--
-- Dumping data for table `zen_zones_to_geo_zones`
--

INSERT INTO `zen_zones_to_geo_zones` VALUES (1,223,18,1,NULL,'2010-10-17 08:24:09');

--
-- Dumping events for database 'surpro_zc1'
--

--
-- Dumping routines for database 'surpro_zc1'
--


