-- Table structure for table `zen_ceon_uri_mappings_xml`
--

CREATE TABLE `zen_ceon_uri_mappings_xml` (
  `xmlHeader` varchar(255) COLLATE utf8_unicode_ci NOT NULL
) ENGINE=MyISAM DEFAULT CHARSET=utf8 COLLATE=utf8_unicode_ci;

--
-- Dumping data for table `zen_ceon_uri_mappings_xml`
--

INSERT INTO `zen_ceon_uri_mappings_xml` VALUES ('xmlns:xsi=\"http://www.w3.org/2001/XMLSchema-instance\"			 xsi:schemaLocation=\"http://www.sitemaps.org/schemas/sitemap/0.9  		http://www.sitemaps.org/schemas/sitemap/0.9/sitemap.xsd\"  		xmlns=\"http://www.sitemaps.org/schemas/sitemap/0.9\">');

--
-- Table structure for table `zen_configuration`
--

CREATE TABLE `zen_configuration` (
  `configuration_id` int(11) NOT NULL AUTO_INCREMENT,
  `configuration_title` text COLLATE utf8_unicode_ci NOT NULL,
  `configuration_key` varchar(255) COLLATE utf8_unicode_ci NOT NULL DEFAULT '',
  `configuration_value` text COLLATE utf8_unicode_ci NOT NULL,
  `configuration_description` text COLLATE utf8_unicode_ci NOT NULL,
  `configuration_group_id` int(11) NOT NULL DEFAULT '0',
  `sort_order` int(5) DEFAULT NULL,
  `last_modified` datetime DEFAULT NULL,
  `date_added` datetime NOT NULL DEFAULT '0001-01-01 00:00:00',
  `use_function` text COLLATE utf8_unicode_ci,
  `set_function` text COLLATE utf8_unicode_ci,
  PRIMARY KEY (`configuration_id`),
  UNIQUE KEY `unq_config_key_zen` (`configuration_key`),
  KEY `idx_key_value_zen` (`configuration_key`,`configuration_value`(10)),
  KEY `idx_cfg_grp_id_zen` (`configuration_group_id`)
) ENGINE=MyISAM AUTO_INCREMENT=680 DEFAULT CHARSET=utf8 COLLATE=utf8_unicode_ci;

--
-- Dumping data for table `zen_configuration`
--

INSERT INTO `zen_configuration` VALUES (1,'Store Name','STORE_NAME','www.aaasurvivalproducts.com','The name of my store',1,1,'2010-10-22 10:22:14','2010-10-17 08:24:08',NULL,NULL),(2,'Store Owner','STORE_OWNER','AAASurvival, Inc.','The name of my store owner',1,2,'2010-10-17 18:16:38','2010-10-17 08:24:08',NULL,NULL),(3,'Country','STORE_COUNTRY','223','The country my store is located in <br /><br /><strong>Note: Please remember to update the store zone.</strong>',1,6,NULL,'2010-10-17 08:24:08','zen_get_country_name','zen_cfg_pull_down_country_list('),(4,'Zone','STORE_ZONE','18','The zone my store is located in',1,7,'2010-10-17 18:32:08','2010-10-17 08:24:08','zen_cfg_get_zone_name','zen_cfg_pull_down_zone_list('),(5,'Expected Sort Order','EXPECTED_PRODUCTS_SORT','desc','This is the sort order used in the expected products box.',1,8,NULL,'2010-10-17 08:24:08',NULL,'zen_cfg_select_option(array(\'asc\', \'desc\'), '),(6,'Expected Sort Field','EXPECTED_PRODUCTS_FIELD','date_expected','The column to sort by in the expected products box.',1,9,NULL,'2010-10-17 08:24:08',NULL,'zen_cfg_select_option(array(\'products_name\', \'date_expected\'), '),(7,'Switch To Default Language Currency','USE_DEFAULT_LANGUAGE_CURRENCY','false','Automatically switch to the language\'s currency when it is changed',1,10,NULL,'2010-10-17 08:24:08',NULL,'zen_cfg_select_option(array(\'true\', \'false\'), '),(8,'Language Selector','LANGUAGE_DEFAULT_SELECTOR','Default','Should the default language be based on the Store preferences, or the customer\'s browser settings?<br /><br />Default: Store\'s default settings',1,11,NULL,'2010-10-17 08:24:08',NULL,'zen_cfg_select_option(array(\'Default\', \'Browser\'), '),(9,'Use Search-Engine Safe URLs (still in development)','SEARCH_ENGINE_FRIENDLY_URLS','false','Use search-engine safe urls for all site links',6,12,NULL,'2010-10-17 08:24:08',NULL,'zen_cfg_select_option(array(\'true\', \'false\'), '),(10,'Display Cart After Adding Product','DISPLAY_CART','true','Display the shopping cart after adding a product (or return back to their origin)',1,14,NULL,'2010-10-17 08:24:08',NULL,'zen_cfg_select_option(array(\'true\', \'false\'), '),(11,'Default Search Operator','ADVANCED_SEARCH_DEFAULT_OPERATOR','and','Default search operators',1,17,NULL,'2010-10-17 08:24:08',NULL,'zen_cfg_select_option(array(\'and\', \'or\'), '),(12,'Store Address and Phone','STORE_NAME_ADDRESS','AAASurvival, Inc.\r\naaaSurvivalProducts.com\r\n 12361 SW 106th Street\r\n Miami, FL 33186 USA\r\n 800-976-9206','This is the Store Name, Address and Phone used on printable documents and displayed online',1,18,'2016-07-12 20:54:57','2010-10-17 08:24:08',NULL,'zen_cfg_textarea('),(13,'Show Category Counts','SHOW_COUNTS','false','Count recursively how many products are in each category',1,19,'2010-10-24 13:15:58','2010-10-17 08:24:08',NULL,'zen_cfg_select_option(array(\'true\', \'false\'), '),(14,'Tax Decimal Places','TAX_DECIMAL_PLACES','0','Pad the tax value this amount of decimal places',1,20,NULL,'2010-10-17 08:24:08',NULL,NULL),(15,'Display Prices with Tax','DISPLAY_PRICE_WITH_TAX','false','Display prices with tax included (true) or add the tax at the end (false)',1,21,NULL,'2010-10-17 08:24:08',NULL,'zen_cfg_select_option(array(\'true\', \'false\'), '),(16,'Display Prices with Tax in Admin','DISPLAY_PRICE_WITH_TAX_ADMIN','false','Display prices with tax included (true) or add the tax at the end (false) in Admin(Invoices)',1,21,NULL,'2010-10-17 08:24:08',NULL,'zen_cfg_select_option(array(\'true\', \'false\'), '),(17,'Basis of Product Tax','STORE_PRODUCT_TAX_BASIS','Shipping','On what basis is Product Tax calculated. Options are<br />Shipping - Based on customers Shipping Address<br />Billing Based on customers Billing address<br />Store - Based on Store address if Billing/Shipping Zone equals Store zone',1,21,NULL,'2010-10-17 08:24:08',NULL,'zen_cfg_select_option(array(\'Shipping\', \'Billing\', \'Store\'), '),(18,'Basis of Shipping Tax','STORE_SHIPPING_TAX_BASIS','Shipping','On what basis is Shipping Tax calculated. Options are<br />Shipping - Based on customers Shipping Address<br />Billing Based on customers Billing address<br />Store - Based on Store address if Billing/Shipping Zone equals Store zone - Can be overriden by correctly written Shipping Module',1,21,NULL,'2010-10-17 08:24:08',NULL,'zen_cfg_select_option(array(\'Shipping\', \'Billing\', \'Store\'), '),(19,'Sales Tax Display Status','STORE_TAX_DISPLAY_STATUS','0','Always show Sales Tax even when amount is $0.00?<br />0= Off<br />1= On',1,21,NULL,'2010-10-17 08:24:08',NULL,'zen_cfg_select_option(array(\'0\', \'1\'), '),(20,'Show Split Tax Lines','SHOW_SPLIT_TAX_CHECKOUT','false','If multiple tax rates apply, show each rate as a separate line at checkout',1,22,NULL,'2010-10-17 08:24:08',NULL,'zen_cfg_select_option(array(\'true\', \'false\'), '),(21,'Admin Session Time Out in Seconds','SESSION_TIMEOUT_ADMIN','3600','Enter the time in seconds. Default=3600<br />Example: 3600= 1 hour<br /><br />Note: Too few seconds can result in timeout issues when adding/editing products',1,40,NULL,'2010-10-17 08:24:08',NULL,NULL),(22,'Admin Set max_execution_time for processes','GLOBAL_SET_TIME_LIMIT','60','Enter the time in seconds for how long the max_execution_time of processes should be. Default=60<br />Example: 60= 1 minute<br /><br />Note: Changing the time limit is only needed if you are having problems with the execution time of a process',1,42,NULL,'2010-10-17 08:24:08',NULL,NULL),(23,'Show if version update available','SHOW_VERSION_UPDATE_IN_HEADER','true','Automatically check to see if a new version of Zen Cart is available. Enabling this can sometimes slow down the loading of Admin pages. (Displayed on main Index page after login, and Server Info page.)',1,44,NULL,'2010-10-17 08:24:08',NULL,'zen_cfg_select_option(array(\'true\', \'false\'), '),(24,'Store Status','STORE_STATUS','0','What is your Store Status<br />0= Normal Store<br />1= Showcase no prices<br />2= Showcase with prices',1,25,NULL,'2010-10-17 08:24:08',NULL,'zen_cfg_select_option(array(\'0\', \'1\', \'2\'), '),(25,'Server Uptime','DISPLAY_SERVER_UPTIME','true','Displaying Server uptime can cause entries in error logs on some servers. (true = Display, false = don\'t display)',1,46,'2003-11-08 20:24:47','0001-01-01 00:00:00','','zen_cfg_select_option(array(\'true\', \'false\'),'),(26,'Missing Page Check','MISSING_PAGE_CHECK','Page Not Found','Zen Cart can check for missing pages in the URL and redirect to Index page. For debugging you may want to turn this off. <br /><br /><strong>Default=On</strong><br />On = Send missing pages to \'index\'<br />Off = Don\'t check for missing pages<br />Page Not Found = display the Page-Not-Found page',1,48,'2003-11-08 20:24:47','0001-01-01 00:00:00','','zen_cfg_select_option(array(\'On\', \'Off\', \'Page Not Found\'),'),(27,'cURL Proxy Status','CURL_PROXY_REQUIRED','False','Does your host require that you use a proxy for cURL communication?',1,50,NULL,'2010-10-17 08:24:08',NULL,'zen_cfg_select_option(array(\'True\', \'False\'), '),(28,'cURL Proxy Address','CURL_PROXY_SERVER_DETAILS','','If you have GoDaddy hosting or other hosting services that require use of a proxy to talk to external sites via cURL, enter their proxy address here.<br />format: address:port<br />ie: for GoDaddy, enter: <strong>proxy.shr.secureserver.net:3128</strong> or possibly 64.202.165.130:3128',1,51,NULL,'2010-10-17 08:24:08',NULL,NULL),(29,'HTML Editor','HTML_EDITOR_PREFERENCE','NONE','Please select the HTML/Rich-Text editor you wish to use for composing Admin-related emails, newsletters, and product descriptions',1,110,NULL,'2010-10-17 08:24:08',NULL,'zen_cfg_pull_down_htmleditors('),(30,'Enable phpBB linkage?','PHPBB_LINKS_ENABLED','false','Should Zen Cart synchronize new account information to your (already-installed) phpBB forum?',1,120,NULL,'2010-10-17 08:24:08',NULL,'zen_cfg_select_option(array(\'true\', \'false\'),'),(31,'Show Category Counts - Admin','SHOW_COUNTS_ADMIN','true','Show Category Counts in Admin?',1,19,NULL,'2010-10-17 08:24:08',NULL,'zen_cfg_select_option(array(\'true\', \'false\'), '),(32,'Currency Conversion Ratio','CURRENCY_UPLIFT_RATIO','1.05','When auto-updating currencies, what \"uplift\" ratio should be used to calculate the exchange rate used by your store?<br />ie: the bank rate is obtained from the currency-exchange servers; how much extra do you want to charge in order to make up the difference between the bank rate and the consumer rate?<br /><br /><strong>Default: 1.05 </strong><br />This will cause the published bank rate to be multiplied by 1.05 to set the currency rates in your store.',1,55,NULL,'2010-10-17 08:24:08',NULL,NULL),(33,'First Name','ENTRY_FIRST_NAME_MIN_LENGTH','2','Minimum length of first name',2,1,NULL,'2010-10-17 08:24:08',NULL,NULL),(34,'Last Name','ENTRY_LAST_NAME_MIN_LENGTH','2','Minimum length of last name',2,2,NULL,'2010-10-17 08:24:08',NULL,NULL),(35,'Date of Birth','ENTRY_DOB_MIN_LENGTH','10','Minimum length of date of birth',2,3,NULL,'2010-10-17 08:24:08',NULL,NULL),(36,'E-Mail Address','ENTRY_EMAIL_ADDRESS_MIN_LENGTH','6','Minimum length of e-mail address',2,4,NULL,'2010-10-17 08:24:08',NULL,NULL),(37,'Street Address','ENTRY_STREET_ADDRESS_MIN_LENGTH','5','Minimum length of street address',2,5,NULL,'2010-10-17 08:24:08',NULL,NULL),(38,'Company','ENTRY_COMPANY_MIN_LENGTH','0','Minimum length of company name',2,6,NULL,'2010-10-17 08:24:08',NULL,NULL),(39,'Post Code','ENTRY_POSTCODE_MIN_LENGTH','4','Minimum length of post code',2,7,NULL,'2010-10-17 08:24:08',NULL,NULL),(40,'City','ENTRY_CITY_MIN_LENGTH','2','Minimum length of city',2,8,NULL,'2010-10-17 08:24:08',NULL,NULL),(41,'State','ENTRY_STATE_MIN_LENGTH','2','Minimum length of state',2,9,NULL,'2010-10-17 08:24:08',NULL,NULL),(42,'Telephone Number','ENTRY_TELEPHONE_MIN_LENGTH','3','Minimum length of telephone number',2,10,NULL,'2010-10-17 08:24:08',NULL,NULL),(43,'Password','ENTRY_PASSWORD_MIN_LENGTH','7','Minimum length of password',2,11,NULL,'2010-10-17 08:24:08',NULL,NULL),(44,'Credit Card Owner Name','CC_OWNER_MIN_LENGTH','3','Minimum length of credit card owner name',2,12,NULL,'2010-10-17 08:24:08',NULL,NULL),(45,'Credit Card Number','CC_NUMBER_MIN_LENGTH','10','Minimum length of credit card number',2,13,NULL,'2010-10-17 08:24:08',NULL,NULL),(46,'Credit Card CVV Number','CC_CVV_MIN_LENGTH','3','Minimum length of credit card CVV number',2,13,NULL,'2010-10-17 08:24:08',NULL,NULL),(47,'Product Review Text','REVIEW_TEXT_MIN_LENGTH','50','Minimum length of product review text',2,14,NULL,'2010-10-17 08:24:08',NULL,NULL),(48,'Best Sellers','MIN_DISPLAY_BESTSELLERS','1','Minimum number of best sellers to display',2,15,NULL,'2010-10-17 08:24:08',NULL,NULL),(49,'Also Purchased Products','MIN_DISPLAY_ALSO_PURCHASED','1','Minimum number of products to display in the \'This Customer Also Purchased\' box',2,16,NULL,'2010-10-17 08:24:08',NULL,NULL),(50,'Nick Name','ENTRY_NICK_MIN_LENGTH','3','Minimum length of Nick Name',2,1,NULL,'2010-10-17 08:24:08',NULL,NULL),(51,'Address Book Entries','MAX_ADDRESS_BOOK_ENTRIES','5','Maximum address book entries a customer is allowed to have',3,1,NULL,'2010-10-17 08:24:08',NULL,NULL),(52,'Search Results Per Page','MAX_DISPLAY_SEARCH_RESULTS','20','Number of products to list on a search result page',3,2,NULL,'2010-10-17 08:24:08',NULL,NULL),(53,'Prev/Next Navigation Page Links','MAX_DISPLAY_PAGE_LINKS','5','Number of \'number\' links use for page-sets',3,3,NULL,'2010-10-17 08:24:08',NULL,NULL),(54,'Products on Special ','MAX_DISPLAY_SPECIAL_PRODUCTS','9','Number of products on special to display',3,4,NULL,'2010-10-17 08:24:08',NULL,NULL),(55,'New Products Module','MAX_DISPLAY_NEW_PRODUCTS','9','Number of new products to display in a category',3,5,NULL,'2010-10-17 08:24:08',NULL,NULL),(56,'Upcoming Products ','MAX_DISPLAY_UPCOMING_PRODUCTS','10','Number of \'upcoming\' products to display',3,6,NULL,'2010-10-17 08:24:08',NULL,NULL),(57,'Manufacturers List - Scroll Box Size/Style','MAX_MANUFACTURERS_LIST','3','Number of manufacturers names to be displayed in the scroll box window. Setting this to 1 or 0 will display a dropdown list.',3,7,NULL,'2010-10-17 08:24:08',NULL,NULL),(58,'Manufacturers List - Verify Product Exist','PRODUCTS_MANUFACTURERS_STATUS','1','Verify that at least 1 product exists and is active for the manufacturer name to show<br /><br />Note: When this feature is ON it can produce slower results on sites with a large number of products and/or manufacturers<br />0= off 1= on',3,7,NULL,'2010-10-17 08:24:08',NULL,'zen_cfg_select_option(array(\'0\', \'1\'), '),(59,'Music Genre List - Scroll Box Size/Style','MAX_MUSIC_GENRES_LIST','3','Number of music genre names to be displayed in the scroll box window. Setting this to 1 or 0 will display a dropdown list.',3,7,NULL,'2010-10-17 08:24:08',NULL,NULL),(60,'Record Company List - Scroll Box Size/Style','MAX_RECORD_COMPANY_LIST','3','Number of record company names to be displayed in the scroll box window. Setting this to 1 or 0 will display a dropdown list.',3,7,NULL,'2010-10-17 08:24:08',NULL,NULL),(61,'Length of Record Company Name','MAX_DISPLAY_RECORD_COMPANY_NAME_LEN','15','Used in record companies box; maximum length of record company name to display. Longer names will be truncated.',3,8,NULL,'2010-10-17 08:24:08',NULL,NULL),(62,'Length of Music Genre Name','MAX_DISPLAY_MUSIC_GENRES_NAME_LEN','15','Used in music genres box; maximum length of music genre name to display. Longer names will be truncated.',3,8,NULL,'2010-10-17 08:24:08',NULL,NULL),(63,'Length of Manufacturers Name','MAX_DISPLAY_MANUFACTURER_NAME_LEN','15','Used in manufacturers box; maximum length of manufacturers name to display. Longer names will be truncated.',3,8,NULL,'2010-10-17 08:24:08',NULL,NULL),(64,'New Product Reviews Per Page','MAX_DISPLAY_NEW_REVIEWS','6','Number of new reviews to display on each page',3,9,NULL,'2010-10-17 08:24:08',NULL,NULL),(65,'Random Product Reviews for SideBox','MAX_RANDOM_SELECT_REVIEWS','1','Number of random product REVIEWS to rotate in the sidebox<br />Enter the number of products to display in this sidebox at one time.<br /><br />How many products do you want to display in this sidebox?',3,10,NULL,'2010-10-17 08:24:08',NULL,NULL),(66,'Random New Products for SideBox','MAX_RANDOM_SELECT_NEW','3','Number of random NEW products to rotate in the sidebox<br />Enter the number of products to display in this sidebox at one time.<br /><br />How many products do you want to display in this sidebox?',3,11,NULL,'2010-10-17 08:24:08',NULL,NULL),(67,'Random Products On Special for SideBox','MAX_RANDOM_SELECT_SPECIALS','2','Number of random products on SPECIAL to rotate in the sidebox<br />Enter the number of products to display in this sidebox at one time.<br /><br />How many products do you want to display in this sidebox?',3,12,NULL,'2010-10-17 08:24:08',NULL,NULL),(68,'Categories To List Per Row','MAX_DISPLAY_CATEGORIES_PER_ROW','3','How many categories to list per row',3,13,NULL,'2010-10-17 08:24:08',NULL,NULL),(69,'New Products Listing- Number Per Page','MAX_DISPLAY_PRODUCTS_NEW','10','Number of new products listed per page',3,14,NULL,'2010-10-17 08:24:08',NULL,NULL),(70,'Best Sellers For Box','MAX_DISPLAY_BESTSELLERS','10','Number of best sellers to display in box',3,15,NULL,'2010-10-17 08:24:08',NULL,NULL),(71,'Also Purchased Products','MAX_DISPLAY_ALSO_PURCHASED','6','Number of products to display in the \'This Customer Also Purchased\' box',3,16,NULL,'2010-10-17 08:24:08',NULL,NULL),(72,'Recent Purchases Box- NOTE: box is disabled ','MAX_DISPLAY_PRODUCTS_IN_ORDER_HISTORY_BOX','6','Number of products to display in the recent purchases box',3,17,NULL,'2010-10-17 08:24:08',NULL,NULL),(73,'Customer Order History List Per Page','MAX_DISPLAY_ORDER_HISTORY','10','Number of orders to display in the order history list in \'My Account\'',3,18,NULL,'2010-10-17 08:24:08',NULL,NULL),(74,'Maximum Display of Customers on Customers Page','MAX_DISPLAY_SEARCH_RESULTS_CUSTOMER','20','',3,19,NULL,'2010-10-17 08:24:08',NULL,NULL),(75,'Maximum Display of Orders on Orders Page','MAX_DISPLAY_SEARCH_RESULTS_ORDERS','20','',3,20,NULL,'2010-10-17 08:24:08',NULL,NULL),(76,'Maximum Display of Products on Reports','MAX_DISPLAY_SEARCH_RESULTS_REPORTS','20','',3,21,NULL,'2010-10-17 08:24:08',NULL,NULL),(77,'Maximum Categories Products Display List','MAX_DISPLAY_RESULTS_CATEGORIES','10','Number of products to list per screen',3,22,NULL,'2010-10-17 08:24:08',NULL,NULL),(78,'Products Listing- Number Per Page','MAX_DISPLAY_PRODUCTS_LISTING','10','Maximum Number of Products to list per page on main page',3,30,NULL,'2010-10-17 08:24:08',NULL,NULL),(79,'Products Attributes - Option Names and Values Display','MAX_ROW_LISTS_OPTIONS','10','Maximum number of option names and values to display in the products attributes page',3,24,NULL,'2010-10-17 08:24:08',NULL,NULL),(80,'Products Attributes - Attributes Controller Display','MAX_ROW_LISTS_ATTRIBUTES_CONTROLLER','30','Maximum number of attributes to display in the Attributes Controller page',3,25,NULL,'2010-10-17 08:24:08',NULL,NULL),(81,'Products Attributes - Downloads Manager Display','MAX_DISPLAY_SEARCH_RESULTS_DOWNLOADS_MANAGER','30','Maximum number of attributes downloads to display in the Downloads Manager page',3,26,NULL,'2010-10-17 08:24:08',NULL,NULL),(82,'Featured Products - Number to Display Admin','MAX_DISPLAY_SEARCH_RESULTS_FEATURED_ADMIN','10','Number of featured products to list per screen - Admin',3,27,NULL,'2010-10-17 08:24:08',NULL,NULL),(83,'Maximum Display of Featured Products - Main Page','MAX_DISPLAY_SEARCH_RESULTS_FEATURED','8','Number of featured products to list on main page',3,28,'2011-05-01 15:43:59','2010-10-17 08:24:08',NULL,NULL),(84,'Maximum Display of Featured Products Page','MAX_DISPLAY_PRODUCTS_FEATURED_PRODUCTS','10','Number of featured products to list per screen',3,29,NULL,'2010-10-17 08:24:08',NULL,NULL),(85,'Random Featured Products for SideBox','MAX_RANDOM_SELECT_FEATURED_PRODUCTS','2','Number of random FEATURED products to rotate in the sidebox<br />Enter the number of products to display in this sidebox at one time.<br /><br />How many products do you want to display in this sidebox?',3,30,NULL,'2010-10-17 08:24:08',NULL,NULL),(86,'Maximum Display of Specials Products - Main Page','MAX_DISPLAY_SPECIAL_PRODUCTS_INDEX','9','Number of special products to list on main page',3,31,NULL,'2010-10-17 08:24:08',NULL,NULL),(87,'New Product Listing - Limited to ...','SHOW_NEW_PRODUCTS_LIMIT','0','Limit the New Product Listing to<br />0= All Products<br />1= Current Month<br />7= 7 Days<br />14= 14 Days<br />30= 30 Days<br />60= 60 Days<br />90= 90 Days<br />120= 120 Days',3,40,NULL,'2010-10-17 08:24:08',NULL,'zen_cfg_select_option(array(\'0\', \'1\', \'7\', \'14\', \'30\', \'60\', \'90\', \'120\'), '),(88,'Maximum Display of Products All Page','MAX_DISPLAY_PRODUCTS_ALL','10','Number of products to list per screen',3,45,NULL,'2010-10-17 08:24:08',NULL,NULL),(89,'Maximum Display of Language Flags in Language Side Box','MAX_LANGUAGE_FLAGS_COLUMNS','3','Number of Language Flags per Row',3,50,NULL,'2010-10-17 08:24:08',NULL,NULL),(90,'Maximum File Upload Size','MAX_FILE_UPLOAD_SIZE','2048000','What is the Maximum file size for uploads?<br />Default= 2048000',3,60,NULL,'2010-10-17 08:24:08',NULL,NULL),(91,'Allowed Filename Extensions for uploading','UPLOAD_FILENAME_EXTENSIONS','jpg,jpeg,gif,png,eps,cdr,ai,pdf,tif,tiff,bmp,zip','List the permissible filetypes (filename extensions) to be allowed when files are uploaded to your site by customers. Separate multiple values with commas(,). Do not include the dot(.).<br /><br />Suggested setting: \"jpg,jpeg,gif,png,eps,cdr,ai,pdf,tif,tiff,bmp,zip\"',3,61,NULL,'2010-10-17 08:24:08',NULL,'zen_cfg_textarea('),(92,'Maximum Orders Detail Display on Admin Orders Listing','MAX_DISPLAY_RESULTS_ORDERS_DETAILS_LISTING','0','Maximum number of Order Details<br />0 = Unlimited',3,65,NULL,'2010-10-17 08:24:08',NULL,NULL),(93,'Maximum PayPal IPN Display on Admin Listing','MAX_DISPLAY_SEARCH_RESULTS_PAYPAL_IPN','20','Maximum number of PayPal IPN Lisings in Admin<br />Default is 20',3,66,NULL,'2010-10-17 08:24:08',NULL,NULL),(94,'Maximum Display Columns Products to Multiple Categories Manager','MAX_DISPLAY_PRODUCTS_TO_CATEGORIES_COLUMNS','3','Maximum Display Columns Products to Multiple Categories Manager<br />3 = Default',3,70,NULL,'2010-10-17 08:24:08',NULL,NULL),(95,'Maximum Display EZ-Pages','MAX_DISPLAY_SEARCH_RESULTS_EZPAGE','20','Maximum Display EZ-Pages<br />20 = Default',3,71,NULL,'2010-10-17 08:24:08',NULL,NULL),(96,'Small Image Width','SMALL_IMAGE_WIDTH','100','The pixel width of small images',4,1,NULL,'2010-10-17 08:24:08',NULL,NULL),(97,'Small Image Height','SMALL_IMAGE_HEIGHT','80','The pixel height of small images',4,2,NULL,'2010-10-17 08:24:08',NULL,NULL),(98,'Heading Image Width - Admin','HEADING_IMAGE_WIDTH','57','The pixel width of heading images in the Admin<br />NOTE: Presently, this adjusts the spacing on the pages in the Admin Pages or could be used to add images to the heading in the Admin',4,3,NULL,'2010-10-17 08:24:08',NULL,NULL),(99,'Heading Image Height - Admin','HEADING_IMAGE_HEIGHT','40','The pixel height of heading images in the Admin<br />NOTE: Presently, this adjusts the spacing on the pages in the Admin Pages or could be used to add images to the heading in the Admin',4,4,NULL,'2010-10-17 08:24:08',NULL,NULL),(100,'Subcategory Image Width','SUBCATEGORY_IMAGE_WIDTH','150','The pixel width of subcategory images',4,5,'2011-04-07 18:40:26','2010-10-17 08:24:08',NULL,NULL),(101,'Subcategory Image Height','SUBCATEGORY_IMAGE_HEIGHT','87','The pixel height of subcategory images',4,6,'2011-04-07 18:40:37','2010-10-17 08:24:08',NULL,NULL),(102,'Calculate Image Size','CONFIG_CALCULATE_IMAGE_SIZE','true','Calculate the size of images?',4,7,NULL,'2010-10-17 08:24:08',NULL,'zen_cfg_select_option(array(\'true\', \'false\'), '),(103,'Image Required','IMAGE_REQUIRED','true','Enable to display broken images. Good for development.',4,8,NULL,'2010-10-17 08:24:08',NULL,'zen_cfg_select_option(array(\'true\', \'false\'), '),(104,'Image - Shopping Cart Status','IMAGE_SHOPPING_CART_STATUS','1','Show product image in the shopping cart?<br />0= off 1= on',4,9,NULL,'2010-10-17 08:24:08',NULL,'zen_cfg_select_option(array(\'0\', \'1\'), '),(105,'Image - Shopping Cart Width','IMAGE_SHOPPING_CART_WIDTH','50','Default = 50',4,10,NULL,'2010-10-17 08:24:08',NULL,NULL),(106,'Image - Shopping Cart Height','IMAGE_SHOPPING_CART_HEIGHT','40','Default = 40',4,11,NULL,'2010-10-17 08:24:08',NULL,NULL),(107,'Category Icon Image Width - Product Info Pages','CATEGORY_ICON_IMAGE_WIDTH','110','The pixel width of Category Icon heading images for Product Info Pages',4,13,'2011-04-07 06:43:54','2010-10-17 08:24:08',NULL,NULL),(108,'Category Icon Image Height - Product Info Pages','CATEGORY_ICON_IMAGE_HEIGHT','75','The pixel height of Category Icon heading images for Product Info Pages',4,14,'2011-04-07 06:44:05','2010-10-17 08:24:08',NULL,NULL),(109,'Top Subcategory Image Width','SUBCATEGORY_IMAGE_TOP_WIDTH','150','The pixel width of Top subcategory images<br />Top subcategory is when the Category contains subcategories',4,15,NULL,'2010-10-17 08:24:08',NULL,NULL),(110,'Top Subcategory Image Height','SUBCATEGORY_IMAGE_TOP_HEIGHT','85','The pixel height of Top subcategory images<br />Top subcategory is when the Category contains subcategories',4,16,NULL,'2010-10-17 08:24:08',NULL,NULL),(111,'Product Info - Image Width','MEDIUM_IMAGE_WIDTH','150','The pixel width of Product Info images',4,20,NULL,'2010-10-17 08:24:08',NULL,NULL),(112,'Product Info - Image Height','MEDIUM_IMAGE_HEIGHT','120','The pixel height of Product Info images',4,21,NULL,'2010-10-17 08:24:08',NULL,NULL),(113,'Product Info - Image Medium Suffix','IMAGE_SUFFIX_MEDIUM','_MED','Product Info Medium Image Suffix<br />Default = _MED',4,22,NULL,'2010-10-17 08:24:08',NULL,NULL),(114,'Product Info - Image Large Suffix','IMAGE_SUFFIX_LARGE','_LRG','Product Info Large Image Suffix<br />Default = _LRG',4,23,NULL,'2010-10-17 08:24:08',NULL,NULL),(115,'Product Info - Number of Additional Images per Row','IMAGES_AUTO_ADDED','3','Product Info - Enter the number of additional images to display per row<br />Default = 3',4,30,NULL,'2010-10-17 08:24:08',NULL,NULL),(116,'Image - Product Listing Width','IMAGE_PRODUCT_LISTING_WIDTH','100','Default = 100',4,40,NULL,'2010-10-17 08:24:08',NULL,NULL),(117,'Image - Product Listing Height','IMAGE_PRODUCT_LISTING_HEIGHT','80','Default = 80',4,41,NULL,'2010-10-17 08:24:08',NULL,NULL),(118,'Image - Product New Listing Width','IMAGE_PRODUCT_NEW_LISTING_WIDTH','100','Default = 100',4,42,NULL,'2010-10-17 08:24:08',NULL,NULL),(119,'Image - Product New Listing Height','IMAGE_PRODUCT_NEW_LISTING_HEIGHT','80','Default = 80',4,43,NULL,'2010-10-17 08:24:08',NULL,NULL),(120,'Image - New Products Width','IMAGE_PRODUCT_NEW_WIDTH','100','Default = 100',4,44,NULL,'2010-10-17 08:24:08',NULL,NULL),(121,'Image - New Products Height','IMAGE_PRODUCT_NEW_HEIGHT','80','Default = 80',4,45,NULL,'2010-10-17 08:24:08',NULL,NULL),(122,'Image - Featured Products Width','IMAGE_FEATURED_PRODUCTS_LISTING_WIDTH','100','Default = 100',4,46,NULL,'2010-10-17 08:24:08',NULL,NULL),(123,'Image - Featured Products Height','IMAGE_FEATURED_PRODUCTS_LISTING_HEIGHT','80','Default = 80',4,47,NULL,'2010-10-17 08:24:08',NULL,NULL),(124,'Image - Product All Listing Width','IMAGE_PRODUCT_ALL_LISTING_WIDTH','100','Default = 100',4,48,NULL,'2010-10-17 08:24:08',NULL,NULL),(125,'Image - Product All Listing Height','IMAGE_PRODUCT_ALL_LISTING_HEIGHT','80','Default = 80',4,49,NULL,'2010-10-17 08:24:08',NULL,NULL),(126,'Product Image - No Image Status','PRODUCTS_IMAGE_NO_IMAGE_STATUS','1','Use automatic No Image when none is added to product<br />0= off<br />1= On',4,60,NULL,'2010-10-17 08:24:08',NULL,'zen_cfg_select_option(array(\'0\', \'1\'), '),(127,'Product Image - No Image picture','PRODUCTS_IMAGE_NO_IMAGE','no_picture.gif','Use automatic No Image when none is added to product<br />Default = no_picture.gif',4,61,NULL,'2010-10-17 08:24:08',NULL,NULL),(128,'Image - Use Proportional Images on Products and Categories','PROPORTIONAL_IMAGES_STATUS','1','Use Proportional Images on Products and Categories?<br /><br />NOTE: Do not use 0 height or width settings for Proportion Images<br />0= off 1= on',4,75,NULL,'2010-10-17 08:24:08',NULL,'zen_cfg_select_option(array(\'0\', \'1\'), '),(129,'Email Salutation','ACCOUNT_GENDER','true','Display salutation choice during account creation and with account information',5,1,NULL,'2010-10-17 08:24:08',NULL,'zen_cfg_select_option(array(\'true\', \'false\'), '),(130,'Date of Birth','ACCOUNT_DOB','false','Display date of birth field during account creation and with account information<br />NOTE: Set Minimum Value Date of Birth to blank for not required<br />Set Minimum Value Date of Birth > 0 to require',5,2,'2010-10-17 18:42:48','2010-10-17 08:24:08',NULL,'zen_cfg_select_option(array(\'true\', \'false\'), '),(131,'Company','ACCOUNT_COMPANY','true','Display company field during account creation and with account information',5,3,NULL,'2010-10-17 08:24:08',NULL,'zen_cfg_select_option(array(\'true\', \'false\'), '),(132,'Address Line 2','ACCOUNT_SUBURB','true','Display address line 2 field during account creation and with account information',5,4,NULL,'2010-10-17 08:24:08',NULL,'zen_cfg_select_option(array(\'true\', \'false\'), '),(133,'State','ACCOUNT_STATE','true','Display state field during account creation and with account information',5,5,NULL,'2010-10-17 08:24:08',NULL,'zen_cfg_select_option(array(\'true\', \'false\'), '),(134,'State - Always display as pulldown?','ACCOUNT_STATE_DRAW_INITIAL_DROPDOWN','false','When state field is displayed, should it always be a pulldown menu?',5,5,NULL,'2010-10-17 08:24:08',NULL,'zen_cfg_select_option(array(\'true\', \'false\'), '),(135,'Create Account Default Country ID','SHOW_CREATE_ACCOUNT_DEFAULT_COUNTRY','223','Set Create Account Default Country ID to:<br />Default is 223',5,6,NULL,'2010-10-17 08:24:08','zen_get_country_name','zen_cfg_pull_down_country_list_none('),(136,'Fax Number','ACCOUNT_FAX_NUMBER','true','Display fax number field during account creation and with account information',5,10,NULL,'2010-10-17 08:24:08',NULL,'zen_cfg_select_option(array(\'true\', \'false\'), '),(137,'Show Newsletter Checkbox','ACCOUNT_NEWSLETTER_STATUS','1','Show Newsletter Checkbox<br />0= off<br />1= Display Unchecked<br />2= Display Checked<br /><strong>Note: Defaulting this to accepted may be in violation of certain regulations for your state or country</strong>',5,45,NULL,'2010-10-17 08:24:08',NULL,'zen_cfg_select_option(array(\'0\', \'1\', \'2\'), '),(138,'Customer Default Email Preference','ACCOUNT_EMAIL_PREFERENCE','0','Set the Default Customer Default Email Preference<br />0= Text<br />1= HTML<br />',5,46,NULL,'2010-10-17 08:24:08',NULL,'zen_cfg_select_option(array(\'0\', \'1\'), '),(139,'Customer Product Notification Status','CUSTOMERS_PRODUCTS_NOTIFICATION_STATUS','1','Customer should be asked about product notifications after checkout success and in account preferences<br />0= Never ask<br />1= Ask (ignored on checkout if has already selected global notifications)<br /><br />Note: Sidebox must be turned off separately',5,50,NULL,'2010-10-17 08:24:08',NULL,'zen_cfg_select_option(array(\'0\', \'1\'), '),(140,'Customer Shop Status - View Shop and Prices','CUSTOMERS_APPROVAL','0','Customer must be approved to shop<br />0= Not required<br />1= Must login to browse<br />2= May browse but no prices unless logged in<br />3= Showroom Only<br /><br />It is recommended that Option 2 be used for the purposes of Spiders if you wish customers to login to see prices.',5,55,NULL,'2010-10-17 08:24:08',NULL,'zen_cfg_select_option(array(\'0\', \'1\', \'2\', \'3\'), '),(141,'Customer Approval Status - Authorization Pending','CUSTOMERS_APPROVAL_AUTHORIZATION','0','Customer must be Authorized to shop<br />0= Not required<br />1= Must be Authorized to Browse<br />2= May browse but no prices unless Authorized<br />3= Customer May Browse and May see Prices but Must be Authorized to Buy<br /><br />It is recommended that Option 2 or 3 be used for the purposes of Spiders',5,65,NULL,'2010-10-17 08:24:08',NULL,'zen_cfg_select_option(array(\'0\', \'1\', \'2\', \'3\'), '),(142,'Customer Authorization: filename','CUSTOMERS_AUTHORIZATION_FILENAME','customers_authorization','Customer Authorization filename<br />Note: Do not include the extension<br />Default=customers_authorization',5,66,NULL,'2010-10-17 08:24:08',NULL,''),(143,'Customer Authorization: Hide Header','CUSTOMERS_AUTHORIZATION_HEADER_OFF','false','Customer Authorization: Hide Header <br />(true=hide false=show)',5,67,NULL,'2010-10-17 08:24:08',NULL,'zen_cfg_select_option(array(\'true\', \'false\'), '),(144,'Customer Authorization: Hide Column Left','CUSTOMERS_AUTHORIZATION_COLUMN_LEFT_OFF','false','Customer Authorization: Hide Column Left <br />(true=hide false=show)',5,68,NULL,'2010-10-17 08:24:08',NULL,'zen_cfg_select_option(array(\'true\', \'false\'), '),(145,'Customer Authorization: Hide Column Right','CUSTOMERS_AUTHORIZATION_COLUMN_RIGHT_OFF','false','Customer Authorization: Hide Column Right <br />(true=hide false=show)',5,69,NULL,'2010-10-17 08:24:08',NULL,'zen_cfg_select_option(array(\'true\', \'false\'), '),(146,'Customer Authorization: Hide Footer','CUSTOMERS_AUTHORIZATION_FOOTER_OFF','false','Customer Authorization: Hide Footer <br />(true=hide false=show)',5,70,NULL,'2010-10-17 08:24:08',NULL,'zen_cfg_select_option(array(\'true\', \'false\'), '),(147,'Customer Authorization: Hide Prices','CUSTOMERS_AUTHORIZATION_PRICES_OFF','false','Customer Authorization: Hide Prices <br />(true=hide false=show)',5,71,NULL,'2010-10-17 08:24:08',NULL,'zen_cfg_select_option(array(\'true\', \'false\'), '),(148,'Customers Referral Status','CUSTOMERS_REFERRAL_STATUS','0','Customers Referral Code is created from<br />0= Off<br />1= 1st Discount Coupon Code used<br />2= Customer can add during create account or edit if blank<br /><br />NOTE: Once the Customers Referral Code has been set it can only be changed in the Admin Customer',5,80,NULL,'2010-10-17 08:24:08',NULL,'zen_cfg_select_option(array(\'0\', \'1\', \'2\'), '),(149,'Installed Modules','MODULE_PAYMENT_INSTALLED','moneyorder.php;paypaldp.php;paypalwpp.php','List of payment module filenames separated by a semi-colon. This is automatically updated. No need to edit. (Example: freecharger.php;cod.php;paypal.php)',6,0,'2013-11-19 17:34:25','2010-10-17 08:24:08',NULL,NULL),(150,'Installed Modules','MODULE_ORDER_TOTAL_INSTALLED','ot_subtotal.php;ot_shipping.php;ot_coupon.php;ot_group_pricing.php;ot_tax.php;ot_loworderfee.php;ot_gv.php;ot_total.php','List of order_total module filenames separated by a semi-colon. This is automatically updated. No need to edit. (Example: ot_subtotal.php;ot_tax.php;ot_shipping.php;ot_total.php)',6,0,NULL,'2010-10-17 08:24:08',NULL,NULL),(151,'Installed Modules','MODULE_SHIPPING_INSTALLED','ups.php','List of shipping module filenames separated by a semi-colon. This is automatically updated. No need to edit. (Example: ups.php;flat.php;item.php)',6,0,'2010-10-25 07:38:29','2010-10-17 08:24:08',NULL,NULL),(637,'Payment Zone','MODULE_PAYMENT_PAYPALWPP_ZONE','0','If a zone is selected, only enable this payment method for that zone.',6,25,NULL,'2013-11-19 17:31:18','zen_get_zone_class_title','zen_cfg_pull_down_zone_classes('),(638,'Set Order Status','MODULE_PAYMENT_PAYPALWPP_ORDER_STATUS_ID','2','Set the status of orders paid with this payment module to this value. <br /><strong>Recommended: Processing[2]</strong>',6,25,NULL,'2013-11-19 17:31:18','zen_get_order_status_name','zen_cfg_pull_down_order_statuses('),(635,'Express Checkout: Automatic Account Creation','MODULE_PAYMENT_PAYPALWPP_NEW_ACCT_NOTIFY','Yes','If a visitor is not an existing customer, a Zen Cart account is created for them.  Would you like make it a permanent account and send them an email containing their login information?<br />NOTE: Permanent accounts are auto-created if the customer purchases downloads or gift certificates, regardless of this setting.',6,25,NULL,'2013-11-19 17:31:18',NULL,'zen_cfg_select_option(array(\'Yes\', \'No\'), '),(636,'Sort order of display.','MODULE_PAYMENT_PAYPALWPP_SORT_ORDER','0','Sort order of display. Lowest is displayed first.',6,25,NULL,'2013-11-19 17:31:18',NULL,NULL),(633,'Express Checkout: Select Cheapest Shipping Automatically','MODULE_PAYMENT_PAYPALWPP_AUTOSELECT_CHEAPEST_SHIPPING','Yes','When customer returns from PayPal, do we want to automatically select the Cheapest shipping method and skip the shipping page? (making it more *express*)<br />Note: enabling this means the customer does *not* have easy access to select an alternate shipping method (without going back to the Checkout-Step-1 page)',6,25,NULL,'2013-11-19 17:31:18',NULL,'zen_cfg_select_option(array(\'Yes\', \'No\'), '),(175,'Enable Check/Money Order Module','MODULE_PAYMENT_MONEYORDER_STATUS','True','Do you want to accept Check/Money Order payments?',6,1,NULL,'2010-10-17 08:24:08',NULL,'zen_cfg_select_option(array(\'True\', \'False\'), '),(176,'Make Payable to:','MODULE_PAYMENT_MONEYORDER_PAYTO','AAASurvival, Inc.','Who should payments be made payable to?',6,1,NULL,'2010-10-17 08:24:08',NULL,NULL),(177,'Sort order of display.','MODULE_PAYMENT_MONEYORDER_SORT_ORDER','10','Sort order of display. Lowest is displayed first.',6,0,NULL,'2010-10-17 08:24:08',NULL,NULL),(178,'Payment Zone','MODULE_PAYMENT_MONEYORDER_ZONE','0','If a zone is selected, only enable this payment method for that zone.',6,2,NULL,'2010-10-17 08:24:08','zen_get_zone_class_title','zen_cfg_pull_down_zone_classes('),(179,'Set Order Status','MODULE_PAYMENT_MONEYORDER_ORDER_STATUS_ID','0','Set the status of orders made with this payment module to this value',6,0,NULL,'2010-10-17 08:24:08','zen_get_order_status_name','zen_cfg_pull_down_order_statuses('),(180,'Include Tax','MODULE_ORDER_TOTAL_GROUP_PRICING_INC_TAX','false','Include Tax value in amount before discount calculation?',6,6,NULL,'2010-10-17 08:24:08',NULL,'zen_cfg_select_option(array(\'true\', \'false\'), '),(181,'This module is installed','MODULE_ORDER_TOTAL_GROUP_PRICING_STATUS','true','',6,1,NULL,'2010-10-17 08:24:08',NULL,'zen_cfg_select_option(array(\'true\'), '),(182,'Sort Order','MODULE_ORDER_TOTAL_GROUP_PRICING_SORT_ORDER','290','Sort order of display.',6,2,NULL,'2010-10-17 08:24:08',NULL,NULL),(183,'Include Shipping','MODULE_ORDER_TOTAL_GROUP_PRICING_INC_SHIPPING','false','Include Shipping value in amount before discount calculation?',6,5,NULL,'2010-10-17 08:24:08',NULL,'zen_cfg_select_option(array(\'true\', \'false\'), '),(184,'Re-calculate Tax','MODULE_ORDER_TOTAL_GROUP_PRICING_CALC_TAX','Standard','Re-Calculate Tax',6,7,NULL,'2010-10-17 08:24:08',NULL,'zen_cfg_select_option(array(\'None\', \'Standard\', \'Credit Note\'), '),(185,'Tax Class','MODULE_ORDER_TOTAL_GROUP_PRICING_TAX_CLASS','0','Use the following tax class when treating Group Discount as Credit Note.',6,0,NULL,'2010-10-17 08:24:08','zen_get_tax_class_title','zen_cfg_pull_down_tax_classes('),(640,'Set Refund Order Status','MODULE_PAYMENT_PAYPALWPP_REFUNDED_STATUS_ID','1','Set the status of refunded orders to this value. <br /><strong>Recommended: Pending[1]</strong>',6,25,NULL,'2013-11-19 17:31:18','zen_get_order_status_name','zen_cfg_pull_down_order_statuses('),(641,'PayPal Page Style','MODULE_PAYMENT_PAYPALWPP_PAGE_STYLE','Primary','The page-layout style you want customers to see when they visit the PayPal site. You can configure your <strong>Custom Page Styles</strong> in your PayPal Profile settings. This value is case-sensitive.',6,25,NULL,'2013-11-19 17:31:18',NULL,NULL),(639,'Set Unpaid Order Status','MODULE_PAYMENT_PAYPALWPP_ORDER_PENDING_STATUS_ID','1','Set the status of unpaid orders made with this payment module to this value. <br /><strong>Recommended: Pending[1]</strong>',6,25,NULL,'2013-11-19 17:31:18','zen_get_order_status_name','zen_cfg_pull_down_order_statuses('),(192,'Default Currency','DEFAULT_CURRENCY','USD','Default Currency',6,0,NULL,'2010-10-17 08:24:08',NULL,NULL),(193,'Default Language','DEFAULT_LANGUAGE','en','Default Language',6,0,NULL,'2010-10-17 08:24:08',NULL,NULL),(194,'Default Order Status For New Orders','DEFAULT_ORDERS_STATUS_ID','1','When a new order is created, this order status will be assigned to it.',6,0,NULL,'2010-10-17 08:24:08',NULL,NULL),(195,'Admin configuration_key shows','ADMIN_CONFIGURATION_KEY_ON','0','Manually switch to value of 1 to see the configuration_key name in configuration displays',6,0,NULL,'2010-10-17 08:24:08',NULL,NULL),(196,'Country of Origin','SHIPPING_ORIGIN_COUNTRY','223','Select the country of origin to be used in shipping quotes.',7,1,NULL,'2010-10-17 08:24:08','zen_get_country_name','zen_cfg_pull_down_country_list('),(197,'Postal Code','SHIPPING_ORIGIN_ZIP','33023','Enter the Postal Code (ZIP) of the Store to be used in shipping quotes. NOTE: For USA zip codes, only use your 5 digit zip code.',7,2,'2010-10-18 10:24:21','2010-10-17 08:24:08',NULL,NULL),(198,'Enter the Maximum Package Weight you will ship','SHIPPING_MAX_WEIGHT','150','Carriers have a max weight limit for a single package. This is a common one for all.',7,3,'2012-03-14 11:40:45','2010-10-17 08:24:08',NULL,NULL),(199,'Package Tare Small to Medium - added percentage:weight','SHIPPING_BOX_WEIGHT','0:3','What is the weight of typical packaging of small to medium packages?<br />Example: 10% + 1lb 10:1<br />10% + 0lbs 10:0<br />0% + 5lbs 0:5<br />0% + 0lbs 0:0',7,4,'2012-03-14 11:48:48','2010-10-17 08:24:08',NULL,NULL),(200,'Larger packages - added packaging percentage:weight','SHIPPING_BOX_PADDING','10:0','What is the weight of typical packaging for Large packages?<br />Example: 10% + 1lb 10:1<br />10% + 0lbs 10:0<br />0% + 5lbs 0:5<br />0% + 0lbs 0:0',7,5,NULL,'2010-10-17 08:24:08',NULL,NULL),(201,'Display Number of Boxes and Weight Status','SHIPPING_BOX_WEIGHT_DISPLAY','3','Display Shipping Weight and Number of Boxes?<br /><br />0= off<br />1= Boxes Only<br />2= Weight Only<br />3= Both Boxes and Weight',7,15,NULL,'2010-10-17 08:24:08',NULL,'zen_cfg_select_option(array(\'0\', \'1\', \'2\', \'3\'), '),(202,'Shipping Estimator Display Settings for Shopping Cart','SHOW_SHIPPING_ESTIMATOR_BUTTON','1','<br />0= Off<br />1= Display as Button on Shopping Cart<br />2= Display as Listing on Shopping Cart Page',7,20,'2010-10-17 18:45:58','2010-10-17 08:24:08',NULL,'zen_cfg_select_option(array(\'0\', \'1\', \'2\'), '),(203,'Display Order Comments on Admin Invoice','ORDER_COMMENTS_INVOICE','1','Do you want to display the Order Comments on the Admin Invoice?<br />0= OFF<br />1= First Comment by Customer only<br />2= All Comments for the Order',7,25,NULL,'2010-10-17 08:24:08',NULL,'zen_cfg_select_option(array(\'0\', \'1\', \'2\'), '),(204,'Display Order Comments on Admin Packing Slip','ORDER_COMMENTS_PACKING_SLIP','1','Do you want to display the Order Comments on the Admin Packing Slip?<br />0= OFF<br />1= First Comment by Customer only<br />2= All Comments for the Order',7,26,NULL,'2010-10-17 08:24:08',NULL,'zen_cfg_select_option(array(\'0\', \'1\', \'2\'), '),(205,'Order Free Shipping 0 Weight Status','ORDER_WEIGHT_ZERO_STATUS','0','If there is no weight to the order, does the order have Free Shipping?<br />0= no<br />1= yes<br /><br />Note: When using Free Shipping, Enable the Free Shipping Module this will only show when shipping is free.',7,15,'2010-10-17 18:45:36','2010-10-17 08:24:08',NULL,'zen_cfg_select_option(array(\'0\', \'1\'), '),(206,'Display Product Image','PRODUCT_LIST_IMAGE','1','Do you want to display the Product Image?',8,1,NULL,'2010-10-17 08:24:08',NULL,NULL),(207,'Display Product Manufacturer Name','PRODUCT_LIST_MANUFACTURER','0','Do you want to display the Product Manufacturer Name?',8,2,NULL,'2010-10-17 08:24:08',NULL,NULL),(208,'Display Product Model','PRODUCT_LIST_MODEL','1','Do you want to display the Product Model?',8,3,'2011-04-09 00:17:28','2010-10-17 08:24:08',NULL,NULL),(209,'Display Product Name','PRODUCT_LIST_NAME','2','Do you want to display the Product Name?',8,4,NULL,'2010-10-17 08:24:08',NULL,NULL),(210,'Display Product Price/Add to Cart','PRODUCT_LIST_PRICE','1','Do you want to display the Product Price/Add to Cart',8,5,'2011-04-23 08:55:21','2010-10-17 08:24:08',NULL,NULL),(211,'Display Product Quantity','PRODUCT_LIST_QUANTITY','0','Do you want to display the Product Quantity?',8,6,NULL,'2010-10-17 08:24:08',NULL,NULL),(212,'Display Product Weight','PRODUCT_LIST_WEIGHT','1','Do you want to display the Product Weight?',8,7,'2010-10-17 18:46:39','2010-10-17 08:24:08',NULL,NULL),(213,'Display Product Price/Add to Cart Column Width','PRODUCTS_LIST_PRICE_WIDTH','125','Define the width of the Price/Add to Cart column<br />Default= 125',8,8,NULL,'2010-10-17 08:24:08',NULL,NULL),(214,'Display Category/Manufacturer Filter (0=off; 1=on)','PRODUCT_LIST_FILTER','1','Do you want to display the Category/Manufacturer Filter?',8,9,'2011-04-09 07:14:30','2010-10-17 08:24:08',NULL,'zen_cfg_select_option(array(\'0\', \'1\'), '),(215,'Prev/Next Split Page Navigation (1-top, 2-bottom, 3-both)','PREV_NEXT_BAR_LOCATION','3','Sets the location of the Prev/Next Split Page Navigation',8,10,NULL,'2010-10-17 08:24:08',NULL,'zen_cfg_select_option(array(\'1\', \'2\', \'3\'), '),(216,'Display Product Listing Default Sort Order','PRODUCT_LISTING_DEFAULT_SORT_ORDER','','Product Listing Default sort order?<br />NOTE: Leave Blank for Product Sort Order. Sort the Product Listing in the order you wish for the default display to start in to get the sort order setting. Example: 2a',8,15,NULL,'2010-10-17 08:24:08',NULL,NULL),(217,'Display Product Add to Cart Button (0=off; 1=on; 2=on with Qty Box per Product)','PRODUCT_LIST_PRICE_BUY_NOW','1','Do you want to display the Add to Cart Button?<br /><br /><strong>NOTE:</strong> Turn OFF Display Multiple Products Qty Box Status to use Option 2 on with Qty Box per Product',8,20,NULL,'2010-10-17 08:24:08',NULL,'zen_cfg_select_option(array(\'0\', \'1\', \'2\'), '),(218,'Display Multiple Products Qty Box Status and Set Button Location','PRODUCT_LISTING_MULTIPLE_ADD_TO_CART','3','Do you want to display Add Multiple Products Qty Box and Set Button Location?<br />0= off<br />1= Top<br />2= Bottom<br />3= Both',8,25,NULL,'2010-10-17 08:24:08',NULL,'zen_cfg_select_option(array(\'0\', \'1\', \'2\', \'3\'), '),(219,'Display Product Description','PRODUCT_LIST_DESCRIPTION','100','Do you want to display the Product Description?<br /><br />0= OFF<br />150= Suggested Length, or enter the maximum number of characters to display',8,30,'2011-04-09 00:18:06','2010-10-17 08:24:08',NULL,NULL),(220,'Product Listing Ascending Sort Order','PRODUCT_LIST_SORT_ORDER_ASCENDING','&nbsp;','What do you want to use to indicate Sort Order Ascending?<br />Default = +',8,40,'2011-04-09 00:29:01','2010-10-17 08:24:08',NULL,'zen_cfg_textarea_small('),(221,'Product Listing Descending Sort Order','PRODUCT_LIST_SORT_ORDER_DESCENDING','&nbsp;','What do you want to use to indicate Sort Order Descending?<br />Default = -',8,41,'2011-04-09 00:28:53','2010-10-17 08:24:08',NULL,'zen_cfg_textarea_small('),(222,'Include Product Listing Alpha Sorter Dropdown','PRODUCT_LIST_ALPHA_SORTER','false','Do you want to include an Alpha Filter dropdown on the Product Listing?',8,50,'2011-04-09 07:14:51','2010-10-17 08:24:08',NULL,'zen_cfg_select_option(array(\'true\', \'false\'), '),(223,'Include Product Listing Sub Categories Image','PRODUCT_LIST_CATEGORIES_IMAGE_STATUS','true','Do you want to include the Sub Categories Image on the Product Listing?',8,52,NULL,'2010-10-17 08:24:08',NULL,'zen_cfg_select_option(array(\'true\', \'false\'), '),(224,'Include Product Listing Top Categories Image','PRODUCT_LIST_CATEGORIES_IMAGE_STATUS_TOP','true','Do you want to include the Top Categories Image on the Product Listing?',8,53,NULL,'2010-10-17 08:24:08',NULL,'zen_cfg_select_option(array(\'true\', \'false\'), '),(225,'Show SubCategories on Main Page while navigating','PRODUCT_LIST_CATEGORY_ROW_STATUS','1','Show Sub-Categories on Main Page while navigating through Categories<br /><br />0= off<br />1= on',8,60,NULL,'2010-10-17 08:24:08',NULL,'zen_cfg_select_option(array(\'0\', \'1\'), '),(226,'Check stock level','STOCK_CHECK','true','Check to see if sufficent stock is available',9,1,NULL,'2010-10-17 08:24:08',NULL,'zen_cfg_select_option(array(\'true\', \'false\'), '),(227,'Subtract stock','STOCK_LIMITED','true','Subtract product in stock by product orders',9,2,NULL,'2010-10-17 08:24:08',NULL,'zen_cfg_select_option(array(\'true\', \'false\'), '),(228,'Allow Checkout','STOCK_ALLOW_CHECKOUT','true','Allow customer to checkout even if there is insufficient stock',9,3,NULL,'2010-10-17 08:24:08',NULL,'zen_cfg_select_option(array(\'true\', \'false\'), '),(229,'Mark product out of stock','STOCK_MARK_PRODUCT_OUT_OF_STOCK','***','Display something on screen so customer can see which product has insufficient stock',9,4,NULL,'2010-10-17 08:24:08',NULL,NULL),(230,'Stock Re-order level','STOCK_REORDER_LEVEL','5','Define when stock needs to be re-ordered',9,5,NULL,'2010-10-17 08:24:08',NULL,NULL),(231,'Products status in Catalog when out of stock should be set to','SHOW_PRODUCTS_SOLD_OUT','0','Show Products when out of stock<br /><br />0= set product status to OFF<br />1= leave product status ON',9,10,NULL,'2010-10-17 08:24:08',NULL,'zen_cfg_select_option(array(\'0\', \'1\'), '),(232,'Show Sold Out Image in place of Add to Cart','SHOW_PRODUCTS_SOLD_OUT_IMAGE','0','Show Sold Out Image instead of Add to Cart Button<br /><br />0= off<br />1= on',9,11,'2010-10-17 18:47:50','2010-10-17 08:24:08',NULL,'zen_cfg_select_option(array(\'0\', \'1\'), '),(233,'Product Quantity Decimals','QUANTITY_DECIMALS','0','Allow how many decimals on Quantity<br /><br />0= off',9,15,NULL,'2010-10-17 08:24:08',NULL,'zen_cfg_select_option(array(\'0\', \'1\', \'2\', \'3\'), '),(234,'Show Shopping Cart - Delete Checkboxes or Delete Button','SHOW_SHOPPING_CART_DELETE','3','Show on Shopping Cart Delete Button and/or Checkboxes<br /><br />1= Delete Button Only<br />2= Checkbox Only<br />3= Both Delete Button and Checkbox',9,20,NULL,'2010-10-17 08:24:08',NULL,'zen_cfg_select_option(array(\'1\', \'2\', \'3\'), '),(235,'Show Shopping Cart - Update Cart Button Location','SHOW_SHOPPING_CART_UPDATE','3','Show on Shopping Cart Update Cart Button Location as:<br /><br />1= Next to each Qty Box<br />2= Below all Products<br />3= Both Next to each Qty Box and Below all Products',9,22,NULL,'2010-10-17 08:24:08',NULL,'zen_cfg_select_option(array(\'1\', \'2\', \'3\'), '),(236,'Show New Products on empty Shopping Cart Page','SHOW_SHOPPING_CART_EMPTY_NEW_PRODUCTS','1','Show New Products on empty Shopping Cart Page<br />0= off or set the sort order',9,30,NULL,'2010-10-17 08:24:08',NULL,'zen_cfg_select_option(array(\'0\', \'1\', \'2\', \'3\', \'4\'), '),(237,'Show Featured Products on empty Shopping Cart Page','SHOW_SHOPPING_CART_EMPTY_FEATURED_PRODUCTS','2','Show Featured Products on empty Shopping Cart Page<br />0= off or set the sort order',9,31,NULL,'2010-10-17 08:24:08',NULL,'zen_cfg_select_option(array(\'0\', \'1\', \'2\', \'3\', \'4\'), '),(238,'Show Special Products on empty Shopping Cart Page','SHOW_SHOPPING_CART_EMPTY_SPECIALS_PRODUCTS','3','Show Special Products on empty Shopping Cart Page<br />0= off or set the sort order',9,32,NULL,'2010-10-17 08:24:08',NULL,'zen_cfg_select_option(array(\'0\', \'1\', \'2\', \'3\', \'4\'), '),(239,'Show Upcoming Products on empty Shopping Cart Page','SHOW_SHOPPING_CART_EMPTY_UPCOMING','4','Show Upcoming Products on empty Shopping Cart Page<br />0= off or set the sort order',9,33,NULL,'2010-10-17 08:24:08',NULL,'zen_cfg_select_option(array(\'0\', \'1\', \'2\', \'3\', \'4\'), '),(240,'Show Notice of Combining Shopping Cart on Login','SHOW_SHOPPING_CART_COMBINED','1','When a customer logs in and has a previously stored shopping cart, the products are combined with the existing shopping cart.<br /><br />Do you wish to display a Notice to the customer?<br /><br />0= OFF, do not display a notice<br />1= Yes show notice and go to shopping cart<br />2= Yes show notice, but do not go to shopping cart',9,35,NULL,'2010-10-17 08:24:08',NULL,'zen_cfg_select_option(array(\'0\', \'1\', \'2\'), '),(241,'Store Page Parse Time','STORE_PAGE_PARSE_TIME','false','Store the time it takes to parse a page',10,1,NULL,'2010-10-17 08:24:08',NULL,'zen_cfg_select_option(array(\'true\', \'false\'), '),(242,'Log Destination','STORE_PAGE_PARSE_TIME_LOG','/home/surpro/public_html/cache/page_parse_time.log','Directory and filename of the page parse time log',10,2,NULL,'2010-10-17 08:24:08',NULL,NULL),(243,'Log Date Format','STORE_PARSE_DATE_TIME_FORMAT','%d/%m/%Y %H:%M:%S','The date format',10,3,NULL,'2010-10-17 08:24:08',NULL,NULL),(244,'Display The Page Parse Time','DISPLAY_PAGE_PARSE_TIME','false','Display the page parse time on the bottom of each page<br />You do not need to store the times to display them in the Catalog',10,4,NULL,'2010-10-17 08:24:08',NULL,'zen_cfg_select_option(array(\'true\', \'false\'), '),(245,'Store Database Queries','STORE_DB_TRANSACTIONS','false','Store the database queries in the page parse time log (PHP4 only)',10,5,NULL,'2010-10-17 08:24:08',NULL,'zen_cfg_select_option(array(\'true\', \'false\'), '),(246,'E-Mail Transport Method','EMAIL_TRANSPORT','PHP','Defines the method for sending mail.<br /><strong>PHP</strong> is the default, and uses built-in PHP wrappers for processing.<br />Servers running on Windows and MacOS should change this setting to <strong>SMTP</strong>.<br /><br /><strong>SMTPAUTH</strong> should only be used if your server requires SMTP authorization to send messages. You must also configure your SMTPAUTH settings in the appropriate fields in this admin section.<br /><br /><strong>sendmail</strong> is for linux/unix hosts using the sendmail program on the server<br /><strong>\"sendmail-f\"</strong> is only for servers which require the use of the -f parameter to send mail. This is a security setting often used to prevent spoofing. Will cause errors if your host mailserver is not configured to use it.<br /><br /><strong>Qmail</strong> is used for linux/unix hosts running Qmail as sendmail wrapper at /var/qmail/bin/sendmail.',12,1,NULL,'2010-10-17 08:24:08',NULL,'zen_cfg_select_option(array(\'PHP\', \'sendmail\', \'sendmail-f\', \'smtp\', \'smtpauth\', \'Qmail\'),'),(247,'SMTP Email Account Mailbox','EMAIL_SMTPAUTH_MAILBOX','YourEmailAccountNameHere','Enter the mailbox account name (me@mydomain.com) supplied by your host. This is the account name that your host requires for SMTP authentication.<br />Only required if using SMTP Authentication for email.',12,101,NULL,'2010-10-17 08:24:08',NULL,NULL),(248,'SMTP Email Account Password','EMAIL_SMTPAUTH_PASSWORD','YourPasswordHere','Enter the password for your SMTP mailbox. <br />Only required if using SMTP Authentication for email.',12,101,NULL,'2010-10-17 08:24:08','zen_cfg_password_display',NULL),(249,'SMTP Email Mail Host','EMAIL_SMTPAUTH_MAIL_SERVER','mail.EnterYourDomain.com','Enter the DNS name of your SMTP mail server.<br />ie: mail.mydomain.com<br />or 55.66.77.88<br />Only required if using SMTP Authentication for email.',12,101,NULL,'2010-10-17 08:24:08',NULL,NULL),(250,'SMTP Email Mail Server Port','EMAIL_SMTPAUTH_MAIL_SERVER_PORT','25','Enter the IP port number that your SMTP mailserver operates on.<br />Only required if using SMTP Authentication for email.',12,101,NULL,'2010-10-17 08:24:08',NULL,NULL),(251,'Convert currencies for Text emails','CURRENCIES_TRANSLATIONS','&pound;,£','What currency conversions do you need for Text emails?<br />Suggestions = &amp;pound;,&pound;:&amp;euro;,&euro;',12,120,NULL,'2003-11-21 00:00:00',NULL,'zen_cfg_textarea_small('),(252,'E-Mail Linefeeds','EMAIL_LINEFEED','LF','Defines the character sequence used to separate mail headers.',12,2,NULL,'2010-10-17 08:24:08',NULL,'zen_cfg_select_option(array(\'LF\', \'CRLF\'),'),(253,'Use MIME HTML When Sending Emails','EMAIL_USE_HTML','true','Send e-mails in HTML format',12,3,'2011-04-15 06:57:46','2010-10-17 08:24:08',NULL,'zen_cfg_select_option(array(\'true\', \'false\'),'),(254,'Verify E-Mail Addresses Through DNS','ENTRY_EMAIL_ADDRESS_CHECK','false','Verify e-mail address through a DNS server',6,6,NULL,'2010-10-17 08:24:08',NULL,'zen_cfg_select_option(array(\'true\', \'false\'), '),(255,'Send E-Mails','SEND_EMAILS','true','Send out e-mails',12,5,NULL,'2010-10-17 08:24:08',NULL,'zen_cfg_select_option(array(\'true\', \'false\'), '),(256,'Email Archiving Active?','EMAIL_ARCHIVE','false','If you wish to have email messages archived/stored when sent, set this to \"true\".',12,6,NULL,'2010-10-17 08:24:08',NULL,'zen_cfg_select_option(array(\'true\', \'false\'),'),(257,'E-Mail Friendly-Errors','EMAIL_FRIENDLY_ERRORS','false','Do you want to display friendly errors if emails fail?  Setting this to false will display PHP errors and likely cause the script to fail. Only set to false while troubleshooting, and true for a live shop.',12,7,NULL,'2010-10-17 08:24:08',NULL,'zen_cfg_select_option(array(\'true\', \'false\'),'),(258,'Email Address (Displayed to Contact you)','STORE_OWNER_EMAIL_ADDRESS','contact@aaasurvivalproducts.com','Email address of Store Owner.  Used as \"display only\" when informing customers of how to contact you.',12,10,'2010-10-17 18:51:00','2010-10-17 08:24:08',NULL,NULL),(259,'Email Address (sent FROM)','EMAIL_FROM','orders@aaasurvivalproducts.com','Address from which email messages will be \"sent\" by default. Can be over-ridden at compose-time in admin modules.',12,11,'2010-10-17 18:51:25','2010-10-17 08:24:08',NULL,NULL),(260,'Emails must send from known domain?','EMAIL_SEND_MUST_BE_STORE','Yes','Does your mailserver require that all outgoing emails have their \"from\" address match a known domain that exists on your webserver?<br /><br />This is often required in order to prevent spoofing and spam broadcasts.  If set to Yes, this will cause the email address (sent FROM) to be used as the \"from\" address on all outgoing mail.',12,11,NULL,'0001-01-01 00:00:00',NULL,'zen_cfg_select_option(array(\'No\', \'Yes\'), '),(261,'Email Admin Format?','ADMIN_EXTRA_EMAIL_FORMAT','TEXT','Please select the Admin extra email format',12,12,NULL,'0001-01-01 00:00:00',NULL,'zen_cfg_select_option(array(\'TEXT\', \'HTML\'), '),(262,'Send Copy of Order Confirmation Emails To','SEND_EXTRA_ORDER_EMAILS_TO','admin@aaasurvivalproducts.com','Send COPIES of order confirmation emails to the following email addresses, in this format: Name 1 &lt;email@address1&gt;, Name 2 &lt;email@address2&gt;',12,12,NULL,'2010-10-17 08:24:08',NULL,NULL),(263,'Send Copy of Create Account Emails To - Status','SEND_EXTRA_CREATE_ACCOUNT_EMAILS_TO_STATUS','0','Send copy of Create Account Status<br />0= off 1= on',12,13,NULL,'2010-10-17 08:24:08',NULL,'zen_cfg_select_option(array(\'0\', \'1\'),'),(264,'Send Copy of Create Account Emails To','SEND_EXTRA_CREATE_ACCOUNT_EMAILS_TO','admin@aaasurvivalproducts.com','Send copy of Create Account emails to the following email addresses, in this format: Name 1 &lt;email@address1&gt;, Name 2 &lt;email@address2&gt;',12,14,NULL,'2010-10-17 08:24:08',NULL,NULL),(265,'Send Copy of Tell a Friend Emails To - Status','SEND_EXTRA_TELL_A_FRIEND_EMAILS_TO_STATUS','0','Send copy of Tell a Friend Status<br />0= off 1= on',12,15,NULL,'2010-10-17 08:24:08',NULL,'zen_cfg_select_option(array(\'0\', \'1\'),'),(266,'Send Copy of Tell a Friend Emails To','SEND_EXTRA_TELL_A_FRIEND_EMAILS_TO','admin@aaasurvivalproducts.com','Send copy of Tell a Friend emails to the following email addresses, in this format: Name 1 &lt;email@address1&gt;, Name 2 &lt;email@address2&gt;',12,16,NULL,'2010-10-17 08:24:08',NULL,NULL),(267,'Send Copy of Customer GV Send Emails To - Status','SEND_EXTRA_GV_CUSTOMER_EMAILS_TO_STATUS','0','Send copy of Customer GV Send Status<br />0= off 1= on',12,17,NULL,'2010-10-17 08:24:08',NULL,'zen_cfg_select_option(array(\'0\', \'1\'),'),(268,'Send Copy of Customer GV Send Emails To','SEND_EXTRA_GV_CUSTOMER_EMAILS_TO','admin@aaasurvivalproducts.com','Send copy of Customer GV Send emails to the following email addresses, in this format: Name 1 &lt;email@address1&gt;, Name 2 &lt;email@address2&gt;',12,18,NULL,'2010-10-17 08:24:08',NULL,NULL),(269,'Send Copy of Admin GV Mail Emails To - Status','SEND_EXTRA_GV_ADMIN_EMAILS_TO_STATUS','0','Send copy of Admin GV Mail Status<br />0= off 1= on',12,19,NULL,'2010-10-17 08:24:08',NULL,'zen_cfg_select_option(array(\'0\', \'1\'),'),(270,'Send Copy of Customer Admin GV Mail Emails To','SEND_EXTRA_GV_ADMIN_EMAILS_TO','admin@aaasurvivalproducts.com','Send copy of Admin GV Mail emails to the following email addresses, in this format: Name 1 &lt;email@address1&gt;, Name 2 &lt;email@address2&gt;',12,20,NULL,'2010-10-17 08:24:08',NULL,NULL),(271,'Send Copy of Admin Discount Coupon Mail Emails To - Status','SEND_EXTRA_DISCOUNT_COUPON_ADMIN_EMAILS_TO_STATUS','0','Send copy of Admin Discount Coupon Mail Status<br />0= off 1= on',12,21,NULL,'2010-10-17 08:24:08',NULL,'zen_cfg_select_option(array(\'0\', \'1\'),'),(272,'Send Copy of Customer Admin Discount Coupon Mail Emails To','SEND_EXTRA_DISCOUNT_COUPON_ADMIN_EMAILS_TO','admin@aaasurvivalproducts.com','Send copy of Admin Discount Coupon Mail emails to the following email addresses, in this format: Name 1 &lt;email@address1&gt;, Name 2 &lt;email@address2&gt;',12,22,NULL,'2010-10-17 08:24:08',NULL,NULL),(273,'Send Copy of Admin Orders Status Emails To - Status','SEND_EXTRA_ORDERS_STATUS_ADMIN_EMAILS_TO_STATUS','0','Send copy of Admin Orders Status Status<br />0= off 1= on',12,23,NULL,'2010-10-17 08:24:08',NULL,'zen_cfg_select_option(array(\'0\', \'1\'),'),(274,'Send Copy of Admin Orders Status Emails To','SEND_EXTRA_ORDERS_STATUS_ADMIN_EMAILS_TO','admin@aaasurvivalproducts.com','Send copy of Admin Orders Status emails to the following email addresses, in this format: Name 1 &lt;email@address1&gt;, Name 2 &lt;email@address2&gt;',12,24,NULL,'2010-10-17 08:24:08',NULL,NULL),(275,'Send Notice of Pending Reviews Emails To - Status','SEND_EXTRA_REVIEW_NOTIFICATION_EMAILS_TO_STATUS','0','Send copy of Pending Reviews Status<br />0= off 1= on',12,25,NULL,'2010-10-17 08:24:08',NULL,'zen_cfg_select_option(array(\'0\', \'1\'),'),(276,'Send Notice of Pending Reviews Emails To','SEND_EXTRA_REVIEW_NOTIFICATION_EMAILS_TO','admin@aaasurvivalproducts.com','Send copy of Pending Reviews emails to the following email addresses, in this format: Name 1 &lt;email@address1&gt;, Name 2 &lt;email@address2&gt;',12,26,NULL,'2010-10-17 08:24:08',NULL,NULL),(277,'Set \"Contact Us\" Email Dropdown List','CONTACT_US_LIST','','On the \"Contact Us\" Page, set the list of email addresses , in this format: Name 1 &lt;email@address1&gt;, Name 2 &lt;email@address2&gt;',12,40,NULL,'2010-10-17 08:24:08',NULL,'zen_cfg_textarea('),(278,'Allow Guest To Tell A Friend','ALLOW_GUEST_TO_TELL_A_FRIEND','false','Allow guests to tell a friend about a product. <br />If set to [false], then tell-a-friend will prompt for login if user is not already logged in.',12,50,NULL,'2010-10-17 08:24:08',NULL,'zen_cfg_select_option(array(\'true\', \'false\'), '),(279,'Contact Us - Show Store Name and Address','CONTACT_US_STORE_NAME_ADDRESS','1','Include Store Name and Address<br />0= off 1= on',12,50,NULL,'2010-10-17 08:24:08',NULL,'zen_cfg_select_option(array(\'0\', \'1\'), '),(280,'Send Low Stock Emails','SEND_LOWSTOCK_EMAIL','0','When stock level is at or below low stock level send an email<br />0= off<br />1= on',12,60,'2010-10-17 08:24:08','2010-10-17 08:24:08',NULL,'zen_cfg_select_option(array(\'0\', \'1\'),'),(281,'Send Low Stock Emails To','SEND_EXTRA_LOW_STOCK_EMAILS_TO','admin@aaasurvivalproducts.com','When stock level is at or below low stock level send an email to this address, in this format: Name 1 &lt;email@address1&gt;, Name 2 &lt;email@address2&gt;',12,61,NULL,'2010-10-17 08:24:08',NULL,NULL),(282,'Display \"Newsletter Unsubscribe\" Link?','SHOW_NEWSLETTER_UNSUBSCRIBE_LINK','true','Show \"Newsletter Unsubscribe\" link in the \"Information\" side-box?',12,70,NULL,'2010-10-17 08:24:08',NULL,'zen_cfg_select_option(array(\'true\', \'false\'),'),(283,'Audience-Select Count Display','AUDIENCE_SELECT_DISPLAY_COUNTS','true','When displaying lists of available audiences/recipients, should the recipients-count be included? <br /><em>(This may make things slower if you have a lot of customers or complex audience queries)</em>',12,90,NULL,'2010-10-17 08:24:08',NULL,'zen_cfg_select_option(array(\'true\', \'false\'),'),(284,'Enable Downloads','DOWNLOAD_ENABLED','false','Enable the products download functions.',13,1,'2010-10-17 18:52:31','2010-10-17 08:24:08',NULL,'zen_cfg_select_option(array(\'true\', \'false\'), '),(285,'Download by Redirect','DOWNLOAD_BY_REDIRECT','false','Use browser redirection for download. Disable on non-Unix systems.<br /><br />Note: Set /pub to 777 when redirect is true',13,2,'2010-10-17 18:53:16','2010-10-17 08:24:08',NULL,'zen_cfg_select_option(array(\'true\', \'false\'), '),(286,'Download by streaming','DOWNLOAD_IN_CHUNKS','false','If download-by-redirect is disabled, and your PHP memory_limit setting is under 8 MB, you might need to enable this setting so that files are streamed in smaller segments to the browser.<br /><br />Has no effect if Download By Redirect is enabled.',13,2,NULL,'2010-10-17 08:24:08',NULL,'zen_cfg_select_option(array(\'true\', \'false\'), '),(287,'Download Expiration (Number of Days)','DOWNLOAD_MAX_DAYS','7','Set number of days before the download link expires. 0 means no limit.',13,3,NULL,'2010-10-17 08:24:08',NULL,''),(288,'Number of Downloads Allowed - Per Product','DOWNLOAD_MAX_COUNT','5','Set the maximum number of downloads. 0 means no download authorized.',13,4,NULL,'2010-10-17 08:24:08',NULL,''),(289,'Downloads Controller Update Status Value','DOWNLOADS_ORDERS_STATUS_UPDATED_VALUE','4','What orders_status resets the Download days and Max Downloads - Default is 4',13,10,'2010-10-17 08:24:08','2010-10-17 08:24:08',NULL,NULL),(290,'Downloads Controller Order Status Value >= lower value','DOWNLOADS_CONTROLLER_ORDERS_STATUS','2','Downloads Controller Order Status Value - Default >= 2<br /><br />Downloads are available for checkout based on the orders status. Orders with orders status greater than this value will be available for download. The orders status is set for an order by the Payment Modules. Set the lower range for this range.',13,12,'2010-10-17 08:24:08','2010-10-17 08:24:08',NULL,NULL),(291,'Downloads Controller Order Status Value <= upper value','DOWNLOADS_CONTROLLER_ORDERS_STATUS_END','4','Downloads Controller Order Status Value - Default <= 4<br /><br />Downloads are available for checkout based on the orders status. Orders with orders status less than this value will be available for download. The orders status is set for an order by the Payment Modules.  Set the upper range for this range.',13,13,'2010-10-17 08:24:08','2010-10-17 08:24:08',NULL,NULL),(292,'Enable Price Factor','ATTRIBUTES_ENABLED_PRICE_FACTOR','true','Enable the Attributes Price Factor.',13,25,NULL,'2010-10-17 08:24:08',NULL,'zen_cfg_select_option(array(\'true\', \'false\'), '),(293,'Enable Qty Price Discount','ATTRIBUTES_ENABLED_QTY_PRICES','true','Enable the Attributes Quantity Price Discounts.',13,26,NULL,'2010-10-17 08:24:08',NULL,'zen_cfg_select_option(array(\'true\', \'false\'), '),(294,'Enable Attribute Images','ATTRIBUTES_ENABLED_IMAGES','true','Enable the Attributes Images.',13,28,NULL,'2010-10-17 08:24:08',NULL,'zen_cfg_select_option(array(\'true\', \'false\'), '),(295,'Enable Text Pricing by word or letter','ATTRIBUTES_ENABLED_TEXT_PRICES','false','Enable the Attributes Text Pricing by word or letter.',13,35,'2010-10-17 18:53:59','2010-10-17 08:24:08',NULL,'zen_cfg_select_option(array(\'true\', \'false\'), '),(296,'Text Pricing - Spaces are Free','TEXT_SPACES_FREE','1','On Text pricing Spaces are Free<br /><br />0= off 1= on',13,36,NULL,'2010-10-17 08:24:08',NULL,'zen_cfg_select_option(array(\'0\', \'1\'), '),(297,'Read Only option type - Ignore for Add to Cart','PRODUCTS_OPTIONS_TYPE_READONLY_IGNORED','1','When a Product only uses READONLY attributes, should the Add to Cart button be On or Off?<br />0= OFF<br />1= ON',13,37,NULL,'2010-10-17 08:24:08',NULL,'zen_cfg_select_option(array(\'0\', \'1\'), '),(298,'Enable GZip Compression','GZIP_LEVEL','1','0= off 1= on',14,1,'2010-10-17 18:54:30','2010-10-17 08:24:08',NULL,'zen_cfg_select_option(array(\'0\', \'1\'),'),(299,'Session Directory','SESSION_WRITE_DIRECTORY','/home/surpro/public_html/cache','If sessions are file based, store them in this directory.',15,1,NULL,'2010-10-17 08:24:08',NULL,NULL),(300,'Cookie Domain','SESSION_USE_FQDN','True','If True the full domain name will be used to store the cookie, e.g. www.mydomain.com. If False only a partial domain name will be used, e.g. mydomain.com. If you are unsure about this, always leave set to true.',15,2,NULL,'2010-10-17 08:24:08',NULL,'zen_cfg_select_option(array(\'True\', \'False\'), '),(301,'Force Cookie Use','SESSION_FORCE_COOKIE_USE','False','Force the use of sessions when cookies are only enabled.',15,2,NULL,'2010-10-17 08:24:08',NULL,'zen_cfg_select_option(array(\'True\', \'False\'), '),(302,'Check SSL Session ID','SESSION_CHECK_SSL_SESSION_ID','False','Validate the SSL_SESSION_ID on every secure HTTPS page request.',15,3,NULL,'2010-10-17 08:24:08',NULL,'zen_cfg_select_option(array(\'True\', \'False\'), '),(303,'Check User Agent','SESSION_CHECK_USER_AGENT','False','Validate the clients browser user agent on every page request.',15,4,NULL,'2010-10-17 08:24:08',NULL,'zen_cfg_select_option(array(\'True\', \'False\'), '),(304,'Check IP Address','SESSION_CHECK_IP_ADDRESS','False','Validate the clients IP address on every page request.',15,5,NULL,'2010-10-17 08:24:08',NULL,'zen_cfg_select_option(array(\'True\', \'False\'), '),(305,'Prevent Spider Sessions','SESSION_BLOCK_SPIDERS','True','Prevent known spiders from starting a session.',15,6,NULL,'2010-10-17 08:24:08',NULL,'zen_cfg_select_option(array(\'True\', \'False\'), '),(306,'Recreate Session','SESSION_RECREATE','True','Recreate the session to generate a new session ID when the customer logs on or creates an account (PHP >=4.1 needed).',15,7,NULL,'2010-10-17 08:24:08',NULL,'zen_cfg_select_option(array(\'True\', \'False\'), '),(307,'IP to Host Conversion Status','SESSION_IP_TO_HOST_ADDRESS','true','Convert IP Address to Host Address<br /><br />Note: on some servers this can slow down the initial start of a session or execution of Emails',15,10,NULL,'2010-10-17 08:24:08',NULL,'zen_cfg_select_option(array(\'true\', \'false\'), '),(308,'Length of the redeem code','SECURITY_CODE_LENGTH','10','Enter the length of the redeem code<br />The longer the more secure',16,1,NULL,'2010-10-17 08:24:08',NULL,NULL),(309,'Default Order Status For Zero Balance Orders','DEFAULT_ZERO_BALANCE_ORDERS_STATUS_ID','2','When an order\'s balance is zero, this order status will be assigned to it.',16,0,NULL,'2010-10-17 08:24:08','zen_get_order_status_name','zen_cfg_pull_down_order_statuses('),(310,'New Signup Discount Coupon ID#','NEW_SIGNUP_DISCOUNT_COUPON','','Select the coupon<br />',16,75,NULL,'2010-10-17 08:24:08',NULL,'zen_cfg_select_coupon_id('),(311,'New Signup Gift Voucher Amount','NEW_SIGNUP_GIFT_VOUCHER_AMOUNT','','Leave blank for none<br />Or enter an amount ie. 10 for $10.00',16,76,NULL,'2010-10-17 08:24:08',NULL,NULL),(312,'Maximum Discount Coupons Per Page','MAX_DISPLAY_SEARCH_RESULTS_DISCOUNT_COUPONS','20','Number of Discount Coupons to list per Page',16,81,NULL,'2010-10-17 08:24:08',NULL,NULL),(313,'Maximum Discount Coupon Report Results Per Page','MAX_DISPLAY_SEARCH_RESULTS_DISCOUNT_COUPONS_REPORTS','20','Number of Discount Coupons to list on Reports Page',16,81,NULL,'2010-10-17 08:24:08',NULL,NULL),(314,'Credit Card Enable Status - VISA','CC_ENABLED_VISA','1','Accept VISA 0= off 1= on',17,1,NULL,'2010-10-17 08:24:08',NULL,'zen_cfg_select_option(array(\'0\', \'1\'), '),(315,'Credit Card Enable Status - MasterCard','CC_ENABLED_MC','1','Accept MasterCard 0= off 1= on',17,2,NULL,'2010-10-17 08:24:08',NULL,'zen_cfg_select_option(array(\'0\', \'1\'), '),(316,'Credit Card Enable Status - AmericanExpress','CC_ENABLED_AMEX','1','Accept AmericanExpress 0= off 1= on',17,3,'2010-10-17 18:55:56','2010-10-17 08:24:08',NULL,'zen_cfg_select_option(array(\'0\', \'1\'), '),(317,'Credit Card Enable Status - Diners Club','CC_ENABLED_DINERS_CLUB','0','Accept Diners Club 0= off 1= on',17,4,NULL,'2010-10-17 08:24:08',NULL,'zen_cfg_select_option(array(\'0\', \'1\'), '),(318,'Credit Card Enable Status - Discover Card','CC_ENABLED_DISCOVER','0','Accept Discover Card 0= off 1= on',17,5,NULL,'2010-10-17 08:24:08',NULL,'zen_cfg_select_option(array(\'0\', \'1\'), '),(319,'Credit Card Enable Status - JCB','CC_ENABLED_JCB','0','Accept JCB 0= off 1= on',17,6,NULL,'2010-10-17 08:24:08',NULL,'zen_cfg_select_option(array(\'0\', \'1\'), '),(320,'Credit Card Enable Status - AUSTRALIAN BANKCARD','CC_ENABLED_AUSTRALIAN_BANKCARD','0','Accept AUSTRALIAN BANKCARD 0= off 1= on',17,7,NULL,'2010-10-17 08:24:08',NULL,'zen_cfg_select_option(array(\'0\', \'1\'), '),(321,'Credit Card Enable Status - SOLO','CC_ENABLED_SOLO','0','Accept SOLO Card 0= off 1= on',17,8,NULL,'2010-10-17 08:24:08',NULL,'zen_cfg_select_option(array(\'0\', \'1\'), '),(322,'Credit Card Enable Status - Switch','CC_ENABLED_SWITCH','0','Accept SWITCH Card 0= off 1= on',17,9,NULL,'2010-10-17 08:24:08',NULL,'zen_cfg_select_option(array(\'0\', \'1\'), '),(323,'Credit Card Enable Status - Maestro','CC_ENABLED_MAESTRO','0','Accept MAESTRO Card 0= off 1= on',17,10,NULL,'2010-10-17 08:24:08',NULL,'zen_cfg_select_option(array(\'0\', \'1\'), '),(324,'Credit Card Enabled - Show on Payment','SHOW_ACCEPTED_CREDIT_CARDS','0','Show accepted credit cards on Payment page?<br />0= off<br />1= As Text<br />2= As Images<br /><br />Note: images and text must be defined in both the database and language file for specific credit card types.',17,50,NULL,'2010-10-17 08:24:08',NULL,'zen_cfg_select_option(array(\'0\', \'1\', \'2\'), '),(325,'This module is installed','MODULE_ORDER_TOTAL_GV_STATUS','true','',6,1,NULL,'2003-10-30 22:16:40',NULL,'zen_cfg_select_option(array(\'true\'),'),(326,'Sort Order','MODULE_ORDER_TOTAL_GV_SORT_ORDER','840','Sort order of display.',6,2,NULL,'2003-10-30 22:16:40',NULL,NULL),(327,'Queue Purchases','MODULE_ORDER_TOTAL_GV_QUEUE','true','Do you want to queue purchases of the Gift Voucher?',6,3,NULL,'2003-10-30 22:16:40',NULL,'zen_cfg_select_option(array(\'true\', \'false\'),'),(328,'Include Shipping','MODULE_ORDER_TOTAL_GV_INC_SHIPPING','true','Include Shipping in calculation',6,5,NULL,'2003-10-30 22:16:40',NULL,'zen_cfg_select_option(array(\'true\', \'false\'),'),(329,'Include Tax','MODULE_ORDER_TOTAL_GV_INC_TAX','true','Include Tax in calculation.',6,6,NULL,'2003-10-30 22:16:40',NULL,'zen_cfg_select_option(array(\'true\', \'false\'),'),(330,'Re-calculate Tax','MODULE_ORDER_TOTAL_GV_CALC_TAX','None','Re-Calculate Tax',6,7,NULL,'2003-10-30 22:16:40',NULL,'zen_cfg_select_option(array(\'None\', \'Standard\', \'Credit Note\'),'),(331,'Tax Class','MODULE_ORDER_TOTAL_GV_TAX_CLASS','0','Use the following tax class when treating Gift Voucher as Credit Note.',6,0,NULL,'2003-10-30 22:16:40','zen_get_tax_class_title','zen_cfg_pull_down_tax_classes('),(332,'Credit including Tax','MODULE_ORDER_TOTAL_GV_CREDIT_TAX','false','Add tax to purchased Gift Voucher when crediting to Account',6,8,NULL,'2003-10-30 22:16:40',NULL,'zen_cfg_select_option(array(\'true\', \'false\'),'),(333,'Set Order Status','MODULE_ORDER_TOTAL_GV_ORDER_STATUS_ID','0','Set the status of orders made where GV covers full payment',6,0,NULL,'2010-10-17 08:24:08','zen_get_order_status_name','zen_cfg_pull_down_order_statuses('),(334,'This module is installed','MODULE_ORDER_TOTAL_LOWORDERFEE_STATUS','true','',6,1,NULL,'2003-10-30 22:16:43',NULL,'zen_cfg_select_option(array(\'true\'),'),(335,'Sort Order','MODULE_ORDER_TOTAL_LOWORDERFEE_SORT_ORDER','400','Sort order of display.',6,2,NULL,'2003-10-30 22:16:43',NULL,NULL),(336,'Allow Low Order Fee','MODULE_ORDER_TOTAL_LOWORDERFEE_LOW_ORDER_FEE','false','Do you want to allow low order fees?',6,3,NULL,'2003-10-30 22:16:43',NULL,'zen_cfg_select_option(array(\'true\', \'false\'),'),(337,'Order Fee For Orders Under','MODULE_ORDER_TOTAL_LOWORDERFEE_ORDER_UNDER','50','Add the low order fee to orders under this amount.',6,4,NULL,'2003-10-30 22:16:43','currencies->format',NULL),(338,'Order Fee','MODULE_ORDER_TOTAL_LOWORDERFEE_FEE','5','For Percentage Calculation - include a % Example: 10%<br />For a flat amount just enter the amount - Example: 5 for $5.00',6,5,NULL,'2003-10-30 22:16:43','',NULL),(339,'Attach Low Order Fee On Orders Made','MODULE_ORDER_TOTAL_LOWORDERFEE_DESTINATION','both','Attach low order fee for orders sent to the set destination.',6,6,NULL,'2003-10-30 22:16:43',NULL,'zen_cfg_select_option(array(\'national\', \'international\', \'both\'),'),(340,'Tax Class','MODULE_ORDER_TOTAL_LOWORDERFEE_TAX_CLASS','0','Use the following tax class on the low order fee.',6,7,NULL,'2003-10-30 22:16:43','zen_get_tax_class_title','zen_cfg_pull_down_tax_classes('),(341,'No Low Order Fee on Virtual Products','MODULE_ORDER_TOTAL_LOWORDERFEE_VIRTUAL','false','Do not charge Low Order Fee when cart is Virtual Products Only',6,8,NULL,'2004-04-20 22:16:43',NULL,'zen_cfg_select_option(array(\'true\', \'false\'),'),(342,'No Low Order Fee on Gift Vouchers','MODULE_ORDER_TOTAL_LOWORDERFEE_GV','false','Do not charge Low Order Fee when cart is Gift Vouchers Only',6,9,NULL,'2004-04-20 22:16:43',NULL,'zen_cfg_select_option(array(\'true\', \'false\'),'),(343,'This module is installed','MODULE_ORDER_TOTAL_SHIPPING_STATUS','true','',6,1,NULL,'2003-10-30 22:16:46',NULL,'zen_cfg_select_option(array(\'true\'),'),(344,'Sort Order','MODULE_ORDER_TOTAL_SHIPPING_SORT_ORDER','200','Sort order of display.',6,2,NULL,'2003-10-30 22:16:46',NULL,NULL),(345,'Allow Free Shipping','MODULE_ORDER_TOTAL_SHIPPING_FREE_SHIPPING','false','Do you want to allow free shipping?',6,3,NULL,'2003-10-30 22:16:46',NULL,'zen_cfg_select_option(array(\'true\', \'false\'),'),(346,'Free Shipping For Orders Over','MODULE_ORDER_TOTAL_SHIPPING_FREE_SHIPPING_OVER','50','Provide free shipping for orders over the set amount.',6,4,NULL,'2003-10-30 22:16:46','currencies->format',NULL),(347,'Provide Free Shipping For Orders Made','MODULE_ORDER_TOTAL_SHIPPING_DESTINATION','national','Provide free shipping for orders sent to the set destination.',6,5,NULL,'2003-10-30 22:16:46',NULL,'zen_cfg_select_option(array(\'national\', \'international\', \'both\'),'),(348,'This module is installed','MODULE_ORDER_TOTAL_SUBTOTAL_STATUS','true','',6,1,NULL,'2003-10-30 22:16:49',NULL,'zen_cfg_select_option(array(\'true\'),'),(349,'Sort Order','MODULE_ORDER_TOTAL_SUBTOTAL_SORT_ORDER','100','Sort order of display.',6,2,NULL,'2003-10-30 22:16:49',NULL,NULL),(350,'This module is installed','MODULE_ORDER_TOTAL_TAX_STATUS','true','',6,1,NULL,'2003-10-30 22:16:52',NULL,'zen_cfg_select_option(array(\'true\'),'),(351,'Sort Order','MODULE_ORDER_TOTAL_TAX_SORT_ORDER','300','Sort order of display.',6,2,NULL,'2003-10-30 22:16:52',NULL,NULL),(352,'This module is installed','MODULE_ORDER_TOTAL_TOTAL_STATUS','true','',6,1,NULL,'2003-10-30 22:16:55',NULL,'zen_cfg_select_option(array(\'true\'),'),(353,'Sort Order','MODULE_ORDER_TOTAL_TOTAL_SORT_ORDER','999','Sort order of display.',6,2,NULL,'2003-10-30 22:16:55',NULL,NULL),(354,'Tax Class','MODULE_ORDER_TOTAL_COUPON_TAX_CLASS','0','Use the following tax class when treating Discount Coupon as Credit Note.',6,0,NULL,'2003-10-30 22:16:36','zen_get_tax_class_title','zen_cfg_pull_down_tax_classes('),(355,'Include Tax','MODULE_ORDER_TOTAL_COUPON_INC_TAX','false','Include Tax in calculation.',6,6,NULL,'2003-10-30 22:16:36',NULL,'zen_cfg_select_option(array(\'true\', \'false\'),'),(356,'Sort Order','MODULE_ORDER_TOTAL_COUPON_SORT_ORDER','280','Sort order of display.',6,2,NULL,'2003-10-30 22:16:36',NULL,NULL),(357,'Include Shipping','MODULE_ORDER_TOTAL_COUPON_INC_SHIPPING','false','Include Shipping in calculation',6,5,NULL,'2003-10-30 22:16:36',NULL,'zen_cfg_select_option(array(\'true\', \'false\'),'),(358,'This module is installed','MODULE_ORDER_TOTAL_COUPON_STATUS','true','',6,1,NULL,'2003-10-30 22:16:36',NULL,'zen_cfg_select_option(array(\'true\'),'),(359,'Re-calculate Tax','MODULE_ORDER_TOTAL_COUPON_CALC_TAX','Standard','Re-Calculate Tax',6,7,NULL,'2003-10-30 22:16:36',NULL,'zen_cfg_select_option(array(\'None\', \'Standard\', \'Credit Note\'),'),(360,'Admin Demo Status','ADMIN_DEMO','0','Admin Demo should be on?<br />0= off 1= on',6,0,NULL,'2010-10-17 08:24:08',NULL,'zen_cfg_select_option(array(\'0\', \'1\'), '),(361,'Product option type Select','PRODUCTS_OPTIONS_TYPE_SELECT','0','The number representing the Select type of product option.',0,NULL,'2010-10-17 08:24:08','2010-10-17 08:24:08',NULL,NULL),(362,'Text product option type','PRODUCTS_OPTIONS_TYPE_TEXT','1','Numeric value of the text product option type',6,NULL,'2010-10-17 08:24:08','2010-10-17 08:24:08',NULL,NULL),(363,'Radio button product option type','PRODUCTS_OPTIONS_TYPE_RADIO','2','Numeric value of the radio button product option type',6,NULL,'2010-10-17 08:24:08','2010-10-17 08:24:08',NULL,NULL),(364,'Check box product option type','PRODUCTS_OPTIONS_TYPE_CHECKBOX','3','Numeric value of the check box product option type',6,NULL,'2010-10-17 08:24:08','2010-10-17 08:24:08',NULL,NULL),(365,'File product option type','PRODUCTS_OPTIONS_TYPE_FILE','4','Numeric value of the file product option type',6,NULL,'2010-10-17 08:24:08','2010-10-17 08:24:08',NULL,NULL),(366,'ID for text and file products options values','PRODUCTS_OPTIONS_VALUES_TEXT_ID','0','Numeric value of the products_options_values_id used by the text and file attributes.',6,NULL,'2010-10-17 08:24:08','2010-10-17 08:24:08',NULL,NULL),(367,'Upload prefix','UPLOAD_PREFIX','upload_','Prefix used to differentiate between upload options and other options',0,NULL,'2010-10-17 08:24:08','2010-10-17 08:24:08',NULL,NULL),(368,'Text prefix','TEXT_PREFIX','txt_','Prefix used to differentiate between text option values and other option values',0,NULL,'2010-10-17 08:24:08','2010-10-17 08:24:08',NULL,NULL),(369,'Read Only option type','PRODUCTS_OPTIONS_TYPE_READONLY','5','Numeric value of the file product option type',6,NULL,'2010-10-17 08:24:08','2010-10-17 08:24:08',NULL,NULL),(370,'Products Info - Products Option Name Sort Order','PRODUCTS_OPTIONS_SORT_ORDER','0','Sort order of Option Names for Products Info<br />0= Sort Order, Option Name<br />1= Option Name',18,35,'2010-10-17 08:24:08','2010-10-17 08:24:08',NULL,'zen_cfg_select_option(array(\'0\', \'1\'),'),(371,'Products Info - Product Option Value of Attributes Sort Order','PRODUCTS_OPTIONS_SORT_BY_PRICE','1','Sort order of Product Option Values of Attributes for Products Info<br />0= Sort Order, Price<br />1= Sort Order, Option Value Name',18,36,'2010-10-17 08:24:08','2010-10-17 08:24:08',NULL,'zen_cfg_select_option(array(\'0\', \'1\'),'),(372,'Product Info - Show Option Values Name Below Attributes Image','PRODUCT_IMAGES_ATTRIBUTES_NAMES','1','Product Info - Show the name of the Option Value beneath the Attribute Image?<br />0= off 1= on',18,41,NULL,'2010-10-17 08:24:08',NULL,'zen_cfg_select_option(array(\'0\', \'1\'), '),(373,'Product Info - Show Sales Discount Savings Status','SHOW_SALE_DISCOUNT_STATUS','1','Product Info - Show the amount of discount savings?<br />0= off 1= on',18,45,NULL,'2010-10-17 08:24:08',NULL,'zen_cfg_select_option(array(\'0\', \'1\'), '),(374,'Product Info - Show Sales Discount Savings Dollars or Percentage','SHOW_SALE_DISCOUNT','1','Product Info - Show the amount of discount savings display as:<br />1= % off 2= $amount off',18,46,NULL,'2010-10-17 08:24:08',NULL,'zen_cfg_select_option(array(\'1\', \'2\'), '),(375,'Product Info - Show Sales Discount Savings Percentage Decimals','SHOW_SALE_DISCOUNT_DECIMALS','0','Product Info - Show discount savings display as a Percentage with how many decimals?:<br />Default= 0',18,47,NULL,'2010-10-17 08:24:08',NULL,NULL),(376,'Product Info - Price is Free Image or Text Status','OTHER_IMAGE_PRICE_IS_FREE_ON','1','Product Info - Show the Price is Free Image or Text on Displayed Price<br />0= Text<br />1= Image',18,50,NULL,'2010-10-17 08:24:08',NULL,'zen_cfg_select_option(array(\'0\', \'1\'), '),(377,'Product Info - Price is Call for Price Image or Text Status','PRODUCTS_PRICE_IS_CALL_IMAGE_ON','1','Product Info - Show the Price is Call for Price Image or Text on Displayed Price<br />0= Text<br />1= Image',18,51,NULL,'2010-10-17 08:24:08',NULL,'zen_cfg_select_option(array(\'0\', \'1\'), '),(378,'Product Quantity Box Status - Adding New Products','PRODUCTS_QTY_BOX_STATUS','1','What should the Default Quantity Box Status be set to when adding New Products?<br /><br />0= off<br />1= on<br />NOTE: This will show a Qty Box when ON and default the Add to Cart to 1',18,55,NULL,'2010-10-17 08:24:08',NULL,'zen_cfg_select_option(array(\'0\', \'1\'), '),(379,'Product Reviews Require Approval','REVIEWS_APPROVAL','1','Do product reviews require approval?<br /><br />Note: When Review Status is off, it will also not show<br /><br />0= off 1= on',18,62,NULL,'2010-10-17 08:24:08',NULL,'zen_cfg_select_option(array(\'0\', \'1\'), '),(380,'Meta Tags - Include Product Model in Title','META_TAG_INCLUDE_MODEL','0','Do you want to include the Product Model in the Meta Tag Title?<br /><br />0= off 1= on',18,69,'2010-10-17 18:57:35','2010-10-17 08:24:08',NULL,'zen_cfg_select_option(array(\'0\', \'1\'), '),(381,'Meta Tags - Include Product Price in Title','META_TAG_INCLUDE_PRICE','0','Do you want to include the Product Price in the Meta Tag Title?<br /><br />0= off 1= on',18,70,'2010-10-17 18:57:28','2010-10-17 08:24:08',NULL,'zen_cfg_select_option(array(\'0\', \'1\'), '),(382,'Meta Tags Generated Description Maximum Length?','MAX_META_TAG_DESCRIPTION_LENGTH','50','Set Generated Meta Tag Description Maximum Length to (words) Default 50:',18,71,NULL,'2010-10-17 08:24:08','',''),(383,'Also Purchased Products Columns per Row','SHOW_PRODUCT_INFO_COLUMNS_ALSO_PURCHASED_PRODUCTS','3','Also Purchased Products Columns per Row<br />0= off or set the sort order',18,72,NULL,'2010-10-17 08:24:08',NULL,'zen_cfg_select_option(array(\'0\', \'1\', \'2\', \'3\', \'4\', \'5\', \'6\', \'7\', \'8\', \'9\', \'10\', \'11\', \'12\'), '),(384,'Previous Next - Navigation Bar Position','PRODUCT_INFO_PREVIOUS_NEXT','1','Location of Previous/Next Navigation Bar<br />0= off<br />1= Top of Page<br />2= Bottom of Page<br />3= Both Top and Bottom of Page',18,21,'2010-10-17 08:24:08','2010-10-17 08:24:08',NULL,'zen_cfg_select_drop_down(array(array(\'id\'=>\'0\', \'text\'=>\'Off\'), array(\'id\'=>\'1\', \'text\'=>\'Top of Page\'), array(\'id\'=>\'2\', \'text\'=>\'Bottom of Page\'), array(\'id\'=>\'3\', \'text\'=>\'Both Top & Bottom of Page\')),'),(385,'Previous Next - Sort Order','PRODUCT_INFO_PREVIOUS_NEXT_SORT','1','Products Display Order by<br />0= Product ID<br />1= Product Name<br />2= Model<br />3= Price, Product Name<br />4= Price, Model<br />5= Product Name, Model<br />6= Product Sort Order',18,22,'2010-10-17 08:24:08','2010-10-17 08:24:08',NULL,'zen_cfg_select_drop_down(array(array(\'id\'=>\'0\', \'text\'=>\'Product ID\'), array(\'id\'=>\'1\', \'text\'=>\'Name\'), array(\'id\'=>\'2\', \'text\'=>\'Product Model\'), array(\'id\'=>\'3\', \'text\'=>\'Product Price - Name\'), array(\'id\'=>\'4\', \'text\'=>\'Product Price - Model\'), array(\'id\'=>\'5\', \'text\'=>\'Product Name - Model\'), array(\'id\'=>\'6\', \'text\'=>\'Product Sort Order\')),'),(386,'Previous Next - Button and Image Status','SHOW_PREVIOUS_NEXT_STATUS','0','Button and Product Image status settings are:<br />0= Off<br />1= On',18,20,'2010-10-17 08:24:08','2010-10-17 08:24:08',NULL,'zen_cfg_select_drop_down(array(array(\'id\'=>\'0\', \'text\'=>\'Off\'), array(\'id\'=>\'1\', \'text\'=>\'On\')),'),(387,'Previous Next - Button and Image Settings','SHOW_PREVIOUS_NEXT_IMAGES','0','Show Previous/Next Button and Product Image Settings<br />0= Button Only<br />1= Button and Product Image<br />2= Product Image Only',18,21,'2010-10-17 08:24:08','2010-10-17 08:24:08',NULL,'zen_cfg_select_drop_down(array(array(\'id\'=>\'0\', \'text\'=>\'Button Only\'), array(\'id\'=>\'1\', \'text\'=>\'Button and Product Image\'), array(\'id\'=>\'2\', \'text\'=>\'Product Image Only\')),'),(388,'Previous Next - Image Width?','PREVIOUS_NEXT_IMAGE_WIDTH','50','Previous/Next Image Width?',18,22,NULL,'2010-10-17 08:24:08','',''),(389,'Previous Next - Image Height?','PREVIOUS_NEXT_IMAGE_HEIGHT','40','Previous/Next Image Height?',18,23,NULL,'2010-10-17 08:24:08','',''),(390,'Previous Next - Navigation Includes Category Position','PRODUCT_INFO_CATEGORIES','1','Product\'s Category Image and Name Alignment Above Previous/Next Navigation Bar<br />0= off<br />1= Align Left<br />2= Align Center<br />3= Align Right',18,20,'2010-10-17 08:24:08','2010-10-17 08:24:08',NULL,'zen_cfg_select_drop_down(array(array(\'id\'=>\'0\', \'text\'=>\'Off\'), array(\'id\'=>\'1\', \'text\'=>\'Align Left\'), array(\'id\'=>\'2\', \'text\'=>\'Align Center\'), array(\'id\'=>\'3\', \'text\'=>\'Align Right\')),'),(391,'Previous Next - Navigation Includes Category Name and Image Status','PRODUCT_INFO_CATEGORIES_IMAGE_STATUS','2','Product\'s Category Image and Name Status<br />0= Category Name and Image always shows<br />1= Category Name only<br />2= Category Name and Image when not blank',18,20,'2010-10-17 08:24:08','2010-10-17 08:24:08',NULL,'zen_cfg_select_drop_down(array(array(\'id\'=>\'0\', \'text\'=>\'Category Name and Image Always\'), array(\'id\'=>\'1\', \'text\'=>\'Category Name only\'), array(\'id\'=>\'2\', \'text\'=>\'Category Name and Image when not blank\')),'),(392,'Column Width - Left Boxes','BOX_WIDTH_LEFT','200px','Width of the Left Column Boxes<br />px may be included<br />Default = 150px',19,1,'2010-11-04 15:36:52','2003-11-21 22:16:36',NULL,NULL),(393,'Column Width - Right Boxes','BOX_WIDTH_RIGHT','0px','Width of the Right Column Boxes<br />px may be included<br />Default = 150px',19,2,'2010-11-04 15:06:16','2003-11-21 22:16:36',NULL,NULL),(394,'Bread Crumbs Navigation Separator','BREAD_CRUMBS_SEPARATOR','&nbsp;::&nbsp;','Enter the separator symbol to appear between the Navigation Bread Crumb trail<br />Note: Include spaces with the &amp;nbsp; symbol if you want them part of the separator.<br />Default = &amp;nbsp;::&amp;nbsp;',19,3,NULL,'2003-11-21 22:16:36',NULL,'zen_cfg_textarea_small('),(395,'Define Breadcrumb Status','DEFINE_BREADCRUMB_STATUS','1','Enable the Breadcrumb Trail Links?<br />0= OFF<br />1= ON<br />2= Off for Home Page Only',19,4,NULL,'2010-10-17 08:24:08',NULL,'zen_cfg_select_option(array(\'0\', \'1\', \'2\'), '),(396,'Bestsellers - Number Padding','BEST_SELLERS_FILLER','&nbsp;','What do you want to Pad the numbers with?<br />Default = &amp;nbsp;',19,5,NULL,'2003-11-21 22:16:36',NULL,'zen_cfg_textarea_small('),(397,'Bestsellers - Truncate Product Names','BEST_SELLERS_TRUNCATE','35','What size do you want to truncate the Product Names?<br />Default = 35',19,6,NULL,'2003-11-21 22:16:36',NULL,NULL),(398,'Bestsellers - Truncate Product Names followed by ...','BEST_SELLERS_TRUNCATE_MORE','true','When truncated Product Names follow with ...<br />Default = true',19,7,'2003-03-21 13:08:25','2003-03-21 11:42:47',NULL,'zen_cfg_select_option(array(\'true\', \'false\'),'),(399,'Categories Box - Show Specials Link','SHOW_CATEGORIES_BOX_SPECIALS','false','Show Specials Link in the Categories Box',19,8,'2016-05-17 23:19:22','2003-03-21 11:42:47',NULL,'zen_cfg_select_option(array(\'true\', \'false\'),'),(400,'Categories Box - Show Products New Link','SHOW_CATEGORIES_BOX_PRODUCTS_NEW','false','Show Products New Link in the Categories Box',19,9,'2016-05-17 23:19:32','2003-03-21 11:42:47',NULL,'zen_cfg_select_option(array(\'true\', \'false\'),'),(401,'Shopping Cart Box Status','SHOW_SHOPPING_CART_BOX_STATUS','1','Shopping Cart Shows<br />0= Always<br />1= Only when full<br />2= Only when full but not when viewing the Shopping Cart',19,10,NULL,'2010-10-17 08:24:08',NULL,'zen_cfg_select_option(array(\'0\', \'1\', \'2\'), '),(402,'Categories Box - Show Featured Products Link','SHOW_CATEGORIES_BOX_FEATURED_PRODUCTS','false','Show Featured Products Link in the Categories Box',19,11,'2016-05-17 23:17:36','2003-03-21 11:42:47',NULL,'zen_cfg_select_option(array(\'true\', \'false\'),'),(403,'Categories Box - Show Products All Link','SHOW_CATEGORIES_BOX_PRODUCTS_ALL','false','Show Products All Link in the Categories Box',19,12,'2016-05-17 23:18:12','2003-03-21 11:42:47',NULL,'zen_cfg_select_option(array(\'true\', \'false\'),'),(404,'Column Left Status - Global','COLUMN_LEFT_STATUS','1','Show Column Left, unless page override exists?<br />0= Column Left is always off<br />1= Column Left is on, unless page override',19,15,NULL,'2010-10-17 08:24:08',NULL,'zen_cfg_select_option(array(\'0\', \'1\'), '),(405,'Column Right Status - Global','COLUMN_RIGHT_STATUS','0','Show Column Right, unless page override exists?<br />0= Column Right is always off<br />1= Column Right is on, unless page override',19,16,'2010-10-17 22:06:35','2010-10-17 08:24:08',NULL,'zen_cfg_select_option(array(\'0\', \'1\'), '),(406,'Column Width - Left','COLUMN_WIDTH_LEFT','200px','Width of the Left Column<br />px may be included<br />Default = 150px',19,20,'2010-11-04 15:38:14','2003-11-21 22:16:36',NULL,NULL),(407,'Column Width - Right','COLUMN_WIDTH_RIGHT','0px','Width of the Right Column<br />px may be included<br />Default = 150px',19,21,'2010-11-04 15:06:02','2003-11-21 22:16:36',NULL,NULL),(408,'Categories Separator between links Status','SHOW_CATEGORIES_SEPARATOR_LINK','1','Show Category Separator between Category Names and Links?<br />0= off<br />1= on',19,24,NULL,'2010-10-17 08:24:08',NULL,'zen_cfg_select_option(array(\'0\', \'1\'), '),(409,'Categories Separator between the Category Name and Count','CATEGORIES_SEPARATOR','-&gt;','What separator do you want between the Category name and the count?<br />Default = -&amp;gt;',19,25,NULL,'2003-11-21 22:16:36',NULL,'zen_cfg_textarea_small('),(410,'Categories Separator between the Category Name and Sub Categories','CATEGORIES_SEPARATOR_SUBS','|_&nbsp;','What separator do you want between the Category name and Sub Category Name?<br />Default = |_&amp;nbsp;',19,26,NULL,'2004-03-25 22:16:36',NULL,'zen_cfg_textarea_small('),(411,'Categories Count Prefix','CATEGORIES_COUNT_PREFIX','&nbsp;(','What do you want to Prefix the count with?<br />Default= (',19,27,NULL,'2003-01-21 22:16:36',NULL,'zen_cfg_textarea_small('),(412,'Categories Count Suffix','CATEGORIES_COUNT_SUFFIX',')','What do you want as a Suffix to the count?<br />Default= )',19,28,NULL,'2003-01-21 22:16:36',NULL,'zen_cfg_textarea_small('),(413,'Categories SubCategories Indent','CATEGORIES_SUBCATEGORIES_INDENT','&nbsp;&nbsp;','What do you want to use as the subcategories indent?<br />Default= &nbsp;&nbsp;',19,29,NULL,'2004-06-24 22:16:36',NULL,'zen_cfg_textarea_small('),(414,'Categories with 0 Products Status','CATEGORIES_COUNT_ZERO','0','Show Category Count for 0 Products?<br />0= off<br />1= on',19,30,NULL,'2010-10-17 08:24:08',NULL,'zen_cfg_select_option(array(\'0\', \'1\'), '),(415,'Split Categories Box','CATEGORIES_SPLIT_DISPLAY','True','Split the categories box display by product type',19,31,NULL,'2010-10-17 08:24:08',NULL,'zen_cfg_select_option(array(\'True\', \'False\'), '),(416,'Shopping Cart - Show Totals','SHOW_TOTALS_IN_CART','1','Show Totals Above Shopping Cart?<br />0= off<br />1= on: Items Weight Amount<br />2= on: Items Weight Amount, but no weight when 0<br />3= on: Items Amount',19,31,'2011-04-02 23:40:05','2010-10-17 08:24:08',NULL,'zen_cfg_select_option(array(\'0\', \'1\', \'2\', \'3\'), '),(417,'Customer Greeting - Show on Index Page','SHOW_CUSTOMER_GREETING','1','Always Show Customer Greeting on Index?<br />0= off<br />1= on',19,40,NULL,'2010-10-17 08:24:08',NULL,'zen_cfg_select_option(array(\'0\', \'1\'), '),(418,'Categories - Always Show on Main Page','SHOW_CATEGORIES_ALWAYS','0','Always Show Categories on Main Page<br />0= off<br />1= on<br />Default category can be set to Top Level or a Specific Top Level',19,45,'2011-04-15 20:22:58','2010-10-17 08:24:08',NULL,'zen_cfg_select_option(array(\'0\', \'1\'), '),(419,'Main Page - Opens with Category','CATEGORIES_START_MAIN','18 5','0= Top Level Categories<br />Or enter the Category ID#<br />Note: Sub Categories can also be used Example: 3_10',19,46,'2011-04-15 20:19:09','2010-10-17 08:24:08','',''),(420,'Categories - Always Open to Show SubCategories','SHOW_CATEGORIES_SUBCATEGORIES_ALWAYS','1','Always Show Categories and SubCategories<br />0= off, just show Top Categories<br />1= on, Always show Categories and SubCategories when selected',19,47,'2011-04-04 23:04:33','2010-10-17 08:24:08',NULL,'zen_cfg_select_option(array(\'0\', \'1\'), '),(421,'Banner Display Groups - Header Position 1','SHOW_BANNERS_GROUP_SET1','','The Banner Display Groups can be from 1 Banner Group or Multiple Banner Groups<br /><br />For Multiple Banner Groups enter the Banner Group Name separated by a colon <strong>:</strong><br /><br />Example: Wide-Banners:SideBox-Banners<br /><br />What Banner Group(s) do you want to use in the Header Position 1?<br />Leave blank for none',19,55,NULL,'2010-10-17 08:24:08','',''),(422,'Banner Display Groups - Header Position 2','SHOW_BANNERS_GROUP_SET2','','The Banner Display Groups can be from 1 Banner Group or Multiple Banner Groups<br /><br />For Multiple Banner Groups enter the Banner Group Name separated by a colon <strong>:</strong><br /><br />Example: Wide-Banners:SideBox-Banners<br /><br />What Banner Group(s) do you want to use in the Header Position 2?<br />Leave blank for none',19,56,NULL,'2010-10-17 08:24:08','',''),(423,'Banner Display Groups - Header Position 3','SHOW_BANNERS_GROUP_SET3','','The Banner Display Groups can be from 1 Banner Group or Multiple Banner Groups<br /><br />For Multiple Banner Groups enter the Banner Group Name separated by a colon <strong>:</strong><br /><br />Example: Wide-Banners:SideBox-Banners<br /><br />What Banner Group(s) do you want to use in the Header Position 3?<br />Leave blank for none',19,57,NULL,'2010-10-17 08:24:08','',''),(424,'Banner Display Groups - Footer Position 1','SHOW_BANNERS_GROUP_SET4','','The Banner Display Groups can be from 1 Banner Group or Multiple Banner Groups<br /><br />For Multiple Banner Groups enter the Banner Group Name separated by a colon <strong>:</strong><br /><br />Example: Wide-Banners:SideBox-Banners<br /><br />What Banner Group(s) do you want to use in the Footer Position 1?<br />Leave blank for none',19,65,NULL,'2010-10-17 08:24:08','',''),(425,'Banner Display Groups - Footer Position 2','SHOW_BANNERS_GROUP_SET5','','The Banner Display Groups can be from 1 Banner Group or Multiple Banner Groups<br /><br />For Multiple Banner Groups enter the Banner Group Name separated by a colon <strong>:</strong><br /><br />Example: Wide-Banners:SideBox-Banners<br /><br />What Banner Group(s) do you want to use in the Footer Position 2?<br />Leave blank for none',19,66,NULL,'2010-10-17 08:24:08','',''),(426,'Banner Display Groups - Footer Position 3','SHOW_BANNERS_GROUP_SET6','Wide-Banners','The Banner Display Groups can be from 1 Banner Group or Multiple Banner Groups<br /><br />For Multiple Banner Groups enter the Banner Group Name separated by a colon <strong>:</strong><br /><br />Example: Wide-Banners:SideBox-Banners<br /><br />Default Group is Wide-Banners<br /><br />What Banner Group(s) do you want to use in the Footer Position 3?<br />Leave blank for none',19,67,NULL,'2010-10-17 08:24:08','',''),(427,'Banner Display Groups - Side Box banner_box','SHOW_BANNERS_GROUP_SET7','SideBox-Banners:SB1','The Banner Display Groups can be from 1 Banner Group or Multiple Banner Groups<br /><br />For Multiple Banner Groups enter the Banner Group Name separated by a colon <strong>:</strong><br /><br />Example: Wide-Banners:SideBox-Banners<br />Default Group is SideBox-Banners<br /><br />What Banner Group(s) do you want to use in the Side Box - banner_box?<br />Leave blank for none',19,70,'2010-11-15 10:03:03','2010-10-17 08:24:08','',''),(428,'Banner Display Groups - Side Box banner_box2','SHOW_BANNERS_GROUP_SET8','SideBoxSB2:SB2','The Banner Display Groups can be from 1 Banner Group or Multiple Banner Groups<br /><br />For Multiple Banner Groups enter the Banner Group Name separated by a colon <strong>:</strong><br /><br />Example: Wide-Banners:SideBox-Banners<br />Default Group is SideBox-Banners<br /><br />What Banner Group(s) do you want to use in the Side Box - banner_box2?<br />Leave blank for none',19,71,'2010-11-15 13:32:54','2010-10-17 08:24:08','',''),(429,'Banner Display Group - Side Box banner_box_all','SHOW_BANNERS_GROUP_SET_ALL','BannersAll','The Banner Display Group may only be from one (1) Banner Group for the Banner All sidebox<br /><br />Default Group is BannersAll<br /><br />What Banner Group do you want to use in the Side Box - banner_box_all?<br />Leave blank for none',19,72,NULL,'2010-10-17 08:24:08','',''),(430,'Footer - Show IP Address status','SHOW_FOOTER_IP','0','Show Customer IP Address in the Footer<br />0= off<br />1= on<br />Should the Customer IP Address show in the footer?',19,80,'2010-10-17 18:58:26','2010-10-17 08:24:08',NULL,'zen_cfg_select_option(array(\'0\', \'1\'), '),(431,'Product Discount Quantities - Add how many blank discounts?','DISCOUNT_QTY_ADD','5','How many blank discount quantities should be added for Product Pricing?',19,90,NULL,'2010-10-17 08:24:08','',''),(432,'Product Discount Quantities - Display how many per row?','DISCOUNT_QUANTITY_PRICES_COLUMN','5','How many discount quantities should show per row on Product Info Pages?',19,95,NULL,'2010-10-17 08:24:08','',''),(433,'Categories/Products Display Sort Order','CATEGORIES_PRODUCTS_SORT_ORDER','0','Categories/Products Display Sort Order<br />0= Categories/Products Sort Order/Name<br />1= Categories/Products Name<br />2= Products Model<br />3= Products Qty+, Products Name<br />4= Products Qty-, Products Name<br />5= Products Price+, Products Name<br />6= Products Price-, Products Name',19,100,NULL,'2010-10-17 08:24:08',NULL,'zen_cfg_select_option(array(\'0\', \'1\', \'2\', \'3\', \'4\', \'5\', \'6\'), '),(434,'Option Names and Values Global Add, Copy and Delete Features Status','OPTION_NAMES_VALUES_GLOBAL_STATUS','1','Option Names and Values Global Add, Copy and Delete Features Status<br />0= Hide Features<br />1= Show Features<br />2= Products Model',19,110,NULL,'2010-10-17 08:24:08',NULL,'zen_cfg_select_option(array(\'0\', \'1\'), '),(435,'Categories-Tabs Menu ON/OFF','CATEGORIES_TABS_STATUS','0','Categories-Tabs<br />This enables the display of your store\'s categories as a menu across the top of your header. There are many potential creative uses for this.<br />0= Hide Categories Tabs<br />1= Show Categories Tabs',19,112,'2011-04-29 22:09:35','2010-10-17 08:24:08',NULL,'zen_cfg_select_option(array(\'0\', \'1\'), '),(436,'Site Map - include My Account Links?','SHOW_ACCOUNT_LINKS_ON_SITE_MAP','No','Should the links to My Account show up on the site-map?<br />Note: Spiders will try to index this page, and likely should not be sent to secure pages, since there is no benefit in indexing a login page.<br /><br />Default: false',19,115,NULL,'2010-10-17 08:24:08',NULL,'zen_cfg_select_option(array(\'Yes\', \'No\'), '),(437,'Skip 1-prod Categories','SKIP_SINGLE_PRODUCT_CATEGORIES','True','Skip single-product categories<br />If this option is set to True, then if the customer clicks on a link to a category which only contains a single item, then Zen Cart will take them directly to that product-page, rather than present them with another link to click in order to see the product.<br />Default: True',19,120,NULL,'2010-10-17 08:24:08',NULL,'zen_cfg_select_option(array(\'True\', \'False\'), '),(438,'Use split-login page','USE_SPLIT_LOGIN_MODE','False','The login page can be displayed in two modes: Split or Vertical.<br />In Split mode, the create-account options are accessed by clicking a button to get to the create-account page.  In Vertical mode, the create-account input fields are all displayed inline, below the login field, making one less click for the customer to create their account.<br />Default: False',19,121,NULL,'2010-10-17 08:24:08',NULL,'zen_cfg_select_option(array(\'True\', \'False\'), '),(439,'CSS Buttons','IMAGE_USE_CSS_BUTTONS','No','CSS Buttons<br />Use CSS buttons instead of images (GIF/JPG)?<br />Button styles must be configured in the stylesheet if you enable this option.',19,147,NULL,'2010-10-17 08:24:08',NULL,'zen_cfg_select_option(array(\'No\', \'Yes\'), '),(440,'<strong>Down for Maintenance: ON/OFF</strong>','DOWN_FOR_MAINTENANCE','true','Down for Maintenance <br />(true=on false=off)',20,1,'2018-06-20 21:13:22','2010-10-17 08:24:08',NULL,'zen_cfg_select_option(array(\'true\', \'false\'), '),(441,'Down for Maintenance: filename','DOWN_FOR_MAINTENANCE_FILENAME','down_for_maintenance','Down for Maintenance filename<br />Note: Do not include the extension<br />Default=down_for_maintenance',20,2,'2010-10-17 08:48:50','2010-10-17 08:24:08',NULL,''),(442,'Down for Maintenance: Hide Header','DOWN_FOR_MAINTENANCE_HEADER_OFF','false','Down for Maintenance: Hide Header <br />(true=hide false=show)',20,3,'2010-10-17 08:49:52','2010-10-17 08:24:08',NULL,'zen_cfg_select_option(array(\'true\', \'false\'), '),(443,'Down for Maintenance: Hide Column Left','DOWN_FOR_MAINTENANCE_COLUMN_LEFT_OFF','false','Down for Maintenance: Hide Column Left <br />(true=hide false=show)',20,4,NULL,'2010-10-17 08:24:08',NULL,'zen_cfg_select_option(array(\'true\', \'false\'), '),(444,'Down for Maintenance: Hide Column Right','DOWN_FOR_MAINTENANCE_COLUMN_RIGHT_OFF','false','Down for Maintenance: Hide Column Right <br />(true=hide false=show)',20,5,NULL,'2010-10-17 08:24:08',NULL,'zen_cfg_select_option(array(\'true\', \'false\'), '),(445,'Down for Maintenance: Hide Footer','DOWN_FOR_MAINTENANCE_FOOTER_OFF','false','Down for Maintenance: Hide Footer <br />(true=hide false=show)',20,6,NULL,'2010-10-17 08:24:08',NULL,'zen_cfg_select_option(array(\'true\', \'false\'), '),(446,'Down for Maintenance: Hide Prices','DOWN_FOR_MAINTENANCE_PRICES_OFF','false','Down for Maintenance: Hide Prices <br />(true=hide false=show)',20,7,NULL,'2010-10-17 08:24:08',NULL,'zen_cfg_select_option(array(\'true\', \'false\'), '),(447,'Down For Maintenance (exclude this IP-Address)','EXCLUDE_ADMIN_IP_FOR_MAINTENANCE','your IP (ADMIN)','This IP Address is able to access the website while it is Down For Maintenance (like webmaster)<br />To enter multiple IP Addresses, separate with a comma. If you do not know your IP Address, check in the Footer of your Shop.',20,8,'2003-03-21 13:43:22','2003-03-21 21:20:07',NULL,NULL),(448,'NOTICE PUBLIC Before going Down for Maintenance: ON/OFF','WARN_BEFORE_DOWN_FOR_MAINTENANCE','false','Give a WARNING some time before you put your website Down for Maintenance<br />(true=on false=off)<br />If you set the \'Down For Maintenance: ON/OFF\' to true this will automaticly be updated to false',20,9,'2003-03-21 13:08:25','2003-03-21 11:42:47',NULL,'zen_cfg_select_option(array(\'true\', \'false\'),'),(449,'Date and hours for notice before maintenance','PERIOD_BEFORE_DOWN_FOR_MAINTENANCE','15/05/2003  2-3 PM','Date and hours for notice before maintenance website, enter date and hours for maintenance website',20,10,'2003-03-21 13:08:25','2003-03-21 11:42:47',NULL,NULL),(450,'Display when webmaster has enabled maintenance','DISPLAY_MAINTENANCE_TIME','false','Display when Webmaster has enabled maintenance <br />(true=on false=off)<br />',20,11,'2003-03-21 13:08:25','2003-03-21 11:42:47',NULL,'zen_cfg_select_option(array(\'true\', \'false\'),'),(451,'Display website maintenance period','DISPLAY_MAINTENANCE_PERIOD','false','Display Website maintenance period <br />(true=on false=off)<br />',20,12,'2003-03-21 13:08:25','2003-03-21 11:42:47',NULL,'zen_cfg_select_option(array(\'true\', \'false\'),'),(452,'Website maintenance period','TEXT_MAINTENANCE_PERIOD_TIME','24h00','Enter Website Maintenance period (hh:mm)',20,13,'2010-10-17 11:09:13','2003-03-21 11:42:47',NULL,NULL),(453,'Confirm Terms and Conditions During Checkout Procedure','DISPLAY_CONDITIONS_ON_CHECKOUT','false','Show the Terms and Conditions during the checkout procedure which the customer must agree to.',11,1,NULL,'2010-10-17 08:24:08',NULL,'zen_cfg_select_option(array(\'true\', \'false\'), '),(454,'Confirm Privacy Notice During Account Creation Procedure','DISPLAY_PRIVACY_CONDITIONS','false','Show the Privacy Notice during the account creation procedure which the customer must agree to.',11,2,NULL,'2010-10-17 08:24:08',NULL,'zen_cfg_select_option(array(\'true\', \'false\'), '),(455,'Display Product Image','PRODUCT_NEW_LIST_IMAGE','1102','Do you want to display the Product Image?<br /><br />0= off<br />1st digit Left or Right<br />2nd and 3rd digit Sort Order<br />4th digit number of breaks after<br />',21,1,NULL,'2010-10-17 08:24:08',NULL,NULL),(456,'Display Product Quantity','PRODUCT_NEW_LIST_QUANTITY','1202','Do you want to display the Product Quantity?<br /><br />0= off<br />1st digit Left or Right<br />2nd and 3rd digit Sort Order<br />4th digit number of breaks after<br />',21,2,NULL,'2010-10-17 08:24:08',NULL,NULL),(457,'Display Product Buy Now Button','PRODUCT_NEW_BUY_NOW','1300','Do you want to display the Product Buy Now Button<br /><br />0= off<br />1st digit Left or Right<br />2nd and 3rd digit Sort Order<br />4th digit number of breaks after<br />',21,3,NULL,'2010-10-17 08:24:08',NULL,NULL),(458,'Display Product Name','PRODUCT_NEW_LIST_NAME','2101','Do you want to display the Product Name?<br /><br />0= off<br />1st digit Left or Right<br />2nd and 3rd digit Sort Order<br />4th digit number of breaks after<br />',21,4,NULL,'2010-10-17 08:24:08',NULL,NULL),(459,'Display Product Model','PRODUCT_NEW_LIST_MODEL','2201','Do you want to display the Product Model?<br /><br />0= off<br />1st digit Left or Right<br />2nd and 3rd digit Sort Order<br />4th digit number of breaks after<br />',21,5,NULL,'2010-10-17 08:24:08',NULL,NULL),(460,'Display Product Manufacturer Name','PRODUCT_NEW_LIST_MANUFACTURER','2302','Do you want to display the Product Manufacturer Name?<br /><br />0= off<br />1st digit Left or Right<br />2nd and 3rd digit Sort Order<br />4th digit number of breaks after<br />',21,6,NULL,'2010-10-17 08:24:08',NULL,NULL),(461,'Display Product Price','PRODUCT_NEW_LIST_PRICE','2402','Do you want to display the Product Price<br /><br />0= off<br />1st digit Left or Right<br />2nd and 3rd digit Sort Order<br />4th digit number of breaks after<br />',21,7,NULL,'2010-10-17 08:24:08',NULL,NULL),(462,'Display Product Weight','PRODUCT_NEW_LIST_WEIGHT','2502','Do you want to display the Product Weight?<br /><br />0= off<br />1st digit Left or Right<br />2nd and 3rd digit Sort Order<br />4th digit number of breaks after<br />',21,8,NULL,'2010-10-17 08:24:08',NULL,NULL),(463,'Display Product Date Added','PRODUCT_NEW_LIST_DATE_ADDED','2601','Do you want to display the Product Date Added?<br /><br />0= off<br />1st digit Left or Right<br />2nd and 3rd digit Sort Order<br />4th digit number of breaks after<br />',21,9,NULL,'2010-10-17 08:24:08',NULL,NULL),(464,'Display Product Description','PRODUCT_NEW_LIST_DESCRIPTION','150','How many characters do you want to display of the Product Description?<br /><br />0= OFF<br />150= Suggested Length, or enter the maximum number of characters to display',21,10,NULL,'2010-10-17 08:24:08',NULL,NULL),(465,'Display Product Display - Default Sort Order','PRODUCT_NEW_LIST_SORT_DEFAULT','6','What Sort Order Default should be used for New Products Display?<br />Default= 6 for Date New to Old<br /><br />1= Products Name<br />2= Products Name Desc<br />3= Price low to high, Products Name<br />4= Price high to low, Products Name<br />5= Model<br />6= Date Added desc<br />7= Date Added<br />8= Product Sort Order',21,11,NULL,'2010-10-17 08:24:08',NULL,'zen_cfg_select_option(array(\'1\', \'2\', \'3\', \'4\', \'5\', \'6\', \'7\', \'8\'), '),(466,'Default Products New Group ID','PRODUCT_NEW_LIST_GROUP_ID','21','Warning: Only change this if your Products New Group ID has changed from the default of 21<br />What is the configuration_group_id for New Products Listings?',21,12,NULL,'2010-10-17 08:24:08',NULL,NULL),(467,'Display Multiple Products Qty Box Status and Set Button Location','PRODUCT_NEW_LISTING_MULTIPLE_ADD_TO_CART','3','Do you want to display Add Multiple Products Qty Box and Set Button Location?<br />0= off<br />1= Top<br />2= Bottom<br />3= Both',21,25,NULL,'2010-10-17 08:24:08',NULL,'zen_cfg_select_option(array(\'0\', \'1\', \'2\', \'3\'), '),(468,'Mask Upcoming Products from being include as New Products','SHOW_NEW_PRODUCTS_UPCOMING_MASKED','0','Do you want to mask Upcoming Products from being included as New Products in Listing, Sideboxes and Centerbox?<br />0= off<br />1= on',21,30,NULL,'2010-10-17 08:24:08',NULL,'zen_cfg_select_option(array(\'0\', \'1\'), '),(469,'Display Product Image','PRODUCT_FEATURED_LIST_IMAGE','1102','Do you want to display the Product Image?<br /><br />0= off<br />1st digit Left or Right<br />2nd and 3rd digit Sort Order<br />4th digit number of breaks after<br />',22,1,NULL,'2010-10-17 08:24:08',NULL,NULL),(470,'Display Product Quantity','PRODUCT_FEATURED_LIST_QUANTITY','1202','Do you want to display the Product Quantity?<br /><br />0= off<br />1st digit Left or Right<br />2nd and 3rd digit Sort Order<br />4th digit number of breaks after<br />',22,2,NULL,'2010-10-17 08:24:08',NULL,NULL),(471,'Display Product Buy Now Button','PRODUCT_FEATURED_BUY_NOW','1300','Do you want to display the Product Buy Now Button<br /><br />0= off<br />1st digit Left or Right<br />2nd and 3rd digit Sort Order<br />4th digit number of breaks after<br />',22,3,NULL,'2010-10-17 08:24:08',NULL,NULL),(472,'Display Product Name','PRODUCT_FEATURED_LIST_NAME','2101','Do you want to display the Product Name?<br /><br />0= off<br />1st digit Left or Right<br />2nd and 3rd digit Sort Order<br />4th digit number of breaks after<br />',22,4,NULL,'2010-10-17 08:24:08',NULL,NULL),(473,'Display Product Model','PRODUCT_FEATURED_LIST_MODEL','2201','Do you want to display the Product Model?<br /><br />0= off<br />1st digit Left or Right<br />2nd and 3rd digit Sort Order<br />4th digit number of breaks after<br />',22,5,NULL,'2010-10-17 08:24:08',NULL,NULL),(474,'Display Product Manufacturer Name','PRODUCT_FEATURED_LIST_MANUFACTURER','2302','Do you want to display the Product Manufacturer Name?<br /><br />0= off<br />1st digit Left or Right<br />2nd and 3rd digit Sort Order<br />4th digit number of breaks after<br />',22,6,NULL,'2010-10-17 08:24:08',NULL,NULL),(475,'Display Product Price','PRODUCT_FEATURED_LIST_PRICE','2402','Do you want to display the Product Price<br /><br />0= off<br />1st digit Left or Right<br />2nd and 3rd digit Sort Order<br />4th digit number of breaks after<br />',22,7,NULL,'2010-10-17 08:24:08',NULL,NULL),(476,'Display Product Weight','PRODUCT_FEATURED_LIST_WEIGHT','2502','Do you want to display the Product Weight?<br /><br />0= off<br />1st digit Left or Right<br />2nd and 3rd digit Sort Order<br />4th digit number of breaks after<br />',22,8,NULL,'2010-10-17 08:24:08',NULL,NULL),(477,'Display Product Date Added','PRODUCT_FEATURED_LIST_DATE_ADDED','2601','Do you want to display the Product Date Added?<br /><br />0= off<br />1st digit Left or Right<br />2nd and 3rd digit Sort Order<br />4th digit number of breaks after<br />',22,9,NULL,'2010-10-17 08:24:08',NULL,NULL),(478,'Display Product Description','PRODUCT_FEATURED_LIST_DESCRIPTION','150','How many characters do you want to display of the Product Description?<br /><br />0= OFF<br />150= Suggested Length, or enter the maximum number of characters to display',22,10,NULL,'2010-10-17 08:24:08',NULL,NULL),(479,'Display Product Display - Default Sort Order','PRODUCT_FEATURED_LIST_SORT_DEFAULT','1','What Sort Order Default should be used for Featured Product Display?<br />Default= 1 for Product Name<br /><br />1= Products Name<br />2= Products Name Desc<br />3= Price low to high, Products Name<br />4= Price high to low, Products Name<br />5= Model<br />6= Date Added desc<br />7= Date Added<br />8= Product Sort Order',22,11,NULL,'2010-10-17 08:24:08',NULL,'zen_cfg_select_option(array(\'1\', \'2\', \'3\', \'4\', \'5\', \'6\', \'7\', \'8\'), '),(480,'Default Featured Products Group ID','PRODUCT_FEATURED_LIST_GROUP_ID','22','Warning: Only change this if your Featured Products Group ID has changed from the default of 22<br />What is the configuration_group_id for Featured Products Listings?',22,12,NULL,'2010-10-17 08:24:08',NULL,NULL),(481,'Display Multiple Products Qty Box Status and Set Button Location','PRODUCT_FEATURED_LISTING_MULTIPLE_ADD_TO_CART','1','Do you want to display Add Multiple Products Qty Box and Set Button Location?<br />0= off<br />1= Top<br />2= Bottom<br />3= Both',22,25,'2010-10-18 20:54:01','2010-10-17 08:24:08',NULL,'zen_cfg_select_option(array(\'0\', \'1\', \'2\', \'3\'), '),(482,'Display Product Image','PRODUCT_ALL_LIST_IMAGE','1102','Do you want to display the Product Image?<br /><br />0= off<br />1st digit Left or Right<br />2nd and 3rd digit Sort Order<br />4th digit number of breaks after<br />',23,1,NULL,'2010-10-17 08:24:08',NULL,NULL),(483,'Display Product Quantity','PRODUCT_ALL_LIST_QUANTITY','1202','Do you want to display the Product Quantity?<br /><br />0= off<br />1st digit Left or Right<br />2nd and 3rd digit Sort Order<br />4th digit number of breaks after<br />',23,2,NULL,'2010-10-17 08:24:08',NULL,NULL),(484,'Display Product Buy Now Button','PRODUCT_ALL_BUY_NOW','1300','Do you want to display the Product Buy Now Button<br /><br />0= off<br />1st digit Left or Right<br />2nd and 3rd digit Sort Order<br />4th digit number of breaks after<br />',23,3,NULL,'2010-10-17 08:24:08',NULL,NULL),(485,'Display Product Name','PRODUCT_ALL_LIST_NAME','2101','Do you want to display the Product Name?<br /><br />0= off<br />1st digit Left or Right<br />2nd and 3rd digit Sort Order<br />4th digit number of breaks after<br />',23,4,NULL,'2010-10-17 08:24:08',NULL,NULL),(486,'Display Product Model','PRODUCT_ALL_LIST_MODEL','2201','Do you want to display the Product Model?<br /><br />0= off<br />1st digit Left or Right<br />2nd and 3rd digit Sort Order<br />4th digit number of breaks after<br />',23,5,NULL,'2010-10-17 08:24:08',NULL,NULL),(487,'Display Product Manufacturer Name','PRODUCT_ALL_LIST_MANUFACTURER','2302','Do you want to display the Product Manufacturer Name?<br /><br />0= off<br />1st digit Left or Right<br />2nd and 3rd digit Sort Order<br />4th digit number of breaks after<br />',23,6,NULL,'2010-10-17 08:24:08',NULL,NULL),(488,'Display Product Price','PRODUCT_ALL_LIST_PRICE','2402','Do you want to display the Product Price<br /><br />0= off<br />1st digit Left or Right<br />2nd and 3rd digit Sort Order<br />4th digit number of breaks after<br />',23,7,NULL,'2010-10-17 08:24:08',NULL,NULL),(489,'Display Product Weight','PRODUCT_ALL_LIST_WEIGHT','2502','Do you want to display the Product Weight?<br /><br />0= off<br />1st digit Left or Right<br />2nd and 3rd digit Sort Order<br />4th digit number of breaks after<br />',23,8,NULL,'2010-10-17 08:24:08',NULL,NULL),(490,'Display Product Date Added','PRODUCT_ALL_LIST_DATE_ADDED','2601','Do you want to display the Product Date Added?<br /><br />0= off<br />1st digit Left or Right<br />2nd and 3rd digit Sort Order<br />4th digit number of breaks after<br />',23,9,NULL,'2010-10-17 08:24:08',NULL,NULL),(491,'Display Product Description','PRODUCT_ALL_LIST_DESCRIPTION','150','How many characters do you want to display of the Product Description?<br /><br />0= OFF<br />150= Suggested Length, or enter the maximum number of characters to display',23,10,NULL,'2010-10-17 08:24:08',NULL,NULL),(492,'Display Product Display - Default Sort Order','PRODUCT_ALL_LIST_SORT_DEFAULT','1','What Sort Order Default should be used for All Products Display?<br />Default= 1 for Product Name<br /><br />1= Products Name<br />2= Products Name Desc<br />3= Price low to high, Products Name<br />4= Price high to low, Products Name<br />5= Model<br />6= Date Added desc<br />7= Date Added<br />8= Product Sort Order',23,11,NULL,'2010-10-17 08:24:08',NULL,'zen_cfg_select_option(array(\'1\', \'2\', \'3\', \'4\', \'5\', \'6\', \'7\', \'8\'), '),(493,'Default Products All Group ID','PRODUCT_ALL_LIST_GROUP_ID','23','Warning: Only change this if your Products All Group ID has changed from the default of 23<br />What is the configuration_group_id for Products All Listings?',23,12,NULL,'2010-10-17 08:24:08',NULL,NULL),(494,'Display Multiple Products Qty Box Status and Set Button Location','PRODUCT_ALL_LISTING_MULTIPLE_ADD_TO_CART','3','Do you want to display Add Multiple Products Qty Box and Set Button Location?<br />0= off<br />1= Top<br />2= Bottom<br />3= Both',23,25,NULL,'2010-10-17 08:24:08',NULL,'zen_cfg_select_option(array(\'0\', \'1\', \'2\', \'3\'), '),(495,'Show New Products on Main Page','SHOW_PRODUCT_INFO_MAIN_NEW_PRODUCTS','0','Show New Products on Main Page<br />0= off or set the sort order',24,65,'2010-10-17 19:01:01','2010-10-17 08:24:08',NULL,'zen_cfg_select_option(array(\'0\', \'1\', \'2\', \'3\', \'4\'), '),(496,'Show Featured Products on Main Page','SHOW_PRODUCT_INFO_MAIN_FEATURED_PRODUCTS','1','Show Featured Products on Main Page<br />0= off or set the sort order',24,66,'2016-05-17 23:12:39','2010-10-17 08:24:08',NULL,'zen_cfg_select_option(array(\'0\', \'1\', \'2\', \'3\', \'4\'), '),(497,'Show Special Products on Main Page','SHOW_PRODUCT_INFO_MAIN_SPECIALS_PRODUCTS','0','Show Special Products on Main Page<br />0= off or set the sort order',24,67,'2010-10-17 19:01:27','2010-10-17 08:24:08',NULL,'zen_cfg_select_option(array(\'0\', \'1\', \'2\', \'3\', \'4\'), '),(498,'Show Upcoming Products on Main Page','SHOW_PRODUCT_INFO_MAIN_UPCOMING','0','Show Upcoming Products on Main Page<br />0= off or set the sort order',24,68,'2010-10-17 19:01:35','2010-10-17 08:24:08',NULL,'zen_cfg_select_option(array(\'0\', \'1\', \'2\', \'3\', \'4\'), '),(499,'Show New Products on Main Page - Category with SubCategories','SHOW_PRODUCT_INFO_CATEGORY_NEW_PRODUCTS','0','Show New Products on Main Page - Category with SubCategories<br />0= off or set the sort order',24,70,'2010-10-17 19:01:44','2010-10-17 08:24:08',NULL,'zen_cfg_select_option(array(\'0\', \'1\', \'2\', \'3\', \'4\'), '),(500,'Show Featured Products on Main Page - Category with SubCategories','SHOW_PRODUCT_INFO_CATEGORY_FEATURED_PRODUCTS','0','Show Featured Products on Main Page - Category with SubCategories<br />0= off or set the sort order',24,71,'2011-04-15 20:24:40','2010-10-17 08:24:08',NULL,'zen_cfg_select_option(array(\'0\', \'1\', \'2\', \'3\', \'4\'), '),(501,'Show Special Products on Main Page - Category with SubCategories','SHOW_PRODUCT_INFO_CATEGORY_SPECIALS_PRODUCTS','0','Show Special Products on Main Page - Category with SubCategories<br />0= off or set the sort order',24,72,'2010-10-17 19:02:05','2010-10-17 08:24:08',NULL,'zen_cfg_select_option(array(\'0\', \'1\', \'2\', \'3\', \'4\'), '),(502,'Show Upcoming Products on Main Page - Category with SubCategories','SHOW_PRODUCT_INFO_CATEGORY_UPCOMING','0','Show Upcoming Products on Main Page - Category with SubCategories<br />0= off or set the sort order',24,73,'2010-10-17 19:02:12','2010-10-17 08:24:08',NULL,'zen_cfg_select_option(array(\'0\', \'1\', \'2\', \'3\', \'4\'), '),(503,'Show New Products on Main Page - Errors and Missing Products Page','SHOW_PRODUCT_INFO_MISSING_NEW_PRODUCTS','0','Show New Products on Main Page - Errors and Missing Product<br />0= off or set the sort order',24,75,'2010-10-17 19:02:31','2010-10-17 08:24:08',NULL,'zen_cfg_select_option(array(\'0\', \'1\', \'2\', \'3\', \'4\'), '),(504,'Show Featured Products on Main Page - Errors and Missing Products Page','SHOW_PRODUCT_INFO_MISSING_FEATURED_PRODUCTS','0','Show Featured Products on Main Page - Errors and Missing Product<br />0= off or set the sort order',24,76,'2016-05-17 23:10:55','2010-10-17 08:24:08',NULL,'zen_cfg_select_option(array(\'0\', \'1\', \'2\', \'3\', \'4\'), '),(505,'Show Special Products on Main Page - Errors and Missing Products Page','SHOW_PRODUCT_INFO_MISSING_SPECIALS_PRODUCTS','0','Show Special Products on Main Page - Errors and Missing Product<br />0= off or set the sort order',24,77,'2010-10-17 19:02:47','2010-10-17 08:24:08',NULL,'zen_cfg_select_option(array(\'0\', \'1\', \'2\', \'3\', \'4\'), '),(506,'Show Upcoming Products on Main Page - Errors and Missing Products Page','SHOW_PRODUCT_INFO_MISSING_UPCOMING','0','Show Upcoming Products on Main Page - Errors and Missing Product<br />0= off or set the sort order',24,78,'2010-10-17 19:02:54','2010-10-17 08:24:08',NULL,'zen_cfg_select_option(array(\'0\', \'1\', \'2\', \'3\', \'4\'), '),(507,'Show New Products - below Product Listing','SHOW_PRODUCT_INFO_LISTING_BELOW_NEW_PRODUCTS','0','Show New Products below Product Listing<br />0= off or set the sort order',24,85,'2010-10-17 19:04:13','2010-10-17 08:24:08',NULL,'zen_cfg_select_option(array(\'0\', \'1\', \'2\', \'3\', \'4\'), '),(508,'Show Featured Products - below Product Listing','SHOW_PRODUCT_INFO_LISTING_BELOW_FEATURED_PRODUCTS','0','Show Featured Products below Product Listing<br />0= off or set the sort order',24,86,'2010-10-18 20:15:01','2010-10-17 08:24:08',NULL,'zen_cfg_select_option(array(\'0\', \'1\', \'2\', \'3\', \'4\'), '),(509,'Show Special Products - below Product Listing','SHOW_PRODUCT_INFO_LISTING_BELOW_SPECIALS_PRODUCTS','0','Show Special Products below Product Listing<br />0= off or set the sort order',24,87,'2016-05-17 23:11:04','2010-10-17 08:24:08',NULL,'zen_cfg_select_option(array(\'0\', \'1\', \'2\', \'3\', \'4\'), '),(510,'Show Upcoming Products - below Product Listing','SHOW_PRODUCT_INFO_LISTING_BELOW_UPCOMING','0','Show Upcoming Products below Product Listing<br />0= off or set the sort order',24,88,'2016-05-17 23:11:12','2010-10-17 08:24:08',NULL,'zen_cfg_select_option(array(\'0\', \'1\', \'2\', \'3\', \'4\'), '),(511,'New Products Columns per Row','SHOW_PRODUCT_INFO_COLUMNS_NEW_PRODUCTS','3','New Products Columns per Row',24,95,'2016-05-17 23:11:48','2010-10-17 08:24:08',NULL,'zen_cfg_select_option(array(\'1\', \'2\', \'3\', \'4\', \'5\', \'6\', \'7\', \'8\', \'9\', \'10\', \'11\', \'12\'), '),(512,'Featured Products Columns per Row','SHOW_PRODUCT_INFO_COLUMNS_FEATURED_PRODUCTS','2','Featured Products Columns per Row',24,96,'2010-10-17 19:00:52','2010-10-17 08:24:08',NULL,'zen_cfg_select_option(array(\'1\', \'2\', \'3\', \'4\', \'5\', \'6\', \'7\', \'8\', \'9\', \'10\', \'11\', \'12\'), '),(513,'Special Products Columns per Row','SHOW_PRODUCT_INFO_COLUMNS_SPECIALS_PRODUCTS','3','Special Products Columns per Row',24,97,NULL,'2010-10-17 08:24:08',NULL,'zen_cfg_select_option(array(\'1\', \'2\', \'3\', \'4\', \'5\', \'6\', \'7\', \'8\', \'9\', \'10\', \'11\', \'12\'), '),(514,'Filter Product Listing for Current Top Level Category When Enabled','SHOW_PRODUCT_INFO_ALL_PRODUCTS','1','Filter the products when Product Listing is enabled for current Main Category or show products from all categories?<br />0= Filter Off 1=Filter On ',24,100,NULL,'2010-10-17 08:24:08',NULL,'zen_cfg_select_option(array(\'0\', \'1\'), '),(515,'Define Main Page Status','DEFINE_MAIN_PAGE_STATUS','1','Enable the Defined Main Page Link/Text?<br />0= Link ON, Define Text OFF<br />1= Link ON, Define Text ON<br />2= Link OFF, Define Text ON<br />3= Link OFF, Define Text OFF',25,60,'2010-10-17 08:24:08','2010-10-17 08:24:08',NULL,'zen_cfg_select_option(array(\'0\', \'1\', \'2\', \'3\'),'),(516,'Define Contact Us Status','DEFINE_CONTACT_US_STATUS','1','Enable the Defined Contact Us Link/Text?<br />0= Link ON, Define Text OFF<br />1= Link ON, Define Text ON<br />2= Link OFF, Define Text ON<br />3= Link OFF, Define Text OFF',25,61,'2010-10-17 08:24:08','2010-10-17 08:24:08',NULL,'zen_cfg_select_option(array(\'0\', \'1\', \'2\', \'3\'),'),(517,'Define Privacy Status','DEFINE_PRIVACY_STATUS','1','Enable the Defined Privacy Link/Text?<br />0= Link ON, Define Text OFF<br />1= Link ON, Define Text ON<br />2= Link OFF, Define Text ON<br />3= Link OFF, Define Text OFF',25,62,'2010-10-17 08:24:08','2010-10-17 08:24:08',NULL,'zen_cfg_select_option(array(\'0\', \'1\', \'2\', \'3\'),'),(518,'Define Shipping & Returns','DEFINE_SHIPPINGINFO_STATUS','1','Enable the Defined Shipping & Returns Link/Text?<br />0= Link ON, Define Text OFF<br />1= Link ON, Define Text ON<br />2= Link OFF, Define Text ON<br />3= Link OFF, Define Text OFF',25,63,'2010-10-17 08:24:08','2010-10-17 08:24:08',NULL,'zen_cfg_select_option(array(\'0\', \'1\', \'2\', \'3\'),'),(519,'Define Conditions of Use','DEFINE_CONDITIONS_STATUS','2','Enable the Defined Conditions of Use Link/Text?<br />0= Link ON, Define Text OFF<br />1= Link ON, Define Text ON<br />2= Link OFF, Define Text ON<br />3= Link OFF, Define Text OFF',25,64,'2010-10-19 00:56:17','2010-10-17 08:24:08',NULL,'zen_cfg_select_option(array(\'0\', \'1\', \'2\', \'3\'),'),(520,'Define Checkout Success','DEFINE_CHECKOUT_SUCCESS_STATUS','1','Enable the Defined Checkout Success Link/Text?<br />0= Link ON, Define Text OFF<br />1= Link ON, Define Text ON<br />2= Link OFF, Define Text ON<br />3= Link OFF, Define Text OFF',25,65,'2010-10-17 08:24:08','2010-10-17 08:24:08',NULL,'zen_cfg_select_option(array(\'0\', \'1\', \'2\', \'3\'),'),(521,'Define Discount Coupon','DEFINE_DISCOUNT_COUPON_STATUS','1','Enable the Defined Discount Coupon Link/Text?<br />0= Link ON, Define Text OFF<br />1= Link ON, Define Text ON<br />2= Link OFF, Define Text ON<br />3= Link OFF, Define Text OFF',25,66,'2010-10-17 08:24:08','2010-10-17 08:24:08',NULL,'zen_cfg_select_option(array(\'0\', \'1\', \'2\', \'3\'),'),(522,'Define Site Map Status','DEFINE_SITE_MAP_STATUS','1','Enable the Defined Site Map Link/Text?<br />0= Link ON, Define Text OFF<br />1= Link ON, Define Text ON<br />2= Link OFF, Define Text ON<br />3= Link OFF, Define Text OFF',25,67,'2010-10-17 08:24:08','2010-10-17 08:24:08',NULL,'zen_cfg_select_option(array(\'0\', \'1\', \'2\', \'3\'),'),(523,'Define Page-Not-Found Status','DEFINE_PAGE_NOT_FOUND_STATUS','1','Enable the Defined Page-Not-Found Text from define-pages?<br />0= Define Text OFF<br />1= Define Text ON',25,67,'2010-10-17 08:24:08','2010-10-17 08:24:08',NULL,'zen_cfg_select_option(array(\'0\', \'1\'),'),(524,'Define Page 2','DEFINE_PAGE_2_STATUS','3','Enable the Defined Page 2 Link/Text?<br />0= Link ON, Define Text OFF<br />1= Link ON, Define Text ON<br />2= Link OFF, Define Text ON<br />3= Link OFF, Define Text OFF',25,82,'2010-10-19 01:23:09','2010-10-17 08:24:08',NULL,'zen_cfg_select_option(array(\'0\', \'1\', \'2\', \'3\'),'),(525,'Define Page 3','DEFINE_PAGE_3_STATUS','3','Enable the Defined Page 3 Link/Text?<br />0= Link ON, Define Text OFF<br />1= Link ON, Define Text ON<br />2= Link OFF, Define Text ON<br />3= Link OFF, Define Text OFF',25,83,'2010-10-19 01:23:16','2010-10-17 08:24:08',NULL,'zen_cfg_select_option(array(\'0\', \'1\', \'2\', \'3\'),'),(526,'Define Page 4','DEFINE_PAGE_4_STATUS','3','Enable the Defined Page 4 Link/Text?<br />0= Link ON, Define Text OFF<br />1= Link ON, Define Text ON<br />2= Link OFF, Define Text ON<br />3= Link OFF, Define Text OFF',25,84,'2010-10-19 01:23:26','2010-10-17 08:24:08',NULL,'zen_cfg_select_option(array(\'0\', \'1\', \'2\', \'3\'),'),(527,'EZ-Pages Display Status - HeaderBar','EZPAGES_STATUS_HEADER','0','Display of EZ-Pages content can be Globally enabled/disabled for the Header Bar<br />0 = Off<br />1 = On<br />2= On ADMIN IP ONLY located in Website Maintenance<br />NOTE: Warning only shows to the Admin and not to the public',30,10,'2011-04-03 08:12:26','2010-10-17 08:24:08',NULL,'zen_cfg_select_option(array(\'0\', \'1\', \'2\'), '),(528,'EZ-Pages Display Status - FooterBar','EZPAGES_STATUS_FOOTER','0','Display of EZ-Pages content can be Globally enabled/disabled for the Footer Bar<br />0 = Off<br />1 = On<br />2= On ADMIN IP ONLY located in Website Maintenance<br />NOTE: Warning only shows to the Admin and not to the public',30,11,'2011-04-03 08:12:18','2010-10-17 08:24:08',NULL,'zen_cfg_select_option(array(\'0\', \'1\', \'2\'), '),(529,'EZ-Pages Display Status - Sidebox','EZPAGES_STATUS_SIDEBOX','1','Display of EZ-Pages content can be Globally enabled/disabled for the Sidebox<br />0 = Off<br />1 = On<br />2= On ADMIN IP ONLY located in Website Maintenance<br />NOTE: Warning only shows to the Admin and not to the public',30,12,NULL,'2010-10-17 08:24:08',NULL,'zen_cfg_select_option(array(\'0\', \'1\', \'2\'), '),(530,'EZ-Pages Header Link Separator','EZPAGES_SEPARATOR_HEADER','&nbsp;::&nbsp;','EZ-Pages Header Link Separator<br />Default = &amp;nbsp;::&amp;nbsp;',30,20,NULL,'2010-10-17 08:24:08',NULL,'zen_cfg_textarea_small('),(531,'EZ-Pages Footer Link Separator','EZPAGES_SEPARATOR_FOOTER','&nbsp;::&nbsp;','EZ-Pages Footer Link Separator<br />Default = &amp;nbsp;::&amp;nbsp;',30,21,NULL,'2010-10-17 08:24:08',NULL,'zen_cfg_textarea_small('),(532,'EZ-Pages Prev/Next Buttons','EZPAGES_SHOW_PREV_NEXT_BUTTONS','2','Display Prev/Continue/Next buttons on EZ-Pages pages?<br />0=OFF (no buttons)<br />1=\"Continue\"<br />2=\"Prev/Continue/Next\"<br /><br />Default setting: 2.',30,30,NULL,'2010-10-17 08:24:08',NULL,'zen_cfg_select_option(array(\'0\', \'1\', \'2\'), '),(533,'EZ-Pages Table of Contents for Chapters Status','EZPAGES_SHOW_TABLE_CONTENTS','1','Enable EZ-Pages Table of Contents for Chapters?<br />0= OFF<br />1= ON',30,35,'2010-10-17 08:24:08','2010-10-17 08:24:08',NULL,'zen_cfg_select_option(array(\'0\', \'1\'),'),(534,'EZ-Pages Pages to disable headers','EZPAGES_DISABLE_HEADER_DISPLAY_LIST','','EZ-Pages \"pages\" on which to NOT display the normal \"header\" for your site.<br />Simply list page ID numbers separated by commas with no spaces.<br />Page ID numbers can be obtained from the EZ-Pages screen under Admin->Tools.<br />ie: 1,5,2<br />or leave blank.',30,40,NULL,'2010-10-17 08:24:08',NULL,'zen_cfg_textarea_small('),(535,'EZ-Pages Pages to disable footers','EZPAGES_DISABLE_FOOTER_DISPLAY_LIST','','EZ-Pages \"pages\" on which to NOT display the normal \"footer\" for your site.<br />Simply list page ID numbers separated by commas with no spaces.<br />Page ID numbers can be obtained from the EZ-Pages screen under Admin->Tools.<br />ie: 3,7<br />or leave blank.',30,41,NULL,'2010-10-17 08:24:08',NULL,'zen_cfg_textarea_small('),(536,'EZ-Pages Pages to disable left-column','EZPAGES_DISABLE_LEFTCOLUMN_DISPLAY_LIST','','EZ-Pages \"pages\" on which to NOT display the normal \"left\" column (of sideboxes) for your site.<br />Simply list page ID numbers separated by commas with no spaces.<br />Page ID numbers can be obtained from the EZ-Pages screen under Admin->Tools.<br />ie: 21<br />or leave blank.',30,42,NULL,'2010-10-17 08:24:08',NULL,'zen_cfg_textarea_small('),(537,'EZ-Pages Pages to disable right-column','EZPAGES_DISABLE_RIGHTCOLUMN_DISPLAY_LIST','','EZ-Pages \"pages\" on which to NOT display the normal \"right\" column (of sideboxes) for your site.<br />Simply list page ID numbers separated by commas with no spaces.<br />Page ID numbers can be obtained from the EZ-Pages screen under Admin->Tools.<br />ie: 3,82,13<br />or leave blank.',30,43,NULL,'2010-10-17 08:24:08',NULL,'zen_cfg_textarea_small('),(538,'Show Languages in Header?','HEADER_LANGUAGES_DISPLAY','True','Display the Languages flags/links in Header?',19,170,NULL,'2010-10-17 22:17:06',NULL,'zen_cfg_select_option(array(\'True\', \'False\'), '),(539,'Show Currencies in Header?','HEADER_CURRENCIES_DISPLAY','True','Display the Currencies symbols/links in Header?',19,171,NULL,'2010-10-17 22:17:06',NULL,'zen_cfg_select_option(array(\'True\', \'False\'), '),(600,'Shipping Zone','MODULE_SHIPPING_UPS_ZONE','0','If a zone is selected, only enable this shipping method for that zone.',6,0,NULL,'2010-10-25 07:38:29','zen_get_zone_class_title','zen_cfg_pull_down_zone_classes('),(601,'Sort order of display.','MODULE_SHIPPING_UPS_SORT_ORDER','0','Sort order of display. Lowest is displayed first.',6,0,NULL,'2010-10-25 07:38:29',NULL,NULL),(602,'Shipping Methods: <br />Nxt AM, Nxt AM Ltr, Nxt, Nxt Ltr, Nxt PR, Nxt Save, Nxt Save Ltr, 2nd AM, 2nd AM Ltr, 2nd, 2nd Ltr, 3 Day Select, Ground, Canada,World Xp, World Xp Ltr, World Xp Plus, World Xp Plus Ltr, World Expedite, WorldWideSaver','MODULE_SHIPPING_UPS_TYPES','1DA, 2DA, GND, STD, XPR, XPD, WXS','Select the UPS services to be offered.',6,13,NULL,'2010-10-25 07:38:29',NULL,'zen_cfg_select_multioption(array(\'1DM\',\'1DML\', \'1DA\', \'1DAL\', \'1DAPI\', \'1DP\', \'1DPL\', \'2DM\', \'2DML\', \'2DA\', \'2DAL\', \'3DS\',\'GND\', \'STD\', \'XPR\', \'XPRL\', \'XDM\', \'XDML\', \'XPD\', \'WXS\'), '),(598,'Tax Class','MODULE_SHIPPING_UPS_TAX_CLASS','0','Use the following tax class on the shipping fee.',6,0,NULL,'2010-10-25 07:38:29','zen_get_tax_class_title','zen_cfg_pull_down_tax_classes('),(599,'Tax Basis','MODULE_SHIPPING_UPS_TAX_BASIS','Shipping','On what basis is Shipping Tax calculated. Options are<br />Shipping - Based on customers Shipping Address<br />Billing Based on customers Billing address<br />Store - Based on Store address if Billing/Shipping Zone equals Store zone',6,0,NULL,'2010-10-25 07:38:29',NULL,'zen_cfg_select_option(array(\'Shipping\', \'Billing\', \'Store\'), '),(592,'Enable UPS Shipping','MODULE_SHIPPING_UPS_STATUS','True','Do you want to offer UPS shipping?',6,0,NULL,'2010-10-25 07:38:29',NULL,'zen_cfg_select_option(array(\'True\', \'False\'), '),(593,'UPS Pickup Method','MODULE_SHIPPING_UPS_PICKUP','RDP','How do you give packages to UPS? CC - Customer Counter, RDP - Daily Pickup, OTP - One Time Pickup, LC - Letter Center, OCA - On Call Air',6,0,NULL,'2010-10-25 07:38:29',NULL,NULL),(594,'UPS Packaging?','MODULE_SHIPPING_UPS_PACKAGE','CP','CP - Your Packaging, ULE - UPS Letter, UT - UPS Tube, UBE - UPS Express Box',6,0,NULL,'2010-10-25 07:38:29',NULL,NULL),(595,'Residential Delivery?','MODULE_SHIPPING_UPS_RES','RES','Quote for Residential (RES) or Commercial Delivery (COM)',6,0,NULL,'2010-10-25 07:38:29',NULL,NULL),(596,'Handling Fee','MODULE_SHIPPING_UPS_HANDLING','20','Handling fee for this shipping method.',6,0,NULL,'2010-10-25 07:38:29',NULL,NULL),(597,'Handling Per Order or Per Box','MODULE_SHIPPING_UPS_HANDLING_METHOD','Box','Do you want to charge Handling Fee Per Order or Per Box?',6,0,NULL,'2010-10-25 07:38:29',NULL,'zen_cfg_select_option(array(\'Order\', \'Box\'), '),(634,'Express Checkout: Skip Payment Page','MODULE_PAYMENT_PAYPALWPP_SKIP_PAYMENT_PAGE','Yes','If the customer is checking out with Express Checkout, do you want to skip the checkout payment page, making things more *express*? <br /><strong>(NOTE: The Payment Page will auto-display regardless of this setting if you have Coupons or Gift Certificates enabled in your store.)</strong>',6,25,NULL,'2013-11-19 17:31:18',NULL,'zen_cfg_select_option(array(\'Yes\', \'No\'), '),(629,'Enable this Payment Module','MODULE_PAYMENT_PAYPALWPP_STATUS','True','Do you want to enable this payment module?',6,25,NULL,'2013-11-19 17:31:18',NULL,'zen_cfg_select_option(array(\'True\', \'False\'), '),(630,'Live or Sandbox','MODULE_PAYMENT_PAYPALWPP_SERVER','live','<strong>Live: </strong> Used to process Live transactions<br><strong>Sandbox: </strong>For developers and testing',6,25,NULL,'2013-11-19 17:31:18',NULL,'zen_cfg_select_option(array(\'live\', \'sandbox\'), '),(631,'Express Checkout Shortcut Button','MODULE_PAYMENT_PAYPALWPP_ECS_BUTTON','On','The Express Checkout Shortcut button shows up on your shopping cart page to invite your customers to pay using PayPal without having to give all their address details on your site first before selecting shipping options.<br />It has been shown to increase sales and conversions when enabled.<br />Default: On ',6,25,NULL,'2013-11-19 17:31:18',NULL,'zen_cfg_select_option(array(\'On\', \'Off\'), '),(632,'Express Checkout: Require Confirmed Address','MODULE_PAYMENT_PAYPALWPP_CONFIRMED_ADDRESS','No','Do you want to require that your (not-logged-in) customers use a *confirmed* address when choosing their shipping address in PayPal?<br />(this is ignored for logged-in customers)',6,25,NULL,'2013-11-19 17:31:18',NULL,'zen_cfg_select_option(array(\'Yes\', \'No\'), '),(603,'Use root path for cookie path','SESSION_USE_ROOT_COOKIE_PATH','False','Normally Zen Cart will use the directory that a store resides in as the cookie path. This can cause problems with some servers. This setting allows you to set the cookie path to the root of the server, rather than the store directory. It should only be used if you have problems with sessions. <strong>Default Value = False</strong><br /><br /><strong>Changing this setting may mean you have problems logging into your admin, you should clear your browser cookies to overcome this.</strong>',15,999,NULL,'0001-01-01 00:00:00',NULL,'zen_cfg_select_option(array(\'True\', \'False\'), '),(604,'Add period prefix to cookie domain','SESSION_ADD_PERIOD_PREFIX','True','Normally Zen Cart will add a period prefix to the cookie domain, e.g.  .www.mydomain.com. This can sometimes cause problems with some server configurations. If you are having session problems you may want to try setting this to False. <strong>Default Value = True</strong>',15,999,NULL,'0001-01-01 00:00:00',NULL,'zen_cfg_select_option(array(\'True\', \'False\'), '),(605,'Enable/Disable URI Mapping','CEON_URI_MAPPING_ENABLED','1','If enabled, any Categories/Products/Manufacturers/EZ-Pages/other pages which have a static URI Mapping specified for them in the database will use those static URIs instead of the standard Zen Cart dynamically-built URIs.<br /><br />0 = off <br />1 = on',31,1,'2018-01-12 21:17:44','2010-11-04 19:54:03',NULL,'zen_cfg_select_option(array(\'0\', \'1\'), '),(642,'Payment Action','MODULE_PAYMENT_PAYPALWPP_TRANSACTION_MODE','Final Sale','How do you want to obtain payment?<br /><strong>Default: Final Sale</strong>',6,25,NULL,'2013-11-19 17:31:18',NULL,'zen_cfg_select_option(array(\'Auth Only\', \'Final Sale\'), '),(643,'Transaction Currency','MODULE_PAYMENT_PAYPALWPP_CURRENCY','Only USD','Which currency should the order be sent to PayPal as? <br />NOTE: if an unsupported currency is sent to PayPal, it will be auto-converted to USD (or GBP if using UK account)<br /><strong>Default: Selected Currency</strong>',6,25,NULL,'2013-11-19 17:31:18',NULL,'zen_cfg_select_option(array(\'Selected Currency\', \'Only USD\', \'Only AUD\', \'Only CAD\', \'Only EUR\', \'Only GBP\', \'Only CHF\', \'Only CZK\', \'Only DKK\', \'Only HKD\', \'Only HUF\', \'Only JPY\', \'Only NOK\', \'Only NZD\', \'Only PLN\', \'Only SEK\', \'Only SGD\', \'Only THB\', \'Only MXN\', \'Only ILS\', \'Only PHP\', \'Only TWD\', \'Only BRL\', \'Only MYR\'), '),(644,'Fraud Mgmt Filters - FMF','MODULE_PAYMENT_PAYPALWPP_EC_RETURN_FMF_DETAILS','No','If you have enabled FMF support in your PayPal account and wish to utilize it in your transactions, set this to yes. Otherwise, leave it at No.',6,25,NULL,'2013-11-19 17:31:18',NULL,'zen_cfg_select_option(array(\'No\', \'Yes\'), '),(645,'API Signature -- Username','MODULE_PAYMENT_PAYPALWPP_APIUSERNAME','wayne_api1.aaasurvival.com','The API Username from your PayPal API Signature settings under *API Access*. This value typically looks like an email address and is case-sensitive.',6,25,NULL,'2013-11-19 17:31:18',NULL,NULL),(646,'API Signature -- Password','MODULE_PAYMENT_PAYPALWPP_APIPASSWORD','6L9LJ6UY67BGFMMS','The API Password from your PayPal API Signature settings under *API Access*. This value is a 16-character code and is case-sensitive.',6,25,NULL,'2013-11-19 17:31:18','zen_cfg_password_display','zen_cfg_password_input('),(647,'API Signature -- Signature Code','MODULE_PAYMENT_PAYPALWPP_APISIGNATURE','AXGraZ1BScETaLXIxgP3-HUfLxu7AyzoBNzIZgL91k.3LbsBX8Uqingv','The API Signature from your PayPal API Signature settings under *API Access*. This value is a 56-character code, and is case-sensitive.',6,25,NULL,'2013-11-19 17:31:18','zen_cfg_password_display',''),(648,'PAYFLOW: User','MODULE_PAYMENT_PAYPALWPP_PFUSER','','If you set up one or more additional users on the account, this value is the ID of the user authorized to process transactions. Otherwise it should be the same value as VENDOR. This value is case-sensitive.',6,25,NULL,'2013-11-19 17:31:18',NULL,NULL),(649,'PAYFLOW: Partner','MODULE_PAYMENT_PAYPALWPP_PFPARTNER','ZenCart','Your Payflow Partner name linked to your Payflow account. This value is case-sensitive.<br />Typical values: <strong>PayPal</strong> or <strong>ZenCart</strong>',6,25,NULL,'2013-11-19 17:31:18',NULL,NULL),(650,'PAYFLOW: Vendor','MODULE_PAYMENT_PAYPALWPP_PFVENDOR','','Your merchant login ID that you created when you registered for the Payflow Pro account. This value is case-sensitive.',6,25,NULL,'2013-11-19 17:31:18',NULL,NULL),(651,'PAYFLOW: Password','MODULE_PAYMENT_PAYPALWPP_PFPASSWORD','','The 6- to 32-character password that you defined while registering for the account. This value is case-sensitive.',6,25,NULL,'2013-11-19 17:31:18','zen_cfg_password_display','zen_cfg_password_input('),(652,'PayPal Mode','MODULE_PAYMENT_PAYPALWPP_MODULE_MODE','PayPal','Which PayPal API system should be used for processing? <br /><u>Choices:</u><br /><font color=green>For choice #1, you need to supply <strong>API Settings</strong> above.</font><br /><strong>1. PayPal</strong> = Express Checkout with a regular PayPal account<br />or<br /><font color=green>for choices 2 &amp; 3 you need to supply <strong>PAYFLOW settings</strong>, below (and have a Payflow account)</font><br /><strong>2. Payflow-UK</strong> = Website Payments Pro UK Payflow Edition<br /><strong>3. Payflow-US</strong> = Payflow Pro Gateway only<!--<br /><strong>4. PayflowUS+EC</strong> = Payflow Pro with Express Checkout-->',6,25,NULL,'2013-11-19 17:31:18',NULL,'zen_cfg_select_option(array(\'PayPal\', \'Payflow-UK\', \'Payflow-US\'), '),(653,'Debug Mode','MODULE_PAYMENT_PAYPALWPP_DEBUGGING','Log and Email','Would you like to enable debug mode?  A complete detailed log of failed transactions will be emailed to the store owner.',6,25,NULL,'2013-11-19 17:31:18',NULL,'zen_cfg_select_option(array(\'Off\', \'Alerts Only\', \'Log File\', \'Log and Email\'), '),(654,'Enable this Payment Module','MODULE_PAYMENT_PAYPALDP_STATUS','True','Do you want to enable this payment module?',6,25,NULL,'2013-11-19 17:33:58',NULL,'zen_cfg_select_option(array(\'True\', \'False\'), '),(655,'Live or Sandbox','MODULE_PAYMENT_PAYPALDP_SERVER','live','<strong>Live: </strong> Used to process Live transactions<br><strong>Sandbox: </strong>For developers and testing',6,25,NULL,'2013-11-19 17:33:58',NULL,'zen_cfg_select_option(array(\'live\', \'sandbox\'), '),(656,'Sort order of display.','MODULE_PAYMENT_PAYPALDP_SORT_ORDER','0','Sort order of display. Lowest is displayed first.',6,25,NULL,'2013-11-19 17:33:58',NULL,NULL),(657,'Payment Zone','MODULE_PAYMENT_PAYPALDP_ZONE','0','If a zone is selected, only enable this payment method for that zone.',6,25,NULL,'2013-11-19 17:33:58','zen_get_zone_class_title','zen_cfg_pull_down_zone_classes('),(658,'Set Order Status','MODULE_PAYMENT_PAYPALDP_ORDER_STATUS_ID','2','Set the status of orders paid with this payment module to this value. <br /><strong>Recommended: Processing[2]</strong>',6,25,NULL,'2013-11-19 17:33:58','zen_get_order_status_name','zen_cfg_pull_down_order_statuses('),(659,'Set Unpaid Order Status','MODULE_PAYMENT_PAYPALDP_ORDER_PENDING_STATUS_ID','1','Set the status of unpaid orders made with this payment module to this value. <br /><strong>Recommended: Pending[1]</strong>',6,25,NULL,'2013-11-19 17:33:58','zen_get_order_status_name','zen_cfg_pull_down_order_statuses('),(660,'Set Refund Order Status','MODULE_PAYMENT_PAYPALDP_REFUNDED_STATUS_ID','1','Set the status of refunded orders to this value. <br /><strong>Recommended: Pending[1]</strong>',6,25,NULL,'2013-11-19 17:33:58','zen_get_order_status_name','zen_cfg_pull_down_order_statuses('),(661,'Payment Action','MODULE_PAYMENT_PAYPALDP_TRANSACTION_MODE','Final Sale','How do you want to obtain payment?<br /><strong>Default: Final Sale</strong>',6,25,NULL,'2013-11-19 17:33:58',NULL,'zen_cfg_select_option(array(\'Auth Only\', \'Final Sale\'), '),(662,'Transaction Currency','MODULE_PAYMENT_PAYPALDP_CURRENCY','Only USD','Which currency should the order be sent to PayPal as? <br />NOTE: if an unsupported currency is sent to PayPal, it will be auto-converted to USD (or GBP if using UK account)<br /><strong>Default: Selected Currency</strong>',6,25,NULL,'2013-11-19 17:33:58',NULL,'zen_cfg_select_option(array(\'Selected Currency\', \'Only USD\', \'Only AUD\', \'Only CAD\', \'Only EUR\', \'Only GBP\', \'Only CHF\', \'Only CZK\', \'Only DKK\', \'Only HKD\', \'Only HUF\', \'Only JPY\', \'Only NOK\', \'Only NZD\', \'Only PLN\', \'Only SEK\', \'Only SGD\'), '),(663,'Fraud Mgmt Filters - FMF','MODULE_PAYMENT_PAYPALDP_EC_RETURN_FMF_DETAILS','No','If you have enabled FMF support in your PayPal account and wish to utilize it in your transactions, set this to yes. Otherwise, leave it at No.',6,25,NULL,'2013-11-19 17:33:58',NULL,'zen_cfg_select_option(array(\'No\', \'Yes\'), '),(664,'Merchant Country','MODULE_PAYMENT_PAYPALDP_MERCHANT_COUNTRY','USA','Which country is your PayPal Account registered to? <br /><u>Choices:</u><br /><font color=green>You will need to supply <strong>API Settings</strong> in the Express Checkout module.</font><br /><strong>USA and Canada merchants</strong> need PayPal API credentials and a Website Payments Pro account.<br /><strong>UK merchants</strong> need to supply <strong>PAYFLOW settings</strong> (and have a Payflow account)',6,25,NULL,'2013-11-19 17:33:58',NULL,'zen_cfg_select_option(array(\'USA\', \'UK\', \'Canada\'), '),(665,'Debug Mode','MODULE_PAYMENT_PAYPALDP_DEBUGGING','Off','Would you like to enable debug mode?  A complete detailed log of failed transactions will be emailed to the store owner.',6,25,NULL,'2013-11-19 17:33:58',NULL,'zen_cfg_select_option(array(\'Off\', \'Alerts Only\', \'Log File\', \'Log and Email\'), '),(666,'Cardinal Processor ID','MODULE_PAYMENT_PAYPALDP_CARDINAL_PROCESSOR','134-01','The processor ID for the Cardinal Centinel service. ',6,25,NULL,'2013-11-19 17:33:58',NULL,NULL),(667,'Cardinal Merchant ID','MODULE_PAYMENT_PAYPALDP_CARDINAL_MERCHANT','enter value','The merchant ID for the Cardinal Centinel service. ',6,25,NULL,'2013-11-19 17:33:58',NULL,NULL),(668,'Cardinal Transaction Password','MODULE_PAYMENT_PAYPALDP_CARDINAL_PASSWORD','','Enter your Cardinal Transaction Password from your Cardinal Merchant Admin console. This is used to secure and verify that the transaction originated from your store legitimately.',6,25,NULL,'2013-11-19 17:33:58','zen_cfg_password_display','zen_cfg_password_input('),(669,'Only Accept Chargeback-Protected Orders via Cardinal?','MODULE_PAYMENT_PAYPALDP_CARDINAL_AUTHENTICATE_REQ','No','Only proceed with authorization when the Cardinal authentication result provides chargeback protection? ',6,25,NULL,'2013-11-19 17:33:58',NULL,'zen_cfg_select_option(array(\'Yes\', \'No\'), '),(670,'Uploads Directory','EASYPOPULATE_CONFIG_TEMP_DIR','temp/','Name of directory for your uploads (default: temp/).',32,0,NULL,'2016-07-12 21:21:39',NULL,NULL),(671,'Upload File Date Format','EASYPOPULATE_CONFIG_FILE_DATE_FORMAT','m-d-y','Choose order of date values that corresponds to your uploads file, usually generated by MS Excel. Raw dates in your uploads file (Eg 2005-09-26 09:00:00) are not affected, and will upload as they are.',32,1,NULL,'2016-07-12 21:21:39',NULL,'zen_cfg_select_option(array(\"m-d-y\", \"d-m-y\", \"y-m-d\"),'),(672,'Default Raw Time','EASYPOPULATE_CONFIG_DEFAULT_RAW_TIME','09:00:00','If no time value stipulated in upload file, use this value. Useful for ensuring specials begin after a specific time of the day (default: 09:00:00)',32,2,NULL,'2016-07-12 21:21:39',NULL,NULL),(673,'Split File On # Records','EASYPOPULATE_CONFIG_SPLIT_MAX','300','Default number of records for split-file uploads. Used to avoid timeouts on large uploads (default: 300).',32,3,NULL,'2016-07-12 21:21:39',NULL,NULL),(674,'Maximum Category Depth','EASYPOPULATE_CONFIG_MAX_CATEGORY_LEVELS','7','Maximum depth of categories required for your store. Is the number of category columns in downloaded file (default: 7).',32,4,NULL,'2016-07-12 21:21:39',NULL,NULL),(675,'Upload/Download Prices Include Tax','EASYPOPULATE_CONFIG_PRICE_INC_TAX','false','Choose to include or exclude tax, depending on how you manage prices outside of Zen Cart.',32,5,NULL,'2016-07-12 21:21:39',NULL,'zen_cfg_select_option(array(\"true\", \"false\"),'),(676,'Make Zero Qty Products Inactive','EASYPOPULATE_CONFIG_ZERO_QTY_INACTIVE','false','When uploading, make the status Inactive for products with zero qty (default: false).',32,6,NULL,'2016-07-12 21:21:39',NULL,'zen_cfg_select_option(array(\"true\", \"false\"),'),(677,'Smart Tags Replacement of Newlines','EASYPOPULATE_CONFIG_SMART_TAGS','true','Allows your description fields in your uploads file to have carriage returns and/or new-lines converted to HTML line-breaks on uploading, thus preserving some rudimentary formatting (default: true).',32,7,NULL,'2016-07-12 21:21:39',NULL,'zen_cfg_select_option(array(\"true\", \"false\"),'),(678,'Advanced Smart Tags','EASYPOPULATE_CONFIG_ADV_SMART_TAGS','false','Allow the use of complex regular expressions to format descriptions, making headings bold, add bullets, etc. Configuration is in ADMIN/easypopulate.php (default: false).',32,8,NULL,'2016-07-12 21:21:39',NULL,'zen_cfg_select_option(array(\"true\", \"false\"),'),(679,'Debug Logging','EASYPOPULATE_CONFIG_DEBUG_LOGGING','true','Allow Easy Populate to generate an error log on errors only (default: true)',32,9,NULL,'2016-07-12 21:21:39',NULL,'zen_cfg_select_option(array(\"true\", \"false\"),');

--
-- Table structure for table `zen_configuration_group`
--

CREATE TABLE `zen_configuration_group` (
  `configuration_group_id` int(11) NOT NULL AUTO_INCREMENT,
  `configuration_group_title` varchar(64) COLLATE utf8_unicode_ci NOT NULL DEFAULT '',
  `configuration_group_description` varchar(255) COLLATE utf8_unicode_ci NOT NULL DEFAULT '',
  `sort_order` int(5) DEFAULT NULL,
  `visible` int(1) DEFAULT '1',
  PRIMARY KEY (`configuration_group_id`),
  KEY `idx_visible_zen` (`visible`)
) ENGINE=MyISAM AUTO_INCREMENT=33 DEFAULT CHARSET=utf8 COLLATE=utf8_unicode_ci;

--
-- Dumping data for table `zen_configuration_group`
--

INSERT INTO `zen_configuration_group` VALUES (1,'My Store','General information about my store',1,1),(2,'Minimum Values','The minimum values for functions / data',2,1),(3,'Maximum Values','The maximum values for functions / data',3,1),(4,'Images','Image parameters',4,1),(5,'Customer Details','Customer account configuration',5,1),(6,'Module Options','Hidden from configuration',6,0),(7,'Shipping/Packaging','Shipping options available at my store',7,1),(8,'Product Listing','Product Listing configuration options',8,1),(9,'Stock','Stock configuration options',9,1),(10,'Logging','Logging configuration options',10,1),(11,'Regulations','Regulation options',16,1),(12,'E-Mail Options','General settings for E-Mail transport and HTML E-Mails',12,1),(13,'Attribute Settings','Configure products attributes settings',13,1),(14,'GZip Compression','GZip compression options',14,1),(15,'Sessions','Session options',15,1),(16,'GV Coupons','Gift Vouchers and Coupons',16,1),(17,'Credit Cards','Credit Cards Accepted',17,1),(18,'Product Info','Product Info Display Options',18,1),(19,'Layout Settings','Layout Options',19,1),(20,'Website Maintenance','Website Maintenance Options',20,1),(21,'New Listing','New Products Listing',21,1),(22,'Featured Listing','Featured Products Listing',22,1),(23,'All Listing','All Products Listing',23,1),(24,'Index Listing','Index Products Listing',24,1),(25,'Define Page Status','Define Main Pages and HTMLArea Options',25,1),(30,'EZ-Pages Settings','EZ-Pages Settings',30,1),(31,'Ceon URI Mapping (SEO)','Set Ceon URI Mapping (SEO) Options',31,1),(32,'Easy Populate','Config options for Easy Populate',32,1);

--
-- Table structure for table `zen_counter`
--

CREATE TABLE `zen_counter` (
  `startdate` char(8) COLLATE utf8_unicode_ci DEFAULT NULL,
  `counter` int(12) DEFAULT NULL
) ENGINE=MyISAM DEFAULT CHARSET=utf8 COLLATE=utf8_unicode_ci;

--
-- Dumping data for table `zen_counter`
--

INSERT INTO `zen_counter` VALUES ('20101017',441619);

--
-- Table structure for table `zen_counter_history`
--

CREATE TABLE `zen_counter_history` (
  `startdate` char(8) COLLATE utf8_unicode_ci NOT NULL DEFAULT '',
  `counter` int(12) DEFAULT NULL,
  `session_counter` int(12) DEFAULT NULL,
  PRIMARY KEY (`startdate`)
) ENGINE=MyISAM DEFAULT CHARSET=utf8 COLLATE=utf8_unicode_ci;

--
-- Dumping data for table `zen_counter_history`
--

INSERT INTO `zen_counter_history` VALUES ('20101017',134,14),('20101018',238,14),('20101019',250,16),('20101020',77,18),('20101021',1790,43),('20101022',126,18),('20101023',5051,33),('20101024',319,21),('20101025',107,19),('20101026',40,26),('20101027',29,21),('20101028',99,35),('20101029',120,27),('20101030',180,32),('20101031',72,19),('20101101',142,29),('20101102',68,24),('20101103',18,17),('20101104',133,21),('20101105',141,25),('20101106',60,32),('20101107',95,26),('20101108',20,20),('20101109',36,25),('20101110',22,22),('20101111',21,17),('20101112',81,26),('20101113',270,44),('20101114',159,31),('20101115',221,32),('20101116',171,33),('20101117',109,34),('20101118',164,28),('20101119',108,19),('20101120',12,11),('20101121',28,10),('20101122',79,15),('20101123',54,36),('20101124',67,15),('20101125',380,31),('20101126',98,15),('20101127',38,11),('20101128',145,8),('20101129',27,18),('20101130',26,9),('20101201',47,16),('20101202',33,9),('20101203',30,9),('20101204',8,6),('20101206',44,8),('20101207',8,7),('20101208',26,7),('20101209',122,21),('20101210',17,7),('20101211',4,4),('20101212',8,8),('20101213',12,6),('20101214',147,22),('20101215',52,21),('20101216',23,18),('20101217',45,21),('20101218',80,15),('20101219',64,14),('20101220',12,11),('20101221',12,10),('20101222',9,9),('20101223',136,29),('20101224',111,13),('20101225',7,7),('20101226',20,10),('20101227',68,21),('20101228',23,18),('20101229',47,22),('20101230',33,11),('20101231',38,7),('20110101',16,7),('20110102',17,11),('20110103',13,11),('20110104',6,6),('20110105',12,10),('20110106',11,9),('20110107',13,13),('20110108',12,10),('20110109',10,9),('20110110',107,15),('20110111',21,13),('20110112',28,10),('20110113',18,12),('20110114',32,13),('20110115',37,11),('20110116',19,9),('20110117',74,14),('20110118',30,11),('20110119',26,6),('20110120',110,16),('20110121',13,6),('20110122',13,12),('20110123',15,8),('20110124',59,8),('20110125',30,9),('20110126',46,10),('20110127',48,19),('20110128',39,34),('20110129',12,12),('20110130',10,5),('20110131',17,11),('20110201',4,4),('20110202',5,5),('20110203',10,8),('20110204',8,5),('20110205',4,4),('20110206',11,6),('20110207',8,8),('20110208',30,13),('20110209',34,9),('20110210',18,8),('20110211',142,14),('20110212',4,3),('20110213',68,9),('20110214',65,22),('20110215',50,13),('20110216',48,17),('20110217',58,20),('20110218',26,16),('20110219',134,15),('20110220',35,21),('20110221',118,13),('20110222',49,17),('20110223',54,17),('20110224',77,15),('20110225',20,12),('20110226',130,24),('20110227',24,10),('20110228',29,15),('20110301',31,17),('20110302',71,25),('20110303',112,18),('20110304',38,20),('20110305',48,13),('20110306',14,10),('20110307',18,11),('20110308',109,12),('20110309',126,26),('20110310',8,7),('20110311',71,19),('20110312',42,23),('20110313',146,25),('20110314',80,27),('20110315',214,40),('20110316',100,33),('20110317',64,24),('20110318',11,9),('20110319',29,23),('20110320',19,8),('20110321',21,13),('20110322',51,18),('20110323',36,16),('20110324',18,7),('20110325',69,27),('20110326',97,15),('20110327',13,9),('20110328',53,21),('20110329',29,13),('20110330',148,22),('20110331',143,47),('20110401',70,20),('20110402',293,17),('20110403',214,25),('20110404',150,24),('20110405',149,35),('20110406',226,28),('20110407',398,42),('20110408',100,27),('20110409',372,23),('20110410',220,27),('20110411',18,12),('20110412',242,32),('20110413',216,18),('20110414',189,29),('20110415',282,25),('20110416',68,20),('20110417',12,7),('20110418',39,7),('20110419',89,30),('20110420',49,22),('20110421',40,14),('20110422',24,11),('20110423',77,8),('20110424',59,21),('20110425',98,23),('20110426',129,27),('20110427',67,17),('20110428',77,24),('20110429',44,23),('20110430',234,47),('20110501',129,29),('20110502',135,30),('20110503',71,32),('20110504',89,33),('20110505',147,43),('20110506',64,36),('20110507',86,27),('20110508',60,30),('20110509',242,41),('20110510',118,35),('20110511',150,47),('20110512',185,47),('20110513',124,44),('20110514',191,61),('20110515',80,31),('20110516',85,32),('20110517',141,32),('20110518',208,37),('20110519',116,40),('20110520',102,29),('20110521',163,29),('20110522',105,33),('20110523',152,52),('20110524',109,45),('20110525',326,51),('20110526',67,27),('20110527',150,30),('20110528',99,27),('20110529',103,26),('20110530',98,33),('20110531',145,41),('20110601',104,44),('20110602',148,26),('20110603',92,25),('20110604',55,24),('20110605',24,13),('20110606',177,39),('20110607',123,48),('20110608',216,36),('20110609',66,25),('20110610',63,23),('20110611',90,33),('20110612',353,30),('20110613',135,27),('20110614',112,39),('20110615',120,45),('20110616',57,32),('20110617',121,47),('20110618',104,40),('20110619',97,22),('20110620',161,56),('20110621',188,68),('20110622',103,36),('20110623',112,42),('20110624',103,37),('20110625',114,39),('20110626',67,24),('20110627',108,38),('20110628',175,50),('20110629',116,39),('20110630',94,34),('20110701',113,40),('20110702',83,24),('20110703',66,29),('20110704',95,50),('20110705',137,44),('20110706',129,52),('20110707',123,42),('20110708',244,42),('20110709',42,19),('20110710',180,62),('20110711',95,43),('20110712',158,59),('20110713',224,48),('20110714',138,53),('20110715',82,41),('20110716',141,39),('20110717',194,53),('20110718',150,38),('20110719',137,57),('20110720',138,52),('20110721',176,60),('20110722',76,55),('20110723',95,32),('20110724',70,32),('20110725',151,59),('20110726',143,58),('20110727',224,69),('20110728',166,53),('20110729',135,59),('20110730',215,46),('20110731',154,58),('20110801',97,45),('20110802',177,55),('20110803',171,49),('20110804',227,56),('20110805',210,43),('20110806',118,49),('20110807',96,31),('20110808',188,68),('20110809',213,82),('20110810',279,62),('20110811',290,76),('20110812',210,61),('20110813',182,47),('20110814',51,33),('20110815',143,52),('20110816',224,81),('20110817',104,48),('20110818',93,38),('20110819',100,39),('20110820',48,26),('20110821',84,34),('20110822',120,57),('20110823',223,62),('20110824',164,48),('20110825',119,48),('20110826',101,36),('20110827',91,30),('20110828',77,28),('20110829',169,62),('20110830',145,42),('20110831',119,47),('20110901',190,55),('20110902',105,52),('20110903',68,41),('20110904',60,38),('20110905',285,62),('20110906',212,65),('20110907',109,41),('20110908',205,68),('20110909',110,35),('20110910',283,31),('20110911',134,27),('20110912',155,41),('20110913',158,53),('20110914',160,48),('20110915',190,39),('20110916',120,26),('20110917',59,27),('20110918',106,29),('20110919',83,37),('20110920',152,49),('20110921',87,33),('20110922',77,32),('20110923',84,25),('20110924',51,23),('20110925',155,29),('20110926',84,32),('20110927',98,25),('20110928',124,34),('20110929',67,38),('20110930',61,29),('20111001',100,30),('20111002',93,32),('20111003',126,44),('20111004',69,48),('20111005',163,65),('20111006',74,37),('20111007',105,77),('20111008',101,34),('20111009',104,45),('20111010',313,61),('20111011',111,50),('20111012',107,42),('20111013',66,32),('20111014',126,34),('20111015',91,34),('20111016',47,26),('20111017',85,37),('20111018',259,54),('20111019',132,49),('20111020',108,47),('20111021',91,34),('20111022',103,28),('20111023',81,26),('20111024',98,41),('20111025',218,49),('20111026',88,44),('20111027',158,64),('20111028',108,39),('20111029',186,54),('20111030',93,36),('20111031',104,50),('20111101',101,38),('20111102',153,47),('20111103',157,53),('20111104',153,42),('20111105',112,33),('20111106',242,44),('20111107',99,42),('20111108',295,56),('20111109',197,56),('20111110',152,50),('20111111',169,48),('20111112',90,48),('20111113',109,41),('20111114',127,46),('20111115',216,58),('20111116',180,64),('20111117',186,48),('20111118',174,56),('20111119',117,47),('20111120',203,42),('20111121',165,65),('20111122',195,86),('20111123',171,45),('20111124',146,70),('20111125',182,60),('20111126',157,29),('20111127',184,47),('20111128',217,58),('20111129',172,66),('20111130',116,44),('20111201',94,37),('20111202',165,44),('20111203',78,32),('20111204',118,49),('20111205',144,50),('20111206',296,60),('20111207',195,87),('20111208',169,56),('20111209',92,52),('20111210',139,53),('20111211',86,40),('20111212',207,71),('20111213',92,44),('20111214',163,47),('20111215',181,52),('20111216',126,41),('20111217',96,36),('20111218',102,56),('20111219',157,57),('20111220',107,66),('20111221',144,48),('20111222',120,40),('20111223',45,29),('20111224',49,30),('20111225',174,36),('20111226',102,37),('20111227',116,59),('20111228',103,33),('20111229',151,49),('20111230',174,39),('20111231',70,41),('20120101',49,20),('20120102',55,30),('20120103',35,17),('20120104',87,27),('20120105',31,19),('20120106',83,38),('20120107',121,26),('20120108',39,28),('20120109',133,60),('20120110',242,42),('20120111',92,34),('20120112',115,34),('20120113',61,24),('20120114',157,37),('20120115',107,27),('20120116',283,53),('20120117',112,40),('20120118',194,87),('20120119',130,38),('20120120',70,27),('20120121',17,12),('20120122',94,37),('20120123',181,60),('20120124',109,45),('20120125',83,31),('20120126',74,32),('20120127',50,22),('20120128',57,21),('20120129',46,24),('20120130',68,34),('20120131',61,29),('20120201',152,41),('20120202',206,41),('20120203',56,15),('20120204',46,15),('20120205',45,15),('20120206',77,30),('20120207',99,36),('20120208',131,37),('20120209',117,53),('20120210',96,37),('20120211',113,37),('20120212',86,30),('20120213',178,54),('20120214',81,48),('20120215',105,51),('20120216',39,29),('20120217',179,131),('20120218',135,44),('20120219',74,44),('20120220',76,42),('20120221',96,40),('20120222',186,48),('20120223',67,46),('20120224',104,71),('20120225',100,54),('20120226',107,56),('20120227',96,67),('20120228',109,64),('20120229',163,88),('20120301',72,48),('20120302',82,27),('20120303',84,36),('20120304',39,28),('20120305',153,58),('20120306',111,45),('20120307',96,52),('20120308',106,41),('20120309',170,40),('20120310',74,35),('20120311',105,40),('20120312',48,28),('20120313',116,44),('20120314',110,37),('20120315',60,31),('20120316',105,30),('20120317',70,29),('20120318',66,47),('20120319',94,34),('20120320',114,50),('20120321',97,32),('20120322',82,32),('20120323',39,20),('20120324',62,28),('20120325',99,28),('20120326',77,32),('20120327',131,25),('20120328',183,100),('20120329',249,52),('20120330',76,36),('20120331',65,21),('20120401',94,24),('20120402',52,41),('20120403',142,36),('20120404',79,27),('20120405',80,23),('20120406',62,22),('20120407',31,17),('20120408',79,21),('20120409',145,39),('20120410',124,68),('20120411',68,30),('20120412',108,39),('20120413',125,41),('20120414',171,46),('20120415',126,31),('20120416',82,30),('20120417',41,23),('20120418',60,34),('20120419',197,49),('20120420',164,105),('20120421',205,40),('20120422',65,28),('20120423',112,45),('20120424',123,49),('20120425',114,45),('20120426',230,51),('20120427',96,45),('20120428',60,27),('20120429',24,15),('20120430',108,27),('20120501',115,40),('20120502',38,24),('20120503',79,34),('20120504',55,24),('20120505',49,15),('20120506',43,22),('20120507',98,32),('20120508',150,69),('20120509',206,61),('20120510',76,33),('20120511',92,36),('20120512',60,31),('20120513',117,44),('20120514',205,68),('20120515',128,57),('20120516',204,59),('20120517',117,45),('20120518',130,28),('20120519',148,91),('20120520',51,19),('20120521',129,44),('20120522',95,34),('20120523',115,54),('20120524',113,54),('20120525',172,71),('20120526',109,45),('20120527',183,68),('20120528',172,75),('20120529',168,56),('20120530',158,64),('20120531',88,51),('20120601',171,49),('20120602',135,67),('20120603',67,41),('20120604',70,52),('20120605',126,60),('20120606',434,62),('20120607',48,26),('20120608',104,61),('20120609',87,56),('20120610',127,44),('20120611',135,66),('20120612',142,66),('20120613',172,70),('20120614',199,105),('20120615',229,111),('20120616',150,97),('20120617',179,73),('20120618',142,73),('20120619',164,96),('20120620',188,83),('20120621',143,92),('20120622',141,59),('20120623',213,73),('20120624',155,60),('20120625',174,86),('20120626',163,79),('20120627',133,73),('20120628',127,65),('20120629',111,59),('20120630',56,45),('20120701',127,66),('20120702',122,74),('20120703',184,90),('20120704',150,78),('20120705',154,79),('20120706',85,58),('20120707',120,54),('20120708',88,65),('20120709',119,68),('20120710',259,116),('20120711',253,132),('20120712',225,129),('20120713',254,149),('20120714',374,233),('20120715',313,195),('20120716',262,181),('20120717',280,171),('20120718',221,172),('20120719',281,169),('20120720',205,147),('20120721',237,142),('20120722',161,139),('20120723',190,138),('20120724',273,141),('20120725',281,166),('20120726',376,165),('20120727',275,154),('20120728',175,84),('20120729',108,57),('20120730',163,85),('20120731',76,60),('20120801',131,63),('20120802',93,62),('20120803',177,65),('20120804',107,47),('20120805',106,56),('20120806',160,74),('20120807',230,80),('20120808',156,79),('20120809',137,56),('20120810',147,56),('20120811',127,61),('20120812',113,63),('20120813',153,72),('20120814',232,82),('20120815',134,62),('20120816',141,67),('20120817',117,51),('20120818',187,86),('20120819',149,43),('20120820',129,57),('20120821',149,64),('20120822',137,50),('20120823',192,73),('20120824',143,74),('20120825',119,71),('20120826',184,69),('20120827',457,104),('20120828',166,50),('20120829',87,40),('20120830',60,35),('20120831',9,8),('20120903',3,3),('20120904',12,7),('20120905',29,22),('20120906',20,19),('20120907',58,27),('20120908',28,24),('20120909',100,97),('20120910',46,29),('20120911',93,35),('20120912',52,21),('20120913',51,24),('20120914',73,39),('20120915',62,41),('20120916',153,67),('20120917',160,78),('20120918',121,55),('20120919',122,51),('20120920',201,135),('20120921',115,42),('20120922',28,24),('20120923',156,41),('20120924',210,98),('20120925',90,47),('20120926',63,33),('20120927',81,33),('20120928',71,30),('20120929',42,26),('20120930',73,34),('20121001',62,33),('20121002',80,34),('20121003',82,39),('20121004',148,86),('20121005',76,31),('20121006',27,22),('20121007',81,39),('20121008',110,35),('20121009',65,40),('20121010',103,37),('20121011',80,29),('20121012',107,38),('20121013',91,51),('20121014',105,45),('20121015',53,24),('20121016',70,33),('20121017',50,25),('20121018',66,27),('20121019',31,22),('20121020',41,28),('20121021',56,28),('20121022',72,37),('20121023',493,89),('20121024',96,47),('20121025',129,40),('20121026',79,27),('20121027',64,31),('20121028',36,17),('20121029',319,70),('20121030',1038,194),('20121031',401,145),('20121101',66,34),('20121102',72,23),('20121103',35,23),('20121104',76,34),('20121105',85,35),('20121106',59,31),('20121107',167,39),('20121108',54,31),('20121109',148,38),('20121110',62,36),('20121111',59,25),('20121112',205,44),('20121113',66,39),('20121114',77,27),('20121115',44,24),('20121116',52,28),('20121117',35,20),('20121118',111,25),('20121119',43,29),('20121120',201,52),('20121121',69,41),('20121122',66,28),('20121123',55,49),('20121124',64,37),('20121125',79,31),('20121126',40,28),('20121127',114,32),('20121128',86,47),('20121129',53,33),('20121130',161,70),('20121201',155,35),('20121202',279,65),('20121203',261,52),('20121204',123,53),('20121205',241,82),('20121206',96,36),('20121207',71,39),('20121208',51,26),('20121209',63,36),('20121210',96,46),('20121211',145,48),('20121212',105,48),('20121213',118,27),('20121214',57,38),('20121215',71,32),('20121216',38,27),('20121217',115,45),('20121218',120,54),('20121219',203,41),('20121220',95,38),('20121221',63,30),('20121222',48,22),('20121223',48,33),('20121224',32,24),('20121225',33,25),('20121226',39,32),('20121227',40,27),('20121228',30,24),('20121229',56,31),('20121230',111,33),('20121231',63,37),('20130101',223,72),('20130102',67,35),('20130103',102,29),('20130104',54,24),('20130105',28,16),('20130106',104,18),('20130107',63,32),('20130108',81,35),('20130109',55,24),('20130110',62,43),('20130111',212,53),('20130112',51,30),('20130113',41,30),('20130114',49,36),('20130115',74,43),('20130116',63,36),('20130117',92,46),('20130118',55,41),('20130119',39,28),('20130120',82,40),('20130121',61,27),('20130122',34,28),('20130123',20,17),('20130124',47,28),('20130125',139,32),('20130126',426,41),('20130127',392,35),('20130128',417,49),('20130129',403,44),('20130130',461,38),('20130131',414,53),('20130201',406,48),('20130202',418,44),('20130203',379,45),('20130204',484,54),('20130205',535,53),('20130206',421,46),('20130207',411,57),('20130208',725,57),('20130209',489,44),('20130210',417,39),('20130211',442,53),('20130212',443,59),('20130213',299,63),('20130214',355,82),('20130215',276,47),('20130216',274,50),('20130217',386,53),('20130218',268,49),('20130219',350,76),('20130220',273,60),('20130221',409,60),('20130222',281,75),('20130223',315,49),('20130224',274,37),('20130225',295,66),('20130226',272,49),('20130227',344,66),('20130228',315,75),('20130301',278,56),('20130302',301,75),('20130303',253,47),('20130304',257,45),('20130305',362,82),('20130306',255,54),('20130307',382,67),('20130308',286,59),('20130309',284,50),('20130310',272,55),('20130311',297,71),('20130312',283,69),('20130313',416,85),('20130314',269,51),('20130315',116,62),('20130316',75,48),('20130317',35,29),('20130318',87,41),('20130319',101,57),('20130320',73,36),('20130321',78,55),('20130322',41,22),('20130323',33,31),('20130324',49,37),('20130325',87,46),('20130326',83,43),('20130327',65,37),('20130328',67,27),('20130329',123,41),('20130330',109,40),('20130331',299,146),('20130401',111,47),('20130402',142,53),('20130403',113,52),('20130404',104,42),('20130405',67,43),('20130406',64,39),('20130407',77,44),('20130408',40,26),('20130409',101,49),('20130410',59,55),('20130411',94,36),('20130412',123,44),('20130413',64,36),('20130414',40,36),('20130415',66,26),('20130416',62,52),('20130417',78,54),('20130418',92,41),('20130419',56,46),('20130420',58,42),('20130421',61,37),('20130422',184,45),('20130423',148,62),('20130424',84,36),('20130425',76,47),('20130426',130,59),('20130427',66,42),('20130428',46,36),('20130429',96,61),('20130430',70,46),('20130501',35,30),('20130502',75,40),('20130503',142,44),('20130504',38,27),('20130505',66,51),('20130506',84,40),('20130507',73,40),('20130508',34,20),('20130509',79,47),('20130510',63,40),('20130511',41,35),('20130512',123,46),('20130513',127,38),('20130514',46,37),('20130515',77,51),('20130516',139,58),('20130517',82,25),('20130518',58,36),('20130519',47,35),('20130520',59,40),('20130521',90,41),('20130522',75,41),('20130523',88,43),('20130524',48,37),('20130525',88,40),('20130526',34,30),('20130527',232,86),('20130528',69,31),('20130529',103,42),('20130530',149,58),('20130531',86,40),('20130601',34,28),('20130602',23,23),('20130603',94,53),('20130604',91,38),('20130605',107,42),('20130606',57,30),('20130607',147,56),('20130608',50,29),('20130609',67,35),('20130610',44,32),('20130611',56,39),('20130612',150,46),('20130613',104,55),('20130614',86,32),('20130615',26,24),('20130616',40,26),('20130617',65,32),('20130618',111,46),('20130619',66,42),('20130620',64,46),('20130621',32,25),('20130622',33,31),('20130623',95,31),('20130624',79,34),('20130625',129,43),('20130626',110,50),('20130627',101,47),('20130628',41,33),('20130629',76,51),('20130630',42,20),('20130701',67,32),('20130702',55,36),('20130703',51,31),('20130704',3045,53),('20130705',31,27),('20130706',43,37),('20130707',35,28),('20130708',209,63),('20130709',36,27),('20130710',120,60),('20130711',88,46),('20130712',51,23),('20130713',54,29),('20130714',63,35),('20130715',56,33),('20130716',50,31),('20130717',41,33),('20130718',70,37),('20130719',50,27),('20130720',43,23),('20130721',505,220),('20130722',60,32),('20130723',105,89),('20130724',151,51),('20130725',77,42),('20130726',39,31),('20130727',22,21),('20130728',33,31),('20130729',77,35),('20130730',38,36),('20130731',96,48),('20130801',59,42),('20130802',43,26),('20130803',26,25),('20130804',115,56),('20130805',188,52),('20130806',90,37),('20130807',61,40),('20130808',94,41),('20130809',76,46),('20130810',47,21),('20130811',71,64),('20130812',331,81),('20130813',338,110),('20130814',353,153),('20130815',52,37),('20130816',82,70),('20130817',49,38),('20130818',98,42),('20130819',165,112),('20130820',92,41),('20130821',52,39),('20130822',60,49),('20130823',52,37),('20130824',146,56),('20130825',134,58),('20130826',68,36),('20130827',35,31),('20130828',96,51),('20130829',136,41),('20130830',83,46),('20130831',42,19),('20130901',450,126),('20130902',378,80),('20130903',100,50),('20130904',86,45),('20130905',57,46),('20130906',128,58),('20130907',77,35),('20130908',73,36),('20130909',83,39),('20130910',122,44),('20130911',54,37),('20130912',50,34),('20130913',74,31),('20130914',50,42),('20130915',40,33),('20130916',99,41),('20130917',174,129),('20130918',119,67),('20130919',73,43),('20130920',49,25),('20130921',62,35),('20130922',41,40),('20130923',56,38),('20130924',113,58),('20130925',78,47),('20130926',54,46),('20130927',29,29),('20130928',81,49),('20130929',51,45),('20130930',93,46),('20131001',92,58),('20131002',76,36),('20131003',83,58),('20131004',63,30),('20131005',70,49),('20131006',28,28),('20131007',50,43),('20131008',85,57),('20131009',59,40),('20131010',80,44),('20131011',81,56),('20131012',47,32),('20131013',87,34),('20131014',147,66),('20131015',64,51),('20131016',82,42),('20131017',94,46),('20131018',116,56),('20131019',59,39),('20131020',51,40),('20131021',47,40),('20131022',48,43),('20131023',106,49),('20131024',60,39),('20131025',41,39),('20131026',38,35),('20131027',44,39),('20131028',149,103),('20131029',338,117),('20131030',73,41),('20131031',75,56),('20131101',50,28),('20131102',42,41),('20131103',58,52),('20131104',80,47),('20131105',55,33),('20131106',115,65),('20131107',1657,47),('20131108',112,49),('20131109',46,32),('20131110',66,49),('20131111',41,37),('20131112',45,37),('20131113',119,38),('20131114',112,93),('20131115',66,51),('20131116',57,44),('20131117',93,67),('20131118',59,41),('20131119',86,58),('20131120',86,65),('20131121',65,42),('20131122',87,46),('20131123',46,39),('20131124',53,47),('20131125',62,40),('20131126',87,51),('20131127',62,40),('20131128',59,51),('20131129',111,53),('20131130',30,30),('20131201',88,50),('20131202',48,43),('20131203',77,51),('20131204',109,62),('20131205',62,47),('20131206',94,66),('20131207',70,62),('20131208',61,53),('20131209',124,116),('20131210',163,153),('20131211',200,183),('20131212',228,192),('20131213',175,159),('20131214',171,171),('20131215',290,201),('20131216',188,172),('20131217',251,197),('20131218',192,163),('20131219',179,167),('20131220',200,173),('20131221',170,169),('20131222',193,170),('20131223',248,181),('20131224',240,170),('20131225',176,152),('20131226',164,155),('20131227',177,160),('20131228',158,155),('20131229',89,76),('20131230',76,73),('20131231',70,60),('20140101',143,126),('20140102',64,45),('20140103',78,65),('20140104',32,27),('20140105',119,70),('20140106',45,31),('20140107',107,67),('20140108',45,41),('20140109',78,64),('20140110',35,30),('20140111',129,65),('20140112',67,39),('20140113',61,44),('20140114',79,61),('20140115',89,49),('20140116',88,80),('20140117',64,37),('20140118',56,56),('20140119',44,39),('20140120',108,61),('20140121',88,65),('20140122',240,66),('20140123',194,67),('20140124',119,55),('20140125',137,104),('20140126',43,38),('20140127',46,39),('20140128',52,40),('20140129',115,92),('20140130',225,173),('20140131',165,131),('20140201',275,74),('20140202',50,42),('20140203',40,27),('20140204',133,97),('20140205',119,116),('20140206',80,41),('20140207',104,35),('20140208',263,82),('20140209',169,108),('20140210',66,32),('20140211',147,60),('20140212',106,68),('20140213',108,77),('20140214',251,58),('20140215',57,25),('20140216',115,94),('20140217',61,49),('20140218',122,33),('20140219',56,35),('20140220',120,42),('20140221',55,31),('20140222',328,43),('20140223',75,59),('20140224',155,99),('20140225',79,62),('20140226',123,58),('20140227',255,163),('20140228',147,88),('20140301',70,43),('20140302',62,37),('20140303',106,57),('20140304',119,96),('20140305',106,93),('20140306',75,46),('20140307',85,43),('20140308',40,40),('20140309',86,81),('20140310',87,65),('20140311',286,52),('20140312',99,43),('20140313',92,46),('20140314',128,43),('20140315',48,21),('20140316',178,76),('20140317',76,34),('20140318',144,35),('20140319',80,64),('20140320',101,73),('20140321',101,38),('20140322',41,37),('20140323',99,39),('20140324',82,54),('20140325',290,51),('20140326',59,33),('20140327',56,31),('20140328',41,36),('20140329',83,56),('20140330',58,37),('20140331',34,28),('20140401',198,140),('20140402',263,260),('20140403',193,159),('20140404',53,32),('20140405',119,21),('20140406',134,84),('20140407',201,181),('20140408',128,113),('20140409',181,141),('20140410',184,129),('20140411',147,111),('20140412',145,114),('20140413',220,130),('20140414',114,104),('20140415',125,115),('20140416',115,106),('20140417',114,108),('20140418',105,103),('20140419',138,112),('20140420',2893,119),('20140421',254,112),('20140422',111,104),('20140423',140,67),('20140424',267,35),('20140425',21,12),('20140426',17,10),('20140427',17,13),('20140428',149,32),('20140429',68,13),('20140430',22,14),('20140501',41,11),('20140502',184,26),('20140503',51,19),('20140504',20,14),('20140505',107,20),('20140506',58,20),('20140507',96,15),('20140508',42,36),('20140509',12,12),('20140510',80,39),('20140511',77,61),('20140512',80,54),('20140513',127,89),('20140514',301,294),('20140515',355,304),('20140516',182,155),('20140517',147,80),('20140518',327,218),('20140519',342,328),('20140520',231,230),('20140521',287,229),('20140522',325,265),('20140523',284,277),('20140524',244,229),('20140525',237,236),('20140526',243,228),('20140527',301,258),('20140528',239,229),('20140529',258,237),('20140530',282,234),('20140531',230,224),('20140601',248,212),('20140602',259,218),('20140603',254,218),('20140604',236,228),('20140605',217,204),('20140606',313,239),('20140607',234,232),('20140608',239,237),('20140609',228,214),('20140610',266,216),('20140611',376,247),('20140612',230,204),('20140613',239,226),('20140614',215,204),('20140615',216,216),('20140616',261,216),('20140617',272,238),('20140618',216,196),('20140619',234,224),('20140620',256,227),('20140621',233,221),('20140622',204,204),('20140623',233,214),('20140624',226,212),('20140625',217,206),('20140626',220,213),('20140627',259,233),('20140628',203,197),('20140629',268,230),('20140630',202,195),('20140701',221,192),('20140702',228,189),('20140703',237,214),('20140704',169,141),('20140705',99,57),('20140706',130,59),('20140707',98,53),('20140708',155,59),('20140709',190,170),('20140710',313,273),('20140711',218,198),('20140712',266,225),('20140713',198,177),('20140714',546,240),('20140715',302,202),('20140716',269,221),('20140717',261,220),('20140718',370,236),('20140719',207,206),('20140720',315,283),('20140721',376,224),('20140722',366,212),('20140723',252,225),('20140724',268,212),('20140725',301,226),('20140726',230,210),('20140727',249,227),('20140728',255,214),('20140729',258,204),('20140730',239,210),('20140731',228,210),('20140801',206,205),('20140802',209,198),('20140803',211,196),('20140804',249,215),('20140805',198,187),('20140806',412,215),('20140807',225,193),('20140808',291,223),('20140809',203,202),('20140810',276,217),('20140811',218,206),('20140812',236,187),('20140813',269,185),('20140814',356,197),('20140815',207,168),('20140816',198,169),('20140817',243,171),('20140818',214,167),('20140819',189,161),('20140820',422,181),('20140821',199,170),('20140822',190,164),('20140823',165,154),('20140824',159,153),('20140825',182,160),('20140826',267,182),('20140827',192,170),('20140828',221,161),('20140829',267,194),('20140830',154,150),('20140831',168,155),('20140901',185,164),('20140902',199,166),('20140903',493,225),('20140904',157,149),('20140905',284,170),('20140906',167,157),('20140907',190,149),('20140908',236,170),('20140909',208,200),('20140910',190,160),('20140911',215,165),('20140912',240,163),('20140913',136,136),('20140914',182,161),('20140915',307,237),('20140916',231,204),('20140917',398,174),('20140918',173,154),('20140919',192,171),('20140920',903,167),('20140921',1826,200),('20140922',199,167),('20140923',193,155),('20140924',181,158),('20140925',237,183),('20140926',3088,193),('20140927',246,202),('20140928',198,182),('20140929',264,185),('20140930',252,198),('20141001',518,261),('20141002',271,209),('20141003',316,200),('20141004',171,154),('20141005',175,149),('20141006',185,171),('20141007',213,170),('20141008',221,178),('20141009',168,145),('20141010',220,174),('20141011',307,180),('20141012',256,183),('20141013',195,169),('20141014',208,179),('20141015',299,182),('20141016',256,210),('20141017',294,187),('20141018',181,170),('20141019',210,180),('20141020',221,184),('20141021',160,155),('20141022',227,190),('20141023',328,258),('20141024',281,183),('20141025',169,154),('20141026',179,159),('20141027',174,152),('20141028',165,147),('20141029',338,113),('20141030',195,152),('20141031',163,159),('20141101',148,130),('20141102',149,143),('20141103',228,164),('20141104',226,174),('20141105',280,185),('20141106',228,173),('20141107',172,156),('20141108',183,147),('20141109',199,145),('20141110',174,157),('20141111',203,162),('20141112',502,167),('20141113',249,146),('20141114',264,154),('20141115',148,138),('20141116',172,148),('20141117',156,139),('20141118',179,158),('20141119',254,158),('20141120',300,237),('20141121',96,43),('20141122',72,60),('20141123',38,37),('20141124',122,52),('20141125',96,68),('20141126',273,64),('20141127',59,43),('20141128',53,38),('20141129',121,47),('20141130',141,51),('20141201',184,67),('20141202',80,72),('20141203',85,51),('20141204',73,54),('20141205',87,74),('20141206',89,61),('20141207',53,35),('20141208',90,49),('20141209',89,58),('20141210',320,69),('20141211',61,49),('20141212',65,45),('20141213',66,46),('20141214',61,45),('20141215',72,39),('20141216',60,52),('20141217',88,56),('20141218',75,48),('20141219',123,70),('20141220',179,99),('20141221',5034,188),('20141222',46,36),('20141223',4432,175),('20141224',257,69),('20141225',118,56),('20141226',101,61),('20141227',4671,164),('20141228',47,42),('20141229',163,63),('20141230',57,29),('20141231',37,20),('20150101',25,19),('20150102',5007,134),('20150103',56,30),('20150104',64,22),('20150105',84,54),('20150106',44,29),('20150107',224,43),('20150108',118,29),('20150109',85,23),('20150110',62,23),('20150111',91,26),('20150112',103,37),('20150113',61,22),('20150114',23,18),('20150115',108,89),('20150116',131,46),('20150117',64,28),('20150118',21,20),('20150119',48,25),('20150120',50,26),('20150121',295,56),('20150122',156,64),('20150123',51,24),('20150124',94,25),('20150125',36,26),('20150126',68,31),('20150127',82,33),('20150128',229,41),('20150129',53,22),('20150130',62,28),('20150131',24,16),('20150201',82,24),('20150202',60,28),('20150203',26,15),('20150204',283,33),('20150205',109,54),('20150206',53,20),('20150207',21,11),('20150208',26,22),('20150209',125,28),('20150210',139,51),('20150211',230,31),('20150212',115,52),('20150213',118,62),('20150214',66,27),('20150215',81,56),('20150216',116,59),('20150217',70,41),('20150218',101,61),('20150219',75,42),('20150220',226,58),('20150221',144,52),('20150222',62,40),('20150223',149,64),('20150224',276,48),('20150225',138,53),('20150226',95,53),('20150227',47,41),('20150228',49,47),('20150301',61,42),('20150302',99,42),('20150303',79,45),('20150304',3047,63),('20150305',120,57),('20150306',411,126),('20150307',60,56),('20150308',61,40),('20150309',100,54),('20150310',94,47),('20150311',166,44),('20150312',157,60),('20150313',66,33),('20150314',74,43),('20150315',58,38),('20150316',121,47),('20150317',59,43),('20150318',87,66),('20150319',102,54),('20150320',268,44),('20150321',70,40),('20150322',55,34),('20150323',82,68),('20150324',78,53),('20150325',166,58),('20150326',106,46),('20150327',57,41),('20150328',419,55),('20150329',44,36),('20150330',48,26),('20150331',47,32),('20150401',58,29),('20150402',206,37),('20150403',380,44),('20150404',67,24),('20150405',64,19),('20150406',72,23),('20150407',66,24),('20150408',153,30),('20150409',46,20),('20150410',92,40),('20150411',73,30),('20150412',173,46),('20150413',28,18),('20150414',25,19),('20150415',73,27),('20150416',278,29),('20150417',284,34),('20150418',145,25),('20150419',40,17),('20150420',72,22),('20150421',76,19),('20150422',189,36),('20150423',95,46),('20150424',94,40),('20150425',130,61),('20150426',32,18),('20150427',97,37),('20150428',39,19),('20150429',40,25),('20150430',53,28),('20150501',221,25),('20150502',18,12),('20150503',37,13),('20150504',47,25),('20150505',208,47),('20150506',159,40),('20150507',192,42),('20150508',113,25),('20150509',41,18),('20150510',23,21),('20150511',97,45),('20150512',52,20),('20150513',219,41),('20150514',70,27),('20150515',359,34),('20150516',38,17),('20150517',127,31),('20150518',63,35),('20150519',101,40),('20150520',195,36),('20150521',74,29),('20150522',84,30),('20150523',51,18),('20150524',86,43),('20150525',97,44),('20150526',72,47),('20150527',44,32),('20150528',74,53),('20150529',197,78),('20150530',381,60),('20150531',176,32),('20150601',118,50),('20150602',84,59),('20150603',188,53),('20150604',121,69),('20150605',71,41),('20150606',58,48),('20150607',77,47),('20150608',272,92),('20150609',106,47),('20150610',71,43),('20150611',95,48),('20150612',326,36),('20150613',91,42),('20150614',162,43),('20150615',103,69),('20150616',181,55),('20150617',179,45),('20150618',69,32),('20150619',48,34),('20150620',61,48),('20150621',60,35),('20150622',126,50),('20150623',79,44),('20150624',41,36),('20150625',182,62),('20150626',214,51),('20150627',380,64),('20150628',65,42),('20150629',102,62),('20150630',79,56),('20150701',331,68),('20150702',208,52),('20150703',67,41),('20150704',133,73),('20150705',50,39),('20150706',51,38),('20150707',110,44),('20150708',92,43),('20150709',72,31),('20150710',164,47),('20150711',331,31),('20150712',67,47),('20150713',59,38),('20150714',152,40),('20150715',291,56),('20150716',60,29),('20150717',89,35),('20150718',65,38),('20150719',82,48),('20150720',79,51),('20150721',101,68),('20150722',175,80),('20150723',115,76),('20150724',469,75),('20150725',25,25),('20150726',66,49),('20150727',116,44),('20150728',76,43),('20150729',174,48),('20150730',154,51),('20150731',60,26),('20150801',36,33),('20150802',31,30),('20150803',125,61),('20150804',70,37),('20150805',68,45),('20150806',78,47),('20150807',162,43),('20150808',48,43),('20150809',3024,72),('20150810',90,56),('20150811',188,48),('20150812',172,57),('20150813',211,50),('20150814',59,43),('20150815',29,20),('20150816',44,44),('20150817',78,41),('20150818',40,24),('20150819',59,31),('20150820',80,37),('20150821',106,42),('20150822',40,31),('20150823',162,51),('20150824',64,41),('20150825',101,46),('20150826',237,66),('20150827',53,32),('20150828',52,36),('20150829',10,10),('20150830',34,28),('20150831',71,38),('20150901',315,104),('20150902',65,48),('20150903',110,50),('20150904',123,34),('20150905',39,20),('20150906',79,36),('20150907',49,34),('20150908',82,51),('20150909',244,57),('20150910',223,38),('20150911',68,41),('20150912',54,34),('20150913',33,33),('20150914',63,27),('20150915',50,39),('20150916',64,41),('20150917',67,47),('20150918',44,32),('20150919',38,30),('20150920',102,93),('20150921',112,55),('20150922',132,46),('20150923',159,50),('20150924',165,26),('20150925',36,31),('20150926',55,35),('20150927',27,24),('20150928',87,41),('20150929',103,45),('20150930',199,59),('20151001',81,53),('20151002',69,44),('20151003',116,45),('20151004',61,30),('20151005',145,56),('20151006',72,36),('20151007',193,48),('20151008',103,80),('20151009',61,29),('20151010',80,36),('20151011',237,48),('20151012',168,41),('20151013',351,52),('20151014',38,31),('20151015',37,22),('20151016',44,26),('20151017',73,27),('20151018',86,35),('20151019',68,25),('20151020',85,41),('20151021',494,38),('20151022',62,25),('20151023',55,38),('20151024',119,25),('20151025',82,31),('20151026',97,47),('20151027',85,45),('20151028',96,37),('20151029',86,43),('20151030',93,39),('20151031',31,26),('20151101',41,33),('20151102',145,67),('20151103',131,32),('20151104',197,46),('20151105',39,26),('20151106',78,36),('20151107',28,18),('20151108',64,43),('20151109',265,54),('20151110',74,37),('20151111',52,34),('20151112',182,38),('20151113',45,32),('20151114',27,23),('20151115',39,33),('20151116',126,38),('20151117',60,48),('20151118',310,32),('20151119',75,45),('20151120',48,19),('20151121',78,48),('20151122',154,36),('20151123',138,64),('20151124',98,37),('20151125',99,43),('20151126',47,25),('20151127',50,36),('20151128',32,28),('20151129',65,27),('20151130',124,63),('20151201',131,49),('20151202',280,32),('20151203',129,37),('20151204',115,29),('20151205',126,22),('20151206',36,22),('20151207',48,22),('20151208',67,27),('20151209',54,23),('20151210',19,18),('20151211',15,13),('20151212',30,16),('20151213',22,17),('20151214',189,34),('20151215',140,24),('20151216',338,33),('20151217',30,23),('20151218',99,21),('20151219',17,13),('20151220',60,20),('20151221',48,23),('20151222',143,21),('20151223',101,47),('20151224',24,16),('20151225',147,27),('20151226',11,9),('20151227',517,29),('20151228',35,13),('20151229',155,26),('20151230',310,24),('20151231',25918,21545),('20160101',3455,2823),('20160102',104,81),('20160103',99,60),('20160104',148,64),('20160105',88,59),('20160106',419,73),('20160107',75,41),('20160108',37,24),('20160109',32,23),('20160110',64,26),('20160111',55,40),('20160112',60,29),('20160113',141,46),('20160114',63,32),('20160115',53,27),('20160116',156,34),('20160117',44,26),('20160118',73,27),('20160119',305,30),('20160120',1203,35),('20160121',66,31),('20160122',37,29),('20160123',42,29),('20160124',106,19),('20160125',31,25),('20160126',35,27),('20160127',33,22),('20160128',167,36),('20160129',164,63),('20160130',100,35),('20160131',71,29),('20160201',104,35),('20160202',59,24),('20160203',291,25),('20160204',120,29),('20160205',31,14),('20160206',207,34),('20160207',85,36),('20160208',81,22),('20160209',82,24),('20160210',387,50),('20160211',57,31),('20160212',54,20),('20160213',65,18),('20160214',21,16),('20160215',55,18),('20160216',43,25),('20160217',291,36),('20160218',90,22),('20160219',89,31),('20160220',37,10),('20160221',68,33),('20160222',112,56),('20160223',46,30),('20160224',72,17),('20160225',82,35),('20160226',104,39),('20160227',25,23),('20160228',35,28),('20160229',32,26),('20160301',412,50),('20160302',334,41),('20160303',38,29),('20160304',42,18),('20160305',47,36),('20160306',76,31),('20160307',140,45),('20160308',71,33),('20160309',70,23),('20160310',57,28),('20160311',45,25),('20160312',66,20),('20160313',29,21),('20160314',300,32),('20160315',88,31),('20160316',273,34),('20160317',45,31),('20160318',63,39),('20160319',115,26),('20160320',20,16),('20160321',44,25),('20160322',181,35),('20160323',167,33),('20160324',46,25),('20160325',122,34),('20160326',79,29),('20160327',53,35),('20160328',33,24),('20160329',385,65),('20160330',324,44),('20160331',47,35),('20160401',139,37),('20160402',87,47),('20160403',55,28),('20160404',52,27),('20160405',80,35),('20160406',42,34),('20160407',84,44),('20160408',95,51),('20160409',72,32),('20160410',57,33),('20160411',338,52),('20160412',315,42),('20160413',118,59),('20160414',116,62),('20160415',74,39),('20160416',104,42),('20160417',40,35),('20160418',53,33),('20160419',80,36),('20160420',146,84),('20160421',237,44),('20160422',96,44),('20160423',113,70),('20160424',132,53),('20160425',115,67),('20160426',306,56),('20160427',39,31),('20160428',151,56),('20160429',93,50),('20160430',37,26),('20160501',63,29),('20160502',172,53),('20160503',197,65),('20160504',98,44),('20160505',37,31),('20160506',64,36),('20160507',38,29),('20160508',75,57),('20160509',38,32),('20160510',77,29),('20160511',318,58),('20160512',38,25),('20160513',33,19),('20160514',77,38),('20160515',49,29),('20160516',93,56),('20160517',181,37),('20160518',60,38),('20160519',74,37),('20160520',54,42),('20160521',129,40),('20160522',49,29),('20160523',57,45),('20160524',257,36),('20160525',57,40),('20160526',57,35),('20160527',72,39),('20160528',48,31),('20160529',89,36),('20160530',37,31),('20160531',4918,146),('20160601',122,102),('20160602',55,40),('20160603',70,54),('20160604',81,30),('20160605',53,32),('20160606',165,39),('20160607',292,48),('20160608',72,47),('20160609',56,30),('20160610',26,21),('20160611',53,29),('20160612',27,19),('20160613',153,61),('20160614',83,26),('20160615',76,35),('20160616',48,23),('20160617',59,21),('20160618',53,34),('20160619',52,27),('20160620',108,48),('20160621',74,27),('20160622',251,44),('20160623',76,51),('20160624',92,33),('20160625',52,10),('20160626',17,15),('20160627',46,31),('20160628',31,23),('20160629',107,36),('20160630',81,54),('20160701',58,39),('20160702',18,17),('20160703',46,45),('20160704',127,48),('20160705',78,40),('20160706',237,32),('20160707',76,47),('20160708',71,42),('20160709',54,44),('20160710',114,44),('20160711',42,37),('20160712',222,86),('20160713',113,59),('20160714',59,40),('20160715',100,39),('20160716',57,40),('20160717',25,24),('20160718',109,60),('20160719',145,60),('20160720',361,49),('20160721',114,90),('20160722',21,13),('20160723',78,29),('20160724',56,29),('20160725',48,30),('20160726',29,20),('20160727',37,23),('20160728',53,22),('20160729',42,17),('20160730',51,21),('20160731',42,26),('20160801',48,32),('20160802',43,30),('20160803',235,19),('20160804',67,18),('20160805',41,27),('20160806',66,31),('20160807',120,30),('20160808',60,34),('20160809',26,14),('20160810',49,19),('20160811',76,20),('20160812',14,10),('20160813',13,7),('20160814',49,27),('20160815',107,18),('20160816',36,18),('20160817',222,12),('20160818',97,19),('20160819',19,11),('20160820',20,17),('20160821',34,24),('20160822',60,24),('20160823',60,46),('20160824',133,30),('20160825',80,40),('20160826',34,24),('20160827',42,32),('20160828',86,18),('20160829',116,27),('20160830',260,21),('20160831',41,26),('20160901',50,24),('20160902',46,23),('20160903',79,15),('20160904',33,15),('20160905',29,23),('20160906',86,23),('20160907',94,43),('20160908',177,37),('20160909',35,22),('20160910',79,16),('20160911',37,22),('20160912',91,29),('20160913',23,22),('20160914',258,30),('20160915',60,19),('20160916',96,33),('20160917',20,17),('20160918',36,14),('20160919',33,24),('20160920',76,33),('20160921',87,31),('20160922',32,22),('20160923',36,16),('20160924',100,12),('20160925',80,44),('20160926',94,36),('20160927',108,55),('20160928',271,37),('20160929',66,33),('20160930',81,23),('20161001',140,19),('20161002',85,27),('20161003',43,38),('20161004',45,21),('20161005',324,112),('20161006',24,19),('20161007',120,40),('20161008',109,35),('20161009',25,15),('20161010',59,24),('20161011',31,27),('20161012',278,42),('20161013',2719,121),('20161014',18,18),('20161015',100,12),('20161016',20,17),('20161017',67,24),('20161018',91,41),('20161019',109,51),('20161020',99,36),('20161021',112,48),('20161022',47,25),('20161023',49,47),('20161024',83,43),('20161025',88,48),('20161026',283,47),('20161027',85,48),('20161028',58,48),('20161029',28,27),('20161030',55,38),('20161031',50,42),('20161101',125,44),('20161102',55,50),('20161103',109,37),('20161104',70,59),('20161105',88,31),('20161106',79,57),('20161107',117,62),('20161108',67,54),('20161109',298,58),('20161110',66,50),('20161111',75,51),('20161112',103,64),('20161113',124,44),('20161114',91,65),('20161115',185,65),('20161116',120,67),('20161117',51,31),('20161118',82,56),('20161119',135,59),('20161120',36,30),('20161121',62,48),('20161122',70,50),('20161123',338,65),('20161124',61,49),('20161125',50,45),('20161126',130,68),('20161127',89,68),('20161128',78,55),('20161129',56,41),('20161130',156,77),('20161201',61,39),('20161202',106,95),('20161203',73,57),('20161204',88,71),('20161205',61,54),('20161206',100,58),('20161207',284,53),('20161208',110,52),('20161209',92,56),('20161210',80,55),('20161211',37,33),('20161212',61,51),('20161213',73,36),('20161214',114,48),('20161215',50,42),('20161216',68,51),('20161217',38,36),('20161218',81,56),('20161219',55,43),('20161220',80,29),('20161221',251,30),('20161222',295,292),('20161223',260,252),('20161224',109,60),('20161225',28,17),('20161226',17,16),('20161227',28,24),('20161228',60,31),('20161229',15,15),('20161230',23,20),('20161231',10,10),('20170101',27,11),('20170102',84,17),('20170103',75,24),('20170104',256,31),('20170105',80,34),('20170106',46,29),('20170107',28,12),('20170108',40,27),('20170109',63,42),('20170110',108,34),('20170111',143,56),('20170112',44,24),('20170113',61,36),('20170114',90,41),('20170115',30,28),('20170116',85,35),('20170117',114,39),('20170118',389,81),('20170119',59,45),('20170120',1310,45),('20170121',60,34),('20170122',112,51),('20170123',75,38),('20170124',48,39),('20170125',83,51),('20170126',108,51),('20170127',56,37),('20170128',94,41),('20170129',97,43),('20170130',95,42),('20170131',58,30),('20170201',295,46),('20170202',139,56),('20170203',128,55),('20170204',86,43),('20170205',68,44),('20170206',115,62),('20170207',280,89),('20170208',183,55),('20170209',62,50),('20170210',120,47),('20170211',75,46),('20170212',57,43),('20170213',78,52),('20170214',5355,158),('20170215',281,59),('20170216',75,62),('20170217',187,71),('20170218',62,42),('20170219',238,106),('20170220',191,72),('20170221',87,51),('20170222',103,53),('20170223',100,49),('20170224',162,53),('20170225',63,31),('20170226',34,31),('20170227',160,57),('20170228',40,32),('20170301',380,88),('20170302',99,93),('20170303',94,62),('20170304',89,53),('20170305',254,177),('20170306',214,95),('20170307',95,67),('20170308',156,73),('20170309',78,50),('20170310',84,68),('20170311',63,59),('20170312',73,58),('20170313',144,91),('20170314',103,84),('20170315',277,61),('20170316',66,27),('20170317',138,34),('20170318',44,44),('20170319',46,46),('20170320',94,69),('20170321',54,45),('20170322',60,49),('20170323',92,62),('20170324',83,49),('20170325',45,43),('20170326',56,41),('20170327',137,65),('20170328',65,51),('20170329',278,52),('20170330',104,49),('20170331',31,25),('20170401',105,47),('20170402',60,37),('20170403',82,46),('20170404',69,45),('20170405',106,58),('20170406',90,49),('20170407',32,28),('20170408',49,35),('20170409',35,33),('20170410',64,50),('20170411',151,37),('20170412',250,39),('20170413',218,113),('20170414',60,33),('20170415',294,276),('20170416',95,79),('20170417',66,62),('20170418',73,49),('20170419',99,55),('20170420',132,59),('20170421',86,70),('20170422',122,92),('20170423',87,48),('20170424',166,61),('20170425',77,68),('20170426',319,43),('20170427',150,80),('20170428',61,54),('20170429',57,36),('20170430',157,114),('20170501',114,39),('20170502',89,63),('20170503',73,38),('20170504',60,56),('20170505',98,70),('20170506',60,43),('20170507',67,58),('20170508',62,56),('20170509',264,59),('20170510',120,75),('20170511',197,72),('20170512',71,37),('20170513',37,34),('20170514',51,48),('20170515',66,43),('20170516',41,30),('20170517',172,80),('20170518',150,77),('20170519',76,52),('20170520',60,33),('20170521',62,46),('20170522',57,51),('20170523',78,56),('20170524',254,33),('20170525',89,46),('20170526',120,47),('20170527',168,71),('20170528',69,35),('20170529',85,45),('20170530',59,44),('20170531',59,53),('20170601',120,42),('20170602',99,49),('20170603',34,28),('20170604',71,52),('20170605',73,44),('20170606',80,40),('20170607',309,52),('20170608',59,35),('20170609',49,38),('20170610',41,36),('20170611',58,40),('20170612',76,61),('20170613',82,63),('20170614',138,86),('20170615',108,73),('20170616',165,66),('20170617',83,73),('20170618',49,47),('20170619',132,87),('20170620',192,93),('20170621',334,62),('20170622',74,63),('20170623',89,67),('20170624',58,56),('20170625',127,69),('20170626',94,87),('20170627',112,75),('20170628',53,49),('20170629',83,64),('20170630',91,82),('20170701',28,24),('20170702',56,48),('20170703',57,27),('20170704',73,54),('20170705',104,34),('20170706',4944,247),('20170707',303,137),('20170708',117,60),('20170709',79,42),('20170710',100,43),('20170711',58,48),('20170712',85,57),('20170713',42,33),('20170714',99,43),('20170715',63,43),('20170716',50,30),('20170717',90,49),('20170718',271,45),('20170719',61,51),('20170720',94,63),('20170721',82,44),('20170722',163,59),('20170723',33,29),('20170724',88,61),('20170725',89,77),('20170726',87,62),('20170727',134,78),('20170728',69,64),('20170729',52,42),('20170730',97,75),('20170731',80,64),('20170801',307,68),('20170802',87,76),('20170803',142,66),('20170804',69,64),('20170805',54,49),('20170806',76,65),('20170807',109,67),('20170808',85,62),('20170809',92,78),('20170810',115,91),('20170811',107,72),('20170812',108,86),('20170813',180,133),('20170814',84,65),('20170815',94,79),('20170816',344,99),('20170817',149,71),('20170818',169,90),('20170819',85,75),('20170820',115,72),('20170821',122,81),('20170822',66,58),('20170823',67,54),('20170824',90,83),('20170825',104,72),('20170826',159,73),('20170827',153,56),('20170828',102,70),('20170829',117,75),('20170830',281,50),('20170831',84,58),('20170901',53,46),('20170902',137,32),('20170903',78,37),('20170904',64,55),('20170905',73,36),('20170906',100,49),('20170907',62,42),('20170908',100,47),('20170909',42,26),('20170910',68,65),('20170911',121,66),('20170912',283,46),('20170913',118,68),('20170914',164,88),('20170915',156,59),('20170916',181,47),('20170917',64,60),('20170918',154,64),('20170919',241,50),('20170920',152,62),('20170921',142,74),('20170922',140,60),('20170923',53,43),('20170924',64,54),('20170925',111,47),('20170926',207,62),('20170927',505,96),('20170928',111,43),('20170929',262,98),('20170930',56,43),('20171001',120,46),('20171002',116,49),('20171003',45,42),('20171004',83,75),('20171005',67,36),('20171006',71,59),('20171007',43,41),('20171008',41,40),('20171009',72,45),('20171010',344,51),('20171011',146,53),('20171012',86,80),('20171013',47,38),('20171014',61,47),('20171015',84,64),('20171016',75,44),('20171017',33,28),('20171018',83,55),('20171019',44,35),('20171020',73,60),('20171021',81,48),('20171022',55,38),('20171023',148,72),('20171024',110,66),('20171025',121,72),('20171026',69,59),('20171027',36,31),('20171028',43,39),('20171029',61,43),('20171030',52,45),('20171031',42,30),('20171101',116,67),('20171102',97,64),('20171103',43,35),('20171104',167,40),('20171105',99,32),('20171106',48,38),('20171107',54,40),('20171108',247,32),('20171109',106,55),('20171110',37,27),('20171111',26,24),('20171112',39,31),('20171113',67,31),('20171114',70,57),('20171115',141,44),('20171116',110,77),('20171117',27,25),('20171118',41,31),('20171119',63,41),('20171120',36,29),('20171121',59,39),('20171122',106,30),('20171123',41,36),('20171124',29,19),('20171125',87,34),('20171126',89,27),('20171127',66,58),('20171128',53,28),('20171129',52,41),('20171130',99,43),('20171201',116,37),('20171202',52,24),('20171203',39,28),('20171204',66,45),('20171205',65,50),('20171206',291,41),('20171207',66,39),('20171208',58,52),('20171209',51,16),('20171210',36,28),('20171211',67,38),('20171212',125,52),('20171213',5342,147),('20171214',37,33),('20171215',54,39),('20171216',89,57),('20171217',44,31),('20171218',113,56),('20171219',266,49),('20171220',87,35),('20171221',47,38),('20171222',55,34),('20171223',32,25),('20171224',22,19),('20171225',27,23),('20171226',37,25),('20171227',75,35),('20171228',101,73),('20171229',53,33),('20171230',26,22),('20171231',45,41),('20180101',94,42),('20180102',44,40),('20180103',294,56),('20180104',191,73),('20180105',50,44),('20180106',54,40),('20180107',96,45),('20180108',172,71),('20180109',105,77),('20180110',111,48),('20180111',203,68),('20180112',140,43),('20180113',163,59),('20180114',135,105),('20180115',93,65),('20180116',142,117),('20180117',112,56),('20180118',159,141),('20180119',138,106),('20180120',64,63),('20180121',74,53),('20180122',108,73),('20180123',59,51),('20180124',123,54),('20180125',148,69),('20180126',98,70),('20180127',53,38),('20180128',62,59),('20180129',130,122),('20180130',293,274),('20180131',131,89),('20180201',230,140),('20180202',68,57),('20180203',44,42),('20180204',68,61),('20180205',120,111),('20180206',159,138),('20180207',144,104),('20180208',112,55),('20180209',320,83),('20180210',59,44),('20180211',117,81),('20180212',169,107),('20180213',333,299),('20180214',101,68),('20180215',169,59),('20180216',150,78),('20180217',87,59),('20180218',93,72),('20180219',77,49),('20180220',90,75),('20180221',83,69),('20180222',237,121),('20180223',95,74),('20180224',116,53),('20180225',65,57),('20180226',83,70),('20180227',109,80),('20180228',299,95),('20180301',91,77),('20180302',146,87),('20180303',83,63),('20180304',95,72),('20180305',164,86),('20180306',97,70),('20180307',131,81),('20180308',122,83),('20180309',132,71),('20180310',82,46),('20180311',61,60),('20180312',120,96),('20180313',118,87),('20180314',356,315),('20180315',233,211),('20180316',100,76),('20180317',71,54),('20180318',94,81),('20180319',94,71),('20180320',103,81),('20180321',126,115),('20180322',104,81),('20180323',79,64),('20180324',61,52),('20180325',90,50),('20180326',148,97),('20180327',135,47),('20180328',314,306),('20180329',75,75),('20180330',116,112),('20180331',85,72),('20180401',43,40),('20180402',109,64),('20180403',106,72),('20180404',120,82),('20180405',108,87),('20180406',66,45),('20180407',36,28),('20180408',82,74),('20180409',161,83),('20180410',404,314),('20180411',156,110),('20180412',76,52),('20180413',38,32),('20180414',56,44),('20180415',184,140),('20180416',68,48),('20180417',61,51),('20180418',102,71),('20180419',68,56),('20180420',95,46),('20180421',62,60),('20180422',134,52),('20180423',67,43),('20180424',70,51),('20180425',269,260),('20180426',139,55),('20180427',70,46),('20180428',46,37),('20180429',118,78),('20180430',113,76),('20180501',67,45),('20180502',76,65),('20180503',73,62),('20180504',59,38),('20180505',52,48),('20180506',69,55),('20180507',61,36),('20180508',355,289),('20180509',86,59),('20180510',109,90),('20180511',100,47),('20180512',119,51),('20180513',178,42),('20180514',120,55),('20180515',153,78),('20180516',180,57),('20180517',78,64),('20180518',117,91),('20180519',76,42),('20180520',343,58),('20180521',105,57),('20180522',311,283),('20180523',139,64),('20180524',129,108),('20180525',140,63),('20180526',189,46),('20180527',292,80),('20180528',413,61),('20180529',110,40),('20180530',115,43),('20180531',140,58),('20180601',57,47),('20180602',5469,4976),('20180603',103,47),('20180604',67,45),('20180605',124,86),('20180606',297,261),('20180607',166,73),('20180608',86,55),('20180609',99,68),('20180610',92,67),('20180611',95,41),('20180612',106,85),('20180613',104,51),('20180614',69,49),('20180615',38,25),('20180616',59,52),('20180617',46,33),('20180618',76,47),('20180619',81,54),('20180620',333,275);

--
-- Table structure for table `zen_countries`
--

CREATE TABLE `zen_countries` (
  `countries_id` int(11) NOT NULL AUTO_INCREMENT,
  `countries_name` varchar(64) COLLATE utf8_unicode_ci NOT NULL DEFAULT '',
  `countries_iso_code_2` char(2) COLLATE utf8_unicode_ci NOT NULL DEFAULT '',
  `countries_iso_code_3` char(3) COLLATE utf8_unicode_ci NOT NULL DEFAULT '',
  `address_format_id` int(11) NOT NULL DEFAULT '0',
  PRIMARY KEY (`countries_id`),
  KEY `idx_countries_name_zen` (`countries_name`),
  KEY `idx_address_format_id_zen` (`address_format_id`),
  KEY `idx_iso_2_zen` (`countries_iso_code_2`),
  KEY `idx_iso_3_zen` (`countries_iso_code_3`)
) ENGINE=MyISAM AUTO_INCREMENT=241 DEFAULT CHARSET=utf8 COLLATE=utf8_unicode_ci;

--
-- Dumping data for table `zen_countries`
--

INSERT INTO `zen_countries` VALUES (240,'Aaland Islands','AX','ALA',1),(1,'Afghanistan','AF','AFG',1),(2,'Albania','AL','ALB',1),(3,'Algeria','DZ','DZA',1),(4,'American Samoa','AS','ASM',1),(5,'Andorra','AD','AND',1),(6,'Angola','AO','AGO',1),(7,'Anguilla','AI','AIA',1),(8,'Antarctica','AQ','ATA',1),(9,'Antigua and Barbuda','AG','ATG',1),(10,'Argentina','AR','ARG',1),(11,'Armenia','AM','ARM',1),(12,'Aruba','AW','ABW',1),(13,'Australia','AU','AUS',1),(14,'Austria','AT','AUT',5),(15,'Azerbaijan','AZ','AZE',1),(16,'Bahamas','BS','BHS',1),(17,'Bahrain','BH','BHR',1),(18,'Bangladesh','BD','BGD',1),(19,'Barbados','BB','BRB',1),(20,'Belarus','BY','BLR',1),(21,'Belgium','BE','BEL',1),(22,'Belize','BZ','BLZ',1),(23,'Benin','BJ','BEN',1),(24,'Bermuda','BM','BMU',1),(25,'Bhutan','BT','BTN',1),(26,'Bolivia','BO','BOL',1),(27,'Bosnia and Herzegowina','BA','BIH',1),(28,'Botswana','BW','BWA',1),(29,'Bouvet Island','BV','BVT',1),(30,'Brazil','BR','BRA',1),(31,'British Indian Ocean Territory','IO','IOT',1),(32,'Brunei Darussalam','BN','BRN',1),(33,'Bulgaria','BG','BGR',1),(34,'Burkina Faso','BF','BFA',1),(35,'Burundi','BI','BDI',1),(36,'Cambodia','KH','KHM',1),(37,'Cameroon','CM','CMR',1),(38,'Canada','CA','CAN',2),(39,'Cape Verde','CV','CPV',1),(40,'Cayman Islands','KY','CYM',1),(41,'Central African Republic','CF','CAF',1),(42,'Chad','TD','TCD',1),(43,'Chile','CL','CHL',1),(44,'China','CN','CHN',1),(45,'Christmas Island','CX','CXR',1),(46,'Cocos (Keeling) Islands','CC','CCK',1),(47,'Colombia','CO','COL',1),(48,'Comoros','KM','COM',1),(49,'Congo','CG','COG',1),(50,'Cook Islands','CK','COK',1),(51,'Costa Rica','CR','CRI',1),(52,'Cote D\'Ivoire','CI','CIV',1),(53,'Croatia','HR','HRV',1),(54,'Cuba','CU','CUB',1),(55,'Cyprus','CY','CYP',1),(56,'Czech Republic','CZ','CZE',1),(57,'Denmark','DK','DNK',1),(58,'Djibouti','DJ','DJI',1),(59,'Dominica','DM','DMA',1),(60,'Dominican Republic','DO','DOM',1),(61,'Timor-Leste','TL','TLS',1),(62,'Ecuador','EC','ECU',1),(63,'Egypt','EG','EGY',1),(64,'El Salvador','SV','SLV',1),(65,'Equatorial Guinea','GQ','GNQ',1),(66,'Eritrea','ER','ERI',1),(67,'Estonia','EE','EST',1),(68,'Ethiopia','ET','ETH',1),(69,'Falkland Islands (Malvinas)','FK','FLK',1),(70,'Faroe Islands','FO','FRO',1),(71,'Fiji','FJ','FJI',1),(72,'Finland','FI','FIN',1),(73,'France','FR','FRA',1),(75,'French Guiana','GF','GUF',1),(76,'French Polynesia','PF','PYF',1),(77,'French Southern Territories','TF','ATF',1),(78,'Gabon','GA','GAB',1),(79,'Gambia','GM','GMB',1),(80,'Georgia','GE','GEO',1),(81,'Germany','DE','DEU',5),(82,'Ghana','GH','GHA',1),(83,'Gibraltar','GI','GIB',1),(84,'Greece','GR','GRC',1),(85,'Greenland','GL','GRL',1),(86,'Grenada','GD','GRD',1),(87,'Guadeloupe','GP','GLP',1),(88,'Guam','GU','GUM',1),(89,'Guatemala','GT','GTM',1),(90,'Guinea','GN','GIN',1),(91,'Guinea-bissau','GW','GNB',1),(92,'Guyana','GY','GUY',1),(93,'Haiti','HT','HTI',1),(94,'Heard and Mc Donald Islands','HM','HMD',1),(95,'Honduras','HN','HND',1),(96,'Hong Kong','HK','HKG',1),(97,'Hungary','HU','HUN',1),(98,'Iceland','IS','ISL',1),(99,'India','IN','IND',1),(100,'Indonesia','ID','IDN',1),(101,'Iran (Islamic Republic of)','IR','IRN',1),(102,'Iraq','IQ','IRQ',1),(103,'Ireland','IE','IRL',1),(104,'Israel','IL','ISR',1),(105,'Italy','IT','ITA',1),(106,'Jamaica','JM','JAM',1),(107,'Japan','JP','JPN',1),(108,'Jordan','JO','JOR',1),(109,'Kazakhstan','KZ','KAZ',1),(110,'Kenya','KE','KEN',1),(111,'Kiribati','KI','KIR',1),(112,'Korea, Democratic People\'s Republic of','KP','PRK',1),(113,'Korea, Republic of','KR','KOR',1),(114,'Kuwait','KW','KWT',1),(115,'Kyrgyzstan','KG','KGZ',1),(116,'Lao People\'s Democratic Republic','LA','LAO',1),(117,'Latvia','LV','LVA',1),(118,'Lebanon','LB','LBN',1),(119,'Lesotho','LS','LSO',1),(120,'Liberia','LR','LBR',1),(121,'Libyan Arab Jamahiriya','LY','LBY',1),(122,'Liechtenstein','LI','LIE',1),(123,'Lithuania','LT','LTU',1),(124,'Luxembourg','LU','LUX',1),(125,'Macao','MO','MAC',1),(126,'Macedonia, The Former Yugoslav Republic of','MK','MKD',1),(127,'Madagascar','MG','MDG',1),(128,'Malawi','MW','MWI',1),(129,'Malaysia','MY','MYS',1),(130,'Maldives','MV','MDV',1),(131,'Mali','ML','MLI',1),(132,'Malta','MT','MLT',1),(133,'Marshall Islands','MH','MHL',1),(134,'Martinique','MQ','MTQ',1),(135,'Mauritania','MR','MRT',1),(136,'Mauritius','MU','MUS',1),(137,'Mayotte','YT','MYT',1),(138,'Mexico','MX','MEX',1),(139,'Micronesia, Federated States of','FM','FSM',1),(140,'Moldova','MD','MDA',1),(141,'Monaco','MC','MCO',1),(142,'Mongolia','MN','MNG',1),(143,'Montserrat','MS','MSR',1),(144,'Morocco','MA','MAR',1),(145,'Mozambique','MZ','MOZ',1),(146,'Myanmar','MM','MMR',1),(147,'Namibia','NA','NAM',1),(148,'Nauru','NR','NRU',1),(149,'Nepal','NP','NPL',1),(150,'Netherlands','NL','NLD',1),(151,'Netherlands Antilles','AN','ANT',1),(152,'New Caledonia','NC','NCL',1),(153,'New Zealand','NZ','NZL',1),(154,'Nicaragua','NI','NIC',1),(155,'Niger','NE','NER',1),(156,'Nigeria','NG','NGA',1),(157,'Niue','NU','NIU',1),(158,'Norfolk Island','NF','NFK',1),(159,'Northern Mariana Islands','MP','MNP',1),(160,'Norway','NO','NOR',1),(161,'Oman','OM','OMN',1),(162,'Pakistan','PK','PAK',1),(163,'Palau','PW','PLW',1),(164,'Panama','PA','PAN',1),(165,'Papua New Guinea','PG','PNG',1),(166,'Paraguay','PY','PRY',1),(167,'Peru','PE','PER',1),(168,'Philippines','PH','PHL',1),(169,'Pitcairn','PN','PCN',1),(170,'Poland','PL','POL',1),(171,'Portugal','PT','PRT',1),(172,'Puerto Rico','PR','PRI',1),(173,'Qatar','QA','QAT',1),(174,'Reunion','RE','REU',1),(175,'Romania','RO','ROU',1),(176,'Russian Federation','RU','RUS',1),(177,'Rwanda','RW','RWA',1),(178,'Saint Kitts and Nevis','KN','KNA',1),(179,'Saint Lucia','LC','LCA',1),(180,'Saint Vincent and the Grenadines','VC','VCT',1),(181,'Samoa','WS','WSM',1),(182,'San Marino','SM','SMR',1),(183,'Sao Tome and Principe','ST','STP',1),(184,'Saudi Arabia','SA','SAU',1),(185,'Senegal','SN','SEN',1),(186,'Seychelles','SC','SYC',1),(187,'Sierra Leone','SL','SLE',1),(188,'Singapore','SG','SGP',4),(189,'Slovakia (Slovak Republic)','SK','SVK',1),(190,'Slovenia','SI','SVN',1),(191,'Solomon Islands','SB','SLB',1),(192,'Somalia','SO','SOM',1),(193,'South Africa','ZA','ZAF',1),(194,'South Georgia and the South Sandwich Islands','GS','SGS',1),(195,'Spain','ES','ESP',3),(196,'Sri Lanka','LK','LKA',1),(197,'St. Helena','SH','SHN',1),(198,'St. Pierre and Miquelon','PM','SPM',1),(199,'Sudan','SD','SDN',1),(200,'Suriname','SR','SUR',1),(201,'Svalbard and Jan Mayen Islands','SJ','SJM',1),(202,'Swaziland','SZ','SWZ',1),(203,'Sweden','SE','SWE',1),(204,'Switzerland','CH','CHE',1),(205,'Syrian Arab Republic','SY','SYR',1),(206,'Taiwan','TW','TWN',1),(207,'Tajikistan','TJ','TJK',1),(208,'Tanzania, United Republic of','TZ','TZA',1),(209,'Thailand','TH','THA',1),(210,'Togo','TG','TGO',1),(211,'Tokelau','TK','TKL',1),(212,'Tonga','TO','TON',1),(213,'Trinidad and Tobago','TT','TTO',1),(214,'Tunisia','TN','TUN',1),(215,'Turkey','TR','TUR',1),(216,'Turkmenistan','TM','TKM',1),(217,'Turks and Caicos Islands','TC','TCA',1),(218,'Tuvalu','TV','TUV',1),(219,'Uganda','UG','UGA',1),(220,'Ukraine','UA','UKR',1),(221,'United Arab Emirates','AE','ARE',1),(222,'United Kingdom','GB','GBR',6),(223,'United States','US','USA',2),(224,'United States Minor Outlying Islands','UM','UMI',1),(225,'Uruguay','UY','URY',1),(226,'Uzbekistan','UZ','UZB',1),(227,'Vanuatu','VU','VUT',1),(228,'Vatican City State (Holy See)','VA','VAT',1),(229,'Venezuela','VE','VEN',1),(230,'Viet Nam','VN','VNM',1),(231,'Virgin Islands (British)','VG','VGB',1),(232,'Virgin Islands (U.S.)','VI','VIR',1),(233,'Wallis and Futuna Islands','WF','WLF',1),(234,'Western Sahara','EH','ESH',1),(235,'Yemen','YE','YEM',1),(236,'Serbia','RS','SRB',1),(238,'Zambia','ZM','ZMB',1),(239,'Zimbabwe','ZW','ZWE',1);

--
-- Table structure for table `zen_coupon_email_track`
--

CREATE TABLE `zen_coupon_email_track` (
  `unique_id` int(11) NOT NULL AUTO_INCREMENT,
  `coupon_id` int(11) NOT NULL DEFAULT '0',
  `customer_id_sent` int(11) NOT NULL DEFAULT '0',
  `sent_firstname` varchar(32) COLLATE utf8_unicode_ci DEFAULT NULL,
  `sent_lastname` varchar(32) COLLATE utf8_unicode_ci DEFAULT NULL,
  `emailed_to` varchar(32) COLLATE utf8_unicode_ci DEFAULT NULL,
  `date_sent` datetime NOT NULL DEFAULT '0001-01-01 00:00:00',
  PRIMARY KEY (`unique_id`),
  KEY `idx_coupon_id_zen` (`coupon_id`)
) ENGINE=MyISAM DEFAULT CHARSET=utf8 COLLATE=utf8_unicode_ci;

--
-- Dumping data for table `zen_coupon_email_track`
--


--
-- Table structure for table `zen_coupon_gv_customer`
--

CREATE TABLE `zen_coupon_gv_customer` (
  `customer_id` int(5) NOT NULL DEFAULT '0',
  `amount` decimal(15,4) NOT NULL DEFAULT '0.0000',
  PRIMARY KEY (`customer_id`)
) ENGINE=MyISAM DEFAULT CHARSET=utf8 COLLATE=utf8_unicode_ci;

--
-- Dumping data for table `zen_coupon_gv_customer`
--


--
-- Table structure for table `zen_coupon_gv_queue`
--

CREATE TABLE `zen_coupon_gv_queue` (
  `unique_id` int(5) NOT NULL AUTO_INCREMENT,
  `customer_id` int(5) NOT NULL DEFAULT '0',
  `order_id` int(5) NOT NULL DEFAULT '0',
  `amount` decimal(15,4) NOT NULL DEFAULT '0.0000',
  `date_created` datetime NOT NULL DEFAULT '0001-01-01 00:00:00',
  `ipaddr` varchar(32) COLLATE utf8_unicode_ci NOT NULL DEFAULT '',
  `release_flag` char(1) COLLATE utf8_unicode_ci NOT NULL DEFAULT 'N',
  PRIMARY KEY (`unique_id`),
  KEY `idx_cust_id_order_id_zen` (`customer_id`,`order_id`),
  KEY `idx_release_flag_zen` (`release_flag`)
) ENGINE=MyISAM DEFAULT CHARSET=utf8 COLLATE=utf8_unicode_ci;

--
-- Dumping data for table `zen_coupon_gv_queue`
--


--
-- Table structure for table `zen_coupon_redeem_track`
--

CREATE TABLE `zen_coupon_redeem_track` (
  `unique_id` int(11) NOT NULL AUTO_INCREMENT,
  `coupon_id` int(11) NOT NULL DEFAULT '0',
  `customer_id` int(11) NOT NULL DEFAULT '0',
  `redeem_date` datetime NOT NULL DEFAULT '0001-01-01 00:00:00',
  `redeem_ip` varchar(32) COLLATE utf8_unicode_ci NOT NULL DEFAULT '',
  `order_id` int(11) NOT NULL DEFAULT '0',
  PRIMARY KEY (`unique_id`),
  KEY `idx_coupon_id_zen` (`coupon_id`)
) ENGINE=MyISAM DEFAULT CHARSET=utf8 COLLATE=utf8_unicode_ci;

--
-- Dumping data for table `zen_coupon_redeem_track`
--


--
-- Table structure for table `zen_coupon_restrict`
--

CREATE TABLE `zen_coupon_restrict` (
  `restrict_id` int(11) NOT NULL AUTO_INCREMENT,
  `coupon_id` int(11) NOT NULL DEFAULT '0',
  `product_id` int(11) NOT NULL DEFAULT '0',
  `category_id` int(11) NOT NULL DEFAULT '0',
  `coupon_restrict` char(1) COLLATE utf8_unicode_ci NOT NULL DEFAULT 'N',
  PRIMARY KEY (`restrict_id`),
  KEY `idx_coup_id_prod_id_zen` (`coupon_id`,`product_id`)
) ENGINE=MyISAM DEFAULT CHARSET=utf8 COLLATE=utf8_unicode_ci;

--
-- Dumping data for table `zen_coupon_restrict`
--


--
-- Table structure for table `zen_coupons`
--

CREATE TABLE `zen_coupons` (
  `coupon_id` int(11) NOT NULL AUTO_INCREMENT,
  `coupon_type` char(1) COLLATE utf8_unicode_ci NOT NULL DEFAULT 'F',
  `coupon_code` varchar(32) COLLATE utf8_unicode_ci NOT NULL DEFAULT '',
  `coupon_amount` decimal(15,4) NOT NULL DEFAULT '0.0000',
  `coupon_minimum_order` decimal(15,4) NOT NULL DEFAULT '0.0000',
  `coupon_start_date` datetime NOT NULL DEFAULT '0001-01-01 00:00:00',
  `coupon_expire_date` datetime NOT NULL DEFAULT '0001-01-01 00:00:00',
  `uses_per_coupon` int(5) NOT NULL DEFAULT '1',
  `uses_per_user` int(5) NOT NULL DEFAULT '0',
  `restrict_to_products` varchar(255) COLLATE utf8_unicode_ci DEFAULT NULL,
  `restrict_to_categories` varchar(255) COLLATE utf8_unicode_ci DEFAULT NULL,
  `restrict_to_customers` text COLLATE utf8_unicode_ci,
  `coupon_active` char(1) COLLATE utf8_unicode_ci NOT NULL DEFAULT 'Y',
  `date_created` datetime NOT NULL DEFAULT '0001-01-01 00:00:00',
  `date_modified` datetime NOT NULL DEFAULT '0001-01-01 00:00:00',
  `coupon_zone_restriction` int(11) NOT NULL DEFAULT '0',
  PRIMARY KEY (`coupon_id`),
  KEY `idx_active_type_zen` (`coupon_active`,`coupon_type`),
  KEY `idx_coupon_code_zen` (`coupon_code`),
  KEY `idx_coupon_type_zen` (`coupon_type`)
) ENGINE=MyISAM DEFAULT CHARSET=utf8 COLLATE=utf8_unicode_ci;

--
-- Dumping data for table `zen_coupons`
--


--
-- Table structure for table `zen_coupons_description`
--

CREATE TABLE `zen_coupons_description` (
  `coupon_id` int(11) NOT NULL DEFAULT '0',
  `language_id` int(11) NOT NULL DEFAULT '0',
  `coupon_name` varchar(32) COLLATE utf8_unicode_ci NOT NULL DEFAULT '',
  `coupon_description` text COLLATE utf8_unicode_ci,
  PRIMARY KEY (`coupon_id`,`language_id`)
) ENGINE=MyISAM DEFAULT CHARSET=utf8 COLLATE=utf8_unicode_ci;

--
-- Dumping data for table `zen_coupons_description`
--


--
-- Table structure for table `zen_currencies`
--

CREATE TABLE `zen_currencies` (
  `currencies_id` int(11) NOT NULL AUTO_INCREMENT,
  `title` varchar(32) COLLATE utf8_unicode_ci NOT NULL DEFAULT '',
  `code` char(3) COLLATE utf8_unicode_ci NOT NULL DEFAULT '',
  `symbol_left` varchar(24) COLLATE utf8_unicode_ci DEFAULT NULL,
  `symbol_right` varchar(24) COLLATE utf8_unicode_ci DEFAULT NULL,
  `decimal_point` char(1) COLLATE utf8_unicode_ci DEFAULT NULL,
  `thousands_point` char(1) COLLATE utf8_unicode_ci DEFAULT NULL,
  `decimal_places` char(1) COLLATE utf8_unicode_ci DEFAULT NULL,
  `value` float(13,8) DEFAULT NULL,
  `last_updated` datetime DEFAULT NULL,
  PRIMARY KEY (`currencies_id`)
) ENGINE=MyISAM AUTO_INCREMENT=6 DEFAULT CHARSET=utf8 COLLATE=utf8_unicode_ci;

--
-- Dumping data for table `zen_currencies`
--

INSERT INTO `zen_currencies` VALUES (1,'US Dollar','USD','$','','.',',','2',1.00000000,'2013-06-12 19:48:25'),(2,'Euro','EUR','&euro;','','.',',','2',0.74860001,'2010-10-17 08:24:08'),(3,'GB Pound','GBP','&pound;','','.',',','2',0.63749999,'2010-10-17 08:24:08'),(4,'Canadian Dollar','CAD','$','','.',',','2',1.02020001,'2013-06-12 19:48:41'),(5,'Australian Dollar','AUD','$','','.',',','2',1.05509996,'2013-06-12 19:48:41');

--
-- Table structure for table `zen_customers`
--

CREATE TABLE `zen_customers` (
  `customers_id` int(11) NOT NULL AUTO_INCREMENT,
  `customers_gender` char(1) COLLATE utf8_unicode_ci NOT NULL DEFAULT '',
  `customers_firstname` varchar(32) COLLATE utf8_unicode_ci NOT NULL DEFAULT '',
  `customers_lastname` varchar(32) COLLATE utf8_unicode_ci NOT NULL DEFAULT '',
  `customers_dob` datetime NOT NULL DEFAULT '0001-01-01 00:00:00',
  `customers_email_address` varchar(96) COLLATE utf8_unicode_ci NOT NULL DEFAULT '',
  `customers_nick` varchar(96) COLLATE utf8_unicode_ci NOT NULL DEFAULT '',
  `customers_default_address_id` int(11) NOT NULL DEFAULT '0',
  `customers_telephone` varchar(32) COLLATE utf8_unicode_ci NOT NULL DEFAULT '',
  `customers_fax` varchar(32) COLLATE utf8_unicode_ci DEFAULT NULL,
  `customers_password` varchar(40) COLLATE utf8_unicode_ci NOT NULL DEFAULT '',
  `customers_newsletter` char(1) COLLATE utf8_unicode_ci DEFAULT NULL,
  `customers_group_pricing` int(11) NOT NULL DEFAULT '0',
  `customers_email_format` varchar(4) COLLATE utf8_unicode_ci NOT NULL DEFAULT 'TEXT',
  `customers_authorization` int(1) NOT NULL DEFAULT '0',
  `customers_referral` varchar(32) COLLATE utf8_unicode_ci NOT NULL DEFAULT '',
  `customers_paypal_payerid` varchar(20) COLLATE utf8_unicode_ci NOT NULL DEFAULT '',
  `customers_paypal_ec` tinyint(1) unsigned NOT NULL DEFAULT '0',
  PRIMARY KEY (`customers_id`),
  KEY `idx_email_address_zen` (`customers_email_address`),
  KEY `idx_referral_zen` (`customers_referral`(10)),
  KEY `idx_grp_pricing_zen` (`customers_group_pricing`),
  KEY `idx_nick_zen` (`customers_nick`),
  KEY `idx_newsletter_zen` (`customers_newsletter`)
) ENGINE=MyISAM AUTO_INCREMENT=44 DEFAULT CHARSET=utf8 COLLATE=utf8_unicode_ci;

--
-- Dumping data for table `zen_customers`
--

INSERT INTO `zen_customers` VALUES (1,'m','Big','Shorty','0001-01-01 00:00:00','admin@aaadirondackchairs.com','',39,'2481236863','','39ce1c2862e379ed2c9ccab085b83563:72','1',0,'HTML',0,'','',0),(2,'','IGARASHI','Hitoki','0001-01-01 00:00:00','h-igarashi@happy.bbexcite.jp','',40,'','','fcce3d3c7c6abe970da495fb2f085258:52','0',0,'TEXT',0,'','YW3544D7D29LE',0),(3,'m','John','Piloti','0001-01-01 00:00:00','jack.b@aaasurvivalproducts.com','',41,'2481236863','','2f7a2cef4b2893f59e8736c494254469:7c','1',0,'TEXT',0,'','',0),(4,'m','Joseph','McNeal','0001-01-01 00:00:00','2125joem@comcast.net','',42,'941-475-4233','','ac2947404947e95998759dafa9ca35de:09','0',0,'TEXT',0,'','',0),(5,'m','Thuan','Le','0001-01-01 00:00:00','tonyle122@yahoo.com','',45,'626 5341157','','cc02533e1df484de1580ccdd2518608c:86','0',0,'TEXT',0,'','',0),(6,'f','Caroline','Xia','0001-01-01 00:00:00','caroline_industry@yahoo.com','',46,'86-15123029626','','2b363981e463ca6d60d310a244576e03:a9','0',0,'TEXT',0,'','',0),(7,'m','Mohammad','Sharif','0001-01-01 00:00:00','ananta2@live.om','',48,'+88 01711842365','','f36484bd6bcdb3cc08b374dfdf1f5d60:da','1',0,'HTML',0,'','',0),(8,'m','Kuswadi','Saibun','0001-01-01 00:00:00','garislini@garislini.co.id','',49,'6221 3853377','6221 3809527','5e4dfbd9a7893d0a8b021279b367058a:ca','1',0,'HTML',0,'','',0),(9,'f','Patti','Stallings','0001-01-01 00:00:00','pstallings@plateautel.net','',50,'(575) 763-4300','(575) 763-3400','6d3c8f366dfc922692a3fcbfd8c3db7e:86','0',0,'TEXT',0,'','',0),(10,'f','Nona','Savage','0001-01-01 00:00:00','jinaborner@mail15.com','',51,'2843585551420','555-88-77','8ac05a8de7eec80e87a69afdcad68526:b9','0',0,'TEXT',0,'','',0),(11,'m','Jonathan','Sanchez','0001-01-01 00:00:00','tegarcia68@yahoo.com','',52,'787-309-3912','','12f76cd2a443e0740f70dec1b7077e95:ff','0',0,'TEXT',0,'','',0),(12,'f','Melva','Castillo','0001-01-01 00:00:00','heilajordan@mail15.com','',54,'2843585551420','555-88-77','b53f617c3f01dc95841cfa408c541ce0:d9','0',0,'TEXT',0,'','',0),(13,'m','JAVIER','NAVIA-OSORIO','0001-01-01 00:00:00','zapurrel@rtelefonica.net','',55,'915764088','','1f947263bc18cfbb3dc770b605a58d33:e4','1',0,'HTML',0,'','',0),(14,'m','Javier','Navia-Osorio','0001-01-01 00:00:00','zapurrel@telefonica.net','',56,'5764088','','c265641ff82a3f3e88bc3dc0a5e6509a:f8','1',0,'HTML',0,'','',0),(15,'m','Michael','Chen','0001-01-01 00:00:00','michael.chen@fujiangnan.com','',57,'+86-592-2235820','','db0e2f968ec764b234d81243fee9c58d:d1','0',0,'TEXT',0,'','',0),(16,'m','Wayne','Shortridge','0001-01-01 00:00:00','wayne@shortridgeoutdoorsupplies.com','',58,'904-476-5677','','d9c0a702f53417dc2c3c5061c6c3685d:08','1',0,'TEXT',0,'','',0),(17,'f','Margie','Molina','0001-01-01 00:00:00','leothompson@mail15.com','',59,'2843585551420','555-88-77','208764330d98d8440e9d0abaaa2ef610:4a','0',0,'TEXT',0,'','',0),(18,'f','Opal','Kennedy','0001-01-01 00:00:00','samantamegang@mail15.com','',60,'2843585551420','555-88-77','449dc71a7461a8c8b76e9649df172a7a:88','0',0,'TEXT',0,'','',0),(19,'f','Thomas','Shire','0001-01-01 00:00:00','thomas.shire@gmail.com','3297bcd8e8fa44e5efe65b142389dc00',61,'393809393','','a77060e5a0e761f2ee9cc3959fb048c1:f8','1',0,'TEXT',0,'','',0),(20,'m','anton','simangunsong','0001-01-01 00:00:00','antonchs@yahoo.co.id','',62,'021-7541030','021-7533032','250b29090919893c0fd5ebee20c59abf:bb','1',0,'TEXT',0,'','',0),(21,'f','EMILY','KIM','0001-01-01 00:00:00','SEAWOLF502@YAHOO.CO.KR','',63,'82)10-8727-8783','','b4d45580b120f09ff5fa226c10e47ef9:3d','0',0,'TEXT',0,'','',0),(22,'m','Angelo','Garcia lugnany','0001-01-01 00:00:00','Angelopiloto@gmail.com','',64,'00584120756907 /. 7865564029','','5df78b253c66c4c1de37f7897cf7f766:ab','0',0,'HTML',0,'','',0),(23,'m','Howard','Morton','0001-01-01 00:00:00','sloflt@yahoo.com','',65,'310-617-2533','','c37cdcaa4ffa2ad7bcbf11885e51d59a:ff','0',0,'TEXT',0,'','',0),(24,'m','Bob','Seres','0001-01-01 00:00:00','bseres@samaritan.org','',67,'13366967007','13366967222','c62ae895e959dae45d17782744012912:90','0',0,'TEXT',0,'','',0),(25,'','Kendrick','Meiners','0001-01-01 00:00:00','kendrick.meiners@rampartaviation.com','',68,'','','35ccd400b9efa55eedeb0b284c24235b:94','0',0,'TEXT',0,'','NM5CSYJUWGSRY',0),(26,'m','jason','PARKER','0001-01-01 00:00:00','ddj@gmail.com','',69,'415-456-1535','','00efd209b3cac9dbf5d707ca3bf9f02e:0d','0',0,'TEXT',0,'','',0),(27,'m','Perkin','Elmer','0001-01-01 00:00:00','perkinelmer@gmail.com','',70,'410-712-4410','','18d03db84a302ab2b9a4cfe4180f3154:fd','0',0,'TEXT',0,'','',0),(28,'','Tyler','Noel','0001-01-01 00:00:00','Tjnoel@gmail.com','',71,'','','b39d4212e3995831317a295e23939c2d:ca','0',0,'TEXT',0,'','PPPEMGZVYQBZ8',0),(29,'f','Mikki','Barnes','0001-01-01 00:00:00','mikki.barnes@vscglobal.com','',72,'850-424-5223','','b0798b04f05b5d0ecd4263c81f22aad6:14','0',0,'HTML',0,'','',0),(30,'','Christian','Boeck','0001-01-01 00:00:00','a.temmerman@elitejet.de','',73,'+49 21614952480','','24dcbb6b817e1218b5eabed00b4ab078:8a','0',0,'TEXT',0,'','RBEVH3BBLRDVA',0),(31,'m','MATTHEW','FARMER','0001-01-01 00:00:00','matt.farmer@me.com','',74,'416-886-6278','','42c123bdcc353189c33e85c9531c0559:a4','0',0,'TEXT',0,'','',0),(32,'f','miriam','clavero','0001-01-01 00:00:00','MC@atlanticaviationparts.com','',75,'3059189170','3059189170','924f2ef53eb9416eed84edeeae7d2b32:dc','0',0,'TEXT',0,'','',0),(33,'m','Ralph','Calhoun','0001-01-01 00:00:00','ralphandmarsha.calhoun@gmail.com','',76,'8505857283','8505857283','db3c88ce97a426f5c86ab88b318584ad:4a','0',0,'TEXT',0,'','',0),(34,'','charles','shortridge','0001-01-01 00:00:00','bigandkind37@yahoo.com','',77,'','','9209b6a547959000bf47551e4fdc20d6:66','0',0,'TEXT',0,'','4U7HF29KMHDZ4',0),(35,'m','James','Sohl','0001-01-01 00:00:00','jc_yms@yahoo.com','',79,'5124228516','','4df006d3211aa1315bd733e14e33da4b:48','0',0,'TEXT',0,'','',0),(36,'m','Roberto','Martinez','0001-01-01 00:00:00','robertomartinez97@gmail.com','',80,'7863319200','7863319200','63ad3a867661484d9dc337659866f1bd:0c','0',0,'TEXT',0,'','',0),(37,'f','Vica','Putri','0001-01-01 00:00:00','vicaputri@gmail.com','',81,'0217414742','','16cae62dbe7d80a300677a9185bfff9f:1f','1',0,'HTML',0,'','',0),(38,'','Benjamin','Giles','0001-01-01 00:00:00','bjgiles@mindspring.com','',82,'','','15bedf2ce19579f2eb93c5d929550b6f:f1','0',0,'TEXT',0,'','8HF588LVQP6PE',0),(39,'','john','brake','0001-01-01 00:00:00','jhbrake@comcast.net','',83,'','','f60af33f4c0ac474f67428d631ca68b5:75','0',0,'TEXT',0,'','VSXFLYSX7NJWN',0),(40,'m','Paolo','Fiumanò','0001-01-01 00:00:00','baddino68@gmail.com','',85,'3357668106','','6e33369493c0912dff0c1fdcfe784646:21','0',0,'TEXT',0,'','',0),(41,'','john','brake','0001-01-01 00:00:00','jhbrak@comcast.net','',88,'','','e778063470e104f5cf3b223c56efa3ad:74','0',0,'TEXT',0,'','VSXFLYSX7NJWN',0),(42,'','Yuriy','Kononyuk','0001-01-01 00:00:00','yuriy.kononyuk@gmail.com','',89,'','','350b9f4b193b51e1786a2e581fa233c3:04','0',0,'TEXT',0,'','C7K7MEZ9SV7VE',0),(43,'m','Jeff','Gitschel','0001-01-01 00:00:00','jeffgitschel@sbcglobal.net','',90,'5303910635','','287772d7db1fc7e18c0e1e6bf42fda23:47','0',0,'TEXT',0,'','',0);

--
-- Table structure for table `zen_customers_basket`
--

CREATE TABLE `zen_customers_basket` (
  `customers_basket_id` int(11) NOT NULL AUTO_INCREMENT,
  `customers_id` int(11) NOT NULL DEFAULT '0',
  `products_id` tinytext COLLATE utf8_unicode_ci NOT NULL,
  `customers_basket_quantity` float NOT NULL DEFAULT '0',
  `final_price` decimal(15,4) NOT NULL DEFAULT '0.0000',
  `customers_basket_date_added` varchar(8) COLLATE utf8_unicode_ci DEFAULT NULL,
  PRIMARY KEY (`customers_basket_id`),
  KEY `idx_customers_id_zen` (`customers_id`)
) ENGINE=MyISAM AUTO_INCREMENT=54 DEFAULT CHARSET=utf8 COLLATE=utf8_unicode_ci;

--
-- Dumping data for table `zen_customers_basket`
--

INSERT INTO `zen_customers_basket` VALUES (10,4,'3:9d2458150f98263abbde3fa39f5a952c',1,0.0000,'20110413'),(11,5,'36',1,0.0000,'20110830'),(13,9,'43',8,0.0000,'20111207'),(14,11,'47',1,0.0000,'20120116'),(15,11,'46',1,0.0000,'20120116'),(16,13,'13:c0414861be551a6e1fdf84fde189ddd7',1,0.0000,'20120419'),(17,13,'45',1,0.0000,'20120419'),(21,15,'33:611f76b6f95230e6263607d9a1ebe936',3,0.0000,'20120426'),(19,14,'45',1,0.0000,'20120419'),(20,14,'11:e4259cc05d40a7036916e82fd6bf3483',1,0.0000,'20120419'),(25,16,'48',1,0.0000,'20120518'),(27,16,'46',1,0.0000,'20120518'),(28,22,'32:fff471995274f5e93b772f739be0f664',1,0.0000,'20130326'),(29,23,'44',1,0.0000,'20130729'),(31,24,'71',3,0.0000,'20130805'),(32,3,'47',1,0.0000,'20140213'),(33,25,'12:3a6692c94b4eeea2c890133e8ecdd6d9',1,0.0000,'20141119'),(34,26,'17:c523e132f7f4872664597bb61b96c5c0',1,0.0000,'20150112'),(35,26,'1:c67a93707abd36d886c00bda2ad5b9cf',1,0.0000,'20150112'),(36,26,'11:e4259cc05d40a7036916e82fd6bf3483',1,0.0000,'20150112'),(37,27,'1:c67a93707abd36d886c00bda2ad5b9cf',1,0.0000,'20150116'),(38,28,'2:e69cb0dec6e16778f4c83cdbac368f23',1,0.0000,'20150529'),(39,29,'12:3a6692c94b4eeea2c890133e8ecdd6d9',1,0.0000,'20151029'),(40,30,'40:c6cb9f3ac8aae8075452ce43961b5685',2,0.0000,'20160119'),(41,33,'10:de85afecba31b51ae3a409b22395dd90',1,0.0000,'20160910'),(42,34,'48',2,0.0000,'20160910'),(43,34,'46',1,0.0000,'20160910'),(44,36,'6:772c4cf4cfcfb000d9edc58b86b894df',1,0.0000,'20161005'),(45,38,'17:c523e132f7f4872664597bb61b96c5c0',1,0.0000,'20171209'),(46,39,'46',1,0.0000,'20180107'),(49,41,'46',1,0.0000,'20180113'),(48,40,'48',1,0.0000,'20180111'),(50,42,'1:c67a93707abd36d886c00bda2ad5b9cf',1,0.0000,'20180305'),(51,42,'45',1,0.0000,'20180305'),(52,42,'38:df99c0abc2f064f2123fb6d2ffe12a70',1,0.0000,'20180305'),(53,43,'47',1,0.0000,'20180309');

--
-- Table structure for table `zen_customers_basket_attributes`
--

CREATE TABLE `zen_customers_basket_attributes` (
  `customers_basket_attributes_id` int(11) NOT NULL AUTO_INCREMENT,
  `customers_id` int(11) NOT NULL DEFAULT '0',
  `products_id` tinytext COLLATE utf8_unicode_ci NOT NULL,
  `products_options_id` varchar(64) COLLATE utf8_unicode_ci NOT NULL DEFAULT '0',
  `products_options_value_id` int(11) NOT NULL DEFAULT '0',
  `products_options_value_text` blob,
  `products_options_sort_order` text COLLATE utf8_unicode_ci NOT NULL,
  PRIMARY KEY (`customers_basket_attributes_id`),
  KEY `idx_cust_id_prod_id_zen` (`customers_id`,`products_id`(36))
) ENGINE=MyISAM AUTO_INCREMENT=21 DEFAULT CHARSET=utf8 COLLATE=utf8_unicode_ci;

--
-- Dumping data for table `zen_customers_basket_attributes`
--

INSERT INTO `zen_customers_basket_attributes` VALUES (1,4,'3:9d2458150f98263abbde3fa39f5a952c','1',1,'','0.00000'),(2,13,'13:c0414861be551a6e1fdf84fde189ddd7','1',1,'','0.00000'),(5,15,'33:611f76b6f95230e6263607d9a1ebe936','1',1,'','0.00000'),(4,14,'11:e4259cc05d40a7036916e82fd6bf3483','1',1,'','0.00000'),(6,22,'32:fff471995274f5e93b772f739be0f664','1',1,'','0.00000'),(7,25,'12:3a6692c94b4eeea2c890133e8ecdd6d9','1',1,'','0.00000'),(8,26,'17:c523e132f7f4872664597bb61b96c5c0','1',1,'','0.00000'),(9,26,'1:c67a93707abd36d886c00bda2ad5b9cf','1',1,'','0.00000'),(10,26,'11:e4259cc05d40a7036916e82fd6bf3483','1',1,'','0.00000'),(11,27,'1:c67a93707abd36d886c00bda2ad5b9cf','1',1,'','0.00000'),(12,28,'2:e69cb0dec6e16778f4c83cdbac368f23','1',1,'','0.00000'),(13,29,'12:3a6692c94b4eeea2c890133e8ecdd6d9','1',1,'','0.00000'),(14,30,'40:c6cb9f3ac8aae8075452ce43961b5685','6',15,'','3.00001'),(15,30,'40:c6cb9f3ac8aae8075452ce43961b5685','7_chk23',23,'','4.00010'),(16,33,'10:de85afecba31b51ae3a409b22395dd90','1',1,'','0.00000'),(17,36,'6:772c4cf4cfcfb000d9edc58b86b894df','1',1,'','0.00000'),(18,38,'17:c523e132f7f4872664597bb61b96c5c0','1',1,'','0.00000'),(19,42,'1:c67a93707abd36d886c00bda2ad5b9cf','1',1,'','0.00000'),(20,42,'38:df99c0abc2f064f2123fb6d2ffe12a70','5',5,'','1.00001');

--
-- Table structure for table `zen_customers_info`
--

CREATE TABLE `zen_customers_info` (
  `customers_info_id` int(11) NOT NULL DEFAULT '0',
  `customers_info_date_of_last_logon` datetime DEFAULT NULL,
  `customers_info_number_of_logons` int(5) DEFAULT NULL,
  `customers_info_date_account_created` datetime DEFAULT NULL,
  `customers_info_date_account_last_modified` datetime DEFAULT NULL,
  `global_product_notifications` int(1) DEFAULT '0',
  PRIMARY KEY (`customers_info_id`)
) ENGINE=MyISAM DEFAULT CHARSET=utf8 COLLATE=utf8_unicode_ci;

--
-- Dumping data for table `zen_customers_info`
--

INSERT INTO `zen_customers_info` VALUES (1,'2010-11-04 21:24:20',4,'2010-10-18 21:24:07',NULL,0),(2,'2010-11-18 08:05:14',7,'2010-11-15 20:38:27','2010-11-15 20:53:10',0),(3,'2014-02-13 10:34:06',2,'2011-03-30 20:41:04',NULL,0),(4,'2011-04-14 07:33:23',3,'2011-04-13 16:32:01',NULL,0),(5,'2011-09-07 20:12:17',3,'2011-08-30 14:22:36',NULL,0),(6,'2011-09-02 01:17:22',1,'2011-09-02 01:17:22',NULL,0),(7,'2011-11-20 05:20:43',1,'2011-11-20 05:20:43',NULL,0),(8,'2011-11-24 03:20:31',1,'2011-11-24 03:20:31',NULL,0),(9,'2011-12-07 17:53:36',3,'2011-12-07 17:36:05',NULL,0),(10,'2011-12-20 17:50:30',1,'2011-12-20 17:50:30',NULL,0),(11,'2012-01-16 18:28:49',1,'2012-01-16 18:28:49',NULL,0),(12,'2012-03-31 02:29:12',1,'2012-03-31 02:29:12',NULL,0),(13,'2012-04-19 03:55:51',1,'2012-04-19 03:55:51',NULL,0),(14,'2012-04-19 04:25:36',1,'2012-04-19 04:25:36',NULL,0),(15,'2012-04-26 01:59:50',1,'2012-04-26 01:59:50',NULL,0),(16,'2014-03-18 10:23:16',7,'2012-05-18 10:39:04',NULL,0),(17,'2012-05-22 10:33:30',1,'2012-05-22 10:33:30',NULL,0),(18,'2012-05-29 05:03:29',1,'2012-05-29 05:03:29',NULL,0),(19,'2012-11-17 19:39:17',1,'2012-11-17 19:39:17',NULL,0),(20,'2012-12-13 01:37:47',1,'2012-12-13 01:37:47',NULL,0),(21,'2013-02-15 01:55:23',2,'2013-02-14 01:35:48',NULL,0),(22,'2013-03-26 11:16:59',1,'2013-03-26 11:16:59',NULL,0),(23,'2013-07-29 13:14:23',1,'2013-07-29 13:14:23',NULL,0),(24,'2013-08-05 07:55:49',2,'2013-08-05 07:48:12',NULL,0),(25,'2014-11-19 12:48:10',2,'2014-11-19 12:48:10',NULL,0),(26,'2015-01-12 23:03:44',1,'2015-01-12 23:03:44',NULL,0),(27,'2015-01-16 02:42:17',1,'2015-01-16 02:42:17',NULL,0),(28,'2015-05-29 10:36:30',2,'2015-05-29 10:36:29',NULL,0),(29,'2015-10-29 16:06:38',1,'2015-10-29 16:06:38',NULL,0),(30,'2016-01-19 09:24:53',2,'2016-01-19 09:24:53',NULL,0),(31,'2016-01-29 11:26:49',1,'2016-01-29 11:26:49',NULL,0),(32,'2016-06-07 10:34:31',1,'2016-06-07 10:34:31',NULL,0),(33,'2016-09-10 09:13:11',1,'2016-09-10 09:13:11',NULL,0),(34,'2016-09-10 16:28:52',2,'2016-09-10 16:28:52',NULL,0),(35,'2016-09-30 01:55:13',1,'2016-09-30 01:55:13','2016-09-30 02:00:22',0),(36,'2016-10-05 12:47:35',1,'2016-10-05 12:47:35',NULL,0),(37,'2017-03-05 21:11:09',1,'2017-03-05 21:11:09',NULL,0),(38,'2017-12-09 13:57:08',2,'2017-12-09 13:57:08',NULL,0),(39,'2018-01-12 21:16:55',11,'2018-01-07 18:56:11',NULL,0),(40,'2018-01-12 06:08:29',2,'2018-01-11 18:56:33',NULL,0),(41,'2018-01-13 20:18:43',2,'2018-01-13 20:18:42',NULL,0),(42,'2018-03-05 09:13:01',2,'2018-03-05 09:13:00',NULL,0),(43,'2018-03-09 21:23:49',1,'2018-03-09 21:23:49',NULL,0);

--
-- Table structure for table `zen_customers_wishlist`
--

CREATE TABLE `zen_customers_wishlist` (
  `products_id` int(13) NOT NULL DEFAULT '0',
  `customers_id` int(13) NOT NULL DEFAULT '0',
  `products_model` varchar(13) COLLATE utf8_unicode_ci DEFAULT NULL,
  `products_name` varchar(64) COLLATE utf8_unicode_ci NOT NULL DEFAULT '',
  `products_price` decimal(8,2) NOT NULL DEFAULT '0.00',
  `final_price` decimal(8,2) NOT NULL DEFAULT '0.00',
  `products_quantity` int(2) NOT NULL DEFAULT '0',
  `wishlist_name` varchar(64) COLLATE utf8_unicode_ci DEFAULT NULL
) ENGINE=MyISAM DEFAULT CHARSET=utf8 COLLATE=utf8_unicode_ci;

--
-- Dumping data for table `zen_customers_wishlist`
--


--
-- Table structure for table `zen_db_cache`
--

CREATE TABLE `zen_db_cache` (
  `cache_entry_name` varchar(64) COLLATE utf8_unicode_ci NOT NULL DEFAULT '',
  `cache_data` mediumblob,
  `cache_entry_created` int(15) DEFAULT NULL,
  PRIMARY KEY (`cache_entry_name`)
) ENGINE=MyISAM DEFAULT CHARSET=utf8 COLLATE=utf8_unicode_ci;

--
-- Dumping data for table `zen_db_cache`
--


--
-- Table structure for table `zen_email_archive`
--

CREATE TABLE `zen_email_archive` (
  `archive_id` int(11) NOT NULL AUTO_INCREMENT,
  `email_to_name` varchar(96) COLLATE utf8_unicode_ci NOT NULL DEFAULT '',
  `email_to_address` varchar(96) COLLATE utf8_unicode_ci NOT NULL DEFAULT '',
  `email_from_name` varchar(96) COLLATE utf8_unicode_ci NOT NULL DEFAULT '',
  `email_from_address` varchar(96) COLLATE utf8_unicode_ci NOT NULL DEFAULT '',
  `email_subject` varchar(255) COLLATE utf8_unicode_ci NOT NULL DEFAULT '',
  `email_html` text COLLATE utf8_unicode_ci NOT NULL,
  `email_text` text COLLATE utf8_unicode_ci NOT NULL,
  `date_sent` datetime NOT NULL DEFAULT '0001-01-01 00:00:00',
  `module` varchar(64) COLLATE utf8_unicode_ci NOT NULL DEFAULT '',
  PRIMARY KEY (`archive_id`),
  KEY `idx_email_to_address_zen` (`email_to_address`),
  KEY `idx_module_zen` (`module`)
) ENGINE=MyISAM DEFAULT CHARSET=utf8 COLLATE=utf8_unicode_ci;

--
-- Dumping data for table `zen_email_archive`
--


--
-- Table structure for table `zen_ezpages`
--

CREATE TABLE `zen_ezpages` (
  `pages_id` int(11) NOT NULL AUTO_INCREMENT,
  `languages_id` int(11) NOT NULL DEFAULT '1',
  `pages_title` varchar(64) COLLATE utf8_unicode_ci NOT NULL DEFAULT '',
  `alt_url` varchar(255) COLLATE utf8_unicode_ci NOT NULL DEFAULT '',
  `alt_url_external` varchar(255) COLLATE utf8_unicode_ci NOT NULL DEFAULT '',
  `pages_html_text` mediumtext COLLATE utf8_unicode_ci,
  `status_header` int(1) NOT NULL DEFAULT '1',
  `status_sidebox` int(1) NOT NULL DEFAULT '1',
  `status_footer` int(1) NOT NULL DEFAULT '1',
  `status_toc` int(1) NOT NULL DEFAULT '1',
  `header_sort_order` int(3) NOT NULL DEFAULT '0',
  `sidebox_sort_order` int(3) NOT NULL DEFAULT '0',
  `footer_sort_order` int(3) NOT NULL DEFAULT '0',
  `toc_sort_order` int(3) NOT NULL DEFAULT '0',
  `page_open_new_window` int(1) NOT NULL DEFAULT '0',
  `page_is_ssl` int(1) NOT NULL DEFAULT '0',
  `toc_chapter` int(11) NOT NULL DEFAULT '0',
  `pc_id` int(20) NOT NULL,
  PRIMARY KEY (`pages_id`),
  KEY `idx_lang_id_zen` (`languages_id`),
  KEY `idx_ezp_status_header_zen` (`status_header`),
  KEY `idx_ezp_status_sidebox_zen` (`status_sidebox`),
  KEY `idx_ezp_status_footer_zen` (`status_footer`),
  KEY `idx_ezp_status_toc_zen` (`status_toc`)
) ENGINE=MyISAM AUTO_INCREMENT=15 DEFAULT CHARSET=utf8 COLLATE=utf8_unicode_ci;

--
-- Dumping data for table `zen_ezpages`
--

INSERT INTO `zen_ezpages` VALUES (12,1,'Array','','','Array',0,1,0,0,0,50,0,0,0,0,0,0),(13,1,'Array','','','Array',0,1,0,1,0,100,0,400,0,0,1,0),(4,1,'Array','','','Array',0,1,0,0,0,50,0,0,0,0,0,0),(6,1,'Array','fax_form.pdf','','Array',0,0,1,1,0,0,0,100,0,0,90,0),(7,1,'Array','fax_form.php','','Array',0,0,0,1,0,0,0,101,0,0,90,0),(8,1,'Array','','','Array',0,0,0,0,0,0,0,0,0,0,0,0),(9,1,'Array','','','Array',0,0,0,0,0,0,0,0,0,0,0,0),(10,1,'Array','','','Array',0,1,0,1,0,1,0,300,0,0,1,0),(11,1,'Array','','','Array',0,1,0,1,0,1,0,310,0,0,1,0),(14,1,'Array','','','Array',0,0,0,0,0,0,0,0,0,0,0,0);

--
-- Table structure for table `zen_ezpages_content`
--

CREATE TABLE `zen_ezpages_content` (
  `pc_id` int(11) NOT NULL AUTO_INCREMENT,
  `pages_id` int(11) NOT NULL DEFAULT '0',
  `languages_id` int(11) NOT NULL DEFAULT '1',
  `pages_title` varchar(64) COLLATE utf8_unicode_ci NOT NULL DEFAULT '',
  `pages_html_text` text COLLATE utf8_unicode_ci,
  PRIMARY KEY (`pc_id`),
  KEY `idx_ezpages_content` (`pages_id`,`languages_id`)
) ENGINE=MyISAM AUTO_INCREMENT=23 DEFAULT CHARSET=utf8 COLLATE=utf8_unicode_ci;

--
-- Dumping data for table `zen_ezpages_content`
--

INSERT INTO `zen_ezpages_content` VALUES (1,3,1,'Aviation Links','<br />\r\n<br />\r\n<strong>General Information</strong>\r\n<ul>\r\n  <li>AirNav (Pilot Information): <a href=\"\"http://www.aiav.com/fuel\"\">www.aiav.com</a></li>\r\n  <li>Aviation Weather Center: <a href=\"\"http://www.aviationweather.gov\"\">www.aviationweather.gov</a></li>\r\n  <li>Aviator\'s Hotline: <a href=\"\"http://www.aviationhotline.com/Aviators.htm\"\">http://www.aviationhotline.com/Aviators.htm</a></li>\r\n  <li>AvWeb:<a href=\"\"http://www.avweb.com\"\"> www.avweb.com</a></li>\r\n</ul>\r\n<h4>Government Agencies</h4>\r\n<ul>\r\n  <li>Civil Air Patrol: <a href=\"\"http://www.cap.gov\"\">www.cap.gov</a></li>\r\n  <li>Federal Aviation Administration: <a href=\"\"http://www.faa.gov\"\">www.faa.gov</a></li>\r\n  <li>FAR (Federal Aviation Regulations): <a href=\"\"http://www.faa.gov/regulations_policies/faa_regulations/\"\">www.faa.gov/regulations_policies/faa_regulations</a></li>\r\n  <li>National Transportation Safety Board: <a href=\"\"http://www.ntsb.gov\"\">www.ntsb.gov</a></li>\r\n  <li>U.S. Air Force: <a href=\"\"http://www.af.mil\"\">www.af.mil</a></li>\r\n</ul>\r\n<h4>Historical Information</h4>\r\n<ul>\r\n  <li>Aviation History Online Museum: <a href=\"\"http://www.aviation-history.com\"\">www.aviation-history.com</a></li>\r\n  <li>Canadian Warplane Museum:<a href=\"\"http://www.warplane.com\"\"> www.warplane.com</a></li>\r\n  <li>Flight History Information:<a href=\"\"http://www.flight-history.com\"\"> www.flight-history.com</a></li>\r\n  <li>National Air & Space Museum: <a href=\"\"http://www.nasm.si.edu\"\">www.nasm.si.edu</a></li>\r\n  <li>National Aviation Hall of Fame:<a href=\"\"http://www.nationalaviation.org\"\"> www.nationalaviation.org</a></li>\r\n  <li>Strategic Air Command Museum: <a href=\"\"http://www.strategicairandspace.com\"\">www.strategicairandspace.com</a></li>\r\n</ul>\r\n<h4>Organizations</h4>\r\n<ul>\r\n  <li>A.O.P.A. (Aircraft Owners Pilots Assoc.): <a href=\"\"http://www.aopa.org\"\">www.aopa.org</a></li>\r\n  <li>American Bonanza Society: <a href=\"\"http://www.bonanza.org\"\">www.bonanza.org</a></li>\r\n  <li>Airports Council Inteational: <a href=\"\"http://www.airports.org\"\">www.airports.org</a></li>\r\n  <li>Cessna Owner Organization: <a href=\"\"http://www.cessnaowner.org\"\">www.cessnaowner.org</a></li>\r\n  <li>International Commanche Society: <a href=\"\"http://www.comancheflyer.com\"\">www.comancheflyer.com</a></li>\r\n  <li>International Organization of Women Pilots:<a href=\"\"http://www.ninety-nines.org\"\"> www.ninety-nines.org</a></li>\r\n  <li>Mooney Pilot Organization: <a href=\"\"http://www.mooneypilots.com/\"\">http://www.mooneypilots.com/</a></li>\r\n  <li>National Aeronautic Association: <a href=\"\"http://www.naa-usa.org\"\">www.naa-usa.org</a></li>\r\n  <li>N.B.A.A. (National Business Aviation Assoc.):<a href=\"\"http://www.nbaa.org\"\"> www.nbaa.org</a></li>\r\n</ul>\r\n<h4>Publications</h4>\r\n<ul>\r\n  <li>Aerospace Technology:<a href=\"\"http://www.aerospace-technology.com/\"\"> http://www.aerospace-technology.com/</a></li>\r\n  <li>Airplane Blog: <a href=\"\"http://www.airplaneblog.com/\"\">http://www.airplaneblog.com/</a></li>\r\n  <li>AutoPilot Magazine:<a href=\"\"http://www.autopilotmagazine.com\"\">www.autopilotmagazine.com</a></li>\r\n  <li>Aviation Market Center: <a href=\"\"http://www.aviationmarketcenter.com/\"\">http://www.aviationmarketcenter.com/</a></li>\r\n  <li>Business Air Today :<a href=\"\"http://www.businessair.com/\"\">http://www.businessair.com/</a></li>\r\n  <li>Business & Commercial Aviation: <a href=\"\"http://www.aviationnow.com\"\">www.aviationnow.com</a></li>\r\n  <li class=\"\"style8\"\">Landings:<a href=\"\"http://www.landings.com\"\">www.landings.com</a></li>\r\n  <li>Pilot\'s Web: <a href=\"\"http://pilotsweb.com/\"\">http://pilotsweb.com/</a></li>\r\n  <li>Plane & Pilot :<a href=\"\"http://www.planeandpilotmag.com/\"\">http://www.planeandpilotmag.com/</a></li>\r\n  <li>Southern Aviator: <a href=\"\"http://www.southe-aviator.com\"\">www.southe-aviator.com</a></li>\r\n  <li>Southwest Aviator:<a href=\"\"http://www.southwestaviator.com\"\"> www.southwestaviator.com</a></li>\r\n  <li>World Aircraft Sales Magazine:<a href=\"\"http://www.avbuyer.com\"\"> www.avbuyer.com</a></li>\r\n</ul>'),(2,3,2,'Enlaces de la Aviación','<br />\r\n<br />\r\n<strong>Información General</strong>\r\n<ul>\r\n  <li>AirNav (Pilot Information): <a href=\"\"http://www.aiav.com/fuel\"\">www.aiav.com</a></li>\r\n  <li>Aviation Weather Center: <a href=\"\"http://www.aviationweather.gov\"\">www.aviationweather.gov</a></li>\r\n  <li>Aviator\'s Hotline: <a href=\"\"http://www.aviationhotline.com/Aviators.htm\"\">http://www.aviationhotline.com/Aviators.htm</a></li>\r\n  <li>AvWeb:<a href=\"\"http://www.avweb.com\"\"> www.avweb.com</a></li>\r\n</ul>\r\n<h4>Agencias del Gobiernos</h4>\r\n<ul>\r\n  <li>Civil Air Patrol: <a href=\"\"http://www.cap.gov\"\">www.cap.gov</a></li>\r\n  <li>Federal Aviation Administration: <a href=\"\"http://www.faa.gov\"\">www.faa.gov</a></li>\r\n  <li>FAR (Federal Aviation Regulations): <a href=\"\"http://www.faa.gov/regulations_policies/faa_regulations/\"\">www.faa.gov/regulations_policies/faa_regulations</a></li>\r\n  <li>National Transportation Safety Board: <a href=\"\"http://www.ntsb.gov\"\">www.ntsb.gov</a></li>\r\n  <li>U.S. Air Force: <a href=\"\"http://www.af.mil\"\">www.af.mil</a></li>\r\n</ul>\r\n<h4>Información Histórica</h4>\r\n<ul>\r\n  <li>Aviation History Online Museum: <a href=\"\"http://www.aviation-history.com\"\">www.aviation-history.com</a></li>\r\n  <li>Canadian Warplane Museum:<a href=\"\"http://www.warplane.com\"\"> www.warplane.com</a></li>\r\n  <li>Flight History Information:<a href=\"\"http://www.flight-history.com\"\"> www.flight-history.com</a></li>\r\n  <li>National Air & Space Museum: <a href=\"\"http://www.nasm.si.edu\"\">www.nasm.si.edu</a></li>\r\n  <li>National Aviation Hall of Fame:<a href=\"\"http://www.nationalaviation.org\"\"> www.nationalaviation.org</a></li>\r\n  <li>Strategic Air Command Museum: <a href=\"\"http://www.strategicairandspace.com\"\">www.strategicairandspace.com</a></li>\r\n</ul>\r\n<h4>Organizaciones</h4>\r\n<ul>\r\n  <li>A.O.P.A. (Aircraft Owners Pilots Assoc.): <a href=\"\"http://www.aopa.org\"\">www.aopa.org</a></li>\r\n  <li>American Bonanza Society: <a href=\"\"http://www.bonanza.org\"\">www.bonanza.org</a></li>\r\n  <li>Airports Council Inteational: <a href=\"\"http://www.airports.org\"\">www.airports.org</a></li>\r\n  <li>Cessna Owner Organization: <a href=\"\"http://www.cessnaowner.org\"\">www.cessnaowner.org</a></li>\r\n  <li>International Commanche Society: <a href=\"\"http://www.comancheflyer.com\"\">www.comancheflyer.com</a></li>\r\n  <li>International Organization of Women Pilots:<a href=\"\"http://www.ninety-nines.org\"\"> www.ninety-nines.org</a></li>\r\n  <li>Mooney Pilot Organization: <a href=\"\"http://www.mooneypilots.com/\"\">http://www.mooneypilots.com/</a></li>\r\n  <li>National Aeronautic Association: <a href=\"\"http://www.naa-usa.org\"\">www.naa-usa.org</a></li>\r\n  <li>N.B.A.A. (National Business Aviation Assoc.):<a href=\"\"http://www.nbaa.org\"\"> www.nbaa.org</a></li>\r\n</ul>\r\n<h4>Publicaciones</h4>\r\n<ul>\r\n  <li>Aerospace Technology:<a href=\"\"http://www.aerospace-technology.com/\"\"> http://www.aerospace-technology.com/</a></li>\r\n  <li>Airplane Blog: <a href=\"\"http://www.airplaneblog.com/\"\">http://www.airplaneblog.com/</a></li>\r\n  <li>AutoPilot Magazine:<a href=\"\"http://www.autopilotmagazine.com\"\">www.autopilotmagazine.com</a></li>\r\n  <li>Aviation Market Center: <a href=\"\"http://www.aviationmarketcenter.com/\"\">http://www.aviationmarketcenter.com/</a></li>\r\n  <li>Business Air Today :<a href=\"\"http://www.businessair.com/\"\">http://www.businessair.com/</a></li>\r\n  <li>Business & Commercial Aviation: <a href=\"\"http://www.aviationnow.com\"\">www.aviationnow.com</a></li>\r\n  <li class=\"\"style8\"\">Landings:<a href=\"\"http://www.landings.com\"\">www.landings.com</a></li>\r\n  <li>Pilot\'s Web: <a href=\"\"http://pilotsweb.com/\"\">http://pilotsweb.com/</a></li>\r\n  <li>Plane & Pilot :<a href=\"\"http://www.planeandpilotmag.com/\"\">http://www.planeandpilotmag.com/</a></li>\r\n  <li>Southern Aviator: <a href=\"\"http://www.southe-aviator.com\"\">www.southe-aviator.com</a></li>\r\n  <li>Southwest Aviator:<a href=\"\"http://www.southwestaviator.com\"\"> www.southwestaviator.com</a></li>\r\n  <li>World Aircraft Sales Magazine:<a href=\"\"http://www.avbuyer.com\"\"> www.avbuyer.com</a></li>\r\n</ul>'),(3,4,1,'Maritime Links','<br /><br />\r\n<h4>Weather</h4>	<ul><li>National Oceanic & Atmospheric Admin (N.O.A.A.): <a href=\"http://www.noaa.gov\">www.noaa.gov</a> <li>U.S. Naval Fleet (FNMOC): <a href=\"https://www.fnmoc.navy.mil/public/\">www.fnmoc.navy.mil/public</a>  <li>Naval Oceanography Portal: <a href=\"http://www.usno.navy.mil/\">www.usno.navy.mil/</a></ul>  <h4>Government Agencies</h4><ul>	<li>Florida Fish & Wildlife Conservation Commission: <a href=\"http://www.myfwc.com\">www.myfwc.com</a>	<li>U.S. Coast Guard: <a href=\"http://www.uscg.mil/\">www.uscg.org</a></ul> <h4>Organizations</h4><ul><li>Bayview Yacht Club: <a href=\"http://www.byc.org\">www.byc.org</a>  <li>Chicago Yacht Club: <a href=\"http://www.chicagoyachtclub.org\">www.chicagoyachtclub.org</a> <li>(G.P.Y.C) Gross Point Yacht Club: <a href=\"http://www.gpyc.org\">www.gpyc.org</a> \r\n<li>International Sailing Federation: <a href=\"http://www.sailing.org\">www.sailing.org</a>\r\n<li>National Boating & Fishing Foundation: <a href=\"http://www.rbff.org/\">http://www.rbff.org/</a> <li>N.M.M.A. (National Marine Manufacturers Assoc.): <a href=\"http://www.nmma.org/\">www.nmma.org</a>	<li>National Maritime Society: <a href=\"http://www.nauticus.org\">www.nauticus.org</a><li>	Offshore Racing Council: <a href=\"http://www.orc.org\">www.orc.org</a><li>Saltwater Sportsmen: <a href=\"http://www.jcaa.org\">www.jcaa.org</a></ul><h4>Publications</h4><ul>  <li>Seguridad del Canotaje: <a href=\"http://www.boatsafe.com/nauticalknowhow/safetips\">www.boatsafe.com/nauticalknowhow/safetips</a>	</li> <li>Cruising World: <a href=\"http://www.cruisingworld.com\">www.cruisingworld.com</a></li>	<li>Marine Weather Enthusiast: <a href=\"http://www.weatherzone.com\">www.weatherzone.com</a> </li>	<li>Sail Magazine: <a href=\"http://www.sailmagazine.com\">www.sailmagazine.com</a></li>	<li>Sailing: <a href=\"http://www.sailing.com\">www.sailing.com</a></li>	<li>Sailing World: <a href=\"http://www.sailingworld.com\">www.sailingworld.com</a></li>	<li>Southern Boating: <a href=\"http://www.southeboating.com\">www.southeboating.com</a></li>	<li>Yachting World: <a href=\"http://www.yachting-world.com\">www.yachting-world.com</a></li>	<li>Yachtsmans\' Guide: <a href=\"http://www.yachtsmanguide.com\">www.yachtsmansguide.com</a></li></ul>'),(4,4,2,'Enlaces Marítimos','<h4>Tiempo</h4>	<ul><li>National Oceanic & Atmospheric Admin (N.O.A.A.): <a href=\"http://www.noaa.gov\">www.noaa.gov</a> <li>U.S. Naval Fleet (FNMOC): <a href=\"https://www.fnmoc.navy.mil/public/\">www.fnmoc.navy.mil/public</a>  <li>Naval Oceanography Portal: <a href=\"http://www.usno.navy.mil/\">www.usno.navy.mil/</a></ul>  <h4>Agencias del Gobiernos</h4><ul>	<li>Florida Fish & Wildlife Conservation Commission: <a href=\"http://www.myfwc.com\">www.myfwc.com</a>	<li>U.S. Coast Guard: <a href=\"http://www.uscg.mil/\">www.uscg.org</a></ul> <h4>Organizaciones</h4><ul><li>Bayview Yacht Club: <a href=\"http://www.byc.org\">www.byc.org</a>  <li>Chicago Yacht Club: <a href=\"http://www.chicagoyachtclub.org\">www.chicagoyachtclub.org</a> <li>(G.P.Y.C) Gross Point Yacht Club: <a href=\"http://www.gpyc.org\">www.gpyc.org</a> \r\n<li>International Sailing Federation: <a href=\"http://www.sailing.org\">www.sailing.org</a>\r\n<li>National Boating & Fishing Foundation: <a href=\"http://www.rbff.org/\">http://www.rbff.org/</a> <li>N.M.M.A. (National Marine Manufacturers Assoc.): <a href=\"http://www.nmma.org/\">www.nmma.org</a>	<li>National Maritime Society: <a href=\"http://www.nauticus.org\">www.nauticus.org</a><li>	Offshore Racing Council: <a href=\"http://www.orc.org\">www.orc.org</a><li>Saltwater Sportsmen: <a href=\"http://www.jcaa.org\">www.jcaa.org</a></ul>\r\n<h4>Publicaciones</h4>\r\n<ul>  <li>Seguridad del Canotaje: <a href=\"http://www.boatsafe.com/nauticalknowhow/safetips\">www.boatsafe.com/nauticalknowhow/safetips</a>	</li> <li>Cruising World: <a href=\"http://www.cruisingworld.com\">www.cruisingworld.com</a></li>	<li>Marine Weather Enthusiast: <a href=\"http://www.weatherzone.com\">www.weatherzone.com</a> </li>	<li>Sail Magazine: <a href=\"http://www.sailmagazine.com\">www.sailmagazine.com</a></li>	<li>Sailing: <a href=\"http://www.sailing.com\">www.sailing.com</a></li>	<li>Sailing World: <a href=\"http://www.sailingworld.com\">www.sailingworld.com</a></li>	<li>Southern Boating: <a href=\"http://www.southeboating.com\">www.southeboating.com</a></li>	<li>Yachting World: <a href=\"http://www.yachting-world.com\">www.yachting-world.com</a></li>	<li>Yachtsmans\' Guide: <a href=\"http://www.yachtsmanguide.com\">www.yachtsmansguide.com</a></li></ul>'),(10,8,2,'Test','<div id=\"TabbedPanels1\" class=\"TabbedPanels\"> \r\n  <ul class=\"TabbedPanelsTabGroup\"> \r\n    <li class=\"TabbedPanelsTab\" tabindex=\"0\">Tab 1</li> \r\n    <li class=\"TabbedPanelsTab\" tabindex=\"0\">Tab 2</li> \r\n  </ul> \r\n  <div class=\"TabbedPanelsContentGroup\"> \r\n    <div class=\"TabbedPanelsContent\">Content 1</div> \r\n    <div class=\"TabbedPanelsContent\">Content 2</div> \r\n  </div> \r\n</div> \r\n<script type=\"text/javascript\"> \r\n<!--\r\nvar TabbedPanels1 = new Spry.Widget.TabbedPanels(\"TabbedPanels1\");\r\n//-->\r\n</script>'),(5,6,1,'Fax Order Form',''),(6,6,2,'Fax',''),(7,7,1,'Fax Form',''),(8,7,2,'Fax Form',''),(9,8,1,'Test','<div id=\"TabbedPanels1\" class=\"TabbedPanels\">\r\n  <ul class=\"TabbedPanelsTabGroup\">\r\n    <li class=\"TabbedPanelsTab\" tabindex=\"0\">Description</li>\r\n    <li class=\"TabbedPanelsTab\" tabindex=\"0\">Features</li>\r\n    <li class=\"TabbedPanelsTab\" tabindex=\"0\">Included</li>\r\n    <li class=\"TabbedPanelsTab\" tabindex=\"0\">Survival Kit</li>\r\n    \r\n  </ul>\r\n  <div class=\"TabbedPanelsContentGroup\">\r\n    <div class=\"TabbedPanelsContent\">4-6 Man Life Raft. Lightest and smallest package on the market today, designed for private pilots and pleasure boaters. Non TSO Approved</div>\r\n    <div class=\"TabbedPanelsContent\"><li>Lightest and smallest package on the market today, designed for private pilots and pleasure boaters. </li><li>    Easy to carry, stow away, and maneuver in any emergency situation.</li><li>    Easily deployed by women, children, exhausted pilots, or boaters. </li><li>    Soft-pack valise made of practically indestructible nylon with secure nylon velcro closures.</li><li>    Constructed of heavy-duty FAA approved neoprene coated nylon fabric. </li><li>    Optional highly visible orange canopy to aid in search and rescue operations. </li><li>    Contains aluminum cylinders and valves eliminating corrosion and greatly reducing the weight. <br />\r\n\r\n    </li>\r\n\r\n  <li>High-tech CO2 automatic inflation system, inflates in 10 seconds. </li><li>    Optional survival kits are available to meet individual requirements. </li><li>    Lifetime warranty on parts and labor, built to last a lifetime with proper care. </li></div>\r\n    <div class=\"TabbedPanelsContent\"><table border=\"1\" align=\"center\" cellpadding=\"3\" cellspacing=\"0\">\r\n\r\n    <tbody>\r\n\r\n      <tr>\r\n\r\n        <td colspan=\"2\"><strong>Each Basic Life Raft includes:</strong></td>\r\n\r\n      </tr>\r\n\r\n      <tr>\r\n\r\n        <td width=\"50%\" height=\"1\">Buoyancy tube</td>\r\n\r\n        <td width=\"50%\" height=\"1\">Retaining line</td>\r\n\r\n      </tr>\r\n\r\n      <tr>\r\n\r\n        <td height=\"1\">Deck</td>\r\n\r\n        <td width=\"50%\" height=\"1\">Hand pump</td>\r\n\r\n      </tr>\r\n\r\n      <tr>\r\n\r\n        <td height=\"1\">Lífe lines</td>\r\n\r\n        <td width=\"50%\" height=\"1\">Bailing bucket </td>\r\n\r\n      </tr>\r\n\r\n      <tr>\r\n\r\n        <td height=\"1\">Boarding Handles</td>\r\n\r\n        <td width=\"50%\" height=\"1\">Sea anchor</td>\r\n\r\n      </tr>\r\n\r\n      <tr>\r\n\r\n        <td height=\"1\">CO2 auto-inflation system</td>\r\n\r\n        <td width=\"50%\" height=\"1\">Valise</td>\r\n\r\n      </tr>\r\n\r\n      <tr>\r\n\r\n        <td height=\"1\" colspan=\"2\">Note:  Required Raft Compartment Size - Add 3\" to Raft Pack Dimensions.  Raft Weight +/- 2.0 lbs</td>\r\n\r\n      </tr>\r\n\r\n    </tbody>\r\n\r\n  </table></div>\r\n    <div class=\"TabbedPanelsContent\">        \r\n          The survival equipment kit comes packed in its own valise providing the ultimate in flexibility for raft and equipment combinations. Acquire your basic raft and survival equipment based on individual requirements. Survival valise is secured to the life raft valise with velcro and a tie-line. Survival kits are designed and prepared for Non TSO and FAA TSO aviation/marine use. FAR 91, FAR 121, and FAR 125/135 survival equipment kits are also available. Optional ELT/EPIRB can be packed inside survival kits.\r\n\r\n  <br />\r\n  <br />\r\n  *Note: Food/water ration quantities based on raft capacity.</div>\r\n  </div>\r\n</div>\r\n<script type=\"text/javascript\">\r\n<!--\r\nvar TabbedPanels1 = new Spry.Widget.TabbedPanels(\"TabbedPanels1\");\r\n//-->\r\n</script>'),(11,9,1,'compare survival kits','<!DOCTYPE html PUBLIC \"-//W3C//DTD HTML 4.01//EN\" \"http://www.w3.org/TR/html4/strict.dtd\">\r\n<html>\r\n<head>\r\n  <title>compare-survival-kits</title>\r\n</head>\r\n<body>\r\n<br>\r\n<br>\r\n<div id=\"catDescHeading\" align=\"center\"> Compare\r\nSurvival Kits </div>\r\n<p><img src=\"images/survivalkit_01_MED.jpg\"\r\n alt=\"Aviation &amp; Marine Survival Kits TSO &amp; Non TSO\"\r\n style=\"width: 200px; height: 247px;\" align=\"left\"\r\n border=\"0\"></p>\r\n<div id=\"kitCompareFont\">The optional survival equipment\r\nkit is stowed its own valise (separate from the raft valise). Separate\r\nunits provide the ultimate in flexibility for raft and survival\r\nequipment combinations - ability to purchase basic rafts and survival\r\nequipment separately to meet unique requirements. Survival equipment\r\nkit and raft valise are attached to each other using velcro and a\r\ntie-line. <br>\r\n<br>\r\n<a href=\"javascript:history.go(-1)\"\r\n onmouseover=\"self.status=document.referrer;return true\">previous\r\npage</a><br>\r\n<br>\r\n<table border=\"1\" cellpadding=\"3\" cellspacing=\"0\"\r\n width=\"100%\">\r\n  <tbody>\r\n    <tr class=\"kitHeading\">\r\n      <td bgcolor=\"#333333\" width=\"40%\">Survival\r\nKit Contents</td>\r\n      <td bgcolor=\"#333333\" width=\"20%\">Standard/<br>\r\n91 &nbsp;Type</td>\r\n      <td bgcolor=\"#333333\" width=\"20%\">Standard <br>\r\nPlus/&nbsp;121 Type</td>\r\n      <td bgcolor=\"#333333\" width=\"20%\">Deluxe/<br>\r\n135 Type</td>\r\n    </tr>\r\n    <tr>\r\n      <td> </td>\r\n      <td> </td>\r\n      <td> </td>\r\n      <td> </td>\r\n    </tr>\r\n    <tr>\r\n      <td>canopy w/inflatable mast</td>\r\n      <td id=\"kitImage\"><img src=\"images/check.png\"\r\n alt=\"yes!\" height=\"20\" width=\"21\"></td>\r\n      <td id=\"kitImage\"><img src=\"images/check.png\"\r\n alt=\"yes!\" height=\"20\" width=\"21\"></td>\r\n      <td id=\"kitImage\"><img src=\"images/check.png\"\r\n alt=\"yes!\" height=\"20\" width=\"21\"></td>\r\n    </tr>\r\n    <tr>\r\n      <td>equipment container</td>\r\n      <td id=\"kitImage\"><img src=\"images/check.png\"\r\n alt=\"yes!\" height=\"20\" width=\"21\"></td>\r\n      <td id=\"kitImage\"><img src=\"images/check.png\"\r\n alt=\"yes!\" height=\"20\" width=\"21\"></td>\r\n      <td id=\"kitImage\"><img src=\"images/check.png\"\r\n alt=\"yes!\" height=\"20\" width=\"21\"></td>\r\n    </tr>\r\n    <tr>\r\n      <td>signal flag</td>\r\n      <td id=\"kitImage\"><img src=\"images/check.png\"\r\n alt=\"yes!\" height=\"20\" width=\"21\"></td>\r\n      <td id=\"kitImage\"><img src=\"images/check.png\"\r\n alt=\"yes!\" height=\"20\" width=\"21\"></td>\r\n      <td id=\"kitImage\"><img src=\"images/check.png\"\r\n alt=\"yes!\" height=\"20\" width=\"21\"></td>\r\n    </tr>\r\n    <tr>\r\n      <td>3 signal flares</td>\r\n      <td id=\"kitImage\"><img src=\"images/check.png\"\r\n alt=\"yes!\" height=\"20\" width=\"21\"></td>\r\n      <td id=\"kitImage\"><img src=\"images/check.png\"\r\n alt=\"yes!\" height=\"20\" width=\"21\"></td>\r\n      <td id=\"kitImage\"><img src=\"images/check.png\"\r\n alt=\"yes!\" height=\"20\" width=\"21\"></td>\r\n    </tr>\r\n    <tr>\r\n      <td>first aid kit</td>\r\n      <td id=\"kitImage\"><img src=\"images/check.png\"\r\n alt=\"yes!\" height=\"20\" width=\"21\"></td>\r\n      <td id=\"kitImage\"><img src=\"images/check.png\"\r\n alt=\"yes!\" height=\"20\" width=\"21\"></td>\r\n      <td id=\"kitImage\"><img src=\"images/check.png\"\r\n alt=\"yes!\" height=\"20\" width=\"21\"></td>\r\n    </tr>\r\n    <tr>\r\n      <td>raft repair kit</td>\r\n      <td id=\"kitImage\"><img src=\"images/check.png\"\r\n alt=\"yes!\" height=\"20\" width=\"21\"></td>\r\n      <td id=\"kitImage\"><img src=\"images/check.png\"\r\n alt=\"yes!\" height=\"20\" width=\"21\"></td>\r\n      <td id=\"kitImage\"><img src=\"images/check.png\"\r\n alt=\"yes!\" height=\"20\" width=\"21\"></td>\r\n    </tr>\r\n    <tr>\r\n      <td>sea dye markers</td>\r\n      <td id=\"kitImage\"><img src=\"images/check.png\"\r\n alt=\"yes!\" height=\"20\" width=\"21\"></td>\r\n      <td id=\"kitImage\"><img src=\"images/check.png\"\r\n alt=\"yes!\" height=\"20\" width=\"21\"></td>\r\n      <td id=\"kitImage\"><img src=\"images/check.png\"\r\n alt=\"yes!\" height=\"20\" width=\"21\"></td>\r\n    </tr>\r\n    <tr>\r\n      <td>2-cell flashlight w/batteries</td>\r\n      <td id=\"kitImage\"><img src=\"images/check.png\"\r\n alt=\"yes!\" height=\"20\" width=\"21\"></td>\r\n      <td id=\"kitImage\"><img src=\"images/check.png\"\r\n alt=\"yes!\" height=\"20\" width=\"21\"></td>\r\n      <td id=\"kitImage\"><img src=\"images/check.png\"\r\n alt=\"yes!\" height=\"20\" width=\"21\"></td>\r\n    </tr>\r\n    <tr>\r\n      <td>signal mirror</td>\r\n      <td id=\"kitImage\"><img src=\"images/check.png\"\r\n alt=\"yes!\" height=\"20\" width=\"21\"></td>\r\n      <td id=\"kitImage\"><img src=\"images/check.png\"\r\n alt=\"yes!\" height=\"20\" width=\"21\"></td>\r\n      <td id=\"kitImage\"><img src=\"images/check.png\"\r\n alt=\"yes!\" height=\"20\" width=\"21\"></td>\r\n    </tr>\r\n    <tr>\r\n      <td>food rations</td>\r\n      <td id=\"kitImage\"><img src=\"images/check.png\"\r\n alt=\"yes!\" height=\"20\" width=\"21\"></td>\r\n      <td id=\"kitImage\"><img src=\"images/check.png\"\r\n alt=\"yes!\" height=\"20\" width=\"21\"></td>\r\n      <td id=\"kitImage\"><img src=\"images/check.png\"\r\n alt=\"yes!\" height=\"20\" width=\"21\"></td>\r\n    </tr>\r\n    <tr>\r\n      <td>water rations</td>\r\n      <td id=\"kitImage\"><img src=\"images/check.png\"\r\n alt=\"yes!\" height=\"20\" width=\"21\"></td>\r\n      <td id=\"kitImage\"><img src=\"images/check.png\"\r\n alt=\"yes!\" height=\"20\" width=\"21\"></td>\r\n      <td id=\"kitImage\"><img src=\"images/check.png\"\r\n alt=\"yes!\" height=\"20\" width=\"21\"></td>\r\n    </tr>\r\n    <tr>\r\n      <td>signal whistle</td>\r\n      <td id=\"kitImage\"><img src=\"images/check.png\"\r\n alt=\"yes!\" height=\"20\" width=\"21\"></td>\r\n      <td id=\"kitImage\"><img src=\"images/check.png\"\r\n alt=\"yes!\" height=\"20\" width=\"21\"></td>\r\n      <td id=\"kitImage\"><img src=\"images/check.png\"\r\n alt=\"yes!\" height=\"20\" width=\"21\"></td>\r\n    </tr>\r\n    <tr>\r\n      <td>utility knife</td>\r\n      <td id=\"kitImage\"> </td>\r\n      <td id=\"kitImage\"><img src=\"images/check.png\"\r\n alt=\"yes!\" height=\"20\" width=\"21\"></td>\r\n      <td id=\"kitImage\"><img src=\"images/check.png\"\r\n alt=\"yes!\" height=\"20\" width=\"21\"></td>\r\n    </tr>\r\n    <tr>\r\n      <td>sponge</td>\r\n      <td id=\"kitImage\"> </td>\r\n      <td id=\"kitImage\"><img src=\"images/check.png\"\r\n alt=\"yes!\" height=\"20\" width=\"21\"></td>\r\n      <td id=\"kitImage\"><img src=\"images/check.png\"\r\n alt=\"yes!\" height=\"20\" width=\"21\"></td>\r\n    </tr>\r\n    <tr>\r\n      <td>survival manual</td>\r\n      <td id=\"kitImage\"> </td>\r\n      <td id=\"kitImage\"><img src=\"images/check.png\"\r\n alt=\"yes!\" height=\"20\" width=\"21\"></td>\r\n      <td id=\"kitImage\"><img src=\"images/check.png\"\r\n alt=\"yes!\" height=\"20\" width=\"21\"></td>\r\n    </tr>\r\n    <tr>\r\n      <td>magnetic compass </td>\r\n      <td id=\"kitImage\"> </td>\r\n      <td id=\"kitImage\"> </td>\r\n      <td id=\"kitImage\"><img src=\"images/check.png\"\r\n alt=\"yes!\" height=\"20\" width=\"21\"></td>\r\n    </tr>\r\n    <tr>\r\n      <td>75-foot retaining line</td>\r\n      <td id=\"kitImage\"> </td>\r\n      <td id=\"kitImage\"> </td>\r\n      <td id=\"kitImage\"><img src=\"images/check.png\"\r\n alt=\"yes!\" height=\"20\" width=\"21\"></td>\r\n    </tr>\r\n    <tr>\r\n      <td>reverse osmosis desalinator </td>\r\n      <td id=\"kitImage\"> </td>\r\n      <td id=\"kitImage\"> </td>\r\n      <td id=\"kitImage\"><img src=\"images/check.png\"\r\n alt=\"yes!\" height=\"20\" width=\"21\"></td>\r\n    </tr>\r\n    <tr>\r\n      <td>2 paddles</td>\r\n      <td id=\"kitImage\"> </td>\r\n      <td id=\"kitImage\"> </td>\r\n      <td id=\"kitImage\"><img src=\"images/check.png\"\r\n alt=\"yes!\" height=\"20\" width=\"21\"></td>\r\n    </tr>\r\n    <tr>\r\n      <td>fishing kit </td>\r\n      <td id=\"kitImage\"> </td>\r\n      <td id=\"kitImage\"> </td>\r\n      <td id=\"kitImage\"><img src=\"images/check.png\"\r\n alt=\"yes!\" height=\"20\" width=\"21\"></td>\r\n    </tr>\r\n    <tr>\r\n      <td>radar reflector</td>\r\n      <td id=\"kitImage\"> </td>\r\n      <td id=\"kitImage\"> </td>\r\n      <td id=\"kitImage\"><img src=\"images/check.png\"\r\n alt=\"yes!\" height=\"20\" width=\"21\"></td>\r\n    </tr>\r\n  </tbody>\r\n</table>\r\n<br>\r\n<br>\r\n<!-- end #mainContent -->\r\n</div>\r\n</body>\r\n</html>'),(12,9,2,'compare survival kits','<!DOCTYPE html PUBLIC \"-//W3C//DTD HTML 4.01//EN\" \"http://www.w3.org/TR/html4/strict.dtd\">\r\n<html>\r\n<head>\r\n  <title>compare-survival-kits</title>\r\n</head>\r\n<body>\r\n<br>\r\n<br>\r\n<div id=\"catDescHeading\" align=\"center\"> Compare\r\nSurvival Kits </div>\r\n<p><img src=\"images/survivalkit_01_MED.jpg\"\r\n alt=\"Aviation &amp; Marine Survival Kits TSO &amp; Non TSO\"\r\n style=\"width: 200px; height: 247px;\" align=\"left\"\r\n border=\"0\"></p>\r\n<div id=\"kitCompareFont\">The optional survival equipment\r\nkit is stowed its own valise (separate from the raft valise). Separate\r\nunits provide the ultimate in flexibility for raft and survival\r\nequipment combinations - ability to purchase basic rafts and survival\r\nequipment separately to meet unique requirements. Survival equipment\r\nkit and raft valise are attached to each other using velcro and a\r\ntie-line. <br>\r\n<br>\r\n<a href=\"javascript:history.go(-1)\"\r\n onmouseover=\"self.status=document.referrer;return true\">previous\r\npage</a><br>\r\n<br>\r\n<table border=\"1\" cellpadding=\"3\" cellspacing=\"0\"\r\n width=\"100%\">\r\n  <tbody>\r\n    <tr class=\"kitHeading\">\r\n      <td bgcolor=\"#333333\" width=\"40%\">Survival\r\nKit Contents</td>\r\n      <td bgcolor=\"#333333\" width=\"20%\">Standard/<br>\r\n91 &nbsp;Type</td>\r\n      <td bgcolor=\"#333333\" width=\"20%\">Standard <br>\r\nPlus/&nbsp;121 Type</td>\r\n      <td bgcolor=\"#333333\" width=\"20%\">Deluxe/<br>\r\n135 Type</td>\r\n    </tr>\r\n    <tr>\r\n      <td> </td>\r\n      <td> </td>\r\n      <td> </td>\r\n      <td> </td>\r\n    </tr>\r\n    <tr>\r\n      <td>canopy w/inflatable mast</td>\r\n      <td id=\"kitImage\"><img src=\"images/check.png\"\r\n alt=\"yes!\" height=\"20\" width=\"21\"></td>\r\n      <td id=\"kitImage\"><img src=\"images/check.png\"\r\n alt=\"yes!\" height=\"20\" width=\"21\"></td>\r\n      <td id=\"kitImage\"><img src=\"images/check.png\"\r\n alt=\"yes!\" height=\"20\" width=\"21\"></td>\r\n    </tr>\r\n    <tr>\r\n      <td>equipment container</td>\r\n      <td id=\"kitImage\"><img src=\"images/check.png\"\r\n alt=\"yes!\" height=\"20\" width=\"21\"></td>\r\n      <td id=\"kitImage\"><img src=\"images/check.png\"\r\n alt=\"yes!\" height=\"20\" width=\"21\"></td>\r\n      <td id=\"kitImage\"><img src=\"images/check.png\"\r\n alt=\"yes!\" height=\"20\" width=\"21\"></td>\r\n    </tr>\r\n    <tr>\r\n      <td>signal flag</td>\r\n      <td id=\"kitImage\"><img src=\"images/check.png\"\r\n alt=\"yes!\" height=\"20\" width=\"21\"></td>\r\n      <td id=\"kitImage\"><img src=\"images/check.png\"\r\n alt=\"yes!\" height=\"20\" width=\"21\"></td>\r\n      <td id=\"kitImage\"><img src=\"images/check.png\"\r\n alt=\"yes!\" height=\"20\" width=\"21\"></td>\r\n    </tr>\r\n    <tr>\r\n      <td>3 signal flares</td>\r\n      <td id=\"kitImage\"><img src=\"images/check.png\"\r\n alt=\"yes!\" height=\"20\" width=\"21\"></td>\r\n      <td id=\"kitImage\"><img src=\"images/check.png\"\r\n alt=\"yes!\" height=\"20\" width=\"21\"></td>\r\n      <td id=\"kitImage\"><img src=\"images/check.png\"\r\n alt=\"yes!\" height=\"20\" width=\"21\"></td>\r\n    </tr>\r\n    <tr>\r\n      <td>first aid kit</td>\r\n      <td id=\"kitImage\"><img src=\"images/check.png\"\r\n alt=\"yes!\" height=\"20\" width=\"21\"></td>\r\n      <td id=\"kitImage\"><img src=\"images/check.png\"\r\n alt=\"yes!\" height=\"20\" width=\"21\"></td>\r\n      <td id=\"kitImage\"><img src=\"images/check.png\"\r\n alt=\"yes!\" height=\"20\" width=\"21\"></td>\r\n    </tr>\r\n    <tr>\r\n      <td>raft repair kit</td>\r\n      <td id=\"kitImage\"><img src=\"images/check.png\"\r\n alt=\"yes!\" height=\"20\" width=\"21\"></td>\r\n      <td id=\"kitImage\"><img src=\"images/check.png\"\r\n alt=\"yes!\" height=\"20\" width=\"21\"></td>\r\n      <td id=\"kitImage\"><img src=\"images/check.png\"\r\n alt=\"yes!\" height=\"20\" width=\"21\"></td>\r\n    </tr>\r\n    <tr>\r\n      <td>sea dye markers</td>\r\n      <td id=\"kitImage\"><img src=\"images/check.png\"\r\n alt=\"yes!\" height=\"20\" width=\"21\"></td>\r\n      <td id=\"kitImage\"><img src=\"images/check.png\"\r\n alt=\"yes!\" height=\"20\" width=\"21\"></td>\r\n      <td id=\"kitImage\"><img src=\"images/check.png\"\r\n alt=\"yes!\" height=\"20\" width=\"21\"></td>\r\n    </tr>\r\n    <tr>\r\n      <td>2-cell flashlight w/batteries</td>\r\n      <td id=\"kitImage\"><img src=\"images/check.png\"\r\n alt=\"yes!\" height=\"20\" width=\"21\"></td>\r\n      <td id=\"kitImage\"><img src=\"images/check.png\"\r\n alt=\"yes!\" height=\"20\" width=\"21\"></td>\r\n      <td id=\"kitImage\"><img src=\"images/check.png\"\r\n alt=\"yes!\" height=\"20\" width=\"21\"></td>\r\n    </tr>\r\n    <tr>\r\n      <td>signal mirror</td>\r\n      <td id=\"kitImage\"><img src=\"images/check.png\"\r\n alt=\"yes!\" height=\"20\" width=\"21\"></td>\r\n      <td id=\"kitImage\"><img src=\"images/check.png\"\r\n alt=\"yes!\" height=\"20\" width=\"21\"></td>\r\n      <td id=\"kitImage\"><img src=\"images/check.png\"\r\n alt=\"yes!\" height=\"20\" width=\"21\"></td>\r\n    </tr>\r\n    <tr>\r\n      <td>food rations</td>\r\n      <td id=\"kitImage\"><img src=\"images/check.png\"\r\n alt=\"yes!\" height=\"20\" width=\"21\"></td>\r\n      <td id=\"kitImage\"><img src=\"images/check.png\"\r\n alt=\"yes!\" height=\"20\" width=\"21\"></td>\r\n      <td id=\"kitImage\"><img src=\"images/check.png\"\r\n alt=\"yes!\" height=\"20\" width=\"21\"></td>\r\n    </tr>\r\n    <tr>\r\n      <td>water rations</td>\r\n      <td id=\"kitImage\"><img src=\"images/check.png\"\r\n alt=\"yes!\" height=\"20\" width=\"21\"></td>\r\n      <td id=\"kitImage\"><img src=\"images/check.png\"\r\n alt=\"yes!\" height=\"20\" width=\"21\"></td>\r\n      <td id=\"kitImage\"><img src=\"images/check.png\"\r\n alt=\"yes!\" height=\"20\" width=\"21\"></td>\r\n    </tr>\r\n    <tr>\r\n      <td>signal whistle</td>\r\n      <td id=\"kitImage\"><img src=\"images/check.png\"\r\n alt=\"yes!\" height=\"20\" width=\"21\"></td>\r\n      <td id=\"kitImage\"><img src=\"images/check.png\"\r\n alt=\"yes!\" height=\"20\" width=\"21\"></td>\r\n      <td id=\"kitImage\"><img src=\"images/check.png\"\r\n alt=\"yes!\" height=\"20\" width=\"21\"></td>\r\n    </tr>\r\n    <tr>\r\n      <td>utility knife</td>\r\n      <td id=\"kitImage\"> </td>\r\n      <td id=\"kitImage\"><img src=\"images/check.png\"\r\n alt=\"yes!\" height=\"20\" width=\"21\"></td>\r\n      <td id=\"kitImage\"><img src=\"images/check.png\"\r\n alt=\"yes!\" height=\"20\" width=\"21\"></td>\r\n    </tr>\r\n    <tr>\r\n      <td>sponge</td>\r\n      <td id=\"kitImage\"> </td>\r\n      <td id=\"kitImage\"><img src=\"images/check.png\"\r\n alt=\"yes!\" height=\"20\" width=\"21\"></td>\r\n      <td id=\"kitImage\"><img src=\"images/check.png\"\r\n alt=\"yes!\" height=\"20\" width=\"21\"></td>\r\n    </tr>\r\n    <tr>\r\n      <td>survival manual</td>\r\n      <td id=\"kitImage\"> </td>\r\n      <td id=\"kitImage\"><img src=\"images/check.png\"\r\n alt=\"yes!\" height=\"20\" width=\"21\"></td>\r\n      <td id=\"kitImage\"><img src=\"images/check.png\"\r\n alt=\"yes!\" height=\"20\" width=\"21\"></td>\r\n    </tr>\r\n    <tr>\r\n      <td>magnetic compass </td>\r\n      <td id=\"kitImage\"> </td>\r\n      <td id=\"kitImage\"> </td>\r\n      <td id=\"kitImage\"><img src=\"images/check.png\"\r\n alt=\"yes!\" height=\"20\" width=\"21\"></td>\r\n    </tr>\r\n    <tr>\r\n      <td>75-foot retaining line</td>\r\n      <td id=\"kitImage\"> </td>\r\n      <td id=\"kitImage\"> </td>\r\n      <td id=\"kitImage\"><img src=\"images/check.png\"\r\n alt=\"yes!\" height=\"20\" width=\"21\"></td>\r\n    </tr>\r\n    <tr>\r\n      <td>reverse osmosis desalinator </td>\r\n      <td id=\"kitImage\"> </td>\r\n      <td id=\"kitImage\"> </td>\r\n      <td id=\"kitImage\"><img src=\"images/check.png\"\r\n alt=\"yes!\" height=\"20\" width=\"21\"></td>\r\n    </tr>\r\n    <tr>\r\n      <td>2 paddles</td>\r\n      <td id=\"kitImage\"> </td>\r\n      <td id=\"kitImage\"> </td>\r\n      <td id=\"kitImage\"><img src=\"images/check.png\"\r\n alt=\"yes!\" height=\"20\" width=\"21\"></td>\r\n    </tr>\r\n    <tr>\r\n      <td>fishing kit </td>\r\n      <td id=\"kitImage\"> </td>\r\n      <td id=\"kitImage\"> </td>\r\n      <td id=\"kitImage\"><img src=\"images/check.png\"\r\n alt=\"yes!\" height=\"20\" width=\"21\"></td>\r\n    </tr>\r\n    <tr>\r\n      <td>radar reflector</td>\r\n      <td id=\"kitImage\"> </td>\r\n      <td id=\"kitImage\"> </td>\r\n      <td id=\"kitImage\"><img src=\"images/check.png\"\r\n alt=\"yes!\" height=\"20\" width=\"21\"></td>\r\n    </tr>\r\n  </tbody>\r\n</table>\r\n<br>\r\n<br>\r\n<!-- end #mainContent -->\r\n</div>\r\n</body>\r\n</html>'),(21,14,1,'Checkout Success','<p>Thank  you for your payment. Your transaction has been completed, and a receipt for  your purchase has been emailed to you.  You may <a href=\"http://aaasurvivalproducts.com/index.php?main_page=account\">log into  your account here</a> to view details of this transaction. <br />\r\n\r\n</p>'),(22,14,2,'Checkout Success','<p>Thank  you for your payment. Your transaction has been completed, and a receipt for  your purchase has been emailed to you.  You may <a href=\"http://aaasurvivalproducts.com/index.php?main_page=account\">log into  your account here</a> to view details of this transaction. <br />\r\n\r\n</p>'),(13,10,1,'Frequently Asked Questions','<br /><br /><br /><strong>Question:</strong><br />\r\nWhat does the term \"TSO\" mean?<br /><br />\r\n<strong>Answer:</strong><br />\r\n  TSO is an FAA (Federal Aviation Administration) acronym for \"Technical Standard Order\".<br /><br />\r\n<strong>TSO</strong><br /> \r\nA Technical Standard Order (TSO) is a minimum performance standard issued by the Administrator for specified materials, parts, processes, and appliances used on civil aircraft. TSOs can be viewed by Current, Active Historical, or Canceled. Current TSOs are the approved FAA performance standard that the applicant must use to receive a TSO authorization. Active Historical TSOs are for previously approved TSO authorizations. Canceled TSOs are for reference only.<br /><br /><br />\r\n<strong>Question:</strong><br />  What is the difference between a Type I and a Type II liferaft?<br /><br />\r\n<strong>Answer:</strong><br />\r\n  4.2.1 Type I Liferaft. Buoyancy must be provided by two independent buoyancy tubes each of which, including the raft floor, must be capable of supporting the rated and overload capacities in fresh water if the other tube is deflated. The liferaft loaded to its rated capacity must have a freeboard of at least 12 inches with both buoyancy tubes at minimum operating pressure. The liferaft loaded to its rated capacity with the critical tube deflated and the remaining tube at minimum operating pressure must have a freeboard of at least 6 inches. The liferaft loaded to its overload capacity with the critical tube deflated must have a measurable freeboard.<br />\r\n  <br />\r\n  4.2.2 Type II Liferaft. When single tube construction is used to provide the buoyancy, internal bulkheads must divide the flotation tube into at least two separate chambers such that the liferaft will be capable of supporting the rated number of occupants out of fresh water in the event that one chamber is deflated. The complete liferaft loaded to its rated capacity must have a freeboard of at least 6 inches.<br /><br /><br />\r\n<strong>Question:</strong><br />\r\n  Where can I get a printable copy of TSO-C70a?<br /><br />\r\n<strong>Answer:</strong><br />\r\n<a href=\"/C70a.pdf\">TSO C70a Please Click Here</a>\r\n\r\n\r\n<br /><br /><br /><strong>Question:</strong><br />\r\nWhat does the acronym \"FAR\" mean?<br /><br />\r\n<strong>Answer:</strong><br />\r\n  The Federal Aviation Regulations, or FARs, are rules prescribed by the Federal Aviation Administration (FAA) governing all aviation activities in the United States.<br /><br />'),(14,10,2,'Frequently Asked Questions','Question:\r\nWhat does the term \"TSO\" mean?\r\n\r\nAnswer:\r\nTSO is an FAA (Federal Aviation Administration) acronym for \"Technical Standard Order\".\r\n\r\nQuestion:\r\nWhat is the difference between a Type I and a Type II life raft?\r\n\r\nAnswer: \r\n4.2.1 Type I Liferaft. Buoyancy must be provided by two independent buoyancy tubes each of which, including the raft floor, must be capable of supporting the rated and overload capacities in fresh water if the other tube is deflated. The liferaft loaded to its rated capacity must have a freeboard of at least 12 inches with both buoyancy tubes at minimum operating pressure. The liferaft loaded to its rated capacity with the critical tube deflated and the remaining tube at minimum operating pressure must have a freeboard of at least 6 inches. The liferaft loaded to its overload capacity with the critical tube deflated must have a measurable freeboard.\r\n   \r\n4.2.2 Type II Liferaft. When single tube construction is used to provide the buoyancy, internal bulkheads must divide the flotation tube into at least two separate chambers such that the liferaft will be capable of supporting the rated number of occupants out of fresh water in the event that one chamber is deflated. The complete liferaft loaded to its rated capacity must have a freeboard of at least 6 inches.\r\n\r\nQuestion:\r\nWhere can I get a copy of TSO-C70a?\r\n\r\nAnswer: \r\n<a href=\"http://www.aaasurvivalproducts.com/includes/templates/aaas/uploads/C70a.pdf\">TSO C70a Please Click Here</a>'),(15,11,1,'FAA Regulations','<div class=WordSection1>\r\n\r\n\r\n\r\nDepartment of Transportation <br />\r\nFederal Aviation Administration <br />\r\nAircraft Certification Service<br />\r\nWashington, DC<br /><br />\r\n\r\n\r\n4/13/84<br /><br />\r\n\r\n\r\n\r\n<p class=MsoNormal><b>Subject:</b> TSO-C70a, LIFERAFTS (REVERSIBLE AND\r\n\r\nNONREVERSIBLE)</p>\r\n\r\n\r\n\r\n<p class=MsoNormal> </p>\r\n\r\n\r\n\r\n<p class=MsoNormal><b>Technical Standard Order </b></p>\r\n\r\n\r\n\r\n<p class=MsoNormal>a. <u>Applicability</u>. </p>\r\n\r\n\r\n\r\n<p class=MsoNormal>(1) <u>Minimum Performance Standards</u>. This Technical\r\n\r\nStandard Order (TSO) prescribes the minimum performance standards that\r\n\r\nliferafts combinations must meet to be identified with the applicable TSO\r\n\r\nmarking. This TSO has been prepared in accordance with the procedural rules set\r\n\r\nforth in Subpart O of the Federal Aviation Regulations Part 21. New models of\r\n\r\nliferafts that are to be so identified and that are manufactured on or after\r\n\r\nthe effective date of this TSO must meet the standards set forth in Appendix 1,\r\n\r\n“Federal Aviation Administration Standard for Liferaftsâ€ of this TSO. </p>\r\n\r\n\r\n\r\n<p class=MsoNormal>(2) <u>Environmental Standard</u>. None. </p>\r\n\r\n\r\n\r\n<p class=MsoNormal>(3) <u>Test Methods</u>. This TSO references Federal Test\r\n\r\nMethod Standard No. 191A dated 7/20/78. </p>\r\n\r\n\r\n\r\n<p class=MsoNormal>b. <u>Marking</u>. In addition to the marking required in\r\n\r\nFederal Aviation Regulations (FAR) § 21.607(d) (14 CFR 21.607), the part\r\n\r\nnumber, serial number and date of manufacture, weight and rated and overload\r\n\r\ncapacities of the liferaft must be shown also. The weight of the liferaft\r\n\r\nincludes any accessories required in this TSO. </p>\r\n\r\n\r\n\r\n<p class=MsoNormal>c. <u>Data Requirements</u>. In accordance with FAR §\r\n\r\n21.605, (14 CFR 21.605), each manufacturer shall furnish the Manager, Aircraft\r\n\r\nCertification Office (ACO), Federal Aviation Administration, having\r\n\r\ngeographical purview of the manufacturer’s facilities, one copy each of the\r\n\r\nfollowing technical data: </p>\r\n\r\n\r\n\r\n<p class=MsoNormal>(1) Operating instructions. </p>\r\n\r\n\r\n\r\n<p class=MsoNormal>(2) Packing instructions. </p>\r\n\r\n\r\n\r\n<p class=MsoNormal>(3) A complete description of the device, including detailed\r\n\r\ndrawings, materials identification and specifications, and installation\r\n\r\nprocedures. </p>\r\n\r\n\r\n\r\n<p class=MsoNormal>DISTRIBUTION: ZVS-326; A-W(WS)-3; A-X(FS)-3; A-X(CD)-4; A-FFS-1,2,7,8(LTD);\r\n\r\nA-FAC-0(MAX); AVN-1(2 cys) TSO-C70a 4/13/84 </p>\r\n\r\n\r\n\r\n<p class=MsoNormal>(4) Manufacturer’s TSO qualification test report. </p>\r\n\r\n\r\n\r\n<p class=MsoNormal>(5) Applicable installation limitations, including stowage\r\n\r\narea temperatures. The manufacturer shall also provide the purchaser with such\r\n\r\nlimitations. </p>\r\n\r\n\r\n\r\n<p class=MsoNormal>(6) Maintenance instructions, including instructions\r\n\r\nregarding inspection, repair, and stowage of materials. </p>\r\n\r\n\r\n\r\n<p class=MsoNormal>(7) The functional test specification to be used to test\r\n\r\neach production article to ensure compliance with this TSO. </p>\r\n\r\n\r\n\r\n<p class=MsoNormal>d. <u>Availability of Referenced Documents</u>. </p>\r\n\r\n\r\n\r\n<p class=MsoNormal>(1) Appendix 1, “Federal Aviation Administration Standards\r\n\r\nfor Liferafts,â€ of this TSO specifies certain test methods that are contained\r\n\r\nin Federal Test Method Standard No. 191A unless otherwise noted. Federal Test\r\n\r\nMethod Standard No. 191A may be examined at the FAA Headquarters in the Office\r\n\r\nof Airworthiness, Aircraft Engineering Division (AWS-110), and at all Aircraft\r\n\r\nCertification Offices, and may be obtained (or purchased) from the General\r\n\r\nServices Administration, Business Service Center, Region 3, 7th and D Streets,\r\n\r\nS.W., Washington, D.C. 20407. </p>\r\n\r\n\r\n\r\n<p class=MsoNormal>(2) Federal Aviation Regulations Part 21, Subpart O and\r\n\r\nAdvisory Circular 20-110, Index of Aviation Technical Standard Orders may be\r\n\r\nreviewed at the FAA Headquarters in the Office of Airworthiness, Aircraft\r\n\r\nEngineering Division (AWS-110), and at all regional Aircraft Certification\r\n\r\nOffices. </p>\r\n\r\n\r\n\r\n<p class=MsoNormal>/S/ J. A. Pontecorvo </p>\r\n\r\n\r\n\r\n<p class=MsoNormal>Acting Director of Airworthiness </p>\r\n\r\n\r\n\r\n<p class=MsoNormal>Page 2 4/13/84 TSO-C70a Appendix 1 </p>\r\n\r\n\r\n\r\n<p class=MsoNormal>APPENDIX 1. FEDERAL AVIATION ADMINISTRATION STANDARD FOR LIFERAFTS\r\n\r\n</p>\r\n\r\n\r\n\r\n<p class=MsoNormal>1. <u>Purpose</u>. This standard provides the minimum\r\n\r\nperformance standards for liferafts. </p>\r\n\r\n\r\n\r\n<p class=MsoNormal>2. <u>Scope</u>. This standard covers the following types of\r\n\r\nliferafts: </p>\r\n\r\n\r\n\r\n<p class=MsoNormal>TYPE I - For use in any category aircraft. </p>\r\n\r\n\r\n\r\n<p class=MsoNormal>TYPE II - For use in nontransport category aircraft. </p>\r\n\r\n\r\n\r\n<p class=MsoNormal>3. <u>Material and Workmanship</u>. </p>\r\n\r\n\r\n\r\n<p class=MsoNormal>3.1 <u>Nonmetallic Materials</u>. </p>\r\n\r\n\r\n\r\n<p class=MsoNormal>3.1.1 The finished device must be clean and free from any\r\n\r\ndefects that might affect its function. </p>\r\n\r\n\r\n\r\n<p class=MsoNormal>3.1.2 Coated fabrics and other items, such as webbing,\r\n\r\nsubject to deterioration must have been manufactured not more than 18 months\r\n\r\nprior to the date of delivery of the finished product. </p>\r\n\r\n\r\n\r\n<p class=MsoNormal>3.1.3 The materials must not support fungus growth. </p>\r\n\r\n\r\n\r\n<p class=MsoNormal>3.1.4 <u>Coated fabrics - General. </u>Coated fabrics,\r\n\r\nincluding seams, subject to deterioration used in the manufacture of the\r\n\r\ndevices must possess at least 90 percent of their original physical properties\r\n\r\nafter these fabrics have been subjected to the accelerated ageing test\r\n\r\nspecified in paragraph 6.1 of this standard. Material used in the construction\r\n\r\nof flotation chambers and decks must be capable of withstanding the detrimental\r\n\r\neffects of exposure to fuels, oils and hydraulic fluids. </p>\r\n\r\n\r\n\r\n<p class=MsoNormal>3.1.4.1 <u>Strength</u>. Coated fabrics used for these\r\n\r\napplications must conform to the following minimum strengths after ageing: </p>\r\n\r\n\r\n\r\n<p class=MsoNormal>Tensile Strength (Grab Test) </p>\r\n\r\n\r\n\r\n<p class=MsoNormal>Warp 190 pounds/inch </p>\r\n\r\n\r\n\r\n<p class=MsoNormal>Fill 190 pounds/inch </p>\r\n\r\n\r\n\r\n<p class=MsoNormal>Tear Strength </p>\r\n\r\n\r\n\r\n<p class=MsoNormal>Trapezoid Test: 13 X 13 pounds/inch (minimum); or </p>\r\n\r\n\r\n\r\n<p class=MsoNormal>Tongue Test: 13 X 13 pounds/inch (minimum) </p>\r\n\r\n\r\n\r\n<p class=MsoNormal>3.1.4.2 <u>Adhesion</u>. In addition to the requirements of\r\n\r\n3.1.4.1, coated fabrics must meet the following minimum strengths after ageing:\r\n\r\n</p>\r\n\r\n\r\n\r\n<p class=MsoNormal>Page 1 TSO-C70a 4/13/84 Appendix 1 </p>\r\n\r\n\r\n\r\n<p class=MsoNormal>Ply Adhesion - </p>\r\n\r\n\r\n\r\n<p class=MsoNormal>5 pounds/inch width at 70 ± 2 degrees F at a pull of 2.0 to\r\n\r\n2.5 inches/minute </p>\r\n\r\n\r\n\r\n<p class=MsoNormal>Coat Adhesion - </p>\r\n\r\n\r\n\r\n<p class=MsoNormal>5 pounds/inch width at 70 ± 2 degrees F at 2.0 to 2.5\r\n\r\ninches/minute </p>\r\n\r\n\r\n\r\n<p class=MsoNormal>3.1.4.3 <u>Permeability</u>. For coated fabrics used in the\r\n\r\nmanufacture of inflation chambers, the maximum permeability to helium\r\n\r\n(Permeability Test Method) may not exceed 10 liters per square meter in 24\r\n\r\nhours at 77 degrees F, or its equivalent using hydrogen. The permeameter must\r\n\r\nbe calibrated for the gas used. In lieu of this permeability test, an alternate\r\n\r\ntest may be used provided the alternate test has been approved as an equivalent\r\n\r\nto this permeability test by the manager of the FAA office to which this TSO\r\n\r\ndata is to be submitted, as required in Paragraph c., Data Requirements. </p>\r\n\r\n\r\n\r\n<p class=MsoNormal>3.1.5 <u>Seam Strength and Adhesives</u>. Cemented or heat\r\n\r\nsealable seams used in the manufacture of the device must meet the following\r\n\r\nminimum strength requirements: </p>\r\n\r\n\r\n\r\n<p class=MsoNormal>Shear Strength (Seam Shear Test Method) - 175 pounds/inch\r\n\r\nwidth at 75 degrees F; </p>\r\n\r\n\r\n\r\n<p class=MsoNormal>40 pounds/inch width at 140 degrees F </p>\r\n\r\n\r\n\r\n<p class=MsoNormal>Peel Strength (Peel Test Method) - </p>\r\n\r\n\r\n\r\n<p class=MsoNormal>5 pounds/inch width at 70 degrees F </p>\r\n\r\n\r\n\r\n<p class=MsoNormal>3.1.6 <u>Seam Tape</u>. If tape is used for seam\r\n\r\nreinforcement or abrasion protection of seams or both, the tape must have\r\n\r\nminimum breaking strength (Grab Test Method) of 40 pounds/inch width in both\r\n\r\nthe warp and fill directions. When applied to the seam area, the adhesion\r\n\r\nstrength characteristics must meet the seam strength requirements in paragraph\r\n\r\n3.1.5. </p>\r\n\r\n\r\n\r\n<p class=MsoNormal>3.1.7 <u>Canopy</u>. Fabrics used for this purpose must be\r\n\r\nwaterproof and resistant to sun penetration, and must not affect the potability\r\n\r\nof collected water, and must meet the following minimum requirements in the\r\n\r\napplicable tests prescribed in paragraph 6.1 of this standard, except that in\r\n\r\nlieu of meeting the tensile strength requirements, a fabricated canopy may be\r\n\r\ndemonstrated to withstand 35-knot winds and 52-knot gusts: </p>\r\n\r\n\r\n\r\n<p class=MsoNormal>Tensile Strength (Grab Test) </p>\r\n\r\n\r\n\r\n<p class=MsoNormal>Warp 75 pounds/inch </p>\r\n\r\n\r\n\r\n<p class=MsoNormal>Fill 75 pounds/inch </p>\r\n\r\n\r\n\r\n<p class=MsoNormal>Tear Strength </p>\r\n\r\n\r\n\r\n<p class=MsoNormal>Trapezoid Test: 4 x 4 pounds/inch; or </p>\r\n\r\n\r\n\r\n<p class=MsoNormal>Tongue Test: 4 x 4 pounds/inch </p>\r\n\r\n\r\n\r\n<p class=MsoNormal>Coat Adhesion of Coated Fabrics </p>\r\n\r\n\r\n\r\n<p class=MsoNormal>3.5 pounds/inch width at 70 ± 2 degrees F at a separation rate\r\n\r\nof 2.0 to 2.5 inches/minute </p>\r\n\r\n\r\n\r\n<p class=MsoNormal>Page 2 4/13/84 TSO-C70a Appendix 1 </p>\r\n\r\n\r\n\r\n<p class=MsoNormal>3.1.8 <u>Flammability</u>. The device (including carrying\r\n\r\ncase or stowage container) must be constructed of materials which meet FAR §\r\n\r\n25.853 (14 CFR 25.853) in effect on May 1, 1972, as follows: Type I rafts must\r\n\r\nmeet § 25.853 (b) and Type II rafts must meet § 25.853 (b-3). </p>\r\n\r\n\r\n\r\n<p class=MsoNormal>3.2 <u>Metallic Parts</u>. All metallic parts must be made\r\n\r\nof corrosion-resistant material or must be suitably protected against\r\n\r\ncorrosion. </p>\r\n\r\n\r\n\r\n<p class=MsoNormal>3.3 <u>Protection</u>. All inflation chambers and load\r\n\r\ncarrying fabrics must be protected in such a manner that nonfabric parts do not\r\n\r\ncause chafing or abrasion of the material in either the packed or the inflated\r\n\r\ncondition. </p>\r\n\r\n\r\n\r\n<p class=MsoNormal>4. <u>Design and Construction</u>. </p>\r\n\r\n\r\n\r\n<p class=MsoNormal>4.1 <u>Capacity</u>. The rated and overload capacities of a\r\n\r\nlife raft must be based on not less than the following usable sitting areas on\r\n\r\nthe deck of the life raft: </p>\r\n\r\n\r\n\r\n<p class=MsoNormal>Rated Capacity 3.6 feet<sup>2</sup>/person </p>\r\n\r\n\r\n\r\n<p class=MsoNormal>Overload Capacity 2.4 feet<sup>2</sup>/person </p>\r\n\r\n\r\n\r\n<p class=MsoNormal>4.1.1 <u>Capacity, Alternate Rating Methods</u>. In lieu of\r\n\r\nthe rated capacity as determined by paragraph 4.1 of this standard, one of the\r\n\r\nfollowing methods may be used: </p>\r\n\r\n\r\n\r\n<p class=MsoNormal>4.1.1.1 The rated capacity of a Type I or Type II liferaft\r\n\r\nmay be determined by the number of occupant seating spaces which can be\r\n\r\naccommodated within the occupiable area exclusive of the perimeter structure\r\n\r\n(such as buoyancy tubes) without overlapping of the occupant seating spaces and\r\n\r\nwith the occupant seating spaces located to provide each occupant with a back\r\n\r\nsupport of not less than 8 inches high. The occupant seating spaces may not be\r\n\r\nless than the following size: </p>\r\n\r\n\r\n\r\n<p class=MsoNormal>39.4 inches </p>\r\n\r\n\r\n\r\n<p class=MsoNormal>BACK SUPPORT </p>\r\n\r\n\r\n\r\n<p class=MsoNormal>ALONG </p>\r\n\r\n\r\n\r\n<p class=MsoNormal>THIS 14.7 inches 7.2 inches </p>\r\n\r\n\r\n\r\n<p class=MsoNormal>SIDE. </p>\r\n\r\n\r\n\r\n<p class=MsoNormal>4.1.1.2 The rated capacity of a Type I or Type II liferaft\r\n\r\nmay be determined on the basis of a controlled pool or fresh water\r\n\r\ndemonstration which includes conditions prescribed under paragraph 6.2.3 of\r\n\r\nthis standard and the following: </p>\r\n\r\n\r\n\r\n<p class=MsoNormal>4.1.1.2.1 The sitting area on the liferaft deck may not be\r\n\r\nless than 3 square feet per person. </p>\r\n\r\n\r\n\r\n<p class=MsoNormal>4.1.1.2.2 The liferaft must have a back support for each\r\n\r\noccupant of not less than 14.7 inches wide and 8 inches high. </p>\r\n\r\n\r\n\r\n<p class=MsoNormal>Page 3 TSO-C70a 4/13/84 Appendix 1 </p>\r\n\r\n\r\n\r\n<p class=MsoNormal>4.1.1.2.3 At least 30 percent but no more than 50 percent of\r\n\r\nthe participants must be female. </p>\r\n\r\n\r\n\r\n<p class=MsoNormal>4.1.1.2.4 Except as provided below, all participants must\r\n\r\nselect their sitting space without outside placement assistance. Instructions,\r\n\r\neither identified on the raft or announced prior to the demonstration, may be\r\n\r\nused informing that each participant should have a back support. A raft\r\n\r\ncommander, acting in the capacity of a crewmember, may direct occupant seating\r\n\r\nto the extent necessary to achieve reasonable weight distribution within the\r\n\r\nraft. </p>\r\n\r\n\r\n\r\n<p class=MsoNormal>4.1.1.2.5 All participants must not have practiced,\r\n\r\nrehearsed, or have had the demonstration procedures described to them within\r\n\r\nthe past 6 months. </p>\r\n\r\n\r\n\r\n<p class=MsoNormal>4.2 <u>Buoyancy</u>. An average occupant weight of not less\r\n\r\nthan 170 pounds must be used in all applicable calculations and tests specified\r\n\r\nherein. In tests, ballast in the form of sand bags or equivalent may be used to\r\n\r\nachieve the 170 pound average, provided the appropriate weight distribution\r\n\r\nwithin the raft is maintained. </p>\r\n\r\n\r\n\r\n<p class=MsoNormal>4.2.1 <u>Type I Liferaft</u>. Buoyancy must be provided by\r\n\r\ntwo independent buoyancy tubes each of which, including the raft floor, must be\r\n\r\ncapable of supporting the rated and overload capacities in fresh water if the\r\n\r\nother tube is deflated. The liferaft loaded to its rated capacity must have a\r\n\r\nfreeboard of at least 12 inches with both buoyancy tubes at minimum operating\r\n\r\npressure. The liferaft loaded to its rated capacity with the critical tube\r\n\r\ndeflated and the remaining tube at minimum operating pressure must have a\r\n\r\nfreeboard of at least 6 inches. The liferaft loaded to its overload capacity\r\n\r\nwith the critical tube deflated must have a measurable freeboard. </p>\r\n\r\n\r\n\r\n<p class=MsoNormal>4.2.2 <u>Type II Liferaft</u>. When single tube construction\r\n\r\nis used to provide the buoyancy, internal bulkheads must divide the flotation\r\n\r\ntube into at least two separate chambers such that the liferaft will be capable\r\n\r\nof supporting the rated number of occupants out of fresh water in the event\r\n\r\nthat one chamber is deflated. The complete liferaft loaded to its rated\r\n\r\ncapacity must have a freeboard of at least 6 inches. </p>\r\n\r\n\r\n\r\n<p class=MsoNormal>4.3 <u>Inflation</u>. The inflation system must be arranged\r\n\r\nso that failure of one inflatable chamber or manifold will not result in loss\r\n\r\nof gas from the other chambers. The inflation equipment must be located so as\r\n\r\nnot to interfere with boarding operation. Components of the inflation system\r\n\r\nmust meet Department of Transportation Specification 3AA (49 CFR 178.37) or\r\n\r\nSpecification 3HT (49 CFR 178.44) in effect May 30, 1976, as applicable, or an\r\n\r\nequivalent approved by the manager of the FAA office to which this TSO data is\r\n\r\nto be submitted, as required in paragraph c., Data Requirements. The inflation\r\n\r\nsystem must be constructed to minimize leakage due to back pressure after\r\n\r\ninflation. If an air aspirator system is used, the system must be constructed\r\n\r\neither to prevent the ingestion of foreign objects or to prevent failure or\r\n\r\nmalfunction as a result of ingestion of small foreign objects. For Type I\r\n\r\nliferafts, there must be an independent inflation source for each primary\r\n\r\nflotation tube, except that there may be a single inflation source for all\r\n\r\nflotation tubes if data substantiating the reliability of the single </p>\r\n\r\n\r\n\r\n<p class=MsoNormal>Page 4 4/13/84 TSO-C70a Appendix 1 </p>\r\n\r\n\r\n\r\n<p class=MsoNormal>inflation source is approved by the manager of the FAA\r\n\r\noffice to which this TSO data is to be submitted, as required in Paragraph c.,\r\n\r\nData Requirements. </p>\r\n\r\n\r\n\r\n<p class=MsoNormal>4.4 <u>Liferaft Canopy</u>. A canopy must be packed with or\r\n\r\nattached to the raft. The erected canopy must be capable of withstanding\r\n\r\n35-knot winds and 52-knot gusts in open water. The canopy must provide adequate\r\n\r\nheadroom and must have provision for openings 180 degrees apart. Means must be\r\n\r\nprovided to make the openings weathertight. If the canopy is not integral with\r\n\r\nthe raft, it must be capable of being erected by occupants following\r\n\r\nconspicuously posted, simple instructions. It must be capable of being erected\r\n\r\nby one occupant of an otherwise empty raft and by occupants of a raft filled to\r\n\r\nrated capacity. For a reversible raft, attachment provisions must be installed\r\n\r\nto permit the canopy to be installed on either side of the raft. </p>\r\n\r\n\r\n\r\n<p class=MsoNormal>4.5 <u>Capsize Resistance</u>. There must be water pockets\r\n\r\nor other means to provide capsize resistance for an empty or lightly loaded\r\n\r\nraft. </p>\r\n\r\n\r\n\r\n<p class=MsoNormal>4.6 <u>Boarding Aids</u>. For Type I liferafts, boarding\r\n\r\naids must be provided at two opposing positions on the raft. One boarding aid\r\n\r\nis sufficient for a Type II liferaft. Boarding aids must permit unassisted\r\n\r\nentry from the water into the unoccupied raft and must not at any time impair\r\n\r\neither the rigidity or the inflation characteristics of the raft. Puncturing of\r\n\r\ninflatable boarding aids must not affect the buoyancy of the raft buoyancy\r\n\r\nchambers. Boarding handles and/or stirrups used in conjunction with the\r\n\r\nboarding aids must withstand a pull of 500 pounds. </p>\r\n\r\n\r\n\r\n<p class=MsoNormal>4.7 <u>Righting Aids</u>. Means must be provided to right a\r\n\r\nnonreversible liferaft if it inflates in an inverted position. The means\r\n\r\nprovided for righting must be such that they may be used by one person in the\r\n\r\nwater. </p>\r\n\r\n\r\n\r\n<p class=MsoNormal>4.8 <u>Lifeline</u>. A nonrotting lifeline of contrasting\r\n\r\ncolor and at least 3/8-inch diameter or 3/4-inch width must encircle the\r\n\r\nliferaft on the outside periphery so that it can be easily grasped by persons\r\n\r\nin the water. The lifeline and its attachments must be capable of withstanding\r\n\r\na minimum load of 500 pounds and must not interfere with the liferaft\r\n\r\ninflation. </p>\r\n\r\n\r\n\r\n<p class=MsoNormal>4.9 <u>Grasp Line</u>. A grasp line, meeting the size and\r\n\r\nstrength requirements for the lifeline, must be provided with sufficient slack\r\n\r\nfor use by liferaft occupants to steady themselves when seated on the liferaft\r\n\r\ndeck with their backs to the main flotation tube(s). </p>\r\n\r\n\r\n\r\n<p class=MsoNormal>4.10 <u>Color</u>. The color of the liferaft’s surfaces,\r\n\r\nincluding the canopy surface, visible from the air must be an International\r\n\r\nOrange-Yellow or an equivalent high visibility color. </p>\r\n\r\n\r\n\r\n<p class=MsoNormal>4.11 <u>Placards</u>. Suitable placarding must be provided\r\n\r\nin contrasting colors in waterproof paint which is not detrimental to the\r\n\r\nfabric, that denotes use and location of the inflation systems, raft equipment,\r\n\r\nboarding aids, and righting aids. For reversible rafts, placement of the\r\n\r\nplacarding must take into account usage of either side of the raft. The letters\r\n\r\nused for such placarding must be at least 2 inches high except that details and\r\n\r\nmiscellaneous instructions may be of smaller lettering. Applicable placarding\r\n\r\nmust take into account persons boarding or righting the raft form the water. </p>\r\n\r\n\r\n\r\n<p class=MsoNormal>Page 5 TSO-C70a 4/13/84 Appendix 1 </p>\r\n\r\n\r\n\r\n<p class=MsoNormal>4.12 <u>Lights</u>. One or more survivor locator lights must\r\n\r\nbe provided that are approved under TSO-C85. The lights must be automatically\r\n\r\nactivated upon raft inflation in the water, and visible from any direction by\r\n\r\npersons in the water. </p>\r\n\r\n\r\n\r\n<p class=MsoNormal>4. 13 <u>Raft Sea Performance</u>. The raft must meet the\r\n\r\nseaworthiness requirements in 6.2.3.2 and must be capable with its equipment of\r\n\r\nwithstanding a saltwater marine environment for a period of at least 15 days. </p>\r\n\r\n\r\n\r\n<p class=MsoNormal>5. <u>Liferaft Equipment</u>. All lines must be suitably stowed\r\n\r\nand secured to prevent entanglement during launching/inflation of a liferaft. </p>\r\n\r\n\r\n\r\n<p class=MsoNormal>5.1 <u>Mooring Line</u>. A nonrotting mooring line at least\r\n\r\n20 feet in length must be attached at one end to the raft, with the remainder\r\n\r\nof the line held flaked to the carrying case (See 5.2). The mooring line must\r\n\r\nbe capable of keeping the raft, loaded to maximum rated capacity, attached to a\r\n\r\nfloating aircraft, and not endanger the raft or cause the raft to spill\r\n\r\noccupants if the aircraft sinks. The line may be equipped with a mechanical\r\n\r\nrelease linkage. The breaking strength of the line must be at least 500 pounds,\r\n\r\nor 40 times the rated capacity of the raft, whichever is greater, but need not\r\n\r\nexceed 1,000 pounds. </p>\r\n\r\n\r\n\r\n<p class=MsoNormal>5.2 <u>Liferaft Launching Equipment</u>. A parachute ripcord\r\n\r\ngrip and retaining pocket must form the primary inflation control. The ripcord\r\n\r\ngrip or the attached static mooring line must be provided with means for\r\n\r\nattachment to the aircraft. If the ripcord grip is designed to attach to the\r\n\r\naircraft, its strength may not be less than that of the static mooring line.\r\n\r\nThe position of the ripcord grip must be standardized. When facing the release\r\n\r\nend of the carrying case, the center line of the ripcord grip retaining pocket\r\n\r\nmust lie at 45 degrees in the right upper quadrant of the end section. The\r\n\r\noutermost extremity of the ripcord grip may not extend beyond the outer margin\r\n\r\nof the carrying case. The line attached to the ripcord grip must serve both to\r\n\r\nretain the liferaft and to actuate the gas release(s). The tension required to withdraw\r\n\r\nthe static mooring line and to actuate the gas release mechanism(s) must be\r\n\r\nbetween 20 and 30 pounds. The strength of the gas release mechanism(s), its\r\n\r\nfittings, and its attachments may not be less than 100 pounds. </p>\r\n\r\n\r\n\r\n<p class=MsoNormal>5.3 <u>Sea Anchor</u>. A sea anchor, or anchors, or other\r\n\r\nequivalent means must be provided to maintain the raft, with rated capacity and\r\n\r\ncanopy installed, on a substantially constant heading relative to the wind and\r\n\r\nhave the ability to reduce the drift to 2 knots in 17 to 27-knot winds. Unless analysis\r\n\r\nand/or test data substantiating the adequacy of a lower breaking strength is\r\n\r\napproved by the manager of the FAA office to which this TSO data is to be\r\n\r\nsubmitted as required in paragraph c., Data Requirements, the line securing a\r\n\r\nsea anchor to the raft must have a breaking strength of 500 pounds or 40 pounds\r\n\r\ntime the rated capacity of the raft, whichever is greater. The attachment of\r\n\r\nthe line to the raft must be capable of withstanding a load of 1.5 times the\r\n\r\nline-rated strength without damaging the raft. The line must be at least 25\r\n\r\nfeet in length and must be protected to prevent it from being cut inadvertently\r\n\r\nby raft occupants. </p>\r\n\r\n\r\n\r\n<p class=MsoNormal>5.4 <u>Heaving-Trailing Line</u>. At least one floating\r\n\r\nheaving-trailing line not less than 75 feet in length for Type I rafts and not\r\n\r\nless than 35 feet in length for Type II rafts, and at least 250 pounds\r\n\r\nstrength, must be located on the main flotation tube near the sea anchor\r\n\r\nattachment. The </p>\r\n\r\n\r\n\r\n<p class=MsoNormal>Page 6 4/13/84 TSO-C70a Appendix 1 </p>\r\n\r\n\r\n\r\n<p class=MsoNormal>attach point of the line must withstand a pull of not less\r\n\r\nthan 1.5 times the line rated strength without damage to the raft. A\r\n\r\nheaving-trailing line must be accessible in any inflated position of a\r\n\r\nreversible liferaft. </p>\r\n\r\n\r\n\r\n<p class=MsoNormal>5.5 <u>Emergency Inflation</u>. Means readily accessible to\r\n\r\noccupants of the raft, and having a displacement of at least 32 cubic inches\r\n\r\nper full stroke, must be provided to manually inflate and maintain chambers at\r\n\r\nminimum operating pressure. Manual inflation valves, with a nonreturn opening\r\n\r\nadequate for the size and capacity of the inflation means, must be located to\r\n\r\npermit inflation of all chambers. The location must take into consideration\r\n\r\noccupancy of each side of reversible raft. The inflation means and valves must\r\n\r\nhave provisions to prevent inadvertent removal and loss when either stowed or in\r\n\r\nuse. </p>\r\n\r\n\r\n\r\n<p class=MsoNormal>5.6 <u>Accessory Case Tiedowns</u>. Provisions must be made\r\n\r\nfor tiedowns to hold any accessory case. Each accessory case tiedown must\r\n\r\nwithstand a pull of 250 pounds. </p>\r\n\r\n\r\n\r\n<p class=MsoNormal>5.7 <u>Carrying Case</u>. A carrying case which meets the\r\n\r\nflammability requirement of this standard and which properly fits the packed\r\n\r\nliferaft must be provided. Carrying case materials must be of a highly visible\r\n\r\ncolor, be fungus proof, and be resistant to aircraft fuels and other fluids.\r\n\r\nThe carrying case must provide chafe protection to the liferaft. The carrying\r\n\r\ncase must be provided with easily distinguishable handles so that it may be\r\n\r\ncarried by one person, carried by two persons in tandem, or dragged by either\r\n\r\nend; none of these carrying operations must tend to pull the carrying case\r\n\r\nopen. Each handle must be easily grasped and its strength must be at least four\r\n\r\ntime the total weight of the liferaft and case. Conventional zippers may not be\r\n\r\nemployed for closure. Location of and instructions for use of the inflation\r\n\r\nhandle must be clearly identified and marked on the carrying case surface. </p>\r\n\r\n\r\n\r\n<p class=MsoNormal>5.8 <u>Knife</u>. A hook type knife secured by a retaining\r\n\r\nline must be sheathed and attached to the raft adjacent to the point of mooring\r\n\r\nline attachment. </p>\r\n\r\n\r\n\r\n<p class=MsoNormal>6 <u>Tests</u>. </p>\r\n\r\n\r\n\r\n<table class=MsoNormalTable border=1 cellspacing=0 cellpadding=0\r\n\r\n style=\'border-collapse:collapse;border:none\'>\r\n\r\n <tr style=\'height:7.85pt\'>\r\n\r\n  <td width=601 colspan=4 valign=top style=\'width:450.9pt;border:none;\r\n\r\n  padding:0in 5.4pt 0in 5.4pt;height:7.85pt\'>\r\n\r\n  <p class=MsoNormal>6.1 <u>Material Tests</u>. The material tests required in\r\n\r\n  paragraph 3.0 of this standard must be determined in accordance with the\r\n\r\n  following test method or other approved equivalent methods: <u>Test Method </u></p>\r\n\r\n  </td>\r\n\r\n </tr>\r\n\r\n <tr style=\'height:14.85pt\'>\r\n\r\n  <td width=200 valign=top style=\'width:150.3pt;border:none;padding:0in 5.4pt 0in 5.4pt;\r\n\r\n  height:14.85pt\'>\r\n\r\n  <p class=MsoNormal><u>Tests Required</u></p>\r\n\r\n  </td>\r\n\r\n  <td width=200 colspan=2 valign=top style=\'width:150.3pt;border:none;\r\n\r\n  padding:0in 5.4pt 0in 5.4pt;height:14.85pt\'>\r\n\r\n  <p class=MsoNormal>Federal Test Method Standard No. l91A <u>dated July 20,\r\n\r\n  1978 </u></p>\r\n\r\n  </td>\r\n\r\n  <td width=200 valign=top style=\'width:150.3pt;border:none;padding:0in 5.4pt 0in 5.4pt;\r\n\r\n  height:14.85pt\'>\r\n\r\n  <p class=MsoNormal><u>Notes </u></p>\r\n\r\n  </td>\r\n\r\n </tr>\r\n\r\n <tr style=\'height:7.85pt\'>\r\n\r\n  <td width=200 valign=top style=\'width:150.3pt;border:none;padding:0in 5.4pt 0in 5.4pt;\r\n\r\n  height:7.85pt\'>\r\n\r\n  <p class=MsoNormal>Accelerated Age </p>\r\n\r\n  </td>\r\n\r\n  <td width=200 colspan=2 valign=top style=\'width:150.3pt;border:none;\r\n\r\n  padding:0in 5.4pt 0in 5.4pt;height:7.85pt\'>\r\n\r\n  <p class=MsoNormal>Method 5850 </p>\r\n\r\n  </td>\r\n\r\n  <td width=200 valign=top style=\'width:150.3pt;border:none;padding:0in 5.4pt 0in 5.4pt;\r\n\r\n  height:7.85pt\'>\r\n\r\n  <p class=MsoNormal>Per Note (1) </p>\r\n\r\n  </td>\r\n\r\n </tr>\r\n\r\n <tr style=\'height:7.85pt\'>\r\n\r\n  <td width=301 colspan=2 valign=top style=\'width:225.45pt;border:none;\r\n\r\n  padding:0in 5.4pt 0in 5.4pt;height:7.85pt\'>\r\n\r\n  <p class=MsoNormal>Tensile Strength (Grab Test) </p>\r\n\r\n  </td>\r\n\r\n  <td width=301 colspan=2 valign=top style=\'width:225.45pt;border:none;\r\n\r\n  padding:0in 5.4pt 0in 5.4pt;height:7.85pt\'>\r\n\r\n  <p class=MsoNormal>Method 5100 </p>\r\n\r\n  </td>\r\n\r\n </tr>\r\n\r\n <tr style=\'height:7.85pt\'>\r\n\r\n  <td width=301 colspan=2 valign=top style=\'width:225.45pt;border:none;\r\n\r\n  padding:0in 5.4pt 0in 5.4pt;height:7.85pt\'>\r\n\r\n  <p class=MsoNormal>Tear Strength(Trapezoid Test) </p>\r\n\r\n  </td>\r\n\r\n  <td width=301 colspan=2 valign=top style=\'width:225.45pt;border:none;\r\n\r\n  padding:0in 5.4pt 0in 5.4pt;height:7.85pt\'>\r\n\r\n  <p class=MsoNormal>Method 5136 (4) </p>\r\n\r\n  </td>\r\n\r\n </tr>\r\n\r\n <tr style=\'height:14.85pt\'>\r\n\r\n  <td width=301 colspan=2 valign=top style=\'width:225.45pt;border:none;\r\n\r\n  padding:0in 5.4pt 0in 5.4pt;height:14.85pt\'>\r\n\r\n  <p class=MsoNormal>Tear Strength (Tongue Test) </p>\r\n\r\n  </td>\r\n\r\n  <td width=301 colspan=2 valign=top style=\'width:225.45pt;border:none;\r\n\r\n  padding:0in 5.4pt 0in 5.4pt;height:14.85pt\'>\r\n\r\n  <p class=MsoNormal>Method 5134 </p>\r\n\r\n  <p class=MsoNormal>(Alternate to Trapezoid Test See 3.1.4.1) </p>\r\n\r\n  </td>\r\n\r\n </tr>\r\n\r\n <tr style=\'height:7.85pt\'>\r\n\r\n  <td width=301 colspan=2 valign=top style=\'width:225.45pt;border:none;\r\n\r\n  padding:0in 5.4pt 0in 5.4pt;height:7.85pt\'>\r\n\r\n  <p class=MsoNormal>Ply Adhesion </p>\r\n\r\n  </td>\r\n\r\n  <td width=301 colspan=2 valign=top style=\'width:225.45pt;border:none;\r\n\r\n  padding:0in 5.4pt 0in 5.4pt;height:7.85pt\'>\r\n\r\n  <p class=MsoNormal>Method 5960 </p>\r\n\r\n  </td>\r\n\r\n </tr>\r\n\r\n <tr style=\'height:7.85pt\'>\r\n\r\n  <td width=301 colspan=2 valign=top style=\'width:225.45pt;border:none;\r\n\r\n  padding:0in 5.4pt 0in 5.4pt;height:7.85pt\'>\r\n\r\n  <p class=MsoNormal>Coat Adhesion </p>\r\n\r\n  </td>\r\n\r\n  <td width=301 colspan=2 valign=top style=\'width:225.45pt;border:none;\r\n\r\n  padding:0in 5.4pt 0in 5.4pt;height:7.85pt\'>\r\n\r\n  <p class=MsoNormal>Method 5970 </p>\r\n\r\n  </td>\r\n\r\n </tr>\r\n\r\n <tr height=0>\r\n\r\n  <td width=200 style=\'border:none\'></td>\r\n\r\n  <td width=100 style=\'border:none\'></td>\r\n\r\n  <td width=100 style=\'border:none\'></td>\r\n\r\n  <td width=200 style=\'border:none\'></td>\r\n\r\n </tr>\r\n\r\n</table>\r\n\r\n\r\n\r\n<p class=MsoNormal><u><span style=\'text-decoration:none\'> </span></u></p>\r\n\r\n\r\n\r\n<p class=MsoNormal><u>NOTES</u>: </p>\r\n\r\n\r\n\r\n<p class=MsoNormal>(1) Samples for the accelerated aging tests must be exposed\r\n\r\nto a temperature of 158 ± 5 degrees Fahrenheit for not less than 168 hours.\r\n\r\nAfter exposure, the samples must be allowed to cool to 70 ± 2 degrees\r\n\r\nFahrenheit for neither less than 16 hours nor more than 96 hours before\r\n\r\ndetermining their physical properties in accordance with 3.1 of this standard. </p>\r\n\r\n\r\n\r\n<p class=MsoNormal>(2) Each sample shall consist of two strips 2 inches maximum\r\n\r\nwidth by 5 inches maximum length bonded together with an overlap 3/4 inches\r\n\r\nmaximum. The free ends must be placed in the testing machine described in\r\n\r\nMethod 5100 and separated at a rate of 12 ± 0.5 inches per minute. The average\r\n\r\nvalue of two samples must be reported. Samples may be multilayered as required\r\n\r\nto provide adequate strength to ensure against premature material failure. </p>\r\n\r\n\r\n\r\n<p class=MsoNormal>(3) Separation rate must be 2.0 to 2.5 inches per minute. </p>\r\n\r\n\r\n\r\n<p class=MsoNormal>(4) Federal Test Method Standard No. 191 in effect December\r\n\r\n31, 1968. </p>\r\n\r\n\r\n\r\n<p class=MsoNormal>6.2 <u>Liferaft Tests</u>. </p>\r\n\r\n\r\n\r\n<p class=MsoNormal>6.2.1 <u>Pressure Retention</u>. Under static conditions and\r\n\r\nwhen inflated and stabilized at the nominal operating pressure, the pressure in\r\n\r\neach inflatable chamber must not fall below the minimum operating pressure in\r\n\r\nless than 24 hours. The minimum operating pressure is the pressure required to\r\n\r\nmeet the minimum design buoyancy requirements of paragraph 4.2 of this\r\n\r\nstandard. </p>\r\n\r\n\r\n\r\n<p class=MsoNormal>6.2.2 <u>Overpressure Tests</u>. </p>\r\n\r\n\r\n\r\n<p class=MsoNormal>6.2.2.1 The device must be shown by test to withstand a\r\n\r\npressure at least 1.5 times the maximum operating pressure for at least 5\r\n\r\nminutes without sustaining damage. </p>\r\n\r\n\r\n\r\n<p class=MsoNormal>6.2.2.2 At least one specimen of the inflatable device model\r\n\r\nmust be shown by test to withstand a pressure at least 2 times the maximum\r\n\r\noperating pressure without failure. Devices so tested must be clearly\r\n\r\nidentified. </p>\r\n\r\n\r\n\r\n<p class=MsoNormal> </p>\r\n\r\n\r\n\r\n<p class=MsoNormal>6.2.3 <u>Functional Tests</u>. Each liferaft model must pass\r\n\r\nthe following tests: </p>\r\n\r\n\r\n\r\n<p class=MsoNormal>Page 8 4/13/84 TSO-C70a Appendix 1 </p>\r\n\r\n\r\n\r\n<p class=MsoNormal>6.2.3.1 <u>Water Tests</u>. In either a controlled pool or\r\n\r\nfresh water, the liferaft capacity and buoyancy must be demonstrated as\r\n\r\nfollows: </p>\r\n\r\n\r\n\r\n<p class=MsoNormal>6.2.3.1.1 Both rated and overload capacities established in\r\n\r\naccordance with the requirements of paragraph 4.1 of this standard must be\r\n\r\ndemonstrated with inflation tubes at minimum operating pressure and with the\r\n\r\ncritical buoyancy chamber deflated. The resultant freeboard in each case must\r\n\r\nmeet the requirements of paragraph 4.2 of this standard. </p>\r\n\r\n\r\n\r\n<p class=MsoNormal>6.2.3.1.2 Persons used in the demonstration must have an\r\n\r\naverage weight of not less than 170 pounds. Ballast in the form of sand bags or\r\n\r\nequivalent may be used to achieve proper loading provided the appropriate\r\n\r\nweight distribution within the raft is maintained. </p>\r\n\r\n\r\n\r\n<p class=MsoNormal>6.2.3.1.3 Persons used in the demonstration must wear life\r\n\r\npreservers with at least one chamber inflated. </p>\r\n\r\n\r\n\r\n<p class=MsoNormal>6.2.3.1.4 The required liferaft equipment, including one\r\n\r\nemergency locator transmitter or a weight simulating a transmitter, must be\r\n\r\naboard the liferaft. </p>\r\n\r\n\r\n\r\n<p class=MsoNormal>6.2.3.1.5 It must be demonstrated that the raft is\r\n\r\nself-righting, or can be righted by one person in water, or while inverted can\r\n\r\nbe boarded and provide flotation for the normal rated capacity. </p>\r\n\r\n\r\n\r\n<p class=MsoNormal>6.2.3.1.6 It must be demonstrated that the boarding aids are\r\n\r\nadequate for the purpose intended and that it is possible for an adult wearing\r\n\r\nan inflated life preserver to board the raft unassisted. </p>\r\n\r\n\r\n\r\n<p class=MsoNormal>6.2.3.2 <u>Sea Trials</u>. The liferaft must be demonstrated\r\n\r\nby tests or analysis, or a combination of both, to be seaworthy in an open sea\r\n\r\ncondition of 17 to 27-knot winds and waves of 6 to 10 feet. In tests, ballast\r\n\r\nin the form of sand bags or equivalent may be used to achieve proper loading\r\n\r\nprovided the appropriate weight distribution within the raft is maintained. If\r\n\r\nanalysis is used, the analysis must be approved by the manager of the FAA\r\n\r\noffice to which the TSO data is to be submitted as required in paragraph c.,\r\n\r\nData Requirements. For this seaworthiness demonstration, the following apply: </p>\r\n\r\n\r\n\r\n<p class=MsoNormal>6.2.3.2.1 The liferaft must be deployed to simulate\r\n\r\ndeployment from an aircraft under the most adverse wind direction and wave\r\n\r\ncondition. If the liferaft is an aspirated inflated type, it must be\r\n\r\ndemonstrated that water ingested during inflation will not cause the raft to\r\n\r\nfail to meet the requirement for buoyancy under rated capacity in 4.2. </p>\r\n\r\n\r\n\r\n<p class=MsoNormal>6.2.3.2.2 All required equipment must be aboard and the\r\n\r\nproper functioning of each item of equipment must be demonstrated. </p>\r\n\r\n\r\n\r\n<p class=MsoNormal>6.2.3.2.3 The canopy must be erected for a sufficient time\r\n\r\nto assess its resistance to tearing and the protection it affords. The method\r\n\r\nof erection must be </p>\r\n\r\n\r\n\r\n<p class=MsoNormal>Page 9 TSO-C70a 4/13/84 Appendix 1 </p>\r\n\r\n\r\n\r\n<p class=MsoNormal>shown to be accomplished by one occupant of an otherwise\r\n\r\nempty raft, and by occupants of a raft filled to rated capacity. </p>\r\n\r\n\r\n\r\n<p class=MsoNormal>6.2.3.2.4 The stability of the raft must be demonstrated when\r\n\r\noccupied at normal rated capacity and at 50 percent rated capacity. </p>\r\n\r\n\r\n\r\n<p class=MsoNormal>6.2.3.3 <u>Liferaft Drop Test</u>. A complete liferaft\r\n\r\npackage must be dropped or thrown from a height of 5 feet onto a hard surface\r\n\r\nfloor after which it must be inflated and meet the pressure retention\r\n\r\nrequirements of paragraph 6.2.1 of this standard. </p>\r\n\r\n\r\n\r\n<p class=MsoNormal>6.2.3.4 <u>Portability Test</u>. If the liferaft is to be\r\n\r\nmanually deployed, it must be demonstrated that the complete liferaft package\r\n\r\ncan be moved from a typical stowage installation by no more that two persons\r\n\r\nand then deployed at another suitable exit. </p>\r\n\r\n\r\n\r\n<p class=MsoNormal>6.2.3.5 <u>Carrying Case</u>. It must be demonstrated at\r\n\r\nleast 10 times that the carrying case will open satisfactorily and cause no\r\n\r\ndelay in the deployment and inflation of the liferaft. </p>\r\n\r\n\r\n\r\n<p class=MsoNormal>6.2.3.6 <u>Gas Cylinder Releases</u>. It must be\r\n\r\ndemonstrated that pulling the ripcord grip from any position will actuate the\r\n\r\nprimary gas release(s). </p>\r\n\r\n\r\n\r\n<p class=MsoNormal>6.2.5 <u>Temperature Exposure and Inflation</u>. The\r\n\r\nmanufacturer shall determine the minimum temperature at which the complete\r\n\r\nliferaft assembly with its inflation bottles, will be “rounded outâ€ (i.e.,\r\n\r\nattain its design shape and approximate dimension) so that the liferaft will be\r\n\r\nable to receive and to support the first occupant within one minute after the\r\n\r\nstart of inflation. Thereafter, the rate of inflation must progress in such a\r\n\r\nmanner and rate as to ensure a serviceable and rigid liferaft for boarding by\r\n\r\nthe remainder of the occupants. Similarly, a maximum environmental temperature\r\n\r\nto which the liferaft assembly may be exposed and still remain in a seaworthy\r\n\r\ncondition upon inflation must be determined. The temperature limitations must\r\n\r\nbe submitted to the FAA and liferaft purchaser in accordance with the data\r\n\r\nrequirements of this TSO. </p>\r\n\r\n\r\n\r\n<p class=MsoNormal>6.2.5.1 <u>Test Procedure</u>. The packed liferaft assembly\r\n\r\nwith its inflation bottles installed must be exposed to each of the above\r\n\r\ntemperatures for not less than 24 hours and must be inflated within 5 minutes\r\n\r\nafter removal from such temperatures. The liferaft must be allowed to return to\r\n\r\na temperature of approximately 70 ± 5 degrees Fahrenheit before being deflated,\r\n\r\nrepacked, and subjected to a second exposure. After the above tests have been\r\n\r\ncompleted, the liferaft must be able to pass tests required by paragraphs 6.2.1\r\n\r\nand 6.2.2 of this standard. </p>\r\n\r\n\r\n\r\n<p class=MsoNormal>Page 10</p>\r\n\r\n\r\n\r\n<p class=MsoNormal> </p>\r\n\r\n\r\n\r\n</div>'),(16,11,2,'FAA Regulations','<div class=WordSection1>\r\n\r\n\r\n\r\n<p class=MsoNormal style=\'margin-bottom:0in;margin-bottom:.0001pt\'>Department\r\n\r\nof Transportation </p>\r\n\r\n\r\n\r\n<p class=MsoNormal style=\'margin-bottom:0in;margin-bottom:.0001pt\'><b>Federal\r\n\r\nAviation Administration </b></p>\r\n\r\n\r\n\r\n<p class=MsoNormal style=\'margin-bottom:0in;margin-bottom:.0001pt\'>Aircraft\r\n\r\nCertification Service </p>\r\n\r\n\r\n\r\n<p class=MsoNormal style=\'margin-bottom:0in;margin-bottom:.0001pt\'>Washington,\r\n\r\nDC </p>\r\n\r\n\r\n\r\n<p class=MsoNormal style=\'margin-bottom:0in;margin-bottom:.0001pt\'> </p>\r\n\r\n\r\n\r\n<p class=MsoNormal><b>Date: </b>4/13/84 </p>\r\n\r\n\r\n\r\n<p class=MsoNormal><b>Subject:</b> TSO-C70a, LIFERAFTS (REVERSIBLE AND\r\n\r\nNONREVERSIBLE)</p>\r\n\r\n\r\n\r\n<p class=MsoNormal> </p>\r\n\r\n\r\n\r\n<p class=MsoNormal><b>Technical Standard Order </b></p>\r\n\r\n\r\n\r\n<p class=MsoNormal>a. <u>Applicability</u>. </p>\r\n\r\n\r\n\r\n<p class=MsoNormal>(1) <u>Minimum Performance Standards</u>. This Technical\r\n\r\nStandard Order (TSO) prescribes the minimum performance standards that\r\n\r\nliferafts combinations must meet to be identified with the applicable TSO\r\n\r\nmarking. This TSO has been prepared in accordance with the procedural rules set\r\n\r\nforth in Subpart O of the Federal Aviation Regulations Part 21. New models of\r\n\r\nliferafts that are to be so identified and that are manufactured on or after\r\n\r\nthe effective date of this TSO must meet the standards set forth in Appendix 1,\r\n\r\n“Federal Aviation Administration Standard for Liferaftsâ€ of this TSO. </p>\r\n\r\n\r\n\r\n<p class=MsoNormal>(2) <u>Environmental Standard</u>. None. </p>\r\n\r\n\r\n\r\n<p class=MsoNormal>(3) <u>Test Methods</u>. This TSO references Federal Test\r\n\r\nMethod Standard No. 191A dated 7/20/78. </p>\r\n\r\n\r\n\r\n<p class=MsoNormal>b. <u>Marking</u>. In addition to the marking required in\r\n\r\nFederal Aviation Regulations (FAR) § 21.607(d) (14 CFR 21.607), the part\r\n\r\nnumber, serial number and date of manufacture, weight and rated and overload\r\n\r\ncapacities of the liferaft must be shown also. The weight of the liferaft\r\n\r\nincludes any accessories required in this TSO. </p>\r\n\r\n\r\n\r\n<p class=MsoNormal>c. <u>Data Requirements</u>. In accordance with FAR §\r\n\r\n21.605, (14 CFR 21.605), each manufacturer shall furnish the Manager, Aircraft\r\n\r\nCertification Office (ACO), Federal Aviation Administration, having\r\n\r\ngeographical purview of the manufacturer’s facilities, one copy each of the\r\n\r\nfollowing technical data: </p>\r\n\r\n\r\n\r\n<p class=MsoNormal>(1) Operating instructions. </p>\r\n\r\n\r\n\r\n<p class=MsoNormal>(2) Packing instructions. </p>\r\n\r\n\r\n\r\n<p class=MsoNormal>(3) A complete description of the device, including detailed\r\n\r\ndrawings, materials identification and specifications, and installation\r\n\r\nprocedures. </p>\r\n\r\n\r\n\r\n<p class=MsoNormal>DISTRIBUTION: ZVS-326; A-W(WS)-3; A-X(FS)-3; A-X(CD)-4; A-FFS-1,2,7,8(LTD);\r\n\r\nA-FAC-0(MAX); AVN-1(2 cys) TSO-C70a 4/13/84 </p>\r\n\r\n\r\n\r\n<p class=MsoNormal>(4) Manufacturer’s TSO qualification test report. </p>\r\n\r\n\r\n\r\n<p class=MsoNormal>(5) Applicable installation limitations, including stowage\r\n\r\narea temperatures. The manufacturer shall also provide the purchaser with such\r\n\r\nlimitations. </p>\r\n\r\n\r\n\r\n<p class=MsoNormal>(6) Maintenance instructions, including instructions\r\n\r\nregarding inspection, repair, and stowage of materials. </p>\r\n\r\n\r\n\r\n<p class=MsoNormal>(7) The functional test specification to be used to test\r\n\r\neach production article to ensure compliance with this TSO. </p>\r\n\r\n\r\n\r\n<p class=MsoNormal>d. <u>Availability of Referenced Documents</u>. </p>\r\n\r\n\r\n\r\n<p class=MsoNormal>(1) Appendix 1, “Federal Aviation Administration Standards\r\n\r\nfor Liferafts,â€ of this TSO specifies certain test methods that are contained\r\n\r\nin Federal Test Method Standard No. 191A unless otherwise noted. Federal Test\r\n\r\nMethod Standard No. 191A may be examined at the FAA Headquarters in the Office\r\n\r\nof Airworthiness, Aircraft Engineering Division (AWS-110), and at all Aircraft\r\n\r\nCertification Offices, and may be obtained (or purchased) from the General\r\n\r\nServices Administration, Business Service Center, Region 3, 7th and D Streets,\r\n\r\nS.W., Washington, D.C. 20407. </p>\r\n\r\n\r\n\r\n<p class=MsoNormal>(2) Federal Aviation Regulations Part 21, Subpart O and\r\n\r\nAdvisory Circular 20-110, Index of Aviation Technical Standard Orders may be\r\n\r\nreviewed at the FAA Headquarters in the Office of Airworthiness, Aircraft\r\n\r\nEngineering Division (AWS-110), and at all regional Aircraft Certification\r\n\r\nOffices. </p>\r\n\r\n\r\n\r\n<p class=MsoNormal>/S/ J. A. Pontecorvo </p>\r\n\r\n\r\n\r\n<p class=MsoNormal>Acting Director of Airworthiness </p>\r\n\r\n\r\n\r\n<p class=MsoNormal>Page 2 4/13/84 TSO-C70a Appendix 1 </p>\r\n\r\n\r\n\r\n<p class=MsoNormal>APPENDIX 1. FEDERAL AVIATION ADMINISTRATION STANDARD FOR LIFERAFTS\r\n\r\n</p>\r\n\r\n\r\n\r\n<p class=MsoNormal>1. <u>Purpose</u>. This standard provides the minimum\r\n\r\nperformance standards for liferafts. </p>\r\n\r\n\r\n\r\n<p class=MsoNormal>2. <u>Scope</u>. This standard covers the following types of\r\n\r\nliferafts: </p>\r\n\r\n\r\n\r\n<p class=MsoNormal>TYPE I - For use in any category aircraft. </p>\r\n\r\n\r\n\r\n<p class=MsoNormal>TYPE II - For use in nontransport category aircraft. </p>\r\n\r\n\r\n\r\n<p class=MsoNormal>3. <u>Material and Workmanship</u>. </p>\r\n\r\n\r\n\r\n<p class=MsoNormal>3.1 <u>Nonmetallic Materials</u>. </p>\r\n\r\n\r\n\r\n<p class=MsoNormal>3.1.1 The finished device must be clean and free from any\r\n\r\ndefects that might affect its function. </p>\r\n\r\n\r\n\r\n<p class=MsoNormal>3.1.2 Coated fabrics and other items, such as webbing,\r\n\r\nsubject to deterioration must have been manufactured not more than 18 months\r\n\r\nprior to the date of delivery of the finished product. </p>\r\n\r\n\r\n\r\n<p class=MsoNormal>3.1.3 The materials must not support fungus growth. </p>\r\n\r\n\r\n\r\n<p class=MsoNormal>3.1.4 <u>Coated fabrics - General. </u>Coated fabrics,\r\n\r\nincluding seams, subject to deterioration used in the manufacture of the\r\n\r\ndevices must possess at least 90 percent of their original physical properties\r\n\r\nafter these fabrics have been subjected to the accelerated ageing test\r\n\r\nspecified in paragraph 6.1 of this standard. Material used in the construction\r\n\r\nof flotation chambers and decks must be capable of withstanding the detrimental\r\n\r\neffects of exposure to fuels, oils and hydraulic fluids. </p>\r\n\r\n\r\n\r\n<p class=MsoNormal>3.1.4.1 <u>Strength</u>. Coated fabrics used for these\r\n\r\napplications must conform to the following minimum strengths after ageing: </p>\r\n\r\n\r\n\r\n<p class=MsoNormal>Tensile Strength (Grab Test) </p>\r\n\r\n\r\n\r\n<p class=MsoNormal>Warp 190 pounds/inch </p>\r\n\r\n\r\n\r\n<p class=MsoNormal>Fill 190 pounds/inch </p>\r\n\r\n\r\n\r\n<p class=MsoNormal>Tear Strength </p>\r\n\r\n\r\n\r\n<p class=MsoNormal>Trapezoid Test: 13 X 13 pounds/inch (minimum); or </p>\r\n\r\n\r\n\r\n<p class=MsoNormal>Tongue Test: 13 X 13 pounds/inch (minimum) </p>\r\n\r\n\r\n\r\n<p class=MsoNormal>3.1.4.2 <u>Adhesion</u>. In addition to the requirements of\r\n\r\n3.1.4.1, coated fabrics must meet the following minimum strengths after ageing:\r\n\r\n</p>\r\n\r\n\r\n\r\n<p class=MsoNormal>Page 1 TSO-C70a 4/13/84 Appendix 1 </p>\r\n\r\n\r\n\r\n<p class=MsoNormal>Ply Adhesion - </p>\r\n\r\n\r\n\r\n<p class=MsoNormal>5 pounds/inch width at 70 ± 2 degrees F at a pull of 2.0 to\r\n\r\n2.5 inches/minute </p>\r\n\r\n\r\n\r\n<p class=MsoNormal>Coat Adhesion - </p>\r\n\r\n\r\n\r\n<p class=MsoNormal>5 pounds/inch width at 70 ± 2 degrees F at 2.0 to 2.5\r\n\r\ninches/minute </p>\r\n\r\n\r\n\r\n<p class=MsoNormal>3.1.4.3 <u>Permeability</u>. For coated fabrics used in the\r\n\r\nmanufacture of inflation chambers, the maximum permeability to helium\r\n\r\n(Permeability Test Method) may not exceed 10 liters per square meter in 24\r\n\r\nhours at 77 degrees F, or its equivalent using hydrogen. The permeameter must\r\n\r\nbe calibrated for the gas used. In lieu of this permeability test, an alternate\r\n\r\ntest may be used provided the alternate test has been approved as an equivalent\r\n\r\nto this permeability test by the manager of the FAA office to which this TSO\r\n\r\ndata is to be submitted, as required in Paragraph c., Data Requirements. </p>\r\n\r\n\r\n\r\n<p class=MsoNormal>3.1.5 <u>Seam Strength and Adhesives</u>. Cemented or heat\r\n\r\nsealable seams used in the manufacture of the device must meet the following\r\n\r\nminimum strength requirements: </p>\r\n\r\n\r\n\r\n<p class=MsoNormal>Shear Strength (Seam Shear Test Method) - 175 pounds/inch\r\n\r\nwidth at 75 degrees F; </p>\r\n\r\n\r\n\r\n<p class=MsoNormal>40 pounds/inch width at 140 degrees F </p>\r\n\r\n\r\n\r\n<p class=MsoNormal>Peel Strength (Peel Test Method) - </p>\r\n\r\n\r\n\r\n<p class=MsoNormal>5 pounds/inch width at 70 degrees F </p>\r\n\r\n\r\n\r\n<p class=MsoNormal>3.1.6 <u>Seam Tape</u>. If tape is used for seam\r\n\r\nreinforcement or abrasion protection of seams or both, the tape must have\r\n\r\nminimum breaking strength (Grab Test Method) of 40 pounds/inch width in both\r\n\r\nthe warp and fill directions. When applied to the seam area, the adhesion\r\n\r\nstrength characteristics must meet the seam strength requirements in paragraph\r\n\r\n3.1.5. </p>\r\n\r\n\r\n\r\n<p class=MsoNormal>3.1.7 <u>Canopy</u>. Fabrics used for this purpose must be\r\n\r\nwaterproof and resistant to sun penetration, and must not affect the potability\r\n\r\nof collected water, and must meet the following minimum requirements in the\r\n\r\napplicable tests prescribed in paragraph 6.1 of this standard, except that in\r\n\r\nlieu of meeting the tensile strength requirements, a fabricated canopy may be\r\n\r\ndemonstrated to withstand 35-knot winds and 52-knot gusts: </p>\r\n\r\n\r\n\r\n<p class=MsoNormal>Tensile Strength (Grab Test) </p>\r\n\r\n\r\n\r\n<p class=MsoNormal>Warp 75 pounds/inch </p>\r\n\r\n\r\n\r\n<p class=MsoNormal>Fill 75 pounds/inch </p>\r\n\r\n\r\n\r\n<p class=MsoNormal>Tear Strength </p>\r\n\r\n\r\n\r\n<p class=MsoNormal>Trapezoid Test: 4 x 4 pounds/inch; or </p>\r\n\r\n\r\n\r\n<p class=MsoNormal>Tongue Test: 4 x 4 pounds/inch </p>\r\n\r\n\r\n\r\n<p class=MsoNormal>Coat Adhesion of Coated Fabrics </p>\r\n\r\n\r\n\r\n<p class=MsoNormal>3.5 pounds/inch width at 70 ± 2 degrees F at a separation rate\r\n\r\nof 2.0 to 2.5 inches/minute </p>\r\n\r\n\r\n\r\n<p class=MsoNormal>Page 2 4/13/84 TSO-C70a Appendix 1 </p>\r\n\r\n\r\n\r\n<p class=MsoNormal>3.1.8 <u>Flammability</u>. The device (including carrying\r\n\r\ncase or stowage container) must be constructed of materials which meet FAR §\r\n\r\n25.853 (14 CFR 25.853) in effect on May 1, 1972, as follows: Type I rafts must\r\n\r\nmeet § 25.853 (b) and Type II rafts must meet § 25.853 (b-3). </p>\r\n\r\n\r\n\r\n<p class=MsoNormal>3.2 <u>Metallic Parts</u>. All metallic parts must be made\r\n\r\nof corrosion-resistant material or must be suitably protected against\r\n\r\ncorrosion. </p>\r\n\r\n\r\n\r\n<p class=MsoNormal>3.3 <u>Protection</u>. All inflation chambers and load\r\n\r\ncarrying fabrics must be protected in such a manner that nonfabric parts do not\r\n\r\ncause chafing or abrasion of the material in either the packed or the inflated\r\n\r\ncondition. </p>\r\n\r\n\r\n\r\n<p class=MsoNormal>4. <u>Design and Construction</u>. </p>\r\n\r\n\r\n\r\n<p class=MsoNormal>4.1 <u>Capacity</u>. The rated and overload capacities of a\r\n\r\nlife raft must be based on not less than the following usable sitting areas on\r\n\r\nthe deck of the life raft: </p>\r\n\r\n\r\n\r\n<p class=MsoNormal>Rated Capacity 3.6 feet<sup>2</sup>/person </p>\r\n\r\n\r\n\r\n<p class=MsoNormal>Overload Capacity 2.4 feet<sup>2</sup>/person </p>\r\n\r\n\r\n\r\n<p class=MsoNormal>4.1.1 <u>Capacity, Alternate Rating Methods</u>. In lieu of\r\n\r\nthe rated capacity as determined by paragraph 4.1 of this standard, one of the\r\n\r\nfollowing methods may be used: </p>\r\n\r\n\r\n\r\n<p class=MsoNormal>4.1.1.1 The rated capacity of a Type I or Type II liferaft\r\n\r\nmay be determined by the number of occupant seating spaces which can be\r\n\r\naccommodated within the occupiable area exclusive of the perimeter structure\r\n\r\n(such as buoyancy tubes) without overlapping of the occupant seating spaces and\r\n\r\nwith the occupant seating spaces located to provide each occupant with a back\r\n\r\nsupport of not less than 8 inches high. The occupant seating spaces may not be\r\n\r\nless than the following size: </p>\r\n\r\n\r\n\r\n<p class=MsoNormal>39.4 inches </p>\r\n\r\n\r\n\r\n<p class=MsoNormal>BACK SUPPORT </p>\r\n\r\n\r\n\r\n<p class=MsoNormal>ALONG </p>\r\n\r\n\r\n\r\n<p class=MsoNormal>THIS 14.7 inches 7.2 inches </p>\r\n\r\n\r\n\r\n<p class=MsoNormal>SIDE. </p>\r\n\r\n\r\n\r\n<p class=MsoNormal>4.1.1.2 The rated capacity of a Type I or Type II liferaft\r\n\r\nmay be determined on the basis of a controlled pool or fresh water\r\n\r\ndemonstration which includes conditions prescribed under paragraph 6.2.3 of\r\n\r\nthis standard and the following: </p>\r\n\r\n\r\n\r\n<p class=MsoNormal>4.1.1.2.1 The sitting area on the liferaft deck may not be\r\n\r\nless than 3 square feet per person. </p>\r\n\r\n\r\n\r\n<p class=MsoNormal>4.1.1.2.2 The liferaft must have a back support for each\r\n\r\noccupant of not less than 14.7 inches wide and 8 inches high. </p>\r\n\r\n\r\n\r\n<p class=MsoNormal>Page 3 TSO-C70a 4/13/84 Appendix 1 </p>\r\n\r\n\r\n\r\n<p class=MsoNormal>4.1.1.2.3 At least 30 percent but no more than 50 percent of\r\n\r\nthe participants must be female. </p>\r\n\r\n\r\n\r\n<p class=MsoNormal>4.1.1.2.4 Except as provided below, all participants must\r\n\r\nselect their sitting space without outside placement assistance. Instructions,\r\n\r\neither identified on the raft or announced prior to the demonstration, may be\r\n\r\nused informing that each participant should have a back support. A raft\r\n\r\ncommander, acting in the capacity of a crewmember, may direct occupant seating\r\n\r\nto the extent necessary to achieve reasonable weight distribution within the\r\n\r\nraft. </p>\r\n\r\n\r\n\r\n<p class=MsoNormal>4.1.1.2.5 All participants must not have practiced,\r\n\r\nrehearsed, or have had the demonstration procedures described to them within\r\n\r\nthe past 6 months. </p>\r\n\r\n\r\n\r\n<p class=MsoNormal>4.2 <u>Buoyancy</u>. An average occupant weight of not less\r\n\r\nthan 170 pounds must be used in all applicable calculations and tests specified\r\n\r\nherein. In tests, ballast in the form of sand bags or equivalent may be used to\r\n\r\nachieve the 170 pound average, provided the appropriate weight distribution\r\n\r\nwithin the raft is maintained. </p>\r\n\r\n\r\n\r\n<p class=MsoNormal>4.2.1 <u>Type I Liferaft</u>. Buoyancy must be provided by\r\n\r\ntwo independent buoyancy tubes each of which, including the raft floor, must be\r\n\r\ncapable of supporting the rated and overload capacities in fresh water if the\r\n\r\nother tube is deflated. The liferaft loaded to its rated capacity must have a\r\n\r\nfreeboard of at least 12 inches with both buoyancy tubes at minimum operating\r\n\r\npressure. The liferaft loaded to its rated capacity with the critical tube\r\n\r\ndeflated and the remaining tube at minimum operating pressure must have a\r\n\r\nfreeboard of at least 6 inches. The liferaft loaded to its overload capacity\r\n\r\nwith the critical tube deflated must have a measurable freeboard. </p>\r\n\r\n\r\n\r\n<p class=MsoNormal>4.2.2 <u>Type II Liferaft</u>. When single tube construction\r\n\r\nis used to provide the buoyancy, internal bulkheads must divide the flotation\r\n\r\ntube into at least two separate chambers such that the liferaft will be capable\r\n\r\nof supporting the rated number of occupants out of fresh water in the event\r\n\r\nthat one chamber is deflated. The complete liferaft loaded to its rated\r\n\r\ncapacity must have a freeboard of at least 6 inches. </p>\r\n\r\n\r\n\r\n<p class=MsoNormal>4.3 <u>Inflation</u>. The inflation system must be arranged\r\n\r\nso that failure of one inflatable chamber or manifold will not result in loss\r\n\r\nof gas from the other chambers. The inflation equipment must be located so as\r\n\r\nnot to interfere with boarding operation. Components of the inflation system\r\n\r\nmust meet Department of Transportation Specification 3AA (49 CFR 178.37) or\r\n\r\nSpecification 3HT (49 CFR 178.44) in effect May 30, 1976, as applicable, or an\r\n\r\nequivalent approved by the manager of the FAA office to which this TSO data is\r\n\r\nto be submitted, as required in paragraph c., Data Requirements. The inflation\r\n\r\nsystem must be constructed to minimize leakage due to back pressure after\r\n\r\ninflation. If an air aspirator system is used, the system must be constructed\r\n\r\neither to prevent the ingestion of foreign objects or to prevent failure or\r\n\r\nmalfunction as a result of ingestion of small foreign objects. For Type I\r\n\r\nliferafts, there must be an independent inflation source for each primary\r\n\r\nflotation tube, except that there may be a single inflation source for all\r\n\r\nflotation tubes if data substantiating the reliability of the single </p>\r\n\r\n\r\n\r\n<p class=MsoNormal>Page 4 4/13/84 TSO-C70a Appendix 1 </p>\r\n\r\n\r\n\r\n<p class=MsoNormal>inflation source is approved by the manager of the FAA\r\n\r\noffice to which this TSO data is to be submitted, as required in Paragraph c.,\r\n\r\nData Requirements. </p>\r\n\r\n\r\n\r\n<p class=MsoNormal>4.4 <u>Liferaft Canopy</u>. A canopy must be packed with or\r\n\r\nattached to the raft. The erected canopy must be capable of withstanding\r\n\r\n35-knot winds and 52-knot gusts in open water. The canopy must provide adequate\r\n\r\nheadroom and must have provision for openings 180 degrees apart. Means must be\r\n\r\nprovided to make the openings weathertight. If the canopy is not integral with\r\n\r\nthe raft, it must be capable of being erected by occupants following\r\n\r\nconspicuously posted, simple instructions. It must be capable of being erected\r\n\r\nby one occupant of an otherwise empty raft and by occupants of a raft filled to\r\n\r\nrated capacity. For a reversible raft, attachment provisions must be installed\r\n\r\nto permit the canopy to be installed on either side of the raft. </p>\r\n\r\n\r\n\r\n<p class=MsoNormal>4.5 <u>Capsize Resistance</u>. There must be water pockets\r\n\r\nor other means to provide capsize resistance for an empty or lightly loaded\r\n\r\nraft. </p>\r\n\r\n\r\n\r\n<p class=MsoNormal>4.6 <u>Boarding Aids</u>. For Type I liferafts, boarding\r\n\r\naids must be provided at two opposing positions on the raft. One boarding aid\r\n\r\nis sufficient for a Type II liferaft. Boarding aids must permit unassisted\r\n\r\nentry from the water into the unoccupied raft and must not at any time impair\r\n\r\neither the rigidity or the inflation characteristics of the raft. Puncturing of\r\n\r\ninflatable boarding aids must not affect the buoyancy of the raft buoyancy\r\n\r\nchambers. Boarding handles and/or stirrups used in conjunction with the\r\n\r\nboarding aids must withstand a pull of 500 pounds. </p>\r\n\r\n\r\n\r\n<p class=MsoNormal>4.7 <u>Righting Aids</u>. Means must be provided to right a\r\n\r\nnonreversible liferaft if it inflates in an inverted position. The means\r\n\r\nprovided for righting must be such that they may be used by one person in the\r\n\r\nwater. </p>\r\n\r\n\r\n\r\n<p class=MsoNormal>4.8 <u>Lifeline</u>. A nonrotting lifeline of contrasting\r\n\r\ncolor and at least 3/8-inch diameter or 3/4-inch width must encircle the\r\n\r\nliferaft on the outside periphery so that it can be easily grasped by persons\r\n\r\nin the water. The lifeline and its attachments must be capable of withstanding\r\n\r\na minimum load of 500 pounds and must not interfere with the liferaft\r\n\r\ninflation. </p>\r\n\r\n\r\n\r\n<p class=MsoNormal>4.9 <u>Grasp Line</u>. A grasp line, meeting the size and\r\n\r\nstrength requirements for the lifeline, must be provided with sufficient slack\r\n\r\nfor use by liferaft occupants to steady themselves when seated on the liferaft\r\n\r\ndeck with their backs to the main flotation tube(s). </p>\r\n\r\n\r\n\r\n<p class=MsoNormal>4.10 <u>Color</u>. The color of the liferaft’s surfaces,\r\n\r\nincluding the canopy surface, visible from the air must be an International\r\n\r\nOrange-Yellow or an equivalent high visibility color. </p>\r\n\r\n\r\n\r\n<p class=MsoNormal>4.11 <u>Placards</u>. Suitable placarding must be provided\r\n\r\nin contrasting colors in waterproof paint which is not detrimental to the\r\n\r\nfabric, that denotes use and location of the inflation systems, raft equipment,\r\n\r\nboarding aids, and righting aids. For reversible rafts, placement of the\r\n\r\nplacarding must take into account usage of either side of the raft. The letters\r\n\r\nused for such placarding must be at least 2 inches high except that details and\r\n\r\nmiscellaneous instructions may be of smaller lettering. Applicable placarding\r\n\r\nmust take into account persons boarding or righting the raft form the water. </p>\r\n\r\n\r\n\r\n<p class=MsoNormal>Page 5 TSO-C70a 4/13/84 Appendix 1 </p>\r\n\r\n\r\n\r\n<p class=MsoNormal>4.12 <u>Lights</u>. One or more survivor locator lights must\r\n\r\nbe provided that are approved under TSO-C85. The lights must be automatically\r\n\r\nactivated upon raft inflation in the water, and visible from any direction by\r\n\r\npersons in the water. </p>\r\n\r\n\r\n\r\n<p class=MsoNormal>4. 13 <u>Raft Sea Performance</u>. The raft must meet the\r\n\r\nseaworthiness requirements in 6.2.3.2 and must be capable with its equipment of\r\n\r\nwithstanding a saltwater marine environment for a period of at least 15 days. </p>\r\n\r\n\r\n\r\n<p class=MsoNormal>5. <u>Liferaft Equipment</u>. All lines must be suitably stowed\r\n\r\nand secured to prevent entanglement during launching/inflation of a liferaft. </p>\r\n\r\n\r\n\r\n<p class=MsoNormal>5.1 <u>Mooring Line</u>. A nonrotting mooring line at least\r\n\r\n20 feet in length must be attached at one end to the raft, with the remainder\r\n\r\nof the line held flaked to the carrying case (See 5.2). The mooring line must\r\n\r\nbe capable of keeping the raft, loaded to maximum rated capacity, attached to a\r\n\r\nfloating aircraft, and not endanger the raft or cause the raft to spill\r\n\r\noccupants if the aircraft sinks. The line may be equipped with a mechanical\r\n\r\nrelease linkage. The breaking strength of the line must be at least 500 pounds,\r\n\r\nor 40 times the rated capacity of the raft, whichever is greater, but need not\r\n\r\nexceed 1,000 pounds. </p>\r\n\r\n\r\n\r\n<p class=MsoNormal>5.2 <u>Liferaft Launching Equipment</u>. A parachute ripcord\r\n\r\ngrip and retaining pocket must form the primary inflation control. The ripcord\r\n\r\ngrip or the attached static mooring line must be provided with means for\r\n\r\nattachment to the aircraft. If the ripcord grip is designed to attach to the\r\n\r\naircraft, its strength may not be less than that of the static mooring line.\r\n\r\nThe position of the ripcord grip must be standardized. When facing the release\r\n\r\nend of the carrying case, the center line of the ripcord grip retaining pocket\r\n\r\nmust lie at 45 degrees in the right upper quadrant of the end section. The\r\n\r\noutermost extremity of the ripcord grip may not extend beyond the outer margin\r\n\r\nof the carrying case. The line attached to the ripcord grip must serve both to\r\n\r\nretain the liferaft and to actuate the gas release(s). The tension required to withdraw\r\n\r\nthe static mooring line and to actuate the gas release mechanism(s) must be\r\n\r\nbetween 20 and 30 pounds. The strength of the gas release mechanism(s), its\r\n\r\nfittings, and its attachments may not be less than 100 pounds. </p>\r\n\r\n\r\n\r\n<p class=MsoNormal>5.3 <u>Sea Anchor</u>. A sea anchor, or anchors, or other\r\n\r\nequivalent means must be provided to maintain the raft, with rated capacity and\r\n\r\ncanopy installed, on a substantially constant heading relative to the wind and\r\n\r\nhave the ability to reduce the drift to 2 knots in 17 to 27-knot winds. Unless analysis\r\n\r\nand/or test data substantiating the adequacy of a lower breaking strength is\r\n\r\napproved by the manager of the FAA office to which this TSO data is to be\r\n\r\nsubmitted as required in paragraph c., Data Requirements, the line securing a\r\n\r\nsea anchor to the raft must have a breaking strength of 500 pounds or 40 pounds\r\n\r\ntime the rated capacity of the raft, whichever is greater. The attachment of\r\n\r\nthe line to the raft must be capable of withstanding a load of 1.5 times the\r\n\r\nline-rated strength without damaging the raft. The line must be at least 25\r\n\r\nfeet in length and must be protected to prevent it from being cut inadvertently\r\n\r\nby raft occupants. </p>\r\n\r\n\r\n\r\n<p class=MsoNormal>5.4 <u>Heaving-Trailing Line</u>. At least one floating\r\n\r\nheaving-trailing line not less than 75 feet in length for Type I rafts and not\r\n\r\nless than 35 feet in length for Type II rafts, and at least 250 pounds\r\n\r\nstrength, must be located on the main flotation tube near the sea anchor\r\n\r\nattachment. The </p>\r\n\r\n\r\n\r\n<p class=MsoNormal>Page 6 4/13/84 TSO-C70a Appendix 1 </p>\r\n\r\n\r\n\r\n<p class=MsoNormal>attach point of the line must withstand a pull of not less\r\n\r\nthan 1.5 times the line rated strength without damage to the raft. A\r\n\r\nheaving-trailing line must be accessible in any inflated position of a\r\n\r\nreversible liferaft. </p>\r\n\r\n\r\n\r\n<p class=MsoNormal>5.5 <u>Emergency Inflation</u>. Means readily accessible to\r\n\r\noccupants of the raft, and having a displacement of at least 32 cubic inches\r\n\r\nper full stroke, must be provided to manually inflate and maintain chambers at\r\n\r\nminimum operating pressure. Manual inflation valves, with a nonreturn opening\r\n\r\nadequate for the size and capacity of the inflation means, must be located to\r\n\r\npermit inflation of all chambers. The location must take into consideration\r\n\r\noccupancy of each side of reversible raft. The inflation means and valves must\r\n\r\nhave provisions to prevent inadvertent removal and loss when either stowed or in\r\n\r\nuse. </p>\r\n\r\n\r\n\r\n<p class=MsoNormal>5.6 <u>Accessory Case Tiedowns</u>. Provisions must be made\r\n\r\nfor tiedowns to hold any accessory case. Each accessory case tiedown must\r\n\r\nwithstand a pull of 250 pounds. </p>\r\n\r\n\r\n\r\n<p class=MsoNormal>5.7 <u>Carrying Case</u>. A carrying case which meets the\r\n\r\nflammability requirement of this standard and which properly fits the packed\r\n\r\nliferaft must be provided. Carrying case materials must be of a highly visible\r\n\r\ncolor, be fungus proof, and be resistant to aircraft fuels and other fluids.\r\n\r\nThe carrying case must provide chafe protection to the liferaft. The carrying\r\n\r\ncase must be provided with easily distinguishable handles so that it may be\r\n\r\ncarried by one person, carried by two persons in tandem, or dragged by either\r\n\r\nend; none of these carrying operations must tend to pull the carrying case\r\n\r\nopen. Each handle must be easily grasped and its strength must be at least four\r\n\r\ntime the total weight of the liferaft and case. Conventional zippers may not be\r\n\r\nemployed for closure. Location of and instructions for use of the inflation\r\n\r\nhandle must be clearly identified and marked on the carrying case surface. </p>\r\n\r\n\r\n\r\n<p class=MsoNormal>5.8 <u>Knife</u>. A hook type knife secured by a retaining\r\n\r\nline must be sheathed and attached to the raft adjacent to the point of mooring\r\n\r\nline attachment. </p>\r\n\r\n\r\n\r\n<p class=MsoNormal>6 <u>Tests</u>. </p>\r\n\r\n\r\n\r\n<table class=MsoNormalTable border=1 cellspacing=0 cellpadding=0\r\n\r\n style=\'border-collapse:collapse;border:none\'>\r\n\r\n <tr style=\'height:7.85pt\'>\r\n\r\n  <td width=601 colspan=4 valign=top style=\'width:450.9pt;border:none;\r\n\r\n  padding:0in 5.4pt 0in 5.4pt;height:7.85pt\'>\r\n\r\n  <p class=MsoNormal>6.1 <u>Material Tests</u>. The material tests required in\r\n\r\n  paragraph 3.0 of this standard must be determined in accordance with the\r\n\r\n  following test method or other approved equivalent methods: <u>Test Method </u></p>\r\n\r\n  </td>\r\n\r\n </tr>\r\n\r\n <tr style=\'height:14.85pt\'>\r\n\r\n  <td width=200 valign=top style=\'width:150.3pt;border:none;padding:0in 5.4pt 0in 5.4pt;\r\n\r\n  height:14.85pt\'>\r\n\r\n  <p class=MsoNormal><u>Tests Required</u></p>\r\n\r\n  </td>\r\n\r\n  <td width=200 colspan=2 valign=top style=\'width:150.3pt;border:none;\r\n\r\n  padding:0in 5.4pt 0in 5.4pt;height:14.85pt\'>\r\n\r\n  <p class=MsoNormal>Federal Test Method Standard No. l91A <u>dated July 20,\r\n\r\n  1978 </u></p>\r\n\r\n  </td>\r\n\r\n  <td width=200 valign=top style=\'width:150.3pt;border:none;padding:0in 5.4pt 0in 5.4pt;\r\n\r\n  height:14.85pt\'>\r\n\r\n  <p class=MsoNormal><u>Notes </u></p>\r\n\r\n  </td>\r\n\r\n </tr>\r\n\r\n <tr style=\'height:7.85pt\'>\r\n\r\n  <td width=200 valign=top style=\'width:150.3pt;border:none;padding:0in 5.4pt 0in 5.4pt;\r\n\r\n  height:7.85pt\'>\r\n\r\n  <p class=MsoNormal>Accelerated Age </p>\r\n\r\n  </td>\r\n\r\n  <td width=200 colspan=2 valign=top style=\'width:150.3pt;border:none;\r\n\r\n  padding:0in 5.4pt 0in 5.4pt;height:7.85pt\'>\r\n\r\n  <p class=MsoNormal>Method 5850 </p>\r\n\r\n  </td>\r\n\r\n  <td width=200 valign=top style=\'width:150.3pt;border:none;padding:0in 5.4pt 0in 5.4pt;\r\n\r\n  height:7.85pt\'>\r\n\r\n  <p class=MsoNormal>Per Note (1) </p>\r\n\r\n  </td>\r\n\r\n </tr>\r\n\r\n <tr style=\'height:7.85pt\'>\r\n\r\n  <td width=301 colspan=2 valign=top style=\'width:225.45pt;border:none;\r\n\r\n  padding:0in 5.4pt 0in 5.4pt;height:7.85pt\'>\r\n\r\n  <p class=MsoNormal>Tensile Strength (Grab Test) </p>\r\n\r\n  </td>\r\n\r\n  <td width=301 colspan=2 valign=top style=\'width:225.45pt;border:none;\r\n\r\n  padding:0in 5.4pt 0in 5.4pt;height:7.85pt\'>\r\n\r\n  <p class=MsoNormal>Method 5100 </p>\r\n\r\n  </td>\r\n\r\n </tr>\r\n\r\n <tr style=\'height:7.85pt\'>\r\n\r\n  <td width=301 colspan=2 valign=top style=\'width:225.45pt;border:none;\r\n\r\n  padding:0in 5.4pt 0in 5.4pt;height:7.85pt\'>\r\n\r\n  <p class=MsoNormal>Tear Strength(Trapezoid Test) </p>\r\n\r\n  </td>\r\n\r\n  <td width=301 colspan=2 valign=top style=\'width:225.45pt;border:none;\r\n\r\n  padding:0in 5.4pt 0in 5.4pt;height:7.85pt\'>\r\n\r\n  <p class=MsoNormal>Method 5136 (4) </p>\r\n\r\n  </td>\r\n\r\n </tr>\r\n\r\n <tr style=\'height:14.85pt\'>\r\n\r\n  <td width=301 colspan=2 valign=top style=\'width:225.45pt;border:none;\r\n\r\n  padding:0in 5.4pt 0in 5.4pt;height:14.85pt\'>\r\n\r\n  <p class=MsoNormal>Tear Strength (Tongue Test) </p>\r\n\r\n  </td>\r\n\r\n  <td width=301 colspan=2 valign=top style=\'width:225.45pt;border:none;\r\n\r\n  padding:0in 5.4pt 0in 5.4pt;height:14.85pt\'>\r\n\r\n  <p class=MsoNormal>Method 5134 </p>\r\n\r\n  <p class=MsoNormal>(Alternate to Trapezoid Test See 3.1.4.1) </p>\r\n\r\n  </td>\r\n\r\n </tr>\r\n\r\n <tr style=\'height:7.85pt\'>\r\n\r\n  <td width=301 colspan=2 valign=top style=\'width:225.45pt;border:none;\r\n\r\n  padding:0in 5.4pt 0in 5.4pt;height:7.85pt\'>\r\n\r\n  <p class=MsoNormal>Ply Adhesion </p>\r\n\r\n  </td>\r\n\r\n  <td width=301 colspan=2 valign=top style=\'width:225.45pt;border:none;\r\n\r\n  padding:0in 5.4pt 0in 5.4pt;height:7.85pt\'>\r\n\r\n  <p class=MsoNormal>Method 5960 </p>\r\n\r\n  </td>\r\n\r\n </tr>\r\n\r\n <tr style=\'height:7.85pt\'>\r\n\r\n  <td width=301 colspan=2 valign=top style=\'width:225.45pt;border:none;\r\n\r\n  padding:0in 5.4pt 0in 5.4pt;height:7.85pt\'>\r\n\r\n  <p class=MsoNormal>Coat Adhesion </p>\r\n\r\n  </td>\r\n\r\n  <td width=301 colspan=2 valign=top style=\'width:225.45pt;border:none;\r\n\r\n  padding:0in 5.4pt 0in 5.4pt;height:7.85pt\'>\r\n\r\n  <p class=MsoNormal>Method 5970 </p>\r\n\r\n  </td>\r\n\r\n </tr>\r\n\r\n <tr height=0>\r\n\r\n  <td width=200 style=\'border:none\'></td>\r\n\r\n  <td width=100 style=\'border:none\'></td>\r\n\r\n  <td width=100 style=\'border:none\'></td>\r\n\r\n  <td width=200 style=\'border:none\'></td>\r\n\r\n </tr>\r\n\r\n</table>\r\n\r\n\r\n\r\n<p class=MsoNormal><u><span style=\'text-decoration:none\'> </span></u></p>\r\n\r\n\r\n\r\n<p class=MsoNormal><u>NOTES</u>: </p>\r\n\r\n\r\n\r\n<p class=MsoNormal>(1) Samples for the accelerated aging tests must be exposed\r\n\r\nto a temperature of 158 ± 5 degrees Fahrenheit for not less than 168 hours.\r\n\r\nAfter exposure, the samples must be allowed to cool to 70 ± 2 degrees\r\n\r\nFahrenheit for neither less than 16 hours nor more than 96 hours before\r\n\r\ndetermining their physical properties in accordance with 3.1 of this standard. </p>\r\n\r\n\r\n\r\n<p class=MsoNormal>(2) Each sample shall consist of two strips 2 inches maximum\r\n\r\nwidth by 5 inches maximum length bonded together with an overlap 3/4 inches\r\n\r\nmaximum. The free ends must be placed in the testing machine described in\r\n\r\nMethod 5100 and separated at a rate of 12 ± 0.5 inches per minute. The average\r\n\r\nvalue of two samples must be reported. Samples may be multilayered as required\r\n\r\nto provide adequate strength to ensure against premature material failure. </p>\r\n\r\n\r\n\r\n<p class=MsoNormal>(3) Separation rate must be 2.0 to 2.5 inches per minute. </p>\r\n\r\n\r\n\r\n<p class=MsoNormal>(4) Federal Test Method Standard No. 191 in effect December\r\n\r\n31, 1968. </p>\r\n\r\n\r\n\r\n<p class=MsoNormal>6.2 <u>Liferaft Tests</u>. </p>\r\n\r\n\r\n\r\n<p class=MsoNormal>6.2.1 <u>Pressure Retention</u>. Under static conditions and\r\n\r\nwhen inflated and stabilized at the nominal operating pressure, the pressure in\r\n\r\neach inflatable chamber must not fall below the minimum operating pressure in\r\n\r\nless than 24 hours. The minimum operating pressure is the pressure required to\r\n\r\nmeet the minimum design buoyancy requirements of paragraph 4.2 of this\r\n\r\nstandard. </p>\r\n\r\n\r\n\r\n<p class=MsoNormal>6.2.2 <u>Overpressure Tests</u>. </p>\r\n\r\n\r\n\r\n<p class=MsoNormal>6.2.2.1 The device must be shown by test to withstand a\r\n\r\npressure at least 1.5 times the maximum operating pressure for at least 5\r\n\r\nminutes without sustaining damage. </p>\r\n\r\n\r\n\r\n<p class=MsoNormal>6.2.2.2 At least one specimen of the inflatable device model\r\n\r\nmust be shown by test to withstand a pressure at least 2 times the maximum\r\n\r\noperating pressure without failure. Devices so tested must be clearly\r\n\r\nidentified. </p>\r\n\r\n\r\n\r\n<p class=MsoNormal> </p>\r\n\r\n\r\n\r\n<p class=MsoNormal>6.2.3 <u>Functional Tests</u>. Each liferaft model must pass\r\n\r\nthe following tests: </p>\r\n\r\n\r\n\r\n<p class=MsoNormal>Page 8 4/13/84 TSO-C70a Appendix 1 </p>\r\n\r\n\r\n\r\n<p class=MsoNormal>6.2.3.1 <u>Water Tests</u>. In either a controlled pool or\r\n\r\nfresh water, the liferaft capacity and buoyancy must be demonstrated as\r\n\r\nfollows: </p>\r\n\r\n\r\n\r\n<p class=MsoNormal>6.2.3.1.1 Both rated and overload capacities established in\r\n\r\naccordance with the requirements of paragraph 4.1 of this standard must be\r\n\r\ndemonstrated with inflation tubes at minimum operating pressure and with the\r\n\r\ncritical buoyancy chamber deflated. The resultant freeboard in each case must\r\n\r\nmeet the requirements of paragraph 4.2 of this standard. </p>\r\n\r\n\r\n\r\n<p class=MsoNormal>6.2.3.1.2 Persons used in the demonstration must have an\r\n\r\naverage weight of not less than 170 pounds. Ballast in the form of sand bags or\r\n\r\nequivalent may be used to achieve proper loading provided the appropriate\r\n\r\nweight distribution within the raft is maintained. </p>\r\n\r\n\r\n\r\n<p class=MsoNormal>6.2.3.1.3 Persons used in the demonstration must wear life\r\n\r\npreservers with at least one chamber inflated. </p>\r\n\r\n\r\n\r\n<p class=MsoNormal>6.2.3.1.4 The required liferaft equipment, including one\r\n\r\nemergency locator transmitter or a weight simulating a transmitter, must be\r\n\r\naboard the liferaft. </p>\r\n\r\n\r\n\r\n<p class=MsoNormal>6.2.3.1.5 It must be demonstrated that the raft is\r\n\r\nself-righting, or can be righted by one person in water, or while inverted can\r\n\r\nbe boarded and provide flotation for the normal rated capacity. </p>\r\n\r\n\r\n\r\n<p class=MsoNormal>6.2.3.1.6 It must be demonstrated that the boarding aids are\r\n\r\nadequate for the purpose intended and that it is possible for an adult wearing\r\n\r\nan inflated life preserver to board the raft unassisted. </p>\r\n\r\n\r\n\r\n<p class=MsoNormal>6.2.3.2 <u>Sea Trials</u>. The liferaft must be demonstrated\r\n\r\nby tests or analysis, or a combination of both, to be seaworthy in an open sea\r\n\r\ncondition of 17 to 27-knot winds and waves of 6 to 10 feet. In tests, ballast\r\n\r\nin the form of sand bags or equivalent may be used to achieve proper loading\r\n\r\nprovided the appropriate weight distribution within the raft is maintained. If\r\n\r\nanalysis is used, the analysis must be approved by the manager of the FAA\r\n\r\noffice to which the TSO data is to be submitted as required in paragraph c.,\r\n\r\nData Requirements. For this seaworthiness demonstration, the following apply: </p>\r\n\r\n\r\n\r\n<p class=MsoNormal>6.2.3.2.1 The liferaft must be deployed to simulate\r\n\r\ndeployment from an aircraft under the most adverse wind direction and wave\r\n\r\ncondition. If the liferaft is an aspirated inflated type, it must be\r\n\r\ndemonstrated that water ingested during inflation will not cause the raft to\r\n\r\nfail to meet the requirement for buoyancy under rated capacity in 4.2. </p>\r\n\r\n\r\n\r\n<p class=MsoNormal>6.2.3.2.2 All required equipment must be aboard and the\r\n\r\nproper functioning of each item of equipment must be demonstrated. </p>\r\n\r\n\r\n\r\n<p class=MsoNormal>6.2.3.2.3 The canopy must be erected for a sufficient time\r\n\r\nto assess its resistance to tearing and the protection it affords. The method\r\n\r\nof erection must be </p>\r\n\r\n\r\n\r\n<p class=MsoNormal>Page 9 TSO-C70a 4/13/84 Appendix 1 </p>\r\n\r\n\r\n\r\n<p class=MsoNormal>shown to be accomplished by one occupant of an otherwise\r\n\r\nempty raft, and by occupants of a raft filled to rated capacity. </p>\r\n\r\n\r\n\r\n<p class=MsoNormal>6.2.3.2.4 The stability of the raft must be demonstrated when\r\n\r\noccupied at normal rated capacity and at 50 percent rated capacity. </p>\r\n\r\n\r\n\r\n<p class=MsoNormal>6.2.3.3 <u>Liferaft Drop Test</u>. A complete liferaft\r\n\r\npackage must be dropped or thrown from a height of 5 feet onto a hard surface\r\n\r\nfloor after which it must be inflated and meet the pressure retention\r\n\r\nrequirements of paragraph 6.2.1 of this standard. </p>\r\n\r\n\r\n\r\n<p class=MsoNormal>6.2.3.4 <u>Portability Test</u>. If the liferaft is to be\r\n\r\nmanually deployed, it must be demonstrated that the complete liferaft package\r\n\r\ncan be moved from a typical stowage installation by no more that two persons\r\n\r\nand then deployed at another suitable exit. </p>\r\n\r\n\r\n\r\n<p class=MsoNormal>6.2.3.5 <u>Carrying Case</u>. It must be demonstrated at\r\n\r\nleast 10 times that the carrying case will open satisfactorily and cause no\r\n\r\ndelay in the deployment and inflation of the liferaft. </p>\r\n\r\n\r\n\r\n<p class=MsoNormal>6.2.3.6 <u>Gas Cylinder Releases</u>. It must be\r\n\r\ndemonstrated that pulling the ripcord grip from any position will actuate the\r\n\r\nprimary gas release(s). </p>\r\n\r\n\r\n\r\n<p class=MsoNormal>6.2.5 <u>Temperature Exposure and Inflation</u>. The\r\n\r\nmanufacturer shall determine the minimum temperature at which the complete\r\n\r\nliferaft assembly with its inflation bottles, will be “rounded outâ€ (i.e.,\r\n\r\nattain its design shape and approximate dimension) so that the liferaft will be\r\n\r\nable to receive and to support the first occupant within one minute after the\r\n\r\nstart of inflation. Thereafter, the rate of inflation must progress in such a\r\n\r\nmanner and rate as to ensure a serviceable and rigid liferaft for boarding by\r\n\r\nthe remainder of the occupants. Similarly, a maximum environmental temperature\r\n\r\nto which the liferaft assembly may be exposed and still remain in a seaworthy\r\n\r\ncondition upon inflation must be determined. The temperature limitations must\r\n\r\nbe submitted to the FAA and liferaft purchaser in accordance with the data\r\n\r\nrequirements of this TSO. </p>\r\n\r\n\r\n\r\n<p class=MsoNormal>6.2.5.1 <u>Test Procedure</u>. The packed liferaft assembly\r\n\r\nwith its inflation bottles installed must be exposed to each of the above\r\n\r\ntemperatures for not less than 24 hours and must be inflated within 5 minutes\r\n\r\nafter removal from such temperatures. The liferaft must be allowed to return to\r\n\r\na temperature of approximately 70 ± 5 degrees Fahrenheit before being deflated,\r\n\r\nrepacked, and subjected to a second exposure. After the above tests have been\r\n\r\ncompleted, the liferaft must be able to pass tests required by paragraphs 6.2.1\r\n\r\nand 6.2.2 of this standard. </p>\r\n\r\n\r\n\r\n<p class=MsoNormal>Page 10</p>\r\n\r\n\r\n\r\n<p class=MsoNormal> </p>\r\n\r\n\r\n\r\n</div>'),(17,12,1,'Aviation Links','<br />\r\n<br />\r\n<strong>General Information</strong>\r\n<ul>\r\n  <li>AirNav (Pilot Information): <a href=\"http://www.aiav.com/fuel\">www.aiav.com</a></li>\r\n  <li>Aviation Weather Center: <a href=\"http://www.aviationweather.gov\">www.aviationweather.gov</a></li>\r\n  <li>Aviator\'s Hotline: <a href=\"http://www.aviationhotline.com/Aviators.htm\">http://www.aviationhotline.com/Aviators.htm</a></li>\r\n  <li>AvWeb:<a href=\"http://www.avweb.com\"> www.avweb.com</a></li>\r\n</ul>\r\n<h4>Government Agencies</h4>\r\n<ul>\r\n  <li>Civil Air Patrol: <a href=\"http://www.cap.gov\">www.cap.gov</a></li>\r\n  <li>Federal Aviation Administration: <a href=\"http://www.faa.gov\">www.faa.gov</a></li>\r\n  <li>FAR (Federal Aviation Regulations): <a href=\"http://www.faa.gov/regulations_policies/faa_regulations/\">www.faa.gov/regulations_policies/faa_regulations</a></li>\r\n  <li>National Transportation Safety Board: <a href=\"http://www.ntsb.gov\">www.ntsb.gov</a></li>\r\n  <li>U.S. Air Force: <a href=\"http://www.af.mil\">www.af.mil</a></li>\r\n</ul>\r\n<h4>Historical Information</h4>\r\n<ul>\r\n  <li>Aviation History Online Museum: <a href=\"http://www.aviation-history.com\">www.aviation-history.com</a></li>\r\n  <li>Canadian Warplane Museum:<a href=\"http://www.warplane.com\"> www.warplane.com</a></li>\r\n  <li>Flight History Information:<a href=\"http://www.flight-history.com\"> www.flight-history.com</a></li>\r\n  <li>National Air & Space Museum: <a href=\"http://www.nasm.si.edu\">www.nasm.si.edu</a></li>\r\n  <li>National Aviation Hall of Fame:<a href=\"http://www.nationalaviation.org\"> www.nationalaviation.org</a></li>\r\n  <li>Strategic Air Command Museum: <a href=\"http://www.strategicairandspace.com\">www.strategicairandspace.com</a></li>\r\n</ul>\r\n<h4>Organizations</h4>\r\n<ul>\r\n  <li>A.O.P.A. (Aircraft Owners Pilots Assoc.): <a href=\"http://www.aopa.org\">www.aopa.org</a></li>\r\n  <li>American Bonanza Society: <a href=\"http://www.bonanza.org\">www.bonanza.org</a></li>\r\n  <li>Airports Council Inteational: <a href=\"http://www.airports.org\">www.airports.org</a></li>\r\n  <li>Cessna Owner Organization: <a href=\"http://www.cessnaowner.org\">www.cessnaowner.org</a></li>\r\n  <li>International Commanche Society: <a href=\"http://www.comancheflyer.com\">www.comancheflyer.com</a></li>\r\n  <li>International Organization of Women Pilots:<a href=\"http://www.ninety-nines.org\"> www.ninety-nines.org</a></li>\r\n  <li>Mooney Pilot Organization: <a href=\"http://www.mooneypilots.com/\">http://www.mooneypilots.com/</a></li>\r\n  <li>National Aeronautic Association: <a href=\"http://www.naa-usa.org\">www.naa-usa.org</a></li>\r\n  <li>N.B.A.A. (National Business Aviation Assoc.):<a href=\"http://www.nbaa.org\"> www.nbaa.org</a></li>\r\n</ul>\r\n<h4>Publications</h4>\r\n<ul>\r\n  <li>Aerospace Technology:<a href=\"http://www.aerospace-technology.com/\"> http://www.aerospace-technology.com/</a></li>\r\n  <li>Airplane Blog: <a href=\"http://www.airplaneblog.com/\">http://www.airplaneblog.com/</a></li>\r\n  <li>AutoPilot Magazine:<a href=\"http://www.autopilotmagazine.com\">www.autopilotmagazine.com</a></li>\r\n  <li>Aviation Market Center: <a href=\"http://www.aviationmarketcenter.com/\">http://www.aviationmarketcenter.com/</a></li>\r\n  <li>Business Air Today :<a href=\"http://www.businessair.com/\">http://www.businessair.com/</a></li>\r\n  <li>Business & Commercial Aviation: <a href=\"http://www.aviationnow.com\">www.aviationnow.com</a></li>\r\n  <li class=\"style8\">Landings:<a href=\"http://www.landings.com\">www.landings.com</a></li>\r\n  <li>Pilot\'s Web: <a href=\"http://pilotsweb.com/\">http://pilotsweb.com/</a></li>\r\n  <li>Plane & Pilot :<a href=\"http://www.planeandpilotmag.com/\">http://www.planeandpilotmag.com/</a></li>\r\n  <li>World Aircraft Sales Magazine:<a href=\"http://www.avbuyer.com\"> www.avbuyer.com</a></li>\r\n</ul>'),(18,12,2,'Enlaces de la Aviación','<strong>Información General</strong>\r\n<ul>\r\n  <li>AirNav (Pilot Information): <a href=\"http://www.aiav.com/fuel\">www.aiav.com</a></li>\r\n  <li>Aviation Weather Center: <a href=\"http://www.aviationweather.gov\">www.aviationweather.gov</a></li>\r\n  <li>Aviator\'s Hotline: <a href=\"http://www.aviationhotline.com/Aviators.htm\">http://www.aviationhotline.com/Aviators.htm</a></li>\r\n  <li>AvWeb:<a href=\"http://www.avweb.com\"> www.avweb.com</a></li>\r\n</ul>\r\n<h4>Agencias del Gobiernos</h4>\r\n<ul>\r\n  <li>Civil Air Patrol: <a href=\"http://www.cap.gov\">www.cap.gov</a></li>\r\n  <li>Federal Aviation Administration: <a href=\"http://www.faa.gov\">www.faa.gov</a></li>\r\n  <li>FAR (Federal Aviation Regulations): <a href=\"http://www.faa.gov/regulations_policies/faa_regulations/\">www.faa.gov/regulations_policies/faa_regulations</a></li>\r\n  <li>National Transportation Safety Board: <a href=\"http://www.ntsb.gov\">www.ntsb.gov</a></li>\r\n  <li>U.S. Air Force: <a href=\"http://www.af.mil\">www.af.mil</a></li>\r\n</ul>\r\n<h4>Información Histórica</h4>\r\n<ul>\r\n  <li>Aviation History Online Museum: <a href=\"http://www.aviation-history.com\">www.aviation-history.com</a></li>\r\n  <li>Canadian Warplane Museum:<a href=\"http://www.warplane.com\"> www.warplane.com</a></li>\r\n  <li>Flight History Information:<a href=\"http://www.flight-history.com\"> www.flight-history.com</a></li>\r\n  <li>National Air & Space Museum: <a href=\"http://www.nasm.si.edu\">www.nasm.si.edu</a></li>\r\n  <li>National Aviation Hall of Fame:<a href=\"http://www.nationalaviation.org\"> www.nationalaviation.org</a></li>\r\n  <li>Strategic Air Command Museum: <a href=\"http://www.strategicairandspace.com\">www.strategicairandspace.com</a></li>\r\n</ul>\r\n<h4>Organizaciones</h4>\r\n<ul>\r\n  <li>A.O.P.A. (Aircraft Owners Pilots Assoc.): <a href=\"http://www.aopa.org\">www.aopa.org</a></li>\r\n  <li>American Bonanza Society: <a href=\"http://www.bonanza.org\">www.bonanza.org</a></li>\r\n  <li>Airports Council Inteational: <a href=\"http://www.airports.org\">www.airports.org</a></li>\r\n  <li>Cessna Owner Organization: <a href=\"http://www.cessnaowner.org\">www.cessnaowner.org</a></li>\r\n  <li>International Commanche Society: <a href=\"http://www.comancheflyer.com\">www.comancheflyer.com</a></li>\r\n  <li>International Organization of Women Pilots:<a href=\"http://www.ninety-nines.org\"> www.ninety-nines.org</a></li>\r\n  <li>Mooney Pilot Organization: <a href=\"http://www.mooneypilots.com/\">http://www.mooneypilots.com/</a></li>\r\n  <li>National Aeronautic Association: <a href=\"http://www.naa-usa.org\">www.naa-usa.org</a></li>\r\n  <li>N.B.A.A. (National Business Aviation Assoc.):<a href=\"http://www.nbaa.org\"> www.nbaa.org</a></li>\r\n</ul>\r\n<h4>Publicaciones</h4>\r\n<ul>\r\n  <li>Aerospace Technology:<a href=\"http://www.aerospace-technology.com/\"> http://www.aerospace-technology.com/</a></li>\r\n  <li>Airplane Blog: <a href=\"http://www.airplaneblog.com/\">http://www.airplaneblog.com/</a></li>\r\n  <li>AutoPilot Magazine:<a href=\"http://www.autopilotmagazine.com\">www.autopilotmagazine.com</a></li>\r\n  <li>Aviation Market Center: <a href=\"http://www.aviationmarketcenter.com/\">http://www.aviationmarketcenter.com/</a></li>\r\n  <li>Business Air Today :<a href=\"http://www.businessair.com/\">http://www.businessair.com/</a></li>\r\n  <li>Business & Commercial Aviation: <a href=\"http://www.aviationnow.com\">www.aviationnow.com</a></li>\r\n  <li class=\"style8\">Landings:<a href=\"http://www.landings.com\">www.landings.com</a></li>\r\n  <li>Pilot\'s Web: <a href=\"http://pilotsweb.com/\">http://pilotsweb.com/</a></li>\r\n  <li>Plane & Pilot :<a href=\"http://www.planeandpilotmag.com/\">http://www.planeandpilotmag.com/</a></li>\r\n  <li>World Aircraft Sales Magazine:<a href=\"http://www.avbuyer.com\"> www.avbuyer.com</a></li>\r\n</ul>'),(19,13,1,'Engineering and Design','<p><img alt=\"\" src=\"http://survivalproductsinc.com/case.jpg\" width=\"173\" height=\"180\" /><br /><br />Survival Products\' engineers and craftsmen have   designed their rafts, with you, the consumer in mind.  Advanced design and   manufacturing procedures along with many years of service experience have   allowed Survival Products to price its life rafts at the most affordable rates.    Check the competition and you will find that nobody beats these figures.  Don\'t   be fooled by these prices, sizes and weights.  These life rafts will do the job   for you under the most adverse conditions.</p>\r\n      <p>Raft materials and components have been carefully selected to   provide for reliability, extended life, and reduce service cost.  Buoyancy tubes   and decks are constructed of tough, heavy duty neoprene coated nylon conforming   to stringent government specifications.  Canopies are fabricated from high   visibility orange compound nylon to aid in search and rescue operations.  All   life line, retaining line, and handle webbing are of strong, durable 100%   polypropylene.  The life raft valise is manufactured from almost indestructible   vinyl coated nylon with nylon velcro closures.  The Mirada Release Inflation   Valve is of the most trusted design, punture disk type with many years of   successful operational reliability.</p>\r\n      <p><img alt=\"\" src=\"http://survivalproductsinc.com/valves.jpg\" width=\"173\" height=\"190\" align=\"left\" hspace=\"7\" />Survival Products\' life rafts are constructed using a light weight   aluminum cylinder and valve assemblies thus minimizing corrosion and consequent   damage not only to the corroding components but deterioration of critical   adjacent items such as the tube, deck, and case fabrics.  The aluminum cylinder   and valve also make the life rafts much lighter in weight.  Furthermore, each   and every raft is pressure tested and all seams and adhesive bonds are   thoroughly checked prior to release.  Quota samples are tested to near   destruction as part of a continuing process of product analysis and   improvement.  Additionally, a lifetime warranty comes with the life rafts as   long as they are serviced regularly and properly cared for.</p></td>\r\n  </tr>\r\n  <tr>\r\n    <td></td>\r\n  </tr>\r\n</table>'),(20,13,2,'Engineering & Design','<p><img alt=\"\" src=\"http://survivalproductsinc.com/case.jpg\" width=\"173\" height=\"180\" /><br /><br />Survival Products\' engineers and craftsmen have   designed their rafts, with you, the consumer in mind.  Advanced design and   manufacturing procedures along with many years of service experience have   allowed Survival Products to price its life rafts at the most affordable rates.    Check the competition and you will find that nobody beats these figures.  Don\'t   be fooled by these prices, sizes and weights.  These life rafts will do the job   for you under the most adverse conditions.</p>\r\n      <p>Raft materials and components have been carefully selected to   provide for reliability, extended life, and reduce service cost.  Buoyancy tubes   and decks are constructed of tough, heavy duty neoprene coated nylon conforming   to stringent government specifications.  Canopies are fabricated from high   visibility orange compound nylon to aid in search and rescue operations.  All   life line, retaining line, and handle webbing are of strong, durable 100%   polypropylene.  The life raft valise is manufactured from almost indestructible   vinyl coated nylon with nylon velcro closures.  The Mirada Release Inflation   Valve is of the most trusted design, punture disk type with many years of   successful operational reliability.</p>\r\n      <p><img alt=\"\" src=\"http://survivalproductsinc.com/valves.jpg\" width=\"173\" height=\"190\" align=\"left\" hspace=\"7\" />Survival Products\' life rafts are constructed using a light weight   aluminum cylinder and valve assemblies thus minimizing corrosion and consequent   damage not only to the corroding components but deterioration of critical   adjacent items such as the tube, deck, and case fabrics.  The aluminum cylinder   and valve also make the life rafts much lighter in weight.  Furthermore, each   and every raft is pressure tested and all seams and adhesive bonds are   thoroughly checked prior to release.  Quota samples are tested to near   destruction as part of a continuing process of product analysis and   improvement.  Additionally, a lifetime warranty comes with the life rafts as   long as they are serviced regularly and properly cared for.</p></td>\r\n  </tr>\r\n  <tr>\r\n    <td></td>\r\n  </tr>\r\n</table>');

--
