--
-- Host: localhost    Database: wayne1_zc1
-- ------------------------------------------------------


--
-- Table structure for table `zen_address_book`
--

CREATE TABLE `zen_address_book` (
  `address_book_id` int(11) NOT NULL AUTO_INCREMENT,
  `customers_id` int(11) NOT NULL DEFAULT '0',
  `entry_gender` char(1) COLLATE utf8_unicode_ci NOT NULL DEFAULT '',
  `entry_company` varchar(64) COLLATE utf8_unicode_ci DEFAULT NULL,
  `entry_firstname` varchar(32) COLLATE utf8_unicode_ci NOT NULL DEFAULT '',
  `entry_lastname` varchar(32) COLLATE utf8_unicode_ci NOT NULL DEFAULT '',
  `entry_street_address` varchar(64) COLLATE utf8_unicode_ci NOT NULL DEFAULT '',
  `entry_suburb` varchar(32) COLLATE utf8_unicode_ci DEFAULT NULL,
  `entry_postcode` varchar(10) COLLATE utf8_unicode_ci NOT NULL DEFAULT '',
  `entry_city` varchar(32) COLLATE utf8_unicode_ci NOT NULL DEFAULT '',
  `entry_state` varchar(32) COLLATE utf8_unicode_ci DEFAULT NULL,
  `entry_country_id` int(11) NOT NULL DEFAULT '0',
  `entry_zone_id` int(11) NOT NULL DEFAULT '0',
  PRIMARY KEY (`address_book_id`),
  KEY `idx_address_book_customers_id_zen` (`customers_id`)
) ENGINE=MyISAM AUTO_INCREMENT=30 DEFAULT CHARSET=utf8 COLLATE=utf8_unicode_ci;

--
-- Dumping data for table `zen_address_book`
--

INSERT INTO `zen_address_book` VALUES (17,17,'m','','Juan','Bautista','12345 N Commercial Blvd','','33186','Miami','',223,18),(18,18,'',NULL,'JOHN','BRAKE','9079 PIERSON RD','','48836','FOWLERVILLE','',223,33),(19,19,'m','','Wayne','Sauvola','2210 Ridgewood Circle','','33411','Royal Palm Beach','',223,18),(20,20,'m','Ajaks','John','Brake','9079 Pierson Rd','','48836','Fowlerville','',223,33),(21,21,'m','','John','Brake','9079 Pierson Rd','','48836','Fowlerville','',223,33),(22,22,'',NULL,'Jennifer','Ware','1103 Sierra Country Court','','89460','Gardnerville','',223,39),(23,23,'m','','Joe','Buyer','1234 E Street','','33186','Miami','',223,18),(24,24,'m','','Phil','Frey','209 Santa Rosa Drive','Apartment C','43213','Columbus','',223,47),(25,25,'',NULL,'Johannes','Muelmenstaedt','1830 Zapo St','','92014','Del Mar','',223,12),(26,26,'m','Avenge Inc.','Randy','Cupit','105 Executive Dr.','STE 200','20166','Dulles','',223,61),(27,26,'m','AeroPremier Jet Center','Brian','Bowman/N6271B','New Orleans Lakefront Airport','6401 Stars and Stripes Blvd.','70126','New Orleans','',223,28),(28,27,'m','','Brad','Swentor','PO BOX 73851','','30271','Newnan','',223,19),(29,28,'f','','Marta','Majong','4567 B Street','','33185','Miami','',223,18);

--
-- Table structure for table `zen_address_format`
--

CREATE TABLE `zen_address_format` (
  `address_format_id` int(11) NOT NULL AUTO_INCREMENT,
  `address_format` varchar(128) COLLATE utf8_unicode_ci NOT NULL DEFAULT '',
  `address_summary` varchar(48) COLLATE utf8_unicode_ci NOT NULL DEFAULT '',
  PRIMARY KEY (`address_format_id`)
) ENGINE=MyISAM AUTO_INCREMENT=7 DEFAULT CHARSET=utf8 COLLATE=utf8_unicode_ci;

--
-- Dumping data for table `zen_address_format`
--

INSERT INTO `zen_address_format` VALUES (1,'$firstname $lastname$cr$streets$cr$city, $postcode$cr$statecomma$country','$city / $country'),(2,'$firstname $lastname$cr$streets$cr$city, $state    $postcode$cr$country','$city, $state / $country'),(3,'$firstname $lastname$cr$streets$cr$city$cr$postcode - $statecomma$country','$state / $country'),(4,'$firstname $lastname$cr$streets$cr$city ($postcode)$cr$country','$postcode / $country'),(5,'$firstname $lastname$cr$streets$cr$postcode $city$cr$country','$city / $country'),(6,'$firstname $lastname$cr$streets$cr$city$cr$state$cr$postcode$cr$country','$postcode / $country');

--
-- Table structure for table `zen_admin_activity_log`
--

CREATE TABLE `zen_admin_activity_log` (
  `log_id` int(15) NOT NULL AUTO_INCREMENT,
  `access_date` datetime NOT NULL DEFAULT '0001-01-01 00:00:00',
  `admin_id` int(11) NOT NULL DEFAULT '0',
  `page_accessed` varchar(80) COLLATE utf8_unicode_ci NOT NULL DEFAULT '',
  `page_parameters` text COLLATE utf8_unicode_ci,
  `ip_address` varchar(15) COLLATE utf8_unicode_ci NOT NULL DEFAULT '',
  PRIMARY KEY (`log_id`),
  KEY `idx_page_accessed_zen` (`page_accessed`),
  KEY `idx_access_date_zen` (`access_date`),
  KEY `idx_ip_zen` (`ip_address`)
) ENGINE=MyISAM AUTO_INCREMENT=5289 DEFAULT CHARSET=utf8 COLLATE=utf8_unicode_ci;

--
-- Dumping data for table `zen_admin_activity_log`
--

INSERT INTO `zen_admin_activity_log` VALUES (4387,'2010-06-22 08:31:16',1,'store_manager.php','','67.142.161.23'),(4388,'2010-06-23 22:59:46',0,'login.php ','','67.142.161.20'),(4389,'2010-06-23 23:00:19',0,'login.php wayne1','','67.142.161.20'),(4390,'2010-06-23 23:00:31',1,'customers.php','search=Cupit&origin=index&','67.142.161.20'),(4391,'2010-06-23 23:00:40',1,'customers.php','','67.142.161.20'),(4392,'2010-06-23 23:00:49',1,'customers.php','search=Cupit&origin=index&','67.142.161.20'),(4393,'2010-06-25 21:28:32',0,'login.php ','','67.142.161.23'),(4394,'2010-06-25 21:29:04',0,'login.php wayne1','','67.142.161.23'),(4395,'2010-06-25 21:29:21',0,'login.php wayne1','','67.142.161.23'),(4396,'2010-06-25 21:29:36',1,'stats_products_viewed.php','','67.142.161.23'),(4397,'2010-06-25 21:30:01',1,'categories.php','cPath=16&pID=43&','67.142.161.23'),(4398,'2010-06-25 21:30:07',1,'stats_products_viewed.php','','67.142.161.23'),(4399,'2010-06-25 21:31:00',1,'logoff.php','','67.142.161.23'),(4400,'2010-06-25 21:31:00',0,'login.php ','','67.142.161.23'),(4401,'2010-06-28 22:13:32',0,'login.php ','','67.142.161.24'),(4402,'2010-06-28 22:13:55',0,'login.php wayne1','','67.142.161.24'),(4403,'2010-06-28 22:18:32',1,'categories.php','','67.142.161.24'),(4404,'2010-06-28 22:18:59',1,'categories.php','cPath=5&','67.142.161.24'),(4405,'2010-06-28 22:19:11',1,'categories.php','','67.142.161.24'),(4406,'2010-06-28 22:19:19',1,'categories.php','cPath=&cID=5&action=edit_category_meta_tags&','67.142.161.24'),(4407,'2010-06-28 22:19:48',1,'categories.php','','67.142.161.24'),(4408,'2010-06-28 22:19:52',1,'categories.php','cPath=5&','67.142.161.24'),(4409,'2010-06-28 22:19:57',1,'categories.php','cPath=5_8&','67.142.161.24'),(4410,'2010-06-28 22:20:11',1,'product.php','page=1&product_type=1&cPath=5_8&pID=25&action=new_product_meta_tags&','67.142.161.24'),(4411,'2010-07-07 18:08:29',0,'login.php ','','67.142.161.27'),(4412,'2010-07-07 18:08:44',0,'login.php wayne1','','67.142.161.27'),(4413,'2010-07-07 18:08:50',1,'configuration.php','gID=19&','67.142.161.27'),(4414,'2010-07-07 18:19:25',1,'modules.php','set=ordertotal&','67.142.161.27'),(4415,'2010-07-07 18:19:44',1,'stats_customers.php','','67.142.161.27'),(4416,'2010-07-11 16:06:23',0,'login.php ','','67.142.161.21'),(4417,'2010-07-11 18:34:35',0,'login.php ','','67.142.161.22'),(4418,'2010-07-11 18:35:12',0,'login.php pealer1','','67.142.161.22'),(4419,'2010-07-11 18:35:31',0,'login.php pealer1','','67.142.161.22'),(4420,'2010-07-11 18:35:37',0,'login.php pealer1','','67.142.161.22'),(4421,'2010-07-11 18:35:56',0,'login.php pealer1','','67.142.161.22'),(4422,'2010-07-11 21:57:25',0,'login.php ','','67.142.161.19'),(4423,'2010-07-11 21:57:44',0,'login.php wayne1','','67.142.161.19'),(4424,'2010-07-11 21:57:54',1,'customers.php','search=Swentor&origin=index&','67.142.161.19'),(4425,'2010-07-11 21:58:03',1,'customers.php','search=Swentor&origin=index&page=1&cID=27&action=edit&','67.142.161.19'),(4426,'2010-07-11 21:58:24',1,'customers.php','search=Swentor&origin=index&','67.142.161.19'),(4427,'2010-07-11 21:58:44',1,'customers.php','','67.142.161.19'),(4428,'2010-07-11 21:58:50',1,'customers.php','page=1&cID=25&','67.142.161.19'),(4429,'2010-07-11 21:58:59',1,'customers.php','page=1&cID=26&','67.142.161.19'),(4430,'2010-07-11 21:59:04',1,'customers.php','page=1&cID=27&','67.142.161.19'),(4431,'2010-07-11 21:59:18',1,'customers.php','page=1&cID=27&action=edit&','67.142.161.19'),(4432,'2010-07-11 22:10:36',1,'categories.php','','67.142.161.19'),(4433,'2010-07-11 22:10:44',1,'categories.php','cPath=2&','67.142.161.19'),(4434,'2010-07-11 22:10:49',1,'categories.php','product_type=1&cPath=2&action=new_product&x=56&y=6&','67.142.161.19'),(4435,'2010-07-11 22:10:50',1,'product.php','product_type=1&cPath=2&action=new_product&x=56&y=6&','67.142.161.19'),(4436,'2010-07-11 22:27:35',1,'product.php','cPath=2&product_type=1&action=new_product_preview&','67.142.161.19'),(4437,'2010-07-11 22:27:48',1,'product.php','cPath=2&product_type=1&action=insert_product&','67.142.161.19'),(4438,'2010-07-11 22:27:49',1,'categories.php','cPath=2&pID=71&','67.142.161.19'),(4439,'2010-07-13 20:56:10',0,'login.php ','','67.142.161.22'),(4440,'2010-07-13 20:56:30',0,'login.php wayne1','','67.142.161.22'),(4441,'2010-07-13 20:56:37',1,'developers_tool_kit.php','','67.142.161.22'),(4442,'2010-07-13 20:57:09',1,'developers_tool_kit.php','action=locate_configuration&','67.142.161.22'),(4443,'2010-07-13 20:57:21',1,'developers_tool_kit.php','action=locate_all_files&','67.142.161.22'),(4444,'2010-07-13 22:16:22',0,'login.php ','','67.142.161.27'),(4445,'2010-07-13 22:16:40',0,'login.php wayne1','','67.142.161.27'),(4446,'2010-07-13 22:17:32',1,'sqlpatch.php','','67.142.161.27'),(4447,'2010-07-13 22:24:15',0,'login.php ','','67.142.161.27'),(4448,'2010-07-13 22:24:38',0,'login.php wayne1','','67.142.161.27'),(4449,'2010-07-13 22:24:46',1,'sqlpatch.php','','67.142.161.27'),(4450,'2010-07-13 22:25:39',1,'sqlpatch.php','action=execute&','67.142.161.27'),(4451,'2010-07-13 22:27:24',1,'alt_nav.php','','67.142.161.27'),(4452,'2010-07-13 22:28:09',1,'sitemapxml.php','','67.142.161.27'),(4453,'2010-07-13 22:28:39',1,'configuration.php','gID=32&','67.142.161.27'),(4454,'2010-07-13 22:29:43',1,'configuration.php','gID=32&cID=709&action=edit&','67.142.161.27'),(4455,'2010-07-13 22:29:51',1,'configuration.php','gID=32&cID=709&','67.142.161.27'),(4456,'2010-07-13 22:29:58',1,'sitemapxml.php','','67.142.161.27'),(4457,'2010-07-13 22:53:30',1,'configuration.php','gID=32&','67.142.161.27'),(4458,'2010-07-13 22:53:46',1,'configuration.php','gID=32&cID=707&action=edit&','67.142.161.27'),(4459,'2010-07-13 22:53:51',1,'configuration.php','gID=32&cID=708&action=edit&','67.142.161.27'),(4460,'2010-07-13 22:54:42',1,'configuration.php','gID=32&cID=707&action=edit&','67.142.161.27'),(4461,'2010-07-13 22:54:42',1,'configuration.php','gID=32&cID=707&','67.142.161.27'),(4462,'2010-07-13 22:54:48',1,'configuration.php','gID=32&cID=707&action=edit&','67.142.161.27'),(4463,'2010-07-13 22:55:01',1,'configuration.php','gID=32&cID=707&','67.142.161.27'),(4464,'2010-07-13 22:55:06',1,'alt_nav.php','','67.142.161.27'),(4465,'2010-07-13 22:55:46',1,'sitemapxml.php','','67.142.161.27'),(4466,'2010-07-14 07:22:58',0,'login.php ','','67.142.161.23'),(4467,'2010-07-14 07:22:59',0,'login.php ','','67.142.161.23'),(4468,'2010-07-14 07:23:13',0,'login.php wayne1','','67.142.161.23'),(4469,'2010-07-14 07:24:32',1,'developers_tool_kit.php','','67.142.161.23'),(4470,'2010-07-14 07:24:44',1,'developers_tool_kit.php','action=locate_configuration&','67.142.161.23'),(4471,'2010-07-14 07:39:13',1,'developers_tool_kit.php','','67.142.161.23'),(4472,'2010-07-14 07:39:28',1,'developers_tool_kit.php','action=locate_all_files&','67.142.161.23'),(4473,'2010-07-14 07:40:01',1,'developers_tool_kit.php','action=locate_all_files&','67.142.161.23'),(4474,'2010-07-14 07:49:31',1,'product_types.php','','67.142.161.23'),(4475,'2010-07-14 07:49:45',1,'product_types.php','page=1&ptID=1&action=layout&','67.142.161.23'),(4476,'2010-07-14 07:50:22',1,'product_types.php','ptID=1&cID=85&action=layout_edit&','67.142.161.23'),(4477,'2010-07-14 07:50:30',1,'product_types.php','ptID=1&cID=85&action=layout_save&','67.142.161.23'),(4478,'2010-07-14 07:50:31',1,'product_types.php','gID=&cID=85&ptID=1&action=layout&','67.142.161.23'),(4479,'2010-07-14 07:50:50',1,'product_types.php','ptID=1&cID=84&action=layout_edit&','67.142.161.23'),(4480,'2010-07-14 07:50:54',1,'product_types.php','ptID=1&cID=84&action=layout_save&','67.142.161.23'),(4481,'2010-07-14 07:50:55',1,'product_types.php','gID=&cID=84&ptID=1&action=layout&','67.142.161.23'),(4482,'2010-07-14 07:52:46',1,'product_types.php','ptID=1&cID=81&action=layout_edit&','67.142.161.23'),(4483,'2010-07-14 07:52:58',1,'product_types.php','ptID=1&cID=81&action=layout_save&','67.142.161.23'),(4484,'2010-07-14 07:52:58',1,'product_types.php','gID=&cID=81&ptID=1&action=layout&','67.142.161.23'),(4485,'2010-07-14 07:53:08',1,'product_types.php','','67.142.161.23'),(4486,'2010-07-14 07:53:14',1,'product_types.php','page=1&ptID=4&','67.142.161.23'),(4487,'2010-07-14 07:53:21',1,'product_types.php','page=1&ptID=1&','67.142.161.23'),(4488,'2010-07-14 07:53:26',1,'product_types.php','page=1&ptID=1&action=edit&','67.142.161.23'),(4489,'2010-07-14 07:53:39',1,'product_types.php','','67.142.161.23'),(4490,'2010-07-14 07:53:43',1,'product_types.php','page=1&ptID=1&action=edit&','67.142.161.23'),(4491,'2010-07-14 07:53:52',1,'product_types.php','page=1&ptID=1&','67.142.161.23'),(4492,'2010-07-14 07:54:08',1,'product_types.php','page=1&ptID=1&action=layout&','67.142.161.23'),(4493,'2010-07-14 07:58:05',1,'product_types.php','ptID=1&cID=81&action=layout_edit&','67.142.161.23'),(4494,'2010-07-14 07:58:11',1,'product_types.php','ptID=1&cID=81&action=layout_save&','67.142.161.23'),(4495,'2010-07-14 07:58:12',1,'product_types.php','gID=&cID=81&ptID=1&action=layout&','67.142.161.23'),(4496,'2010-07-14 07:58:28',1,'alt_nav.php','','67.142.161.23'),(4497,'2010-07-14 08:07:05',1,'developers_tool_kit.php','','67.142.161.23'),(4498,'2010-07-14 08:07:22',1,'developers_tool_kit.php','action=locate_configuration&','67.142.161.23'),(4499,'2010-07-14 08:10:59',1,'developers_tool_kit.php','action=locate_configuration&','67.142.161.23'),(4500,'2010-07-14 08:28:57',1,'product_types.php','','67.142.161.23'),(4501,'2010-07-14 08:29:03',1,'product_types.php','page=1&ptID=1&action=layout&','67.142.161.23'),(4502,'2010-07-14 08:29:34',1,'categories.php','','67.142.161.23'),(4503,'2010-07-14 08:29:38',1,'categories.php','cPath=16&','67.142.161.23'),(4504,'2010-07-14 08:29:48',1,'product.php','page=1&product_type=1&cPath=16&pID=43&action=new_product_meta_tags&','67.142.161.23'),(4505,'2010-07-14 08:31:06',1,'product.php','cPath=16&product_type=1&pID=43&action=new_product_preview_meta_tags&page=1&','67.142.161.23'),(4506,'2010-07-14 08:31:14',1,'product.php','cPath=16&product_type=1&pID=43&action=update_product_meta_tags&page=1&','67.142.161.23'),(4507,'2010-07-14 08:31:14',1,'categories.php','cPath=16&pID=43&page=1&','67.142.161.23'),(4508,'2010-07-14 08:34:21',1,'categories.php','cID=16&','67.142.161.23'),(4509,'2010-07-14 08:34:24',1,'categories.php','cPath=5&','67.142.161.23'),(4510,'2010-07-14 08:34:34',1,'categories.php','cPath=5&cID=8&action=edit_category_meta_tags&','67.142.161.23'),(4511,'2010-07-14 08:34:50',1,'categories.php','cPath=5&cID=8&','67.142.161.23'),(4512,'2010-07-14 08:35:18',1,'categories.php','cPath=5_8&','67.142.161.23'),(4513,'2010-07-14 08:35:24',1,'product.php','page=1&product_type=1&cPath=5_8&pID=25&action=new_product&','67.142.161.23'),(4514,'2010-07-14 08:35:24',1,'product.php','page=1&product_type=1&cPath=5_8&pID=25&action=new_product_meta_tags&','67.142.161.23'),(4515,'2010-07-14 08:56:41',1,'product.php','cPath=5_8&product_type=1&pID=25&action=new_product_preview_meta_tags&page=1&','67.142.161.23'),(4516,'2010-07-14 08:56:48',1,'product.php','cPath=5_8&product_type=1&pID=25&action=update_product_meta_tags&page=1&','67.142.161.23'),(4517,'2010-07-14 08:56:49',1,'categories.php','cPath=5_8&pID=25&page=1&','67.142.161.23'),(4518,'2010-07-14 08:58:29',1,'product.php','page=1&product_type=1&cPath=5_8&pID=25&action=new_product&','67.142.161.23'),(4519,'2010-07-14 08:58:30',1,'product.php','page=1&product_type=1&cPath=5_8&pID=25&action=new_product_meta_tags&','67.142.161.23'),(4520,'2010-07-14 08:58:55',1,'product.php','cPath=5_8&product_type=1&pID=25&action=new_product_preview_meta_tags&page=1&','67.142.161.23'),(4521,'2010-07-14 08:59:46',1,'product.php','cPath=5_8&product_type=1&pID=25&action=update_product_meta_tags&page=1&','67.142.161.23'),(4522,'2010-07-14 08:59:46',1,'categories.php','cPath=5_8&pID=25&page=1&','67.142.161.23'),(4523,'2010-07-14 09:00:14',1,'product.php','page=1&product_type=1&cPath=5_8&pID=25&action=new_product_meta_tags&','67.142.161.23'),(4524,'2010-07-14 09:00:42',1,'product.php','cPath=5_8&product_type=1&pID=25&action=new_product_preview_meta_tags&page=1&','67.142.161.23'),(4525,'2010-07-14 09:00:57',1,'product.php','cPath=5_8&product_type=1&pID=25&action=update_product_meta_tags&page=1&','67.142.161.23'),(4526,'2010-07-14 09:00:58',1,'categories.php','cPath=5_8&pID=25&page=1&','67.142.161.23'),(4527,'2010-07-14 09:02:21',1,'product.php','page=1&product_type=1&cPath=5_8&pID=25&action=new_product&','67.142.161.23'),(4528,'2010-07-14 09:02:21',1,'product.php','page=1&product_type=1&cPath=5_8&pID=25&action=new_product_meta_tags&','67.142.161.23'),(4529,'2010-07-14 09:02:55',1,'product.php','cPath=5_8&product_type=1&pID=25&action=new_product_preview_meta_tags&page=1&','67.142.161.23'),(4530,'2010-07-14 09:02:59',1,'product.php','cPath=5_8&product_type=1&pID=25&action=update_product_meta_tags&page=1&','67.142.161.23'),(4531,'2010-07-14 09:02:59',1,'categories.php','cPath=5_8&pID=25&page=1&','67.142.161.23'),(4532,'2010-07-14 09:14:01',0,'login.php ','','67.142.161.23'),(4533,'2010-07-14 09:14:03',0,'login.php ','','67.142.161.23'),(4534,'2010-07-14 09:14:19',0,'login.php wayne1','','67.142.161.23'),(4535,'2010-07-14 09:14:24',1,'categories.php','','67.142.161.23'),(4536,'2010-07-14 09:14:29',1,'categories.php','cPath=5&','67.142.161.23'),(4537,'2010-07-14 09:14:32',1,'categories.php','cPath=5_8&','67.142.161.23'),(4538,'2010-07-14 09:14:39',1,'product.php','page=1&product_type=1&cPath=5_8&pID=25&action=new_product_meta_tags&','67.142.161.23'),(4539,'2010-07-14 09:15:56',1,'product.php','cPath=5_8&product_type=1&pID=25&action=new_product_preview_meta_tags&page=1&','67.142.161.23'),(4540,'2010-07-14 09:16:01',1,'product.php','cPath=5_8&product_type=1&pID=25&action=update_product_meta_tags&page=1&','67.142.161.23'),(4541,'2010-07-14 09:16:01',1,'categories.php','cPath=5_8&pID=25&page=1&','67.142.161.23'),(4542,'2010-07-14 09:16:45',1,'product.php','page=1&product_type=1&cPath=5_8&pID=25&action=new_product_meta_tags&','67.142.161.23'),(4543,'2010-07-14 09:16:53',1,'product.php','cPath=5_8&product_type=1&pID=25&action=new_product_preview_meta_tags&page=1&','67.142.161.23'),(4544,'2010-07-14 09:16:57',1,'product.php','cPath=5_8&product_type=1&pID=25&action=update_product_meta_tags&page=1&','67.142.161.23'),(4545,'2010-07-14 09:16:57',1,'categories.php','cPath=5_8&pID=25&page=1&','67.142.161.23'),(4546,'2010-07-14 15:04:01',0,'login.php ','','67.142.161.21'),(4547,'2010-07-14 15:04:19',0,'login.php wayne1','','67.142.161.21'),(4548,'2010-07-14 15:05:25',1,'server_info.php','','67.142.161.21'),(4549,'2010-07-14 15:17:18',1,'modules.php','set=payment&','67.142.161.21'),(4550,'2010-07-14 15:17:32',1,'modules.php','set=payment&module=paypaldp&','67.142.161.21'),(4551,'2010-07-14 15:17:38',1,'modules.php','set=payment&module=paypaldp&action=edit&','67.142.161.21'),(4552,'2010-07-14 15:18:42',1,'modules.php','set=payment&module=paypalwpp&','67.142.161.21'),(4553,'2010-07-14 15:19:50',1,'modules.php','set=shipping&','67.142.161.21'),(4554,'2010-07-14 15:21:28',1,'modules.php','set=shipping&module=fedexground&','67.142.161.21'),(4555,'2010-07-14 15:22:36',1,'modules.php','set=shipping&module=fedexexpress&','67.142.161.21'),(4556,'2010-07-14 15:22:41',1,'modules.php','set=shipping&module=fedexexpress&action=remove&','67.142.161.21'),(4557,'2010-07-14 15:22:41',1,'modules.php','set=shipping&module=fedexexpress&','67.142.161.21'),(4558,'2010-07-14 15:22:45',1,'modules.php','set=shipping&module=fedexground&','67.142.161.21'),(4559,'2010-07-14 15:22:48',1,'modules.php','set=shipping&module=fedexground&action=remove&','67.142.161.21'),(4560,'2010-07-14 15:22:49',1,'modules.php','set=shipping&module=fedexground&','67.142.161.21'),(4561,'2010-07-14 15:22:52',1,'modules.php','set=shipping&module=ups&','67.142.161.21'),(4562,'2010-07-14 15:23:29',1,'modules.php','set=shipping&module=ups&action=edit&','67.142.161.21'),(4563,'2010-07-14 15:23:52',1,'modules.php','set=shipping&module=ups&action=save&','67.142.161.21'),(4564,'2010-07-14 15:23:53',1,'modules.php','set=shipping&module=ups&','67.142.161.21'),(4565,'2010-07-14 15:24:01',1,'modules.php','set=shipping&module=ups&action=remove&','67.142.161.21'),(4566,'2010-07-14 15:24:01',1,'modules.php','set=shipping&module=ups&','67.142.161.21'),(4567,'2010-07-14 15:24:06',1,'alt_nav.php','','67.142.161.21'),(4568,'2010-07-14 15:24:11',1,'modules.php','set=payment&','67.142.161.21'),(4569,'2010-07-14 15:24:17',1,'modules.php','set=payment&module=moneyorder&','67.142.161.21'),(4570,'2010-07-14 15:24:29',1,'modules.php','set=payment&module=moneyorder&action=remove&','67.142.161.21'),(4571,'2010-07-14 15:24:29',1,'modules.php','set=payment&module=moneyorder&','67.142.161.21'),(4572,'2010-07-14 15:24:32',1,'modules.php','set=payment&module=paypaldp&','67.142.161.21'),(4573,'2010-07-14 15:24:36',1,'modules.php','set=payment&module=paypaldp&action=remove&','67.142.161.21'),(4574,'2010-07-14 15:24:36',1,'modules.php','set=payment&module=paypaldp&','67.142.161.21'),(4575,'2010-07-14 15:24:42',1,'modules.php','set=payment&module=paypalwpp&','67.142.161.21'),(4576,'2010-07-14 15:24:46',1,'modules.php','set=payment&module=paypalwpp&action=remove&','67.142.161.21'),(4577,'2010-07-14 15:24:46',1,'modules.php','set=payment&module=paypalwpp&','67.142.161.21'),(4578,'2010-07-14 16:35:04',0,'login.php ','','64.134.161.35'),(4579,'2010-07-14 16:35:16',0,'login.php wayne1','','64.134.161.35'),(4580,'2010-07-14 16:35:42',1,'configuration.php','gID=20&','64.134.161.35'),(4581,'2010-07-14 16:36:15',1,'configuration.php','gID=20&cID=457&action=edit&','64.134.161.35'),(4582,'2010-07-14 16:36:22',1,'configuration.php','gID=20&cID=457&action=save&','64.134.161.35'),(4583,'2010-07-14 16:36:22',1,'configuration.php','gID=20&cID=457&','64.134.161.35'),(4584,'2010-07-14 16:36:28',1,'configuration.php','gID=20&cID=458&action=edit&','64.134.161.35'),(4585,'2010-07-14 16:36:41',1,'configuration.php','gID=20&cID=458&action=save&','64.134.161.35'),(4586,'2010-07-14 16:36:42',1,'configuration.php','gID=20&cID=458&','64.134.161.35'),(4587,'2010-07-14 16:37:07',1,'configuration.php','gID=20&cID=446&action=edit&','64.134.161.35'),(4588,'2010-07-14 16:37:12',1,'configuration.php','gID=20&cID=446&action=save&','64.134.161.35'),(4589,'2010-07-14 16:37:12',1,'configuration.php','gID=20&cID=446&','64.134.161.35'),(4590,'2010-07-14 17:11:25',0,'login.php ','','64.134.161.35'),(4591,'2010-07-14 17:11:45',0,'login.php wayne1','','64.134.161.35'),(4592,'2010-07-14 17:12:43',1,'modules.php','set=payment&','64.134.161.35'),(4593,'2010-07-14 17:12:52',1,'modules.php','set=payment&module=moneyorder&','64.134.161.35'),(4594,'2010-07-14 17:12:57',1,'modules.php','set=payment&module=moneyorder&action=install&','64.134.161.35'),(4595,'2010-07-14 17:12:57',1,'modules.php','set=payment&module=moneyorder&action=edit&','64.134.161.35'),(4596,'2010-07-14 17:13:31',1,'modules.php','set=payment&module=moneyorder&action=save&','64.134.161.35'),(4597,'2010-07-14 17:13:32',1,'modules.php','set=payment&module=moneyorder&','64.134.161.35'),(4598,'2010-07-14 17:13:38',1,'modules.php','set=payment&','64.134.161.35'),(4599,'2010-07-14 17:13:49',1,'modules.php','set=payment&module=paypaldp&','64.134.161.35'),(4600,'2010-07-14 17:14:01',1,'modules.php','set=payment&module=paypalwpp&','64.134.161.35'),(4601,'2010-07-14 17:14:04',1,'modules.php','set=payment&module=paypalwpp&action=install&','64.134.161.35'),(4602,'2010-07-14 17:14:05',1,'modules.php','set=payment&module=paypalwpp&action=edit&','64.134.161.35'),(4603,'2010-07-14 17:21:17',1,'modules.php','set=payment&','64.134.161.35'),(4604,'2010-07-14 17:25:19',1,'modules.php','set=payment&module=paypalwpp&','64.134.161.35'),(4605,'2010-07-14 17:29:58',1,'modules.php','set=payment&module=paypalwpp&action=edit&','64.134.161.35'),(4606,'2010-07-14 17:31:37',1,'modules.php','set=payment&module=paypalwpp&action=save&','64.134.161.35'),(4607,'2010-07-14 17:31:38',1,'modules.php','set=payment&module=paypalwpp&','64.134.161.35'),(4608,'2010-07-14 17:31:45',1,'modules.php','set=payment&module=paypaldp&','64.134.161.35'),(4609,'2010-07-14 17:31:48',1,'modules.php','set=payment&module=paypaldp&action=install&','64.134.161.35'),(4610,'2010-07-14 17:31:49',1,'modules.php','set=payment&module=paypaldp&action=edit&','64.134.161.35'),(4611,'2010-07-14 17:32:26',1,'modules.php','set=payment&module=paypaldp&action=save&','64.134.161.35'),(4612,'2010-07-14 17:32:27',1,'modules.php','set=payment&module=paypaldp&','64.134.161.35'),(4613,'2010-07-14 17:32:35',1,'modules.php','set=shipping&','64.134.161.35'),(4614,'2010-07-14 17:32:39',1,'modules.php','set=shipping&module=fedexexpress&action=install&','64.134.161.35'),(4615,'2010-07-14 17:32:40',1,'modules.php','set=shipping&module=fedexexpress&action=edit&','64.134.161.35'),(4616,'2010-07-14 17:38:46',1,'modules.php','set=shipping&module=fedexexpress&action=save&','64.134.161.35'),(4617,'2010-07-14 17:38:46',1,'modules.php','set=shipping&module=fedexexpress&','64.134.161.35'),(4618,'2010-07-14 17:38:50',1,'modules.php','set=shipping&module=fedexground&','64.134.161.35'),(4619,'2010-07-14 17:38:53',1,'modules.php','set=shipping&module=fedexground&action=install&','64.134.161.35'),(4620,'2010-07-14 17:38:53',1,'modules.php','set=shipping&module=fedexground&action=edit&','64.134.161.35'),(4621,'2010-07-14 17:42:46',1,'modules.php','set=shipping&module=fedexground&action=save&','64.134.161.35'),(4622,'2010-07-14 17:42:46',1,'modules.php','set=shipping&module=fedexground&','64.134.161.35'),(4623,'2010-07-14 17:42:54',1,'modules.php','set=shipping&module=ups&','64.134.161.35'),(4624,'2010-07-14 17:42:57',1,'modules.php','set=shipping&module=ups&action=install&','64.134.161.35'),(4625,'2010-07-14 17:42:57',1,'modules.php','set=shipping&module=ups&action=edit&','64.134.161.35'),(4626,'2010-07-14 17:44:37',1,'modules.php','set=shipping&module=ups&action=save&','64.134.161.35'),(4627,'2010-07-14 17:44:37',1,'modules.php','set=shipping&module=ups&','64.134.161.35'),(4628,'2010-07-14 19:32:07',0,'login.php ','','67.142.161.19'),(4629,'2010-07-14 19:32:08',0,'login.php ','','67.142.161.19'),(4630,'2010-07-14 19:32:27',0,'login.php wayne1','','67.142.161.19'),(4631,'2010-07-14 20:30:22',0,'login.php ','','67.142.161.21'),(4632,'2010-07-14 20:30:24',0,'login.php ','','67.142.161.21'),(4633,'2010-07-14 20:30:40',0,'login.php wayne1','','67.142.161.21'),(4634,'2010-07-14 20:30:51',1,'ceon_uri_mapping_config.php','','67.142.161.21'),(4635,'2010-07-14 20:55:30',1,'categories.php','','67.142.161.19'),(4636,'2010-07-14 20:55:57',1,'categories.php','cPath=5&','67.142.161.19'),(4637,'2010-07-14 20:55:57',1,'categories.php','cPath=&cID=5&action=edit_category&search=&','67.142.161.19'),(4638,'2010-07-14 20:56:58',1,'alt_nav.php','','67.142.161.19'),(4639,'2010-07-14 20:57:07',1,'configuration.php','gID=33&','67.142.161.19'),(4640,'2010-07-14 20:57:15',1,'configuration.php','gID=33&cID=844&action=edit&','67.142.161.19'),(4641,'2010-07-14 20:57:19',1,'configuration.php','gID=33&cID=844&action=save&','67.142.161.19'),(4642,'2010-07-14 20:57:20',1,'configuration.php','gID=33&cID=844&','67.142.161.19'),(4643,'2010-07-14 20:57:31',1,'alt_nav.php','','67.142.161.19'),(4644,'2010-07-14 20:58:01',1,'ceon_uri_mapping_config.php','','67.142.161.19'),(4645,'2010-07-14 20:58:36',1,'product_types.php','','67.142.161.19'),(4646,'2010-07-14 20:58:44',1,'product_types.php','page=1&ptID=1&action=edit&','67.142.161.19'),(4647,'2010-07-14 20:58:52',1,'categories.php','','67.142.161.19'),(4648,'2010-07-14 20:59:08',1,'categories.php','cPath=&cID=13&action=edit_category&search=&','67.142.161.19'),(4649,'2010-07-14 20:59:15',1,'categories.php','action=setflag&flag=0&pID=25&cPath=8&page=1&','67.142.161.19'),(4650,'2010-07-14 20:59:15',1,'categories.php','cPath=8&pID=25&page=1&','67.142.161.19'),(4651,'2010-07-14 20:59:22',1,'product.php','page=1&product_type=1&cPath=8&pID=25&action=new_product&','67.142.161.19'),(4652,'2010-07-14 20:59:22',1,'categories.php','action=setflag&flag=1&pID=25&cPath=8&page=1&','67.142.161.19'),(4653,'2010-07-14 20:59:23',1,'categories.php','cPath=8&pID=25&page=1&','67.142.161.19'),(4654,'2010-07-14 20:59:28',1,'product.php','cPath=8&product_type=1&pID=25&action=new_product&','67.142.161.19'),(4655,'2010-07-14 21:00:10',1,'product.php','cPath=8&product_type=1&pID=25&action=new_product_preview&','67.142.161.19'),(4656,'2010-07-14 21:00:44',1,'product.php','cPath=8&product_type=1&pID=25&action=update_product&','67.142.161.19'),(4657,'2010-07-14 21:00:45',1,'categories.php','cPath=8&pID=25&','67.142.161.19'),(4658,'2010-07-14 21:01:58',1,'product.php','cPath=8&product_type=1&pID=26&action=new_product&','67.142.161.19'),(4659,'2010-07-14 21:02:06',1,'product.php','cPath=8&product_type=1&pID=26&action=new_product_preview&','67.142.161.19'),(4660,'2010-07-14 21:02:11',1,'product.php','cPath=8&product_type=1&pID=26&action=update_product&','67.142.161.19'),(4661,'2010-07-14 21:02:11',1,'categories.php','cPath=8&pID=26&','67.142.161.19'),(4662,'2010-07-14 21:02:19',1,'product.php','cPath=8&product_type=1&pID=28&action=new_product&','67.142.161.19'),(4663,'2010-07-14 21:02:25',1,'product.php','cPath=8&product_type=1&pID=28&action=new_product_preview&','67.142.161.19'),(4664,'2010-07-14 21:02:29',1,'product.php','cPath=8&product_type=1&pID=28&action=update_product&','67.142.161.19'),(4665,'2010-07-14 21:02:29',1,'categories.php','cPath=8&pID=28&','67.142.161.19'),(4666,'2010-07-14 21:02:34',1,'product.php','page=1&product_type=1&cPath=8&pID=29&action=new_product&','67.142.161.19'),(4667,'2010-07-14 21:02:36',1,'product.php','cPath=8&product_type=1&pID=29&action=new_product&','67.142.161.19'),(4668,'2010-07-14 21:02:41',1,'product.php','cPath=8&product_type=1&pID=29&action=new_product_preview&','67.142.161.19'),(4669,'2010-07-14 21:02:45',1,'product.php','cPath=8&product_type=1&pID=29&action=update_product&','67.142.161.19'),(4670,'2010-07-14 21:02:46',1,'categories.php','cPath=8&pID=29&','67.142.161.19'),(4671,'2010-07-14 21:02:49',1,'product.php','page=1&product_type=1&cPath=8&pID=27&action=new_product&','67.142.161.19'),(4672,'2010-07-14 21:02:49',1,'product.php','cPath=8&product_type=1&pID=27&action=new_product&','67.142.161.19'),(4673,'2010-07-14 21:02:55',1,'product.php','cPath=8&product_type=1&pID=27&action=new_product_preview&','67.142.161.19'),(4674,'2010-07-14 21:03:01',1,'product.php','cPath=8&product_type=1&pID=27&action=update_product&','67.142.161.19'),(4675,'2010-07-14 21:03:01',1,'categories.php','cPath=8&pID=27&','67.142.161.19'),(4676,'2010-07-14 21:03:09',1,'categories.php','cID=8&','67.142.161.19'),(4677,'2010-07-14 21:03:15',1,'categories.php','cPath=&cID=5&action=edit_category&search=&','67.142.161.19'),(4678,'2010-07-14 21:03:30',1,'categories.php','action=update_category&cPath=&','67.142.161.19'),(4679,'2010-07-14 21:03:30',1,'categories.php','cPath=&cID=5&','67.142.161.19'),(4680,'2010-07-14 21:03:37',1,'categories.php','cPath=5&','67.142.161.19'),(4681,'2010-07-14 21:03:43',1,'categories.php','cPath=5_9&','67.142.161.19'),(4682,'2010-07-14 21:03:48',1,'product.php','cPath=5_9&product_type=1&pID=30&action=new_product&','67.142.161.19'),(4683,'2010-07-14 21:03:55',1,'product.php','cPath=5_9&product_type=1&pID=30&action=new_product_preview&','67.142.161.19'),(4684,'2010-07-14 21:04:00',1,'product.php','cPath=5_9&product_type=1&pID=30&action=update_product&','67.142.161.19'),(4685,'2010-07-14 21:04:00',1,'categories.php','cPath=5_9&pID=30&','67.142.161.19'),(4686,'2010-07-14 21:04:04',1,'product.php','cPath=5_9&product_type=1&pID=31&action=new_product&','67.142.161.19'),(4687,'2010-07-14 21:04:09',1,'product.php','cPath=5_9&product_type=1&pID=31&action=new_product_preview&','67.142.161.19'),(4688,'2010-07-14 21:04:13',1,'product.php','cPath=5_9&product_type=1&pID=31&action=update_product&','67.142.161.19'),(4689,'2010-07-14 21:04:13',1,'categories.php','cPath=5_9&pID=31&','67.142.161.19'),(4690,'2010-07-14 21:04:17',1,'product.php','page=1&product_type=1&cPath=5_9&pID=33&action=new_product&','67.142.161.19'),(4691,'2010-07-14 21:04:17',1,'product.php','cPath=5_9&product_type=1&pID=33&action=new_product&','67.142.161.19'),(4692,'2010-07-14 21:04:21',1,'product.php','cPath=5_9&product_type=1&pID=33&action=new_product_preview&','67.142.161.19'),(4693,'2010-07-14 21:04:26',1,'product.php','cPath=5_9&product_type=1&pID=33&action=update_product&','67.142.161.19'),(4694,'2010-07-14 21:04:26',1,'categories.php','cPath=5_9&pID=33&','67.142.161.19'),(4695,'2010-07-14 21:04:30',1,'product.php','cPath=5_9&product_type=1&pID=34&action=new_product&','67.142.161.19'),(4696,'2010-07-14 21:04:33',1,'product.php','cPath=5_9&product_type=1&pID=34&action=new_product_preview&','67.142.161.19'),(4697,'2010-07-14 21:04:39',1,'product.php','cPath=5_9&product_type=1&pID=34&action=update_product&','67.142.161.19'),(4698,'2010-07-14 21:04:39',1,'categories.php','cPath=5_9&pID=34&','67.142.161.19'),(4699,'2010-07-14 21:04:43',1,'product.php','cPath=5_9&product_type=1&pID=32&action=new_product&','67.142.161.19'),(4700,'2010-07-14 21:04:46',1,'product.php','cPath=5_9&product_type=1&pID=32&action=new_product_preview&','67.142.161.19'),(4701,'2010-07-14 21:04:50',1,'product.php','cPath=5_9&product_type=1&pID=32&action=update_product&','67.142.161.19'),(4702,'2010-07-14 21:04:50',1,'categories.php','cPath=5_9&pID=32&','67.142.161.19'),(4703,'2010-07-14 21:04:58',1,'categories.php','securityToken=d759a41c2031fa2f4fb510268e7020ae&cPath=1&','67.142.161.19'),(4704,'2010-07-14 21:05:02',1,'product.php','cPath=1&product_type=1&pID=1&action=new_product&','67.142.161.19'),(4705,'2010-07-14 21:05:07',1,'product.php','cPath=1&product_type=1&pID=1&action=new_product_preview&','67.142.161.19'),(4706,'2010-07-14 21:05:13',1,'product.php','cPath=1&product_type=1&pID=1&action=update_product&','67.142.161.19'),(4707,'2010-07-14 21:05:13',1,'categories.php','cPath=1&pID=1&','67.142.161.19'),(4708,'2010-07-14 21:05:18',1,'product.php','cPath=1&product_type=1&pID=10&action=new_product&','67.142.161.19'),(4709,'2010-07-14 21:05:23',1,'product.php','cPath=1&product_type=1&pID=10&action=new_product_preview&','67.142.161.19'),(4710,'2010-07-14 21:05:27',1,'product.php','cPath=1&product_type=1&pID=10&action=update_product&','67.142.161.19'),(4711,'2010-07-14 21:05:27',1,'categories.php','cPath=1&pID=10&','67.142.161.19'),(4712,'2010-07-14 21:05:31',1,'product.php','page=1&product_type=1&cPath=1&pID=11&action=new_product&','67.142.161.19'),(4713,'2010-07-14 21:05:31',1,'product.php','cPath=1&product_type=1&pID=11&action=new_product&','67.142.161.19'),(4714,'2010-07-14 21:05:36',1,'product.php','cPath=1&product_type=1&pID=11&action=new_product_preview&','67.142.161.19'),(4715,'2010-07-14 21:05:40',1,'product.php','cPath=1&product_type=1&pID=11&action=update_product&','67.142.161.19'),(4716,'2010-07-14 21:05:40',1,'categories.php','cPath=1&pID=11&','67.142.161.19'),(4717,'2010-07-14 21:05:44',1,'product.php','page=1&product_type=1&cPath=1&pID=13&action=new_product&','67.142.161.19'),(4718,'2010-07-14 21:05:44',1,'product.php','cPath=1&product_type=1&pID=13&action=new_product&','67.142.161.19'),(4719,'2010-07-14 21:05:48',1,'product.php','cPath=1&product_type=1&pID=13&action=new_product_preview&','67.142.161.19'),(4720,'2010-07-14 21:05:52',1,'product.php','cPath=1&product_type=1&pID=13&action=update_product&','67.142.161.19'),(4721,'2010-07-14 21:05:52',1,'categories.php','cPath=1&pID=13&','67.142.161.19'),(4722,'2010-07-14 21:05:56',1,'product.php','cPath=1&product_type=1&pID=14&action=new_product&','67.142.161.19'),(4723,'2010-07-14 21:06:01',1,'product.php','cPath=1&product_type=1&pID=14&action=new_product_preview&','67.142.161.19'),(4724,'2010-07-14 21:06:05',1,'product.php','cPath=1&product_type=1&pID=14&action=update_product&','67.142.161.19'),(4725,'2010-07-14 21:06:06',1,'categories.php','cPath=1&pID=14&','67.142.161.19'),(4726,'2010-07-14 21:06:10',1,'product.php','page=1&product_type=1&cPath=1&pID=12&action=new_product&','67.142.161.19'),(4727,'2010-07-14 21:06:10',1,'product.php','cPath=1&product_type=1&pID=12&action=new_product&','67.142.161.19'),(4728,'2010-07-14 21:06:14',1,'product.php','cPath=1&product_type=1&pID=12&action=new_product_preview&','67.142.161.19'),(4729,'2010-07-14 21:06:19',1,'product.php','cPath=1&product_type=1&pID=12&action=update_product&','67.142.161.19'),(4730,'2010-07-14 21:06:20',1,'categories.php','cPath=1&pID=12&','67.142.161.19'),(4731,'2010-07-14 21:06:24',1,'product.php','cPath=1&product_type=1&pID=2&action=new_product&','67.142.161.19'),(4732,'2010-07-14 21:06:28',1,'product.php','cPath=1&product_type=1&pID=2&action=new_product_preview&','67.142.161.19'),(4733,'2010-07-14 21:06:34',1,'product.php','cPath=1&product_type=1&pID=2&action=update_product&','67.142.161.19'),(4734,'2010-07-14 21:06:34',1,'categories.php','cPath=1&pID=2&','67.142.161.19'),(4735,'2010-07-14 21:06:38',1,'product.php','cPath=1&product_type=1&pID=5&action=new_product&','67.142.161.19'),(4736,'2010-07-14 21:06:49',1,'product.php','cPath=1&product_type=1&pID=5&action=new_product_preview&','67.142.161.19'),(4737,'2010-07-14 21:06:51',1,'product.php','cPath=1&product_type=1&pID=5&action=new_product_preview&','67.142.161.19'),(4738,'2010-07-14 21:06:56',1,'product.php','cPath=1&product_type=1&pID=5&action=update_product&','67.142.161.19'),(4739,'2010-07-14 21:06:56',1,'categories.php','cPath=1&pID=5&','67.142.161.19'),(4740,'2010-07-14 21:07:01',1,'product.php','cPath=1&product_type=1&pID=3&action=new_product&','67.142.161.19'),(4741,'2010-07-14 21:07:05',1,'product.php','cPath=1&product_type=1&pID=3&action=new_product_preview&','67.142.161.19'),(4742,'2010-07-14 21:07:14',1,'product.php','cPath=1&product_type=1&pID=3&action=update_product&','67.142.161.19'),(4743,'2010-07-14 21:07:14',1,'categories.php','cPath=1&pID=3&','67.142.161.19'),(4744,'2010-07-14 21:07:19',1,'product.php','cPath=1&product_type=1&pID=4&action=new_product&','67.142.161.19'),(4745,'2010-07-14 21:07:19',1,'product.php','page=1&product_type=1&cPath=1&pID=4&action=new_product&','67.142.161.19'),(4746,'2010-07-14 21:07:23',1,'product.php','cPath=1&product_type=1&pID=4&action=new_product_preview&','67.142.161.19'),(4747,'2010-07-14 21:07:28',1,'product.php','cPath=1&product_type=1&pID=4&action=update_product&','67.142.161.19'),(4748,'2010-07-14 21:07:28',1,'categories.php','cPath=1&pID=4&','67.142.161.19'),(4749,'2010-07-14 21:07:38',1,'categories.php','securityToken=d759a41c2031fa2f4fb510268e7020ae&cPath=6&','67.142.161.19'),(4750,'2010-07-14 21:07:42',1,'product.php','cPath=6&product_type=1&pID=20&action=new_product&','67.142.161.19'),(4751,'2010-07-14 21:07:47',1,'product.php','cPath=6&product_type=1&pID=20&action=new_product_preview&','67.142.161.19'),(4752,'2010-07-14 21:07:52',1,'product.php','cPath=6&product_type=1&pID=20&action=update_product&','67.142.161.19'),(4753,'2010-07-14 21:07:52',1,'categories.php','cPath=6&pID=20&','67.142.161.19'),(4754,'2010-07-14 21:07:57',1,'product.php','cPath=6&product_type=1&pID=21&action=new_product&','67.142.161.19'),(4755,'2010-07-14 21:08:01',1,'product.php','cPath=6&product_type=1&pID=21&action=new_product_preview&','67.142.161.19'),(4756,'2010-07-14 21:08:07',1,'product.php','cPath=6&product_type=1&pID=21&action=update_product&','67.142.161.19'),(4757,'2010-07-14 21:08:07',1,'categories.php','cPath=6&pID=21&','67.142.161.19'),(4758,'2010-07-14 21:08:11',1,'product.php','cPath=6&product_type=1&pID=23&action=new_product&','67.142.161.19'),(4759,'2010-07-14 21:08:14',1,'product.php','cPath=6&product_type=1&pID=23&action=new_product_preview&','67.142.161.19'),(4760,'2010-07-14 21:08:18',1,'product.php','cPath=6&product_type=1&pID=23&action=update_product&','67.142.161.19'),(4761,'2010-07-14 21:08:18',1,'categories.php','cPath=6&pID=23&','67.142.161.19'),(4762,'2010-07-14 21:08:22',1,'product.php','cPath=6&product_type=1&pID=24&action=new_product&','67.142.161.19'),(4763,'2010-07-14 21:08:26',1,'product.php','cPath=6&product_type=1&pID=24&action=new_product_preview&','67.142.161.19'),(4764,'2010-07-14 21:08:30',1,'product.php','cPath=6&product_type=1&pID=24&action=update_product&','67.142.161.19'),(4765,'2010-07-14 21:08:30',1,'categories.php','cPath=6&pID=24&','67.142.161.19'),(4766,'2010-07-14 21:08:34',1,'product.php','cPath=6&product_type=1&pID=22&action=new_product&','67.142.161.19'),(4767,'2010-07-14 21:08:40',1,'product.php','cPath=6&product_type=1&pID=22&action=new_product_preview&','67.142.161.19'),(4768,'2010-07-14 21:08:44',1,'product.php','cPath=6&product_type=1&pID=22&action=update_product&','67.142.161.19'),(4769,'2010-07-14 21:08:44',1,'categories.php','cPath=6&pID=22&','67.142.161.19'),(4770,'2010-07-14 21:08:52',1,'categories.php','securityToken=d759a41c2031fa2f4fb510268e7020ae&cPath=10&','67.142.161.19'),(4771,'2010-07-14 21:08:53',1,'product.php','cPath=6&product_type=1&pID=20&action=new_product&','67.142.161.19'),(4772,'2010-07-14 21:09:00',1,'product.php','cPath=6&product_type=1&pID=20&action=new_product_preview&','67.142.161.19'),(4773,'2010-07-14 21:09:03',1,'product.php','cPath=6&product_type=1&pID=20&action=update_product&','67.142.161.19'),(4774,'2010-07-14 21:09:04',1,'categories.php','cPath=6&pID=20&','67.142.161.19'),(4775,'2010-07-14 21:09:11',1,'categories.php','securityToken=d759a41c2031fa2f4fb510268e7020ae&cPath=10&','67.142.161.19'),(4776,'2010-07-14 21:09:16',1,'product.php','cPath=10&product_type=1&pID=15&action=new_product&','67.142.161.19'),(4777,'2010-07-14 21:09:20',1,'product.php','cPath=10&product_type=1&pID=15&action=new_product_preview&','67.142.161.19'),(4778,'2010-07-14 21:09:24',1,'product.php','cPath=10&product_type=1&pID=15&action=update_product&','67.142.161.19'),(4779,'2010-07-14 21:09:24',1,'categories.php','cPath=10&pID=15&','67.142.161.19'),(4780,'2010-07-14 21:09:28',1,'product.php','page=1&product_type=1&cPath=10&pID=16&action=new_product&','67.142.161.19'),(4781,'2010-07-14 21:09:28',1,'product.php','cPath=10&product_type=1&pID=16&action=new_product&','67.142.161.19'),(4782,'2010-07-14 21:09:33',1,'product.php','cPath=10&product_type=1&pID=16&action=new_product_preview&','67.142.161.19'),(4783,'2010-07-14 21:09:37',1,'product.php','cPath=10&product_type=1&pID=16&action=update_product&','67.142.161.19'),(4784,'2010-07-14 21:09:37',1,'categories.php','cPath=10&pID=16&','67.142.161.19'),(4785,'2010-07-14 21:09:41',1,'product.php','page=1&product_type=1&cPath=10&pID=18&action=new_product&','67.142.161.19'),(4786,'2010-07-14 21:09:41',1,'product.php','cPath=10&product_type=1&pID=18&action=new_product&','67.142.161.19'),(4787,'2010-07-14 21:09:45',1,'product.php','cPath=10&product_type=1&pID=18&action=new_product_preview&','67.142.161.19'),(4788,'2010-07-14 21:09:50',1,'product.php','cPath=10&product_type=1&pID=18&action=update_product&','67.142.161.19'),(4789,'2010-07-14 21:09:50',1,'categories.php','cPath=10&pID=18&','67.142.161.19'),(4790,'2010-07-14 21:09:54',1,'product.php','cPath=10&product_type=1&pID=19&action=new_product&','67.142.161.19'),(4791,'2010-07-14 21:09:57',1,'product.php','cPath=10&product_type=1&pID=19&action=new_product_preview&','67.142.161.19'),(4792,'2010-07-14 21:10:01',1,'product.php','cPath=10&product_type=1&pID=19&action=update_product&','67.142.161.19'),(4793,'2010-07-14 21:10:01',1,'categories.php','cPath=10&pID=19&','67.142.161.19'),(4794,'2010-07-14 21:10:05',1,'product.php','cPath=10&product_type=1&pID=17&action=new_product&','67.142.161.19'),(4795,'2010-07-14 21:10:10',1,'product.php','cPath=10&product_type=1&pID=17&action=new_product_preview&','67.142.161.19'),(4796,'2010-07-14 21:10:15',1,'product.php','cPath=10&product_type=1&pID=17&action=update_product&','67.142.161.19'),(4797,'2010-07-14 21:10:15',1,'categories.php','cPath=10&pID=17&','67.142.161.19'),(4798,'2010-07-14 21:10:23',1,'categories.php','securityToken=d759a41c2031fa2f4fb510268e7020ae&cPath=7&','67.142.161.19'),(4799,'2010-07-14 21:10:26',1,'product.php','cPath=7&product_type=1&pID=6&action=new_product&','67.142.161.19'),(4800,'2010-07-14 21:10:30',1,'product.php','cPath=7&product_type=1&pID=6&action=new_product_preview&','67.142.161.19'),(4801,'2010-07-14 21:10:35',1,'product.php','cPath=7&product_type=1&pID=6&action=update_product&','67.142.161.19'),(4802,'2010-07-14 21:10:35',1,'categories.php','cPath=7&pID=6&','67.142.161.19'),(4803,'2010-07-14 21:10:39',1,'product.php','cPath=7&product_type=1&pID=9&action=new_product&','67.142.161.19'),(4804,'2010-07-14 21:10:44',1,'product.php','cPath=7&product_type=1&pID=9&action=new_product_preview&','67.142.161.19'),(4805,'2010-07-14 21:10:47',1,'product.php','cPath=7&product_type=1&pID=9&action=update_product&','67.142.161.19'),(4806,'2010-07-14 21:10:47',1,'categories.php','cPath=7&pID=9&','67.142.161.19'),(4807,'2010-07-14 21:10:54',1,'product.php','cPath=7&product_type=1&pID=7&action=new_product&','67.142.161.19'),(4808,'2010-07-14 21:10:58',1,'product.php','cPath=7&product_type=1&pID=7&action=new_product_preview&','67.142.161.19'),(4809,'2010-07-14 21:11:02',1,'product.php','cPath=7&product_type=1&pID=7&action=update_product&','67.142.161.19'),(4810,'2010-07-14 21:11:02',1,'categories.php','cPath=7&pID=7&','67.142.161.19'),(4811,'2010-07-14 21:11:05',1,'product.php','page=1&product_type=1&cPath=7&pID=8&action=new_product&','67.142.161.19'),(4812,'2010-07-14 21:11:05',1,'product.php','cPath=7&product_type=1&pID=8&action=new_product&','67.142.161.19'),(4813,'2010-07-14 21:11:10',1,'product.php','cPath=7&product_type=1&pID=8&action=new_product_preview&','67.142.161.19'),(4814,'2010-07-14 21:11:14',1,'product.php','cPath=7&product_type=1&pID=8&action=update_product&','67.142.161.19'),(4815,'2010-07-14 21:11:14',1,'categories.php','cPath=7&pID=8&','67.142.161.19'),(4816,'2010-07-14 21:11:21',1,'categories.php','securityToken=d759a41c2031fa2f4fb510268e7020ae&cPath=16&','67.142.161.19'),(4817,'2010-07-14 21:11:24',1,'product.php','page=1&product_type=1&cPath=16&pID=43&action=new_product&','67.142.161.19'),(4818,'2010-07-14 21:11:30',1,'product.php','cPath=16&product_type=1&pID=43&action=new_product_preview&page=1&','67.142.161.19'),(4819,'2010-07-14 21:11:34',1,'product.php','cPath=16&product_type=1&pID=43&action=update_product&page=1&','67.142.161.19'),(4820,'2010-07-14 21:11:35',1,'categories.php','cPath=16&pID=43&page=1&','67.142.161.19'),(4821,'2010-07-14 21:11:47',1,'categories.php','securityToken=d759a41c2031fa2f4fb510268e7020ae&cPath=3&','67.142.161.19'),(4822,'2010-07-14 21:11:52',1,'product.php','page=1&product_type=1&cPath=3&pID=36&action=new_product&','67.142.161.19'),(4823,'2010-07-14 21:11:52',1,'product.php','cPath=3&product_type=1&pID=36&action=new_product&','67.142.161.19'),(4824,'2010-07-14 21:11:56',1,'product.php','cPath=3&product_type=1&pID=36&action=new_product_preview&','67.142.161.19'),(4825,'2010-07-14 21:12:00',1,'product.php','cPath=3&product_type=1&pID=36&action=update_product&','67.142.161.19'),(4826,'2010-07-14 21:12:00',1,'categories.php','cPath=3&pID=36&','67.142.161.19'),(4827,'2010-07-14 21:12:04',1,'product.php','cPath=3&product_type=1&pID=45&action=new_product&','67.142.161.19'),(4828,'2010-07-14 21:12:09',1,'product.php','cPath=3&product_type=1&pID=45&action=new_product_preview&','67.142.161.19'),(4829,'2010-07-14 21:12:13',1,'product.php','cPath=3&product_type=1&pID=45&action=update_product&','67.142.161.19'),(4830,'2010-07-14 21:12:13',1,'categories.php','cPath=3&pID=45&','67.142.161.19'),(4831,'2010-07-14 21:12:18',1,'product.php','cPath=3&product_type=1&pID=37&action=new_product&','67.142.161.19'),(4832,'2010-07-14 21:12:18',1,'product.php','page=1&product_type=1&cPath=3&pID=37&action=new_product&','67.142.161.19'),(4833,'2010-07-14 21:12:23',1,'product.php','cPath=3&product_type=1&pID=37&action=new_product_preview&','67.142.161.19'),(4834,'2010-07-14 21:12:28',1,'product.php','cPath=3&product_type=1&pID=37&action=update_product&','67.142.161.19'),(4835,'2010-07-14 21:12:28',1,'categories.php','cPath=3&pID=37&','67.142.161.19'),(4836,'2010-07-14 21:12:32',1,'product.php','cPath=3&product_type=1&pID=35&action=new_product&','67.142.161.19'),(4837,'2010-07-14 21:12:36',1,'product.php','cPath=3&product_type=1&pID=35&action=new_product_preview&','67.142.161.19'),(4838,'2010-07-14 21:12:44',1,'product.php','cPath=3&product_type=1&pID=35&action=update_product&','67.142.161.19'),(4839,'2010-07-14 21:12:44',1,'categories.php','cPath=3&pID=35&','67.142.161.19'),(4840,'2010-07-14 21:12:48',1,'product.php','page=1&product_type=1&cPath=3&pID=45&action=new_product&','67.142.161.19'),(4841,'2010-07-14 21:12:50',1,'product.php','cPath=3&product_type=1&pID=45&action=new_product&','67.142.161.19'),(4842,'2010-07-14 21:12:54',1,'product.php','cPath=3&product_type=1&pID=45&action=new_product_preview&','67.142.161.19'),(4843,'2010-07-14 21:13:09',1,'product.php','cPath=3&product_type=1&pID=45&action=update_product&','67.142.161.19'),(4844,'2010-07-14 21:13:09',1,'categories.php','cPath=3&pID=45&','67.142.161.19'),(4845,'2010-07-14 21:13:16',1,'categories.php','securityToken=d759a41c2031fa2f4fb510268e7020ae&cPath=12&','67.142.161.19'),(4846,'2010-07-14 21:13:20',1,'product.php','cPath=12&product_type=1&pID=48&action=new_product&','67.142.161.19'),(4847,'2010-07-14 21:13:20',1,'product.php','page=1&product_type=1&cPath=12&pID=48&action=new_product&','67.142.161.19'),(4848,'2010-07-14 21:13:24',1,'product.php','cPath=12&product_type=1&pID=48&action=new_product_preview&','67.142.161.19'),(4849,'2010-07-14 21:13:29',1,'product.php','cPath=12&product_type=1&pID=48&action=update_product&','67.142.161.19'),(4850,'2010-07-14 21:13:29',1,'categories.php','cPath=12&pID=48&','67.142.161.19'),(4851,'2010-07-14 21:13:34',1,'product.php','cPath=12&product_type=1&pID=49&action=new_product&','67.142.161.19'),(4852,'2010-07-14 21:13:38',1,'product.php','cPath=12&product_type=1&pID=49&action=new_product_preview&','67.142.161.19'),(4853,'2010-07-14 21:13:47',1,'product.php','cPath=12&product_type=1&pID=49&action=update_product&','67.142.161.19'),(4854,'2010-07-14 21:13:47',1,'categories.php','cPath=12&pID=49&','67.142.161.19'),(4855,'2010-07-14 21:13:51',1,'product.php','cPath=12&product_type=1&pID=46&action=new_product&','67.142.161.19'),(4856,'2010-07-14 21:13:56',1,'product.php','cPath=12&product_type=1&pID=46&action=new_product_preview&','67.142.161.19'),(4857,'2010-07-14 21:14:01',1,'product.php','cPath=12&product_type=1&pID=46&action=update_product&','67.142.161.19'),(4858,'2010-07-14 21:14:01',1,'categories.php','cPath=12&pID=46&','67.142.161.19'),(4859,'2010-07-14 21:14:04',1,'product.php','cPath=12&product_type=1&pID=47&action=new_product&','67.142.161.19'),(4860,'2010-07-14 21:14:08',1,'product.php','cPath=12&product_type=1&pID=47&action=new_product_preview&','67.142.161.19'),(4861,'2010-07-14 21:14:12',1,'product.php','cPath=12&product_type=1&pID=47&action=update_product&','67.142.161.19'),(4862,'2010-07-14 21:14:12',1,'categories.php','cPath=12&pID=47&','67.142.161.19'),(4863,'2010-07-14 21:14:20',1,'categories.php','securityToken=d759a41c2031fa2f4fb510268e7020ae&cPath=2&','67.142.161.19'),(4864,'2010-07-14 21:14:23',1,'product.php','cPath=2&product_type=1&pID=40&action=new_product&','67.142.161.19'),(4865,'2010-07-14 21:14:28',1,'product.php','cPath=2&product_type=1&pID=40&action=new_product_preview&','67.142.161.19'),(4866,'2010-07-14 21:14:32',1,'product.php','cPath=2&product_type=1&pID=40&action=update_product&','67.142.161.19'),(4867,'2010-07-14 21:14:32',1,'categories.php','cPath=2&pID=40&','67.142.161.19'),(4868,'2010-07-14 21:14:37',1,'product.php','cPath=2&product_type=1&pID=71&action=new_product&','67.142.161.19'),(4869,'2010-07-14 21:14:42',1,'product.php','cPath=2&product_type=1&pID=71&action=new_product_preview&','67.142.161.19'),(4870,'2010-07-14 21:14:46',1,'product.php','cPath=2&product_type=1&pID=71&action=update_product&','67.142.161.19'),(4871,'2010-07-14 21:14:47',1,'categories.php','cPath=2&pID=71&','67.142.161.19'),(4872,'2010-07-14 21:14:50',1,'product.php','page=1&product_type=1&cPath=2&pID=38&action=new_product&','67.142.161.19'),(4873,'2010-07-14 21:14:50',1,'product.php','cPath=2&product_type=1&pID=38&action=new_product&','67.142.161.19'),(4874,'2010-07-14 21:14:54',1,'product.php','cPath=2&product_type=1&pID=38&action=new_product_preview&','67.142.161.19'),(4875,'2010-07-14 21:14:58',1,'product.php','cPath=2&product_type=1&pID=38&action=update_product&','67.142.161.19'),(4876,'2010-07-14 21:14:58',1,'categories.php','cPath=2&pID=38&','67.142.161.19'),(4877,'2010-07-14 21:15:02',1,'product.php','cPath=2&product_type=1&pID=39&action=new_product&','67.142.161.19'),(4878,'2010-07-14 21:15:06',1,'product.php','cPath=2&product_type=1&pID=39&action=new_product_preview&','67.142.161.19'),(4879,'2010-07-14 21:15:10',1,'product.php','cPath=2&product_type=1&pID=39&action=update_product&','67.142.161.19'),(4880,'2010-07-14 21:15:11',1,'categories.php','cPath=2&pID=39&','67.142.161.19'),(4881,'2010-07-14 21:15:18',1,'categories.php','securityToken=d759a41c2031fa2f4fb510268e7020ae&cPath=14&','67.142.161.19'),(4882,'2010-07-14 21:15:22',1,'product.php','cPath=14&product_type=1&pID=57&action=new_product&','67.142.161.19'),(4883,'2010-07-14 21:15:31',1,'product.php','cPath=14&product_type=1&pID=57&action=new_product_preview&','67.142.161.19'),(4884,'2010-07-14 21:15:37',1,'product.php','cPath=14&product_type=1&pID=57&action=update_product&','67.142.161.19'),(4885,'2010-07-14 21:15:37',1,'categories.php','cPath=14&pID=57&','67.142.161.19'),(4886,'2010-07-14 21:15:43',1,'product.php','page=1&product_type=1&cPath=14&pID=58&action=new_product&','67.142.161.19'),(4887,'2010-07-14 21:15:47',1,'product.php','cPath=14&product_type=1&pID=58&action=new_product&','67.142.161.19'),(4888,'2010-07-14 21:15:52',1,'product.php','cPath=14&product_type=1&pID=58&action=new_product_preview&','67.142.161.19'),(4889,'2010-07-14 21:15:57',1,'product.php','cPath=14&product_type=1&pID=58&action=update_product&','67.142.161.19'),(4890,'2010-07-14 21:15:57',1,'categories.php','cPath=14&pID=58&','67.142.161.19'),(4891,'2010-07-14 21:16:01',1,'product.php','cPath=14&product_type=1&pID=59&action=new_product&','67.142.161.19'),(4892,'2010-07-14 21:16:07',1,'product.php','cPath=14&product_type=1&pID=59&action=new_product_preview&','67.142.161.19'),(4893,'2010-07-14 21:16:11',1,'product.php','cPath=14&product_type=1&pID=59&action=update_product&','67.142.161.19'),(4894,'2010-07-14 21:16:11',1,'categories.php','cPath=14&pID=59&','67.142.161.19'),(4895,'2010-07-14 21:16:15',1,'product.php','page=1&product_type=1&cPath=14&pID=60&action=new_product&','67.142.161.19'),(4896,'2010-07-14 21:16:15',1,'product.php','cPath=14&product_type=1&pID=60&action=new_product&','67.142.161.19'),(4897,'2010-07-14 21:16:20',1,'product.php','cPath=14&product_type=1&pID=60&action=new_product_preview&','67.142.161.19'),(4898,'2010-07-14 21:16:24',1,'product.php','cPath=14&product_type=1&pID=60&action=update_product&','67.142.161.19'),(4899,'2010-07-14 21:16:24',1,'categories.php','cPath=14&pID=60&','67.142.161.19'),(4900,'2010-07-14 21:16:29',1,'product.php','cPath=14&product_type=1&pID=52&action=new_product&','67.142.161.19'),(4901,'2010-07-14 21:16:34',1,'product.php','cPath=14&product_type=1&pID=52&action=new_product_preview&','67.142.161.19'),(4902,'2010-07-14 21:16:38',1,'product.php','cPath=14&product_type=1&pID=52&action=update_product&','67.142.161.19'),(4903,'2010-07-14 21:16:39',1,'categories.php','cPath=14&pID=52&','67.142.161.19'),(4904,'2010-07-14 21:16:44',1,'product.php','cPath=14&product_type=1&pID=54&action=new_product&','67.142.161.19'),(4905,'2010-07-14 21:16:49',1,'product.php','cPath=14&product_type=1&pID=54&action=new_product_preview&','67.142.161.19'),(4906,'2010-07-14 21:16:53',1,'product.php','cPath=14&product_type=1&pID=54&action=update_product&','67.142.161.19'),(4907,'2010-07-14 21:16:53',1,'categories.php','cPath=14&pID=54&','67.142.161.19'),(4908,'2010-07-14 21:16:57',1,'product.php','cPath=14&product_type=1&pID=53&action=new_product&','67.142.161.19'),(4909,'2010-07-14 21:17:04',1,'product.php','cPath=14&product_type=1&pID=53&action=new_product_preview&','67.142.161.19'),(4910,'2010-07-14 21:17:09',1,'product.php','cPath=14&product_type=1&pID=53&action=update_product&','67.142.161.19'),(4911,'2010-07-14 21:17:10',1,'categories.php','cPath=14&pID=53&','67.142.161.19'),(4912,'2010-07-14 21:17:14',1,'product.php','cPath=14&product_type=1&pID=55&action=new_product&','67.142.161.19'),(4913,'2010-07-14 21:17:18',1,'product.php','cPath=14&product_type=1&pID=55&action=new_product_preview&','67.142.161.19'),(4914,'2010-07-14 21:17:24',1,'product.php','cPath=14&product_type=1&pID=55&action=update_product&','67.142.161.19'),(4915,'2010-07-14 21:17:24',1,'categories.php','cPath=14&pID=55&','67.142.161.19'),(4916,'2010-07-14 21:17:28',1,'product.php','cPath=14&product_type=1&pID=56&action=new_product&','67.142.161.19'),(4917,'2010-07-14 21:17:32',1,'product.php','cPath=14&product_type=1&pID=56&action=new_product_preview&','67.142.161.19'),(4918,'2010-07-14 21:17:38',1,'product.php','cPath=14&product_type=1&pID=56&action=update_product&','67.142.161.19'),(4919,'2010-07-14 21:17:38',1,'categories.php','cPath=14&pID=56&','67.142.161.19'),(4920,'2010-07-14 21:17:45',1,'categories.php','securityToken=d759a41c2031fa2f4fb510268e7020ae&cPath=11&','67.142.161.19'),(4921,'2010-07-14 21:17:49',1,'product.php','cPath=11&product_type=1&pID=41&action=new_product&','67.142.161.19'),(4922,'2010-07-14 21:17:53',1,'product.php','cPath=11&product_type=1&pID=41&action=new_product_preview&','67.142.161.19'),(4923,'2010-07-14 21:17:58',1,'product.php','cPath=11&product_type=1&pID=41&action=update_product&','67.142.161.19'),(4924,'2010-07-14 21:17:58',1,'categories.php','cPath=11&pID=41&','67.142.161.19'),(4925,'2010-07-14 21:18:02',1,'product.php','cPath=11&product_type=1&pID=44&action=new_product&','67.142.161.19'),(4926,'2010-07-14 21:18:06',1,'product.php','cPath=11&product_type=1&pID=44&action=new_product_preview&','67.142.161.19'),(4927,'2010-07-14 21:18:10',1,'product.php','cPath=11&product_type=1&pID=44&action=update_product&','67.142.161.19'),(4928,'2010-07-14 21:18:10',1,'categories.php','cPath=11&pID=44&','67.142.161.19'),(4929,'2010-07-14 21:18:18',1,'categories.php','securityToken=d759a41c2031fa2f4fb510268e7020ae&cPath=15&','67.142.161.19'),(4930,'2010-07-14 21:18:21',1,'product.php','cPath=15&product_type=1&pID=69&action=new_product&','67.142.161.19'),(4931,'2010-07-14 21:18:26',1,'product.php','cPath=15&product_type=1&pID=69&action=new_product_preview&','67.142.161.19'),(4932,'2010-07-14 21:18:30',1,'product.php','cPath=15&product_type=1&pID=69&action=update_product&','67.142.161.19'),(4933,'2010-07-14 21:18:30',1,'categories.php','cPath=15&pID=69&','67.142.161.19'),(4934,'2010-07-14 21:18:36',1,'product.php','cPath=15&product_type=1&pID=68&action=new_product&','67.142.161.19'),(4935,'2010-07-14 21:18:40',1,'product.php','cPath=15&product_type=1&pID=68&action=new_product_preview&','67.142.161.19'),(4936,'2010-07-14 21:18:51',1,'product.php','cPath=15&product_type=1&pID=68&action=update_product&','67.142.161.19'),(4937,'2010-07-14 21:18:51',1,'categories.php','cPath=15&pID=68&','67.142.161.19'),(4938,'2010-07-14 21:18:56',1,'product.php','cPath=15&product_type=1&pID=65&action=new_product&','67.142.161.19'),(4939,'2010-07-14 21:19:01',1,'product.php','cPath=15&product_type=1&pID=65&action=new_product_preview&','67.142.161.19'),(4940,'2010-07-14 21:19:06',1,'product.php','cPath=15&product_type=1&pID=65&action=update_product&','67.142.161.19'),(4941,'2010-07-14 21:19:07',1,'categories.php','cPath=15&pID=65&','67.142.161.19'),(4942,'2010-07-14 21:19:12',1,'product.php','cPath=15&product_type=1&pID=64&action=new_product&','67.142.161.19'),(4943,'2010-07-14 21:19:17',1,'product.php','cPath=15&product_type=1&pID=64&action=new_product_preview&','67.142.161.19'),(4944,'2010-07-14 21:19:20',1,'product.php','cPath=15&product_type=1&pID=64&action=update_product&','67.142.161.19'),(4945,'2010-07-14 21:19:21',1,'categories.php','cPath=15&pID=64&','67.142.161.19'),(4946,'2010-07-14 21:19:25',1,'product.php','cPath=15&product_type=1&pID=67&action=new_product&','67.142.161.19'),(4947,'2010-07-14 21:19:31',1,'product.php','cPath=15&product_type=1&pID=67&action=new_product_preview&','67.142.161.19'),(4948,'2010-07-14 21:19:37',1,'product.php','cPath=15&product_type=1&pID=67&action=update_product&','67.142.161.19'),(4949,'2010-07-14 21:19:37',1,'categories.php','cPath=15&pID=67&','67.142.161.19'),(4950,'2010-07-14 21:19:42',1,'product.php','cPath=15&product_type=1&pID=50&action=new_product&','67.142.161.19'),(4951,'2010-07-14 21:19:48',1,'product.php','cPath=15&product_type=1&pID=50&action=new_product_preview&','67.142.161.19'),(4952,'2010-07-14 21:19:52',1,'product.php','cPath=15&product_type=1&pID=50&action=update_product&','67.142.161.19'),(4953,'2010-07-14 21:19:52',1,'categories.php','cPath=15&pID=50&','67.142.161.19'),(4954,'2010-07-14 21:19:56',1,'product.php','cPath=15&product_type=1&pID=67&action=new_product&','67.142.161.19'),(4955,'2010-07-14 21:20:01',1,'product.php','cPath=15&product_type=1&pID=67&action=new_product_preview&','67.142.161.19'),(4956,'2010-07-14 21:20:09',1,'product.php','cPath=15&product_type=1&pID=67&action=update_product&','67.142.161.19'),(4957,'2010-07-14 21:20:09',1,'categories.php','cPath=15&pID=67&','67.142.161.19'),(4958,'2010-07-14 21:20:13',1,'product.php','cPath=15&product_type=1&pID=66&action=new_product&','67.142.161.19'),(4959,'2010-07-14 21:20:19',1,'product.php','cPath=15&product_type=1&pID=66&action=new_product_preview&','67.142.161.19'),(4960,'2010-07-14 21:20:22',1,'product.php','cPath=15&product_type=1&pID=66&action=update_product&','67.142.161.19'),(4961,'2010-07-14 21:20:22',1,'categories.php','cPath=15&pID=66&','67.142.161.19'),(4962,'2010-07-14 21:20:29',1,'categories.php','securityToken=d759a41c2031fa2f4fb510268e7020ae&cPath=4&','67.142.161.19'),(4963,'2010-07-14 21:20:34',1,'product.php','cPath=4&product_type=1&pID=61&action=new_product&','67.142.161.19'),(4964,'2010-07-14 21:20:39',1,'product.php','cPath=4&product_type=1&pID=61&action=new_product_preview&','67.142.161.19'),(4965,'2010-07-14 21:20:43',1,'product.php','cPath=4&product_type=1&pID=61&action=update_product&','67.142.161.19'),(4966,'2010-07-14 21:20:44',1,'categories.php','cPath=4&pID=61&','67.142.161.19'),(4967,'2010-07-14 21:20:54',1,'categories.php','securityToken=d759a41c2031fa2f4fb510268e7020ae&cPath=13&','67.142.161.19'),(4968,'2010-07-14 21:20:58',1,'product.php','cPath=13&product_type=1&pID=70&action=new_product&','67.142.161.19'),(4969,'2010-07-14 21:21:05',1,'product.php','cPath=13&product_type=1&pID=70&action=new_product_preview&','67.142.161.19'),(4970,'2010-07-14 21:21:12',1,'product.php','cPath=13&product_type=1&pID=70&action=update_product&','67.142.161.19'),(4971,'2010-07-14 21:21:12',1,'categories.php','cPath=13&pID=70&','67.142.161.19'),(4972,'2010-07-14 21:21:16',1,'product.php','cPath=13&product_type=1&pID=62&action=new_product&','67.142.161.19'),(4973,'2010-07-14 21:21:22',1,'product.php','cPath=13&product_type=1&pID=62&action=new_product_preview&','67.142.161.19'),(4974,'2010-07-14 21:21:26',1,'product.php','cPath=13&product_type=1&pID=62&action=update_product&','67.142.161.19'),(4975,'2010-07-14 21:21:26',1,'categories.php','cPath=13&pID=62&','67.142.161.19'),(4976,'2010-07-14 21:21:30',1,'product.php','cPath=13&product_type=1&pID=63&action=new_product&','67.142.161.19'),(4977,'2010-07-14 21:21:38',1,'product.php','cPath=13&product_type=1&pID=63&action=new_product_preview&','67.142.161.19'),(4978,'2010-07-14 21:21:47',1,'product.php','cPath=13&product_type=1&pID=63&action=update_product&','67.142.161.19'),(4979,'2010-07-14 21:21:47',1,'categories.php','cPath=13&pID=63&','67.142.161.19'),(4980,'2010-07-14 21:21:50',1,'product.php','cPath=13&product_type=1&pID=51&action=new_product&','67.142.161.19'),(4981,'2010-07-14 21:21:58',1,'product.php','cPath=13&product_type=1&pID=51&action=new_product_preview&','67.142.161.19'),(4982,'2010-07-14 21:22:02',1,'product.php','cPath=13&product_type=1&pID=51&action=update_product&','67.142.161.19'),(4983,'2010-07-14 21:22:02',1,'categories.php','cPath=13&pID=51&','67.142.161.19'),(4984,'2010-07-14 21:25:09',1,'categories.php','','67.142.161.19'),(4985,'2010-07-14 21:25:25',1,'categories.php','cPath=&action=new_category&','67.142.161.19'),(4986,'2010-07-14 21:25:55',1,'categories.php','','67.142.161.19'),(4987,'2010-07-14 21:26:02',1,'categories.php','cPath=5&','67.142.161.19'),(4988,'2010-07-14 21:26:16',1,'categories.php','cPath=5&cID=8&action=edit_category&search=&','67.142.161.19'),(4989,'2010-07-14 21:26:26',1,'categories.php','set_display_categories_dropdown=1&cID=&cPath=5&','67.142.161.19'),(4990,'2010-07-14 21:26:35',1,'categories.php','cPath=5_9&','67.142.161.19'),(4991,'2010-07-14 21:26:40',1,'product.php','page=1&product_type=1&cPath=5_9&pID=33&action=new_product&','67.142.161.19'),(4992,'2010-07-14 21:26:48',1,'product.php','cPath=5_9&product_type=1&pID=33&action=new_product_preview&page=1&','67.142.161.19'),(4993,'2010-07-14 21:26:53',1,'product.php','cPath=5_9&product_type=1&pID=33&action=update_product&page=1&','67.142.161.19'),(4994,'2010-07-14 21:26:53',1,'categories.php','cPath=5_9&pID=33&page=1&','67.142.161.19'),(4995,'2010-07-14 21:27:01',1,'categories.php','','67.142.161.19'),(4996,'2010-07-14 21:27:09',1,'categories.php','cPath=&cID=5&action=edit_category&search=&','67.142.161.19'),(4997,'2010-07-14 21:28:15',1,'ceon_uri_mapping_config.php','','67.142.161.19'),(4998,'2010-07-14 21:31:15',1,'categories.php','','67.142.161.19'),(4999,'2010-07-14 21:31:23',1,'categories.php','cPath=&cID=16&action=edit_category&search=&','67.142.161.19'),(5000,'2010-07-14 21:31:53',1,'categories.php','action=update_category&cPath=&','67.142.161.19'),(5001,'2010-07-14 21:31:53',1,'categories.php','cPath=&cID=16&','67.142.161.19'),(5002,'2010-07-14 21:32:00',1,'categories.php','cPath=16&','67.142.161.19'),(5003,'2010-07-14 21:32:02',1,'categories.php','cPath=&cID=16&action=edit_category&search=&','67.142.161.19'),(5004,'2010-07-14 21:32:26',1,'categories.php','action=update_category&cPath=&','67.142.161.19'),(5005,'2010-07-14 21:32:27',1,'categories.php','cPath=&cID=16&','67.142.161.19'),(5006,'2010-07-14 21:33:02',1,'categories.php','cPath=3&','67.142.161.19'),(5007,'2010-07-14 21:33:09',1,'categories.php','','67.142.161.19'),(5008,'2010-07-14 21:33:16',1,'categories.php','cPath=&cID=3&action=edit_category&search=&','67.142.161.19'),(5009,'2010-07-14 21:33:34',1,'categories.php','action=update_category&cPath=&','67.142.161.19'),(5010,'2010-07-14 21:33:35',1,'categories.php','cPath=&cID=3&','67.142.161.19'),(5011,'2010-07-14 21:33:42',1,'categories.php','cPath=3&','67.142.161.19'),(5012,'2010-07-14 21:33:42',1,'categories.php','cPath=&cID=3&action=edit_category&search=&','67.142.161.19'),(5013,'2010-07-14 21:33:59',1,'categories.php','action=update_category&cPath=&','67.142.161.19'),(5014,'2010-07-14 21:34:00',1,'categories.php','cPath=&cID=3&','67.142.161.19'),(5015,'2010-07-14 21:36:48',1,'sitemapxml.php','','67.142.161.19'),(5016,'2010-07-14 21:45:46',1,'sitemapxml.php','','67.142.161.19'),(5017,'2010-07-14 21:45:57',1,'alt_nav.php','','67.142.161.19'),(5018,'2010-07-14 21:46:01',1,'configuration.php','gID=32&','67.142.161.19'),(5019,'2010-07-14 21:46:12',1,'configuration.php','gID=32&cID=700&action=edit&','67.142.161.19'),(5020,'2010-07-14 21:47:14',1,'configuration.php','gID=32&cID=702&action=edit&','67.142.161.19'),(5021,'2010-07-14 21:47:24',1,'configuration.php','gID=32&cID=702&action=save&','67.142.161.19'),(5022,'2010-07-14 21:47:24',1,'configuration.php','gID=32&cID=702&','67.142.161.19'),(5023,'2010-07-14 21:47:31',1,'sitemapxml.php','','67.142.161.19'),(5024,'2010-07-16 19:19:13',0,'login.php ','','67.142.161.23'),(5025,'2010-07-16 19:19:14',0,'login.php ','','67.142.161.23'),(5026,'2010-07-16 19:19:36',0,'login.php wayyne1','','67.142.161.23'),(5027,'2010-07-16 19:19:46',0,'login.php wayyne1','','67.142.161.23'),(5028,'2010-07-16 19:19:58',0,'login.php wayne1','','67.142.161.23'),(5029,'2010-07-16 19:19:58',0,'login.php ','','67.142.161.23'),(5030,'2010-07-16 19:20:51',1,'categories.php','','67.142.161.23'),(5031,'2010-07-16 19:20:57',1,'categories.php','cPath=5&','67.142.161.23'),(5032,'2010-07-16 19:21:03',1,'categories.php','cPath=5_8&','67.142.161.23'),(5033,'2010-07-16 19:21:09',1,'product.php','page=1&product_type=1&cPath=5_8&pID=26&action=new_product&','67.142.161.23'),(5034,'2010-07-16 19:21:09',1,'product.php','page=1&product_type=1&cPath=5_8&pID=26&action=new_product_meta_tags&','67.142.161.23'),(5035,'2010-07-16 19:24:30',1,'product.php','cPath=5_8&product_type=1&pID=26&action=new_product_preview_meta_tags&page=1&','67.142.161.23'),(5036,'2010-07-16 19:24:58',1,'product.php','cPath=5_8&product_type=1&pID=26&action=update_product_meta_tags&page=1&','67.142.161.23'),(5037,'2010-07-16 19:24:58',1,'categories.php','cPath=5_8&pID=26&page=1&','67.142.161.23'),(5038,'2010-07-16 19:26:52',1,'product.php','page=1&product_type=1&cPath=5_8&pID=26&action=new_product_meta_tags&','67.142.161.23'),(5039,'2010-07-16 19:27:27',1,'product.php','cPath=5_8&product_type=1&pID=26&action=new_product_preview_meta_tags&page=1&','67.142.161.23'),(5040,'2010-07-16 19:27:36',1,'product.php','cPath=5_8&product_type=1&pID=26&action=update_product_meta_tags&page=1&','67.142.161.23'),(5041,'2010-07-16 19:27:37',1,'categories.php','cPath=5_8&pID=26&page=1&','67.142.161.23'),(5042,'2010-07-16 19:28:56',1,'product.php','page=1&product_type=1&cPath=5_8&pID=26&action=new_product_meta_tags&','67.142.161.23'),(5043,'2010-07-16 19:29:47',1,'product.php','cPath=5_8&product_type=1&pID=26&action=new_product_preview_meta_tags&page=1&','67.142.161.23'),(5044,'2010-07-16 19:29:53',1,'product.php','cPath=5_8&product_type=1&pID=26&action=update_product_meta_tags&page=1&','67.142.161.23'),(5045,'2010-07-16 19:29:53',1,'categories.php','cPath=5_8&pID=26&page=1&','67.142.161.23'),(5046,'2010-07-16 19:32:12',1,'product.php','page=1&product_type=1&cPath=5_8&pID=26&action=new_product_meta_tags&','67.142.161.23'),(5047,'2010-07-16 19:32:31',1,'product.php','cPath=5_8&product_type=1&pID=26&action=new_product_preview_meta_tags&page=1&','67.142.161.23'),(5048,'2010-07-16 19:32:36',1,'product.php','cPath=5_8&product_type=1&pID=26&action=update_product_meta_tags&page=1&','67.142.161.23'),(5049,'2010-07-16 19:32:36',1,'categories.php','cPath=5_8&pID=26&page=1&','67.142.161.23'),(5050,'2010-07-16 19:32:40',1,'product.php','page=1&product_type=1&cPath=5_8&pID=25&action=new_product_meta_tags&','67.142.161.23'),(5051,'2010-07-16 19:35:25',1,'product.php','cPath=5_8&product_type=1&pID=25&action=new_product_preview_meta_tags&page=1&','67.142.161.23'),(5052,'2010-07-16 19:35:28',1,'product.php','cPath=5_8&product_type=1&pID=25&action=update_product_meta_tags&page=1&','67.142.161.23'),(5053,'2010-07-16 19:35:28',1,'categories.php','cPath=5_8&pID=25&page=1&','67.142.161.23'),(5054,'2010-07-16 19:35:36',1,'product.php','page=1&product_type=1&cPath=5_8&pID=26&action=new_product_meta_tags&','67.142.161.23'),(5055,'2010-07-16 19:35:49',1,'product.php','page=1&product_type=1&cPath=5_8&pID=26&action=new_product&','67.142.161.23'),(5056,'2010-07-16 19:35:49',1,'product.php','page=1&product_type=1&cPath=5_8&pID=26&action=new_product_meta_tags&','67.142.161.23'),(5057,'2010-07-16 19:35:57',1,'product.php','page=1&product_type=1&cPath=5_8&pID=25&action=new_product_meta_tags&','67.142.161.23'),(5058,'2010-07-16 19:36:36',1,'product.php','page=1&product_type=1&cPath=5_8&pID=28&action=new_product&','67.142.161.23'),(5059,'2010-07-16 20:34:18',1,'product.php','cPath=5_8&product_type=1&pID=28&action=new_product_preview&page=1&','67.142.161.26'),(5060,'2010-07-16 20:34:47',1,'product.php','cPath=5_8&product_type=1&pID=28&action=update_product&page=1&','67.142.161.26'),(5061,'2010-07-16 20:34:48',1,'categories.php','cPath=5_8&pID=28&page=1&','67.142.161.26'),(5062,'2010-07-16 20:34:53',1,'product.php','page=1&product_type=1&cPath=5_8&pID=28&action=new_product_meta_tags&','67.142.161.26'),(5063,'2010-07-16 20:37:09',1,'product.php','cPath=5_8&product_type=1&pID=28&action=new_product_preview_meta_tags&page=1&','67.142.161.26'),(5064,'2010-07-16 20:37:14',1,'product.php','cPath=5_8&product_type=1&pID=28&action=update_product_meta_tags&page=1&','67.142.161.26'),(5065,'2010-07-16 20:37:14',1,'categories.php','cPath=5_8&pID=28&page=1&','67.142.161.26'),(5066,'2010-07-16 20:37:21',1,'product.php','page=1&product_type=1&cPath=5_8&pID=29&action=new_product&','67.142.161.26'),(5067,'2010-07-16 20:37:42',1,'categories.php','cPath=5_8&pID=29&page=1&','67.142.161.26'),(5068,'2010-07-16 20:37:46',1,'product.php','page=1&product_type=1&cPath=5_8&pID=29&action=new_product&','67.142.161.26'),(5069,'2010-07-16 20:37:46',1,'product.php','page=1&product_type=1&cPath=5_8&pID=29&action=new_product_meta_tags&','67.142.161.26'),(5070,'2010-07-16 20:39:47',1,'product.php','cPath=5_8&product_type=1&pID=29&action=new_product_preview_meta_tags&page=1&','67.142.161.26'),(5071,'2010-07-16 20:39:51',1,'product.php','cPath=5_8&product_type=1&pID=29&action=update_product_meta_tags&page=1&','67.142.161.26'),(5072,'2010-07-16 20:39:52',1,'categories.php','cPath=5_8&pID=29&page=1&','67.142.161.26'),(5073,'2010-07-16 20:39:56',1,'product.php','page=1&product_type=1&cPath=5_8&pID=29&action=new_product_meta_tags&','67.142.161.26'),(5074,'2010-07-16 20:40:06',1,'product.php','cPath=5_8&product_type=1&pID=29&action=new_product_preview_meta_tags&page=1&','67.142.161.26'),(5075,'2010-07-16 20:40:09',1,'product.php','cPath=5_8&product_type=1&pID=29&action=update_product_meta_tags&page=1&','67.142.161.26'),(5076,'2010-07-16 20:40:09',1,'categories.php','cPath=5_8&pID=29&page=1&','67.142.161.26'),(5077,'2010-07-16 20:40:33',1,'configuration.php','gID=18&','67.142.161.26'),(5078,'2010-07-16 20:40:49',1,'configuration.php','gID=18&cID=386&action=edit&','67.142.161.26'),(5079,'2010-07-16 20:40:55',1,'configuration.php','gID=18&cID=386&action=save&','67.142.161.26'),(5080,'2010-07-16 20:40:55',1,'configuration.php','gID=18&cID=386&','67.142.161.26'),(5081,'2010-07-16 20:40:58',1,'configuration.php','gID=18&cID=387&action=edit&','67.142.161.26'),(5082,'2010-07-16 20:41:03',1,'configuration.php','gID=18&cID=387&action=save&','67.142.161.26'),(5083,'2010-07-16 20:41:04',1,'configuration.php','gID=18&cID=387&','67.142.161.26'),(5084,'2010-07-16 20:41:39',1,'categories.php','','67.142.161.26'),(5085,'2010-07-16 20:41:48',1,'categories.php','cPath=5&','67.142.161.26'),(5086,'2010-07-16 20:41:57',1,'categories.php','cPath=5_8&','67.142.161.26'),(5087,'2010-07-16 20:42:07',1,'product.php','page=1&product_type=1&cPath=5_8&pID=27&action=new_product_meta_tags&','67.142.161.26'),(5088,'2010-07-16 20:43:55',1,'product.php','cPath=5_8&product_type=1&pID=27&action=new_product_preview_meta_tags&page=1&','67.142.161.26'),(5089,'2010-07-16 20:44:07',1,'product.php','cPath=5_8&product_type=1&pID=27&action=update_product_meta_tags&page=1&','67.142.161.26'),(5090,'2010-07-16 20:44:07',1,'categories.php','cPath=5_8&pID=27&page=1&','67.142.161.26'),(5091,'2010-07-16 20:47:14',1,'store_manager.php','','67.142.161.26'),(5092,'2010-07-16 20:47:28',1,'categories.php','cPath=5_8&pID=27&page=1&','67.142.161.26'),(5093,'2010-07-16 20:47:37',1,'email_welcome.php','','67.142.161.26'),(5094,'2010-07-16 20:48:52',1,'server_info.php','','67.142.161.26'),(5095,'2010-07-16 20:50:01',1,'email_welcome.php','','67.142.161.26'),(5096,'2010-07-16 20:50:12',1,'whos_online.php','','67.142.161.26'),(5097,'2010-07-16 20:50:31',1,'email_welcome.php','','67.142.161.26'),(5098,'2010-07-17 20:02:16',0,'login.php ','','67.142.161.23'),(5099,'2010-07-17 20:02:17',0,'login.php ','','67.142.161.23'),(5100,'2010-07-17 20:02:33',0,'login.php wayne1','','67.142.161.23'),(5101,'2010-07-17 20:04:01',1,'categories.php','','67.142.161.23'),(5102,'2010-07-17 20:05:05',1,'categories.php','cPath=5&','67.142.161.23'),(5103,'2010-07-17 20:05:20',1,'categories.php','cPath=5_9&','67.142.161.23'),(5104,'2010-07-17 20:05:25',1,'product.php','page=1&product_type=1&cPath=5_9&pID=30&action=new_product_meta_tags&','67.142.161.23'),(5105,'2010-07-17 20:05:25',1,'product.php','page=1&product_type=1&cPath=5_9&pID=30&action=new_product&','67.142.161.23'),(5106,'2010-07-17 20:05:35',1,'categories.php','cPath=5_9&','67.142.161.23'),(5107,'2010-07-17 20:05:45',1,'categories.php','securityToken=69218262b98c936ed48263220e483596&cPath=8&','67.142.161.23'),(5108,'2010-07-17 20:05:50',1,'product.php','page=1&product_type=1&cPath=8&pID=28&action=new_product&','67.142.161.23'),(5109,'2010-07-17 20:05:57',1,'categories.php','securityToken=69218262b98c936ed48263220e483596&cPath=8&','67.142.161.23'),(5110,'2010-07-17 20:06:00',1,'product.php','page=1&product_type=1&cPath=8&pID=28&action=new_product_meta_tags&','67.142.161.23'),(5111,'2010-07-17 20:06:00',1,'product.php','page=1&product_type=1&cPath=8&pID=28&action=new_product&','67.142.161.23'),(5112,'2010-07-17 20:06:28',1,'categories.php','cPath=8&pID=28&page=1&','67.142.161.23'),(5113,'2010-07-17 20:06:35',1,'categories.php','securityToken=69218262b98c936ed48263220e483596&cPath=9&','67.142.161.23'),(5114,'2010-07-17 20:06:47',1,'product.php','page=1&product_type=1&cPath=9&pID=30&action=new_product&','67.142.161.23'),(5115,'2010-07-17 20:06:47',1,'product.php','page=1&product_type=1&cPath=9&pID=30&action=new_product_meta_tags&','67.142.161.23'),(5116,'2010-07-17 20:08:34',1,'product.php','cPath=9&product_type=1&pID=30&action=new_product_preview_meta_tags&page=1&','67.142.161.23'),(5117,'2010-07-17 20:08:44',1,'product.php','cPath=9&product_type=1&pID=30&action=update_product_meta_tags&page=1&','67.142.161.23'),(5118,'2010-07-17 20:09:05',1,'product.php','cPath=9&product_type=1&pID=30&action=new_product_preview_meta_tags&page=1&','67.142.161.23'),(5119,'2010-07-17 20:09:35',1,'product.php','cPath=9&product_type=1&pID=30&action=update_product_meta_tags&page=1&','67.142.161.23'),(5120,'2010-07-17 20:09:35',1,'categories.php','cPath=9&pID=30&page=1&','67.142.161.23'),(5121,'2010-07-17 20:09:39',1,'product.php','page=1&product_type=1&cPath=9&pID=31&action=new_product_meta_tags&','67.142.161.23'),(5122,'2010-07-17 20:11:24',1,'product.php','cPath=9&product_type=1&pID=31&action=new_product_preview_meta_tags&page=1&','67.142.161.23'),(5123,'2010-07-17 20:11:40',1,'product.php','cPath=9&product_type=1&pID=31&action=update_product_meta_tags&page=1&','67.142.161.23'),(5124,'2010-07-17 20:11:40',1,'categories.php','cPath=9&pID=31&page=1&','67.142.161.23'),(5125,'2010-07-17 20:11:46',1,'product.php','page=1&product_type=1&cPath=9&pID=33&action=new_product&','67.142.161.23'),(5126,'2010-07-17 20:11:54',1,'product.php','page=1&product_type=1&cPath=9&pID=33&action=new_product_meta_tags&','67.142.161.23'),(5127,'2010-07-17 20:13:46',1,'product.php','cPath=9&product_type=1&pID=33&action=new_product_preview_meta_tags&page=1&','67.142.161.23'),(5128,'2010-07-17 20:14:06',1,'product.php','cPath=9&product_type=1&pID=33&action=update_product_meta_tags&page=1&','67.142.161.23'),(5129,'2010-07-17 20:15:32',1,'product.php','cPath=9&product_type=1&pID=33&action=new_product_preview_meta_tags&page=1&','67.142.161.23'),(5130,'2010-07-17 20:15:41',1,'product.php','cPath=9&product_type=1&pID=33&action=update_product_meta_tags&page=1&','67.142.161.23'),(5131,'2010-07-17 20:15:56',1,'product.php','cPath=9&product_type=1&pID=33&action=new_product_preview_meta_tags&page=1&','67.142.161.23'),(5132,'2010-07-17 20:16:04',1,'product.php','cPath=9&product_type=1&pID=33&action=update_product_meta_tags&page=1&','67.142.161.23'),(5133,'2010-07-17 20:16:04',1,'categories.php','cPath=9&pID=33&page=1&','67.142.161.23'),(5134,'2010-07-17 20:16:08',1,'product.php','page=1&product_type=1&cPath=9&pID=34&action=new_product_meta_tags&','67.142.161.23'),(5135,'2010-07-17 20:20:29',1,'product.php','cPath=9&product_type=1&pID=34&action=new_product_preview_meta_tags&page=1&','67.142.161.23'),(5136,'2010-07-17 20:20:43',1,'product.php','cPath=9&product_type=1&pID=34&action=update_product_meta_tags&page=1&','67.142.161.23'),(5137,'2010-07-17 20:20:44',1,'categories.php','cPath=9&pID=34&page=1&','67.142.161.23'),(5138,'2010-07-17 20:20:53',1,'product.php','page=1&product_type=1&cPath=9&pID=32&action=new_product_meta_tags&','67.142.161.23'),(5139,'2010-07-17 20:23:31',1,'product.php','cPath=9&product_type=1&pID=32&action=new_product_preview_meta_tags&page=1&','67.142.161.23'),(5140,'2010-07-17 20:23:37',1,'product.php','cPath=9&product_type=1&pID=32&action=update_product_meta_tags&page=1&','67.142.161.23'),(5141,'2010-07-17 20:23:48',1,'product.php','cPath=9&product_type=1&pID=32&action=new_product_preview_meta_tags&page=1&','67.142.161.23'),(5142,'2010-07-17 20:24:02',1,'product.php','cPath=9&product_type=1&pID=32&action=update_product_meta_tags&page=1&','67.142.161.23'),(5143,'2010-07-17 20:24:37',1,'product.php','cPath=9&product_type=1&pID=32&action=new_product_preview_meta_tags&page=1&','67.142.161.23'),(5144,'2010-07-17 20:24:45',1,'product.php','cPath=9&product_type=1&pID=32&action=update_product_meta_tags&page=1&','67.142.161.23'),(5145,'2010-07-17 20:24:45',1,'categories.php','cPath=9&pID=32&page=1&','67.142.161.23'),(5146,'2010-07-20 19:19:01',0,'login.php ','','67.142.161.23'),(5147,'2010-07-20 19:19:02',0,'login.php ','','67.142.161.23'),(5148,'2010-07-20 19:20:00',0,'login.php wayne1','','67.142.161.23'),(5149,'2010-07-20 19:20:42',1,'orders.php','selected_box=customers&status=4&','67.142.161.23'),(5150,'2010-07-20 19:21:35',1,'whos_online.php','','67.142.161.23'),(5151,'2010-07-20 19:22:00',1,'whos_online.php','','67.142.161.23'),(5152,'2010-07-20 19:22:31',1,'stats_products_viewed.php','','67.142.161.23'),(5153,'2010-07-20 20:21:35',0,'login.php ','','67.142.161.19'),(5154,'2010-07-20 20:21:37',0,'login.php ','','67.142.161.19'),(5155,'2010-07-20 20:21:57',0,'login.php wayne1','','67.142.161.19'),(5156,'2010-07-20 20:21:58',0,'login.php ','','67.142.161.19'),(5157,'2010-07-20 20:22:12',1,'whos_online.php','','67.142.161.19'),(5158,'2010-07-20 20:22:32',1,'developers_tool_kit.php','','67.142.161.19'),(5159,'2010-07-20 20:22:49',1,'developers_tool_kit.php','action=locate_configuration&','67.142.161.19'),(5160,'2010-07-20 20:23:13',1,'developers_tool_kit.php','action=locate_all_files&','67.142.161.19'),(5161,'2010-07-21 21:31:35',0,'login.php ','','67.142.161.25'),(5162,'2010-07-21 21:31:36',0,'login.php ','','67.142.161.25'),(5163,'2010-07-21 21:31:55',0,'login.php wayne1','','67.142.161.25'),(5164,'2010-07-22 20:33:18',0,'login.php ','','67.142.161.20'),(5165,'2010-07-22 20:33:19',0,'login.php ','','67.142.161.20'),(5166,'2010-07-22 20:34:13',0,'login.php wayne1','','67.142.161.20'),(5167,'2010-07-22 20:34:13',0,'login.php ','','67.142.161.20'),(5168,'2010-07-22 20:34:33',1,'stats_products_viewed.php','','67.142.161.20'),(5169,'2010-07-24 11:32:37',0,'login.php ','','67.142.161.25'),(5170,'2010-07-24 11:32:39',0,'login.php ','','67.142.161.25'),(5171,'2010-07-24 11:33:12',0,'login.php wayne1','','67.142.161.25'),(5172,'2010-07-24 11:38:58',1,'stats_products_viewed.php','','67.142.161.25'),(5173,'2010-07-24 11:39:10',1,'categories.php','cPath=16&pID=43&','67.142.161.25'),(5174,'2010-07-24 11:39:34',1,'product.php','page=1&product_type=1&cPath=16&pID=43&action=new_product&','67.142.161.25'),(5175,'2010-07-24 11:40:09',1,'login.php','','67.142.161.25'),(5176,'2010-07-24 11:40:10',0,'login.php ','','67.142.161.25'),(5177,'2010-07-24 11:40:24',0,'login.php wayne1','','67.142.161.25'),(5178,'2010-07-24 11:40:41',1,'categories.php','','67.142.161.25'),(5179,'2010-07-24 11:40:45',1,'categories.php','cPath=16&','67.142.161.25'),(5180,'2010-07-24 11:40:49',1,'product.php','page=1&product_type=1&cPath=16&pID=43&action=new_product&','67.142.161.25'),(5181,'2010-07-24 11:47:03',1,'alt_nav.php','','67.142.161.25'),(5182,'2010-07-24 11:47:11',1,'developers_tool_kit.php','','67.142.161.25'),(5183,'2010-07-24 11:53:53',1,'categories.php','','67.142.161.25'),(5184,'2010-07-24 11:53:58',1,'categories.php','cPath=16&','67.142.161.25'),(5185,'2010-07-24 11:54:06',1,'product.php','page=1&product_type=1&cPath=16&pID=43&action=new_product&','67.142.161.25'),(5186,'2010-07-24 11:54:24',1,'product.php','cPath=16&product_type=1&pID=43&action=new_product_preview&page=1&','67.142.161.25'),(5187,'2010-07-24 11:54:40',1,'product.php','cPath=16&product_type=1&pID=43&action=update_product&page=1&','67.142.161.25'),(5188,'2010-07-24 11:54:40',1,'categories.php','cPath=16&pID=43&page=1&','67.142.161.25'),(5189,'2010-07-24 11:56:46',1,'categories.php','','67.142.161.25'),(5190,'2010-07-24 11:56:54',1,'categories.php','cPath=16&','67.142.161.25'),(5191,'2010-07-24 11:57:05',1,'categories.php','','67.142.161.25'),(5192,'2010-07-24 11:57:11',1,'product_types.php','','67.142.161.25'),(5193,'2010-07-24 11:57:16',1,'product_types.php','page=1&ptID=1&action=layout&','67.142.161.25'),(5194,'2010-07-24 11:57:22',1,'product_types.php','ptID=1&cID=13&action=layout_edit&','67.142.161.25'),(5195,'2010-07-24 11:57:27',1,'product_types.php','ptID=1&cID=13&action=layout_save&','67.142.161.25'),(5196,'2010-07-24 11:57:27',1,'product_types.php','gID=&cID=13&ptID=1&action=layout&','67.142.161.25'),(5197,'2010-07-24 12:01:13',1,'developers_tool_kit.php','','67.142.161.25'),(5198,'2010-07-24 12:01:24',1,'developers_tool_kit.php','action=locate_configuration&','67.142.161.25'),(5199,'2010-07-24 12:01:38',1,'developers_tool_kit.php','action=locate_configuration&','67.142.161.25'),(5200,'2010-07-24 12:01:49',1,'developers_tool_kit.php','action=locate_all_files&','67.142.161.25'),(5201,'2010-07-24 12:10:07',1,'categories.php','','67.142.161.25'),(5202,'2010-07-24 12:10:14',1,'categories.php','cPath=16&','67.142.161.25'),(5203,'2010-07-24 12:10:19',1,'product.php','page=1&product_type=1&cPath=16&pID=43&action=new_product&','67.142.161.25'),(5204,'2010-07-24 12:10:19',1,'categories.php','cPath=16&pID=43&action=attribute_features&page=1&','67.142.161.25'),(5205,'2010-07-24 12:10:32',1,'attributes_controller.php','products_filter=43&current_category_id=16&','67.142.161.25'),(5206,'2010-07-24 12:10:48',1,'attributes_controller.php','action=update_attribute&attribute_id=5&attribute_page=1&products_filter=43&current_category_id=16&','67.142.161.25'),(5207,'2010-07-24 12:14:51',1,'attributes_controller.php','action=update_product_attribute&attribute_page=1&products_filter=43&','67.142.161.25'),(5208,'2010-07-24 12:14:51',1,'attributes_controller.php','attribute_page=1&products_filter=43&current_category_id=16&','67.142.161.25'),(5209,'2010-07-24 12:15:00',1,'attributes_controller.php','action=update_attribute&attribute_id=6&attribute_page=1&products_filter=43&current_category_id=16&','67.142.161.25'),(5210,'2010-07-24 12:15:08',1,'attributes_controller.php','action=update_product_attribute&attribute_page=1&products_filter=43&','67.142.161.25'),(5211,'2010-07-24 12:15:08',1,'attributes_controller.php','attribute_page=1&products_filter=43&current_category_id=16&','67.142.161.25'),(5212,'2010-07-24 21:51:07',0,'login.php ','','67.142.161.21'),(5213,'2010-07-24 21:51:08',0,'login.php ','','67.142.161.21'),(5214,'2010-07-24 21:52:26',0,'login.php wayne1','','67.142.161.21'),(5215,'2010-07-24 21:52:46',1,'stats_products_viewed.php','','67.142.161.21'),(5216,'2010-07-24 22:04:37',1,'stats_customers_referrals.php','','67.142.161.21'),(5217,'2010-07-24 22:35:26',0,'login.php ','','67.142.161.21'),(5218,'2010-07-24 22:35:27',0,'login.php ','','67.142.161.21'),(5219,'2010-07-24 22:35:54',0,'login.php wayne1','','67.142.161.21'),(5220,'2010-07-26 13:37:38',0,'login.php ','','67.142.161.18'),(5221,'2010-07-26 13:37:39',0,'login.php ','','67.142.161.18'),(5222,'2010-07-26 13:37:58',0,'login.php wayne1','','67.142.161.18'),(5223,'2010-07-26 13:38:11',1,'stats_products_viewed.php','','67.142.161.18'),(5224,'2010-07-28 06:54:10',0,'login.php ','','67.142.161.22'),(5225,'2010-07-28 06:54:11',0,'login.php ','','67.142.161.22'),(5226,'2010-07-28 06:55:14',0,'login.php wayne1','','67.142.161.22'),(5227,'2010-07-28 06:55:14',0,'login.php ','','67.142.161.22'),(5228,'2010-07-28 07:31:26',0,'login.php ','','67.142.161.24'),(5229,'2010-07-28 07:31:27',0,'login.php ','','67.142.161.24'),(5230,'2010-07-28 07:31:52',0,'login.php wayne1','','67.142.161.24'),(5231,'2010-07-28 07:32:31',0,'login.php wayne1','','67.142.161.24'),(5232,'2010-07-28 07:33:20',0,'login.php wayne1','','67.142.161.24'),(5233,'2010-07-28 23:33:31',0,'login.php ','','67.142.161.24'),(5234,'2010-07-28 23:33:32',0,'login.php ','','67.142.161.24'),(5235,'2010-07-28 23:33:49',0,'login.php wayne1','','67.142.161.24'),(5236,'2010-07-28 23:33:49',0,'login.php ','','67.142.161.24'),(5237,'2010-07-28 23:33:57',1,'template_select.php','','67.142.161.24'),(5238,'2010-08-19 21:27:05',0,'login.php ','','67.142.161.18'),(5239,'2010-08-19 21:27:06',0,'login.php ','','67.142.161.18'),(5240,'2010-08-19 21:27:29',0,'login.php wayne1','','67.142.161.18'),(5241,'2010-08-19 21:27:30',0,'login.php ','','67.142.161.18'),(5242,'2010-08-19 21:27:53',1,'stats_products_viewed.php','','67.142.161.18'),(5243,'2010-08-19 21:28:19',1,'categories.php','cPath=16&pID=43&','67.142.161.18'),(5244,'2010-08-19 22:50:57',0,'login.php ','','67.142.161.18'),(5245,'2010-08-19 22:50:59',0,'login.php ','','67.142.161.18'),(5246,'2010-08-19 22:51:50',0,'login.php surpro','','67.142.161.18'),(5247,'2010-08-19 22:52:09',0,'login.php surpro','','67.142.161.18'),(5248,'2010-08-22 12:43:29',0,'login.php ','','91.213.174.123'),(5249,'2010-08-25 07:42:24',0,'login.php ','','213.229.82.79'),(5250,'2010-08-31 23:29:38',0,'login.php ','','67.142.161.18'),(5251,'2010-08-31 23:29:39',0,'login.php ','','67.142.161.18'),(5252,'2010-08-31 23:29:57',0,'login.php wayne1','','67.142.161.18'),(5253,'2010-08-31 23:29:58',0,'login.php ','','67.142.161.18'),(5254,'2010-08-31 23:30:14',1,'developers_tool_kit.php','','67.142.161.18'),(5255,'2010-08-31 23:30:22',1,'developers_tool_kit.php','action=locate_all_files&','67.142.161.18'),(5256,'2010-08-31 23:30:40',1,'developers_tool_kit.php','action=locate_configuration&','67.142.161.18'),(5257,'2010-08-31 23:30:48',1,'developers_tool_kit.php','action=locate_configuration&','67.142.161.18'),(5258,'2010-08-31 23:30:57',1,'developers_tool_kit.php','action=locate_all_files&','67.142.161.18'),(5259,'2010-08-31 23:59:44',1,'developers_tool_kit.php','','67.142.161.18'),(5260,'2010-09-01 00:00:06',1,'developers_tool_kit.php','action=locate_all_files&','67.142.161.18'),(5261,'2010-09-01 00:00:31',1,'developers_tool_kit.php','action=locate_configuration&','67.142.161.18'),(5262,'2010-09-01 00:00:41',1,'developers_tool_kit.php','','67.142.161.18'),(5263,'2010-09-01 00:00:43',1,'developers_tool_kit.php','','67.142.161.18'),(5264,'2010-09-01 00:00:59',1,'developers_tool_kit.php','action=locate_all_files&','67.142.161.18'),(5265,'2010-09-01 00:01:16',1,'developers_tool_kit.php','action=locate_configuration&','67.142.161.18'),(5266,'2010-09-01 00:01:21',1,'developers_tool_kit.php','','67.142.161.18'),(5267,'2010-09-01 00:01:28',1,'developers_tool_kit.php','','67.142.161.18'),(5268,'2010-09-01 00:01:42',1,'developers_tool_kit.php','action=locate_configuration&','67.142.161.18'),(5269,'2010-09-01 00:02:03',1,'developers_tool_kit.php','action=locate_all_files&','67.142.161.18'),(5270,'2010-09-01 00:02:14',1,'developers_tool_kit.php','action=locate_all_files&','67.142.161.18'),(5271,'2010-09-01 00:03:19',1,'developers_tool_kit.php','action=locate_configuration&','67.142.161.18'),(5272,'2010-09-01 00:03:29',1,'developers_tool_kit.php','action=locate_all_files&','67.142.161.18'),(5273,'2010-09-01 00:04:07',1,'developers_tool_kit.php','action=locate_all_files&','67.142.161.18'),(5274,'2010-09-01 12:27:19',0,'login.php ','','91.213.174.123'),(5275,'2010-09-11 12:10:25',0,'login.php ','','67.142.161.20'),(5276,'2010-09-11 12:10:26',0,'login.php ','','67.142.161.20'),(5277,'2010-09-11 12:10:43',0,'login.php wayne1','','67.142.161.20'),(5278,'2010-09-11 12:10:59',1,'define_pages_editor.php','','67.142.161.20'),(5279,'2010-09-11 12:11:06',1,'define_pages_editor.php','securityToken=186d9c880c09f66d8fcfe20aac4bdff6&language=sp&','67.142.161.20'),(5280,'2010-09-11 12:11:11',1,'define_pages_editor.php','securityToken=186d9c880c09f66d8fcfe20aac4bdff6&define_it=10&action=new_page&','67.142.161.20'),(5281,'2010-10-18 09:58:35',0,'login.php ','','67.142.161.29'),(5282,'2010-10-18 09:58:36',0,'login.php ','','67.142.161.29'),(5283,'2010-10-18 09:58:50',0,'login.php wayne1','','67.142.161.29'),(5284,'2010-10-18 09:58:51',0,'login.php ','','67.142.161.29'),(5285,'2010-10-18 09:59:01',1,'modules.php','set=payment&','67.142.161.29'),(5286,'2010-10-18 09:59:15',1,'modules.php','set=payment&module=paypalwpp&','67.142.161.29'),(5287,'2010-10-18 09:59:25',1,'modules.php','set=payment&module=paypalwpp&action=edit&','67.142.161.29'),(5288,'2010-10-19 06:39:04',0,'login.php ','','91.213.174.123');

--
-- Table structure for table `zen_banners`
--

CREATE TABLE `zen_banners` (
  `banners_id` int(11) NOT NULL AUTO_INCREMENT,
  `banners_title` varchar(64) COLLATE utf8_unicode_ci NOT NULL DEFAULT '',
  `banners_url` varchar(255) COLLATE utf8_unicode_ci NOT NULL DEFAULT '',
  `banners_image` varchar(64) COLLATE utf8_unicode_ci NOT NULL DEFAULT '',
  `banners_group` varchar(15) COLLATE utf8_unicode_ci NOT NULL DEFAULT '',
  `banners_html_text` text COLLATE utf8_unicode_ci,
  `expires_impressions` int(7) DEFAULT '0',
  `expires_date` datetime DEFAULT NULL,
  `date_scheduled` datetime DEFAULT NULL,
  `date_added` datetime NOT NULL DEFAULT '0001-01-01 00:00:00',
  `date_status_change` datetime DEFAULT NULL,
  `status` int(1) NOT NULL DEFAULT '1',
  `banners_open_new_windows` int(1) NOT NULL DEFAULT '1',
  `banners_on_ssl` int(1) NOT NULL DEFAULT '1',
  `banners_sort_order` int(11) NOT NULL DEFAULT '0',
  PRIMARY KEY (`banners_id`),
  KEY `idx_status_group_zen` (`status`,`banners_group`),
  KEY `idx_expires_date_zen` (`expires_date`),
  KEY `idx_date_scheduled_zen` (`date_scheduled`)
) ENGINE=MyISAM AUTO_INCREMENT=11 DEFAULT CHARSET=utf8 COLLATE=utf8_unicode_ci;

--
-- Dumping data for table `zen_banners`
--

INSERT INTO `zen_banners` VALUES (1,'Zen Cart','http://www.zen-cart.com','banners/zencart_468_60_02.gif','Wide-Banners','',0,NULL,NULL,'2004-01-11 20:59:12','2010-01-24 23:09:19',0,1,1,0),(4,'if you have to think ... you haven\'t been Zenned!','http://www.zen-cart.com','banners/think_anim.gif','Wide-Banners','',0,NULL,NULL,'2004-01-12 20:53:18','2010-01-24 23:09:32',0,1,1,0),(6,'XS-35 Life Vest!  Replaces FV-35','http://aaasurvival.com/index.php?main_page=product_info&cPath=11&products_id=43','aaa_banner_vest333.jpg','Wide-Banners','',0,NULL,NULL,'2006-03-13 11:02:43',NULL,1,1,1,0),(7,'eStart Your Web Store with Zen Cart(tm)','http://www.lulu.com/content/466605','banners/big-book-ad.gif','Wide-Banners','',0,NULL,NULL,'2007-02-10 00:00:00','2010-01-24 23:09:35',0,1,1,1),(8,'eStart Your Web Store with Zen Cart(tm)','http://www.lulu.com/content/466605','banners/tall-book.gif','SideBox-Banners','',0,NULL,NULL,'2007-02-10 00:00:00','2010-01-24 23:09:38',0,1,1,1),(9,'eStart Your Web Store with Zen Cart(tm)','http://www.lulu.com/content/466605','banners/tall-book.gif','BannersAll','',0,NULL,NULL,'2007-02-10 00:00:00','2010-01-24 23:09:40',0,1,1,15),(10,'Translate','','','Translator','<div id=\"google_translate_element\"></div><script>\r\nfunction googleTranslateElementInit() {\r\n  new google.translate.TranslateElement({\r\n    pageLanguage: \'en\'\r\n  }, \'google_translate_element\');\r\n}\r\n</script><script src=\"http://translate.google.com/translate_a/element.js?cb=googleTranslateElementInit\"></script>',0,NULL,NULL,'2010-01-14 09:17:15','2010-01-24 23:09:26',1,0,1,0);

--
-- Table structure for table `zen_banners_history`
--

CREATE TABLE `zen_banners_history` (
  `banners_history_id` int(11) NOT NULL AUTO_INCREMENT,
  `banners_id` int(11) NOT NULL DEFAULT '0',
  `banners_shown` int(5) NOT NULL DEFAULT '0',
  `banners_clicked` int(5) NOT NULL DEFAULT '0',
  `banners_history_date` datetime NOT NULL DEFAULT '0001-01-01 00:00:00',
  PRIMARY KEY (`banners_history_id`),
  KEY `idx_banners_id_zen` (`banners_id`)
) ENGINE=MyISAM AUTO_INCREMENT=595 DEFAULT CHARSET=utf8 COLLATE=utf8_unicode_ci;

--
-- Dumping data for table `zen_banners_history`
--

INSERT INTO `zen_banners_history` VALUES (97,0,358,0,'2010-01-29 05:43:40'),(115,0,106,0,'2010-02-07 04:48:36'),(9,9,118,0,'2010-01-13 17:35:51'),(107,0,23,0,'2010-02-03 01:11:46'),(11,1,32,0,'2010-01-13 17:35:51'),(12,7,32,0,'2010-01-13 18:33:51'),(13,8,84,0,'2010-01-13 18:35:36'),(14,4,30,0,'2010-01-13 18:37:54'),(15,6,24,0,'2010-01-13 18:45:00'),(16,8,92,0,'2010-01-14 07:08:35'),(114,6,9,0,'2010-02-06 00:15:52'),(18,9,127,0,'2010-01-14 07:08:35'),(106,6,62,0,'2010-02-02 00:00:02'),(20,1,32,0,'2010-01-14 07:08:35'),(96,6,122,0,'2010-01-28 02:26:27'),(22,7,33,0,'2010-01-14 07:11:17'),(23,6,34,0,'2010-01-14 07:13:11'),(24,4,28,0,'2010-01-14 07:28:52'),(25,8,8,0,'2010-01-15 00:10:16'),(113,0,17,0,'2010-02-06 00:15:52'),(27,9,8,0,'2010-01-15 00:10:16'),(28,1,2,0,'2010-01-15 00:10:16'),(105,0,82,0,'2010-02-02 00:00:01'),(95,0,219,0,'2010-01-28 02:26:27'),(31,7,2,0,'2010-01-15 09:49:32'),(32,4,2,0,'2010-01-15 09:51:34'),(33,6,2,0,'2010-01-15 09:51:57'),(34,8,8,0,'2010-01-17 07:49:16'),(112,6,150,2,'2010-02-05 00:12:26'),(36,9,8,0,'2010-01-17 07:49:16'),(37,6,3,0,'2010-01-17 07:49:16'),(94,6,138,0,'2010-01-27 01:23:46'),(104,6,325,1,'2010-02-01 00:01:40'),(40,1,1,0,'2010-01-17 08:50:12'),(41,7,1,0,'2010-01-17 10:36:10'),(42,4,3,0,'2010-01-17 10:36:13'),(93,0,234,0,'2010-01-27 01:23:46'),(111,0,259,0,'2010-02-05 00:12:26'),(45,9,57,0,'2010-01-18 07:57:44'),(46,6,57,0,'2010-01-18 07:57:45'),(47,8,91,0,'2010-01-18 08:12:23'),(103,0,510,0,'2010-02-01 00:01:40'),(49,4,38,0,'2010-01-18 08:27:44'),(50,1,51,0,'2010-01-18 08:34:01'),(51,7,43,0,'2010-01-18 08:34:11'),(52,8,22,0,'2010-01-19 06:47:23'),(53,7,10,0,'2010-01-19 06:47:23'),(102,6,313,0,'2010-01-31 00:02:29'),(55,6,11,0,'2010-01-19 15:05:23'),(92,6,72,0,'2010-01-26 00:07:36'),(57,1,13,0,'2010-01-19 15:08:41'),(110,6,108,0,'2010-02-04 00:01:49'),(59,9,18,0,'2010-01-19 15:42:11'),(60,4,16,0,'2010-01-19 15:45:44'),(101,0,579,0,'2010-01-31 00:02:29'),(62,6,7,0,'2010-01-20 00:01:21'),(63,8,14,0,'2010-01-20 00:02:38'),(64,7,9,0,'2010-01-20 00:02:38'),(65,1,9,0,'2010-01-20 00:04:02'),(91,0,143,0,'2010-01-26 00:07:36'),(67,4,7,0,'2010-01-20 00:19:34'),(109,0,173,0,'2010-02-04 00:01:48'),(69,9,3,0,'2010-01-20 07:16:20'),(100,6,278,0,'2010-01-30 01:11:19'),(71,7,2,0,'2010-01-21 10:09:02'),(90,6,253,0,'2010-01-25 00:02:43'),(73,8,1,0,'2010-01-21 14:35:46'),(74,1,1,0,'2010-01-21 14:35:46'),(89,0,473,0,'2010-01-25 00:02:43'),(76,7,3,0,'2010-01-22 10:58:48'),(99,0,463,0,'2010-01-30 01:11:19'),(78,4,1,0,'2010-01-22 11:03:22'),(98,6,192,0,'2010-01-29 05:43:40'),(108,6,12,0,'2010-02-03 01:11:46'),(81,9,4,0,'2010-01-24 21:25:39'),(82,7,6,0,'2010-01-24 21:25:39'),(83,8,8,0,'2010-01-24 21:32:12'),(88,0,41,0,'2010-01-24 23:09:51'),(85,4,7,0,'2010-01-24 21:32:12'),(86,1,7,0,'2010-01-24 21:32:25'),(87,6,30,0,'2010-01-24 21:32:37'),(116,6,57,0,'2010-02-07 04:48:36'),(117,0,44,0,'2010-02-08 07:11:20'),(118,6,23,0,'2010-02-08 07:11:20'),(119,0,23,0,'2010-02-09 02:57:42'),(120,6,12,0,'2010-02-09 02:57:42'),(121,0,21,0,'2010-02-10 05:20:59'),(122,6,11,0,'2010-02-10 05:20:59'),(123,0,21,0,'2010-02-11 02:08:56'),(124,6,11,0,'2010-02-11 02:08:57'),(125,0,15,0,'2010-02-12 01:01:15'),(126,6,9,0,'2010-02-12 01:01:15'),(127,0,14,0,'2010-02-13 10:15:34'),(128,6,7,0,'2010-02-13 10:15:34'),(129,0,48,0,'2010-02-14 00:30:54'),(130,6,29,0,'2010-02-14 00:30:54'),(131,0,185,0,'2010-02-15 02:51:57'),(132,6,120,0,'2010-02-15 02:51:57'),(133,0,58,0,'2010-02-16 02:56:17'),(134,6,34,0,'2010-02-16 02:56:17'),(135,0,50,0,'2010-02-17 00:10:05'),(136,6,27,0,'2010-02-17 00:10:06'),(137,0,14,0,'2010-02-18 01:28:04'),(138,6,8,0,'2010-02-18 01:28:05'),(139,0,30,0,'2010-02-19 02:57:28'),(140,6,19,0,'2010-02-19 02:57:28'),(141,0,18,0,'2010-02-20 05:40:38'),(142,6,9,0,'2010-02-20 05:40:38'),(143,0,80,0,'2010-02-21 01:14:37'),(144,6,44,0,'2010-02-21 01:14:37'),(145,0,32,0,'2010-02-22 00:30:59'),(146,6,17,0,'2010-02-22 00:30:59'),(147,0,133,0,'2010-02-23 00:31:51'),(148,6,94,0,'2010-02-23 00:31:52'),(149,0,69,0,'2010-02-24 00:03:19'),(150,6,38,0,'2010-02-24 00:03:19'),(151,0,37,0,'2010-02-25 00:01:24'),(152,6,20,0,'2010-02-25 00:01:24'),(153,0,45,0,'2010-02-26 01:37:58'),(154,6,23,0,'2010-02-26 01:37:58'),(155,0,57,0,'2010-02-27 00:19:50'),(156,6,30,0,'2010-02-27 00:19:50'),(157,0,133,0,'2010-02-28 00:09:20'),(158,6,68,0,'2010-02-28 00:09:20'),(159,0,157,0,'2010-03-01 00:51:39'),(160,6,80,0,'2010-03-01 00:51:39'),(161,0,26,0,'2010-03-02 09:24:27'),(162,6,16,0,'2010-03-02 09:24:44'),(163,0,24,0,'2010-03-03 02:19:27'),(164,6,14,0,'2010-03-03 02:19:27'),(165,0,60,0,'2010-03-04 05:56:02'),(166,6,32,0,'2010-03-04 05:56:03'),(167,0,17,0,'2010-03-05 04:18:07'),(168,6,10,0,'2010-03-05 04:18:07'),(169,0,53,0,'2010-03-06 04:51:45'),(170,6,31,0,'2010-03-06 04:51:45'),(171,0,31,0,'2010-03-07 01:01:48'),(172,6,21,0,'2010-03-07 01:01:48'),(173,0,36,0,'2010-03-08 00:20:06'),(174,6,20,0,'2010-03-08 00:20:06'),(175,0,63,0,'2010-03-09 00:22:48'),(176,6,33,0,'2010-03-09 00:22:48'),(177,0,93,0,'2010-03-10 05:33:04'),(178,6,56,0,'2010-03-10 05:33:04'),(179,0,63,0,'2010-03-11 00:20:01'),(180,6,39,0,'2010-03-11 00:20:01'),(181,0,48,0,'2010-03-12 01:16:41'),(182,6,29,0,'2010-03-12 01:16:42'),(183,0,63,0,'2010-03-13 01:38:33'),(184,6,36,0,'2010-03-13 01:38:33'),(185,0,64,0,'2010-03-14 00:02:38'),(186,6,37,0,'2010-03-14 00:02:38'),(187,0,84,0,'2010-03-15 00:02:21'),(188,6,53,0,'2010-03-15 00:02:21'),(189,0,79,0,'2010-03-16 00:34:05'),(190,6,47,0,'2010-03-16 00:34:05'),(191,0,135,0,'2010-03-17 00:23:43'),(192,6,78,0,'2010-03-17 00:23:43'),(193,0,83,0,'2010-03-18 00:00:35'),(194,6,48,0,'2010-03-18 00:00:36'),(195,0,95,0,'2010-03-19 00:31:57'),(196,6,54,0,'2010-03-19 00:31:57'),(197,0,107,0,'2010-03-20 00:31:41'),(198,6,60,0,'2010-03-20 00:31:41'),(199,0,76,0,'2010-03-21 10:19:55'),(200,6,40,0,'2010-03-21 10:19:55'),(201,0,23,0,'2010-03-22 00:35:48'),(202,6,14,0,'2010-03-22 00:35:48'),(203,0,100,0,'2010-03-23 00:21:50'),(204,6,56,0,'2010-03-23 00:21:50'),(205,0,124,0,'2010-03-24 01:22:39'),(206,6,63,0,'2010-03-24 01:22:39'),(207,0,139,0,'2010-03-25 00:12:28'),(208,6,73,0,'2010-03-25 00:12:28'),(209,0,126,0,'2010-03-26 00:00:45'),(210,6,65,0,'2010-03-26 00:00:45'),(211,0,333,0,'2010-03-27 00:06:37'),(212,6,185,2,'2010-03-27 00:06:38'),(213,0,114,0,'2010-03-28 01:02:12'),(214,6,63,0,'2010-03-28 01:02:12'),(215,0,140,0,'2010-03-29 00:23:22'),(216,6,75,0,'2010-03-29 00:23:22'),(217,0,74,0,'2010-03-30 01:24:43'),(218,6,41,0,'2010-03-30 01:24:43'),(219,0,61,0,'2010-03-31 01:38:12'),(220,6,30,0,'2010-03-31 01:38:12'),(221,0,69,0,'2010-04-01 02:53:25'),(222,6,37,0,'2010-04-01 02:53:25'),(223,0,78,0,'2010-04-02 05:13:55'),(224,6,43,0,'2010-04-02 05:13:55'),(225,0,93,0,'2010-04-03 00:13:44'),(226,6,54,0,'2010-04-03 00:13:44'),(227,0,39,0,'2010-04-04 00:14:51'),(228,6,24,0,'2010-04-04 00:14:51'),(229,0,143,0,'2010-04-05 01:47:40'),(230,6,85,0,'2010-04-05 01:47:40'),(231,0,82,0,'2010-04-06 03:26:26'),(232,6,47,0,'2010-04-06 03:26:26'),(233,0,67,0,'2010-04-07 01:28:30'),(234,6,37,0,'2010-04-07 01:28:30'),(235,0,96,0,'2010-04-08 00:19:05'),(236,6,55,0,'2010-04-08 00:19:05'),(237,0,76,0,'2010-04-09 01:43:27'),(238,6,61,0,'2010-04-09 01:43:27'),(239,0,78,0,'2010-04-10 00:01:46'),(240,6,41,0,'2010-04-10 00:01:46'),(241,0,62,0,'2010-04-11 00:31:00'),(242,6,40,0,'2010-04-11 00:31:00'),(243,0,65,0,'2010-04-12 01:01:58'),(244,6,39,0,'2010-04-12 01:01:59'),(245,0,98,0,'2010-04-13 00:40:21'),(246,6,58,0,'2010-04-13 00:40:22'),(247,0,47,0,'2010-04-14 01:35:42'),(248,6,30,0,'2010-04-14 01:35:42'),(249,0,129,0,'2010-04-15 02:29:00'),(250,6,77,0,'2010-04-15 02:29:00'),(251,0,37,0,'2010-04-16 01:31:09'),(252,6,22,0,'2010-04-16 01:31:10'),(253,0,59,0,'2010-04-17 01:35:02'),(254,6,40,0,'2010-04-17 01:35:02'),(255,0,69,0,'2010-04-18 00:10:42'),(256,6,48,0,'2010-04-18 00:10:42'),(257,0,49,0,'2010-04-19 00:48:49'),(258,6,34,0,'2010-04-19 00:48:50'),(259,0,102,0,'2010-04-20 04:11:48'),(260,6,57,0,'2010-04-20 04:11:48'),(261,0,60,0,'2010-04-21 00:31:18'),(262,6,42,0,'2010-04-21 00:31:18'),(263,0,27,0,'2010-04-22 01:07:16'),(264,6,17,0,'2010-04-22 01:07:16'),(265,0,121,0,'2010-04-23 00:23:03'),(266,6,68,0,'2010-04-23 00:23:03'),(267,0,61,0,'2010-04-24 00:09:22'),(268,6,34,0,'2010-04-24 00:09:22'),(269,0,19,0,'2010-04-25 00:04:44'),(270,6,11,0,'2010-04-25 00:04:44'),(271,0,24,0,'2010-04-26 00:01:58'),(272,6,14,0,'2010-04-26 00:01:59'),(273,0,46,0,'2010-04-27 00:20:53'),(274,6,30,0,'2010-04-27 00:20:53'),(275,0,46,0,'2010-04-28 06:07:50'),(276,6,27,0,'2010-04-28 06:07:50'),(277,0,69,0,'2010-04-29 00:31:39'),(278,6,38,0,'2010-04-29 00:31:40'),(279,0,58,0,'2010-04-30 01:05:37'),(280,6,34,0,'2010-04-30 01:05:37'),(281,0,200,0,'2010-05-01 02:20:48'),(282,6,131,0,'2010-05-01 02:20:48'),(283,0,87,0,'2010-05-02 01:29:44'),(284,6,49,0,'2010-05-02 01:29:45'),(285,0,32,0,'2010-05-03 01:07:19'),(286,6,17,0,'2010-05-03 01:07:19'),(287,0,51,0,'2010-05-04 00:52:06'),(288,6,28,0,'2010-05-04 00:52:07'),(289,0,67,0,'2010-05-05 00:17:03'),(290,6,37,0,'2010-05-05 00:17:04'),(291,0,89,0,'2010-05-06 01:29:01'),(292,6,49,0,'2010-05-06 01:29:01'),(293,0,159,0,'2010-05-07 02:59:48'),(294,6,92,3,'2010-05-07 02:59:48'),(295,0,67,0,'2010-05-08 02:18:36'),(296,6,37,0,'2010-05-08 02:18:36'),(297,0,133,0,'2010-05-09 02:06:05'),(298,6,95,0,'2010-05-09 02:06:05'),(299,0,80,0,'2010-05-10 00:58:30'),(300,6,47,0,'2010-05-10 00:58:30'),(301,0,39,0,'2010-05-11 02:24:26'),(302,6,23,0,'2010-05-11 02:24:26'),(303,0,61,0,'2010-05-12 01:49:10'),(304,6,32,0,'2010-05-12 01:49:10'),(305,0,187,0,'2010-05-13 00:36:00'),(306,6,110,1,'2010-05-13 00:36:00'),(307,0,52,0,'2010-05-14 04:18:38'),(308,6,30,0,'2010-05-14 04:18:38'),(309,0,58,0,'2010-05-15 00:46:14'),(310,6,38,0,'2010-05-15 00:46:15'),(311,0,56,0,'2010-05-16 00:13:07'),(312,6,33,0,'2010-05-16 00:13:08'),(313,0,55,0,'2010-05-17 02:02:11'),(314,6,30,0,'2010-05-17 02:02:11'),(315,0,49,0,'2010-05-18 02:41:41'),(316,6,30,0,'2010-05-18 02:41:41'),(317,0,63,0,'2010-05-19 02:22:26'),(318,6,35,0,'2010-05-19 02:22:30'),(319,0,51,0,'2010-05-20 03:35:09'),(320,6,28,0,'2010-05-20 03:35:09'),(321,0,77,0,'2010-05-21 00:43:17'),(322,6,41,0,'2010-05-21 00:43:17'),(323,0,95,0,'2010-05-22 00:28:01'),(324,6,50,0,'2010-05-22 00:28:02'),(325,0,93,0,'2010-05-23 00:08:35'),(326,6,52,0,'2010-05-23 00:08:35'),(327,0,57,0,'2010-05-24 00:10:26'),(328,6,34,0,'2010-05-24 00:10:26'),(329,0,51,0,'2010-05-25 01:51:43'),(330,6,29,0,'2010-05-25 01:51:43'),(331,0,38,0,'2010-05-26 00:29:45'),(332,6,24,0,'2010-05-26 00:29:45'),(333,0,29,0,'2010-05-27 01:32:08'),(334,6,18,0,'2010-05-27 01:32:09'),(335,0,65,0,'2010-05-28 02:46:43'),(336,6,38,0,'2010-05-28 02:46:43'),(337,0,41,0,'2010-05-29 05:10:03'),(338,6,23,0,'2010-05-29 05:10:04'),(339,0,135,0,'2010-05-30 00:15:21'),(340,6,79,0,'2010-05-30 00:15:21'),(341,0,42,0,'2010-05-31 00:37:52'),(342,6,25,0,'2010-05-31 00:37:52'),(343,0,61,0,'2010-06-01 03:43:11'),(344,6,35,0,'2010-06-01 03:43:11'),(345,0,24,0,'2010-06-02 02:58:39'),(346,6,13,0,'2010-06-02 02:58:40'),(347,0,62,0,'2010-06-03 06:07:58'),(348,6,41,0,'2010-06-03 06:07:58'),(349,0,70,0,'2010-06-04 01:00:44'),(350,6,43,0,'2010-06-04 01:00:44'),(351,0,59,0,'2010-06-05 01:27:42'),(352,6,34,0,'2010-06-05 01:27:42'),(353,0,61,0,'2010-06-06 01:15:03'),(354,6,35,0,'2010-06-06 01:15:03'),(355,0,114,0,'2010-06-07 01:16:05'),(356,6,72,0,'2010-06-07 01:16:05'),(357,0,110,0,'2010-06-08 02:19:26'),(358,6,68,0,'2010-06-08 02:19:26'),(359,0,62,0,'2010-06-09 00:52:14'),(360,6,36,0,'2010-06-09 00:52:14'),(361,0,179,0,'2010-06-10 00:17:03'),(362,6,106,0,'2010-06-10 00:17:03'),(363,0,156,0,'2010-06-11 00:32:42'),(364,6,94,0,'2010-06-11 00:32:42'),(365,0,144,0,'2010-06-12 00:06:34'),(366,6,92,3,'2010-06-12 00:06:34'),(367,0,251,0,'2010-06-13 00:20:44'),(368,6,142,0,'2010-06-13 00:20:44'),(369,0,114,0,'2010-06-14 00:01:45'),(370,6,67,0,'2010-06-14 00:01:45'),(371,0,98,0,'2010-06-15 01:28:40'),(372,6,62,0,'2010-06-15 01:28:40'),(373,6,766,3,'2010-06-16 00:20:48'),(374,0,1339,0,'2010-06-16 00:22:23'),(375,0,818,0,'2010-06-17 00:01:14'),(376,6,469,7,'2010-06-17 00:01:14'),(377,0,132,0,'2010-06-18 01:02:24'),(378,6,75,0,'2010-06-18 01:02:25'),(379,0,136,0,'2010-06-19 00:36:41'),(380,6,79,0,'2010-06-19 00:36:41'),(381,0,114,0,'2010-06-20 00:33:37'),(382,6,63,1,'2010-06-20 00:33:38'),(383,6,63,1,'2010-06-20 00:33:38'),(384,0,119,0,'2010-06-21 00:20:30'),(385,6,73,0,'2010-06-21 00:20:30'),(386,0,162,0,'2010-06-22 00:00:27'),(387,6,89,1,'2010-06-22 00:00:27'),(388,0,119,0,'2010-06-23 00:27:59'),(389,6,63,0,'2010-06-23 00:27:59'),(390,0,147,0,'2010-06-24 00:22:04'),(391,6,83,0,'2010-06-24 00:22:04'),(392,0,147,0,'2010-06-25 00:23:12'),(393,6,84,0,'2010-06-25 00:23:12'),(394,0,109,0,'2010-06-26 00:14:41'),(395,6,61,0,'2010-06-26 00:14:41'),(396,0,100,0,'2010-06-27 00:15:43'),(397,6,54,0,'2010-06-27 00:15:43'),(398,0,129,0,'2010-06-28 00:13:42'),(399,6,67,0,'2010-06-28 00:13:42'),(400,0,119,0,'2010-06-29 00:01:46'),(401,6,67,0,'2010-06-29 00:01:47'),(402,0,101,0,'2010-06-30 00:15:21'),(403,6,53,0,'2010-06-30 00:15:21'),(404,0,91,0,'2010-07-01 00:44:11'),(405,6,47,0,'2010-07-01 00:44:11'),(406,0,98,0,'2010-07-02 00:40:58'),(407,6,54,0,'2010-07-02 00:40:58'),(408,0,95,0,'2010-07-03 00:48:10'),(409,6,50,0,'2010-07-03 00:48:10'),(410,0,60,0,'2010-07-04 00:24:56'),(411,6,36,0,'2010-07-04 00:24:56'),(412,0,182,0,'2010-07-05 04:26:07'),(413,6,101,0,'2010-07-05 04:26:08'),(414,0,148,0,'2010-07-06 00:24:20'),(415,6,79,0,'2010-07-06 00:24:20'),(416,0,80,0,'2010-07-07 00:16:55'),(417,6,47,0,'2010-07-07 00:16:55'),(418,0,68,0,'2010-07-08 02:13:05'),(419,6,37,0,'2010-07-08 02:13:05'),(420,0,66,0,'2010-07-09 00:05:52'),(421,6,35,0,'2010-07-09 00:05:52'),(422,0,43,0,'2010-07-10 01:13:40'),(423,6,24,0,'2010-07-10 01:13:40'),(424,0,87,0,'2010-07-11 00:23:57'),(425,6,49,0,'2010-07-11 00:23:57'),(426,0,42,0,'2010-07-12 01:01:01'),(427,6,26,0,'2010-07-12 01:01:01'),(428,0,1983,0,'2010-07-13 01:06:28'),(429,6,1171,6,'2010-07-13 01:06:29'),(430,0,456,0,'2010-07-14 00:02:10'),(431,6,282,1,'2010-07-14 00:02:10'),(432,0,48,0,'2010-07-15 00:08:17'),(433,6,30,0,'2010-07-15 00:08:18'),(434,0,48,0,'2010-07-16 00:40:21'),(435,6,30,0,'2010-07-16 00:40:21'),(436,0,84,0,'2010-07-17 00:31:13'),(437,6,50,0,'2010-07-17 00:31:13'),(438,0,59,0,'2010-07-18 01:21:50'),(439,6,31,0,'2010-07-18 01:21:50'),(440,0,42,0,'2010-07-19 01:06:00'),(441,6,25,0,'2010-07-19 01:06:01'),(442,0,70,0,'2010-07-20 00:07:43'),(443,6,43,0,'2010-07-20 00:07:43'),(444,0,40,0,'2010-07-21 01:07:08'),(445,6,22,0,'2010-07-21 01:07:08'),(446,0,91,0,'2010-07-22 00:35:56'),(447,6,55,0,'2010-07-22 00:35:56'),(448,0,47,0,'2010-07-23 00:40:40'),(449,6,34,0,'2010-07-23 00:40:40'),(450,0,55,0,'2010-07-24 01:38:52'),(451,6,35,1,'2010-07-24 01:38:52'),(452,0,73,0,'2010-07-25 00:27:04'),(453,6,47,0,'2010-07-25 00:27:04'),(454,0,34,0,'2010-07-26 02:08:34'),(455,6,20,0,'2010-07-26 02:08:34'),(456,0,39,0,'2010-07-27 00:13:30'),(457,6,28,3,'2010-07-27 00:13:30'),(458,0,53,0,'2010-07-28 00:38:31'),(459,6,36,2,'2010-07-28 00:38:31'),(460,0,34,0,'2010-07-29 01:31:19'),(461,6,20,0,'2010-07-29 01:31:19'),(462,0,25,0,'2010-07-30 03:18:28'),(463,6,18,0,'2010-07-30 03:18:28'),(464,0,162,0,'2010-07-31 00:06:00'),(465,6,99,0,'2010-07-31 00:06:00'),(466,0,44,0,'2010-08-01 00:51:55'),(467,6,28,0,'2010-08-01 00:51:56'),(468,0,58,0,'2010-08-02 00:02:25'),(469,6,42,0,'2010-08-02 00:02:25'),(470,0,39,0,'2010-08-03 00:31:45'),(471,6,28,0,'2010-08-03 00:31:45'),(472,0,129,0,'2010-08-04 00:22:29'),(473,6,82,0,'2010-08-04 00:22:29'),(474,0,46,0,'2010-08-05 00:24:06'),(475,6,30,0,'2010-08-05 00:24:06'),(476,0,45,0,'2010-08-06 02:29:39'),(477,6,33,0,'2010-08-06 02:29:40'),(478,0,28,0,'2010-08-07 00:23:47'),(479,6,19,0,'2010-08-07 00:23:47'),(480,0,27,0,'2010-08-08 03:32:59'),(481,6,18,0,'2010-08-08 03:32:59'),(482,0,75,0,'2010-08-09 03:52:26'),(483,6,45,0,'2010-08-09 03:52:26'),(484,0,120,0,'2010-08-10 00:01:18'),(485,6,80,0,'2010-08-10 00:01:18'),(486,0,82,0,'2010-08-11 00:12:37'),(487,6,51,0,'2010-08-11 00:12:37'),(488,0,91,0,'2010-08-12 00:42:49'),(489,6,59,0,'2010-08-12 00:42:49'),(490,0,32,0,'2010-08-13 01:33:32'),(491,6,20,0,'2010-08-13 01:33:32'),(492,0,38,0,'2010-08-14 01:16:14'),(493,6,23,0,'2010-08-14 01:16:14'),(494,0,43,0,'2010-08-15 00:44:02'),(495,6,26,0,'2010-08-15 00:44:03'),(496,0,28,0,'2010-08-16 00:20:24'),(497,6,18,0,'2010-08-16 00:20:24'),(498,0,27,0,'2010-08-17 00:42:52'),(499,6,17,0,'2010-08-17 00:42:52'),(500,0,37,0,'2010-08-18 02:03:11'),(501,0,37,0,'2010-08-18 02:03:11'),(502,6,23,0,'2010-08-18 02:03:11'),(503,6,23,0,'2010-08-18 02:03:11'),(504,0,48,0,'2010-08-19 00:24:05'),(505,6,30,0,'2010-08-19 00:24:05'),(506,0,99,0,'2010-08-20 02:18:59'),(507,0,99,0,'2010-08-20 02:18:59'),(508,6,65,0,'2010-08-20 02:18:59'),(509,6,65,0,'2010-08-20 02:18:59'),(510,0,89,0,'2010-08-21 00:31:23'),(511,6,62,0,'2010-08-21 00:31:24'),(512,0,78,0,'2010-08-22 00:24:11'),(513,6,48,0,'2010-08-22 00:24:11'),(514,0,34,0,'2010-08-23 01:30:40'),(515,6,24,0,'2010-08-23 01:30:40'),(516,0,41,0,'2010-08-24 00:14:25'),(517,6,25,0,'2010-08-24 00:14:25'),(518,0,48,0,'2010-08-25 03:03:47'),(519,6,31,0,'2010-08-25 03:03:47'),(520,0,57,0,'2010-08-26 01:05:37'),(521,6,32,0,'2010-08-26 01:05:37'),(522,0,129,0,'2010-08-27 00:00:07'),(523,6,84,0,'2010-08-27 00:00:08'),(524,0,37,0,'2010-08-28 03:04:55'),(525,0,37,0,'2010-08-28 03:04:55'),(526,6,20,0,'2010-08-28 03:04:55'),(527,6,20,0,'2010-08-28 03:04:55'),(528,0,11,0,'2010-08-29 04:43:49'),(529,6,7,0,'2010-08-29 04:43:49'),(530,0,70,0,'2010-08-30 00:28:10'),(531,6,43,0,'2010-08-30 00:28:10'),(532,0,58,0,'2010-08-31 01:58:12'),(533,6,32,0,'2010-08-31 01:58:12'),(534,0,66,0,'2010-09-01 00:13:59'),(535,6,38,0,'2010-09-01 00:13:59'),(536,0,48,0,'2010-09-02 04:03:17'),(537,6,35,0,'2010-09-02 04:03:17'),(538,6,35,0,'2010-09-02 04:03:17'),(539,0,40,0,'2010-09-03 01:18:26'),(540,6,23,0,'2010-09-03 01:18:26'),(541,0,47,0,'2010-09-04 00:38:13'),(542,6,24,0,'2010-09-04 00:38:13'),(543,0,48,0,'2010-09-05 00:56:56'),(544,6,28,0,'2010-09-05 00:56:57'),(545,0,36,0,'2010-09-06 00:23:21'),(546,6,20,0,'2010-09-06 00:23:22'),(547,0,31,0,'2010-09-07 01:18:20'),(548,6,17,0,'2010-09-07 01:18:21'),(549,0,35,0,'2010-09-08 00:25:01'),(550,6,24,0,'2010-09-08 00:25:01'),(551,0,34,0,'2010-09-09 01:02:50'),(552,6,19,0,'2010-09-09 01:02:50'),(553,0,61,0,'2010-09-10 01:18:58'),(554,6,36,0,'2010-09-10 01:18:58'),(555,0,46,0,'2010-09-11 03:34:47'),(556,6,26,0,'2010-09-11 03:34:47'),(557,0,89,0,'2010-09-12 00:10:10'),(558,6,57,0,'2010-09-12 00:10:10'),(559,0,32,0,'2010-09-13 02:38:15'),(560,6,19,0,'2010-09-13 02:38:15'),(561,0,51,0,'2010-09-14 00:58:55'),(562,6,30,0,'2010-09-14 00:58:55'),(563,0,30,0,'2010-09-15 01:49:23'),(564,6,18,0,'2010-09-15 01:49:23'),(565,0,80,0,'2010-09-16 00:08:30'),(566,6,47,0,'2010-09-16 00:08:31'),(567,0,254,0,'2010-09-17 01:58:03'),(568,6,148,0,'2010-09-17 01:58:03'),(569,0,59,0,'2010-09-18 00:25:02'),(570,6,32,0,'2010-09-18 00:25:02'),(571,0,27,0,'2010-09-19 00:09:45'),(572,6,16,0,'2010-09-19 00:09:45'),(573,0,59,0,'2010-09-20 02:27:55'),(574,6,38,0,'2010-09-20 02:27:55'),(575,0,60,0,'2010-09-21 00:57:58'),(576,6,33,0,'2010-09-21 00:57:58'),(577,0,7,0,'2010-10-16 21:21:36'),(578,6,5,0,'2010-10-16 21:21:36'),(579,0,67,0,'2010-10-17 07:43:18'),(580,6,38,0,'2010-10-17 07:43:18'),(581,0,125,0,'2010-10-18 03:01:51'),(582,6,82,1,'2010-10-18 03:01:51'),(583,0,89,0,'2010-10-19 01:28:03'),(584,6,55,0,'2010-10-19 01:28:03'),(585,0,62,0,'2010-10-20 00:54:09'),(586,6,40,0,'2010-10-20 00:54:09'),(587,0,66,0,'2010-10-21 00:17:37'),(588,6,40,0,'2010-10-21 00:17:37'),(589,0,49,0,'2010-10-22 00:14:12'),(590,6,35,0,'2010-10-22 00:14:13'),(591,0,34,0,'2010-10-23 00:16:22'),(592,6,20,0,'2010-10-23 00:16:23'),(593,0,26,0,'2010-10-24 00:42:08'),(594,6,14,0,'2010-10-24 00:42:08');

--
-- Table structure for table `zen_categories`
--

CREATE TABLE `zen_categories` (
  `categories_id` int(11) NOT NULL AUTO_INCREMENT,
  `categories_image` varchar(64) COLLATE utf8_unicode_ci DEFAULT NULL,
  `parent_id` int(11) NOT NULL DEFAULT '0',
  `sort_order` int(3) DEFAULT NULL,
  `date_added` datetime DEFAULT NULL,
  `last_modified` datetime DEFAULT NULL,
  `categories_status` tinyint(1) NOT NULL DEFAULT '1',
  PRIMARY KEY (`categories_id`),
  KEY `idx_parent_id_cat_id_zen` (`parent_id`,`categories_id`),
  KEY `idx_status_zen` (`categories_status`),
  KEY `idx_sort_order_zen` (`sort_order`)
) ENGINE=MyISAM AUTO_INCREMENT=17 DEFAULT CHARSET=utf8 COLLATE=utf8_unicode_ci;

--
-- Dumping data for table `zen_categories`
--

INSERT INTO `zen_categories` VALUES (1,NULL,5,0,'2010-01-13 17:39:53','2010-01-29 16:32:57',1),(2,'kit_01.jpg',0,3,'2010-01-13 17:41:30','2010-02-05 16:57:23',1),(3,'ebc406ap_01.jpg',0,1,'2010-01-13 17:42:33','2010-07-14 21:33:59',1),(4,'firstaid1_01_MED.gif',0,7,'2010-01-13 17:43:14','2010-02-05 16:58:45',1),(5,'nineman_01_MED.gif',0,0,'2010-01-14 07:35:29','2010-07-14 21:03:30',1),(6,NULL,5,0,'2010-01-14 07:44:48','2010-01-29 16:33:10',1),(7,NULL,5,0,'2010-01-14 07:46:00','2010-01-29 16:33:33',1),(8,NULL,5,0,'2010-01-14 07:46:19','2010-01-29 16:31:52',1),(9,NULL,5,0,'2010-01-14 07:46:42','2010-01-29 16:32:35',1),(10,NULL,5,0,'2010-01-14 08:00:26','2010-01-29 16:33:21',1),(11,'imersion_01.jpg',0,5,'2010-01-25 13:59:24','2010-02-05 16:57:57',1),(12,'categories/food_3682.jpg',0,2,'2010-01-27 18:57:41','2010-02-05 16:57:07',1),(13,'categories/misc_01.jpg',0,8,'2010-01-27 20:30:07','2010-02-05 16:59:06',1),(14,'categories/SKDK_01.jpg',0,4,'2010-01-28 18:52:47','2010-02-05 16:57:45',1),(15,'guardian/LCLT.jpg',0,6,'2010-02-04 19:19:25','2010-02-05 18:33:11',1),(16,'categories/lifepreserverxf35_01.jpg',0,0,'2010-06-12 08:14:24','2010-07-14 21:32:26',1);

--
-- Table structure for table `zen_categories_description`
--

CREATE TABLE `zen_categories_description` (
  `categories_id` int(11) NOT NULL DEFAULT '0',
  `language_id` int(11) NOT NULL DEFAULT '1',
  `categories_name` varchar(48) COLLATE utf8_unicode_ci NOT NULL,
  `categories_description` text COLLATE utf8_unicode_ci NOT NULL,
  PRIMARY KEY (`categories_id`,`language_id`),
  KEY `idx_categories_name_zen` (`categories_name`)
) ENGINE=MyISAM DEFAULT CHARSET=utf8 COLLATE=utf8_unicode_ci;

--
-- Dumping data for table `zen_categories_description`
--

INSERT INTO `zen_categories_description` VALUES (1,1,'4-Man Rafts',''),(2,1,'Survival Kits -  Marine & Aviation','The optional survival equipment is fitted into its own valise, externally separate from the raft valise. The equipment and raft valises are externally attached to each other utilizing velcro and a tie-line. These separate valises provide the ultimate in flexibility for raft and equipment combinations. You can now acquire your basic raft and equipment separately to meet your individual requirements. These kits are designed and prepared for both, Non TSO\'d and FAA TSO-Approved aviation/marine use. The FAR 91, 121, and 125/135 survival equipment kits are available as well.\r\n**Note:  Optional ELT/EPIRB can be packed inside survival kits.\r\n\r\n*Note: Food/water ration quantities appropriate for raft capacity.'),(3,1,'Transmitters','ELT\'s (Emergency Locator Transmitters) \r\nWe will meet or beat any other advertised prices on the Transmitters we have available!!'),(4,1,'First Aid Kits',''),(5,1,'Life Rafts','Life Rafts'),(6,1,'6-Man Rafts',''),(7,1,'9-Man Rafts',''),(8,1,'10-Man Rafts',''),(9,1,'12-Man Rafts',''),(10,1,'8-Man Raft',''),(1,2,'Balsas - 4 Hombre',''),(2,2,'Kits de Supervivencia - Marina y Aviacion','Infante de marina y aviacion.\r\n\r\nEl equipo de supervivencia opcional se cabe en su propio valise, externamente a parte del valise de la balsa. Los valises del equipo y de la balsa externamente se atan que utilizan el uno al otro el velcro y una atar-línea. Estos valises separados proporcionan el último en la flexibilidad para las combinaciones de la balsa y del equipo. Usted puede ahora adquirir su balsa y equipo básicos por separado para cumplir sus requisitos individuales. Estos kits se diseñan y se preparan para ambos, no TSO\' d y aviación TSO-Aprobada de FAA/uso marina. Los kits LEJANOS de 91, 121, y 125/135 equipo de supervivencia están disponibles también. ** Nota: ELT/EPIRB opcional se puede embalar dentro de kits de supervivencia. *Note: Cantidades de la ración del alimento/del agua apropiadas para la capacidad de la balsa.'),(3,2,'Transmisores','ELT\'s (Emergency Locator Transmitters) \r\nWe will meet or beat any other advertised prices on the Transmitters we have available!!'),(4,2,'Kits de primeros auxilios',''),(5,2,'Balsas Salvavidas','Life Rafts'),(6,2,'Balsas - 6 Hombre',''),(7,2,'Balsas - 9 Hombre',''),(8,2,'Balsas - 10 Hombre',''),(9,2,'Balsas - 12 Hombre',''),(10,2,'Balsas - 8 Hombre',''),(11,2,'Equipo de Seguridad','Immersion Suit'),(11,1,'Safety Equipment','Immersion Suit'),(12,2,'Raciones de Comidas y Agua',''),(12,1,'Food & Water Rations',''),(13,2,'Misceláneo',''),(13,1,'Miscellaneous',''),(14,2,'Kits de Supervivencia - Casero y Oficina','Casero y Oficina'),(14,1,'Survival Kits -  Home & Office',''),(15,2,'Linternas',''),(15,1,'Flashlights, Lanterns, Light Sticks',''),(16,1,'Life Vests',''),(16,2,'Life Vests','');

--
-- Table structure for table `zen_ceon_uri_mapping_configs`
--

CREATE TABLE `zen_ceon_uri_mapping_configs` (
  `id` int(10) unsigned NOT NULL,
  `version` varchar(14) NOT NULL,
  `autogen_new` int(1) unsigned NOT NULL,
  `whitespace_replacement` int(1) unsigned NOT NULL,
  `capitalisation` int(1) unsigned NOT NULL,
  `remove_words` text,
  `char_str_replacements` text,
  `excluded_files` text,
  PRIMARY KEY (`id`)
) ENGINE=MyISAM DEFAULT CHARSET=latin1;

--
-- Dumping data for table `zen_ceon_uri_mapping_configs`
--

INSERT INTO `zen_ceon_uri_mapping_configs` VALUES (1,'3.6.3',1,2,1,'-, a, an, this, that','Â£=>GBP, $=>USD',NULL);

--
-- Table structure for table `zen_ceon_uri_mappings`
--

CREATE TABLE `zen_ceon_uri_mappings` (
  `uri` text NOT NULL,
  `language_id` int(11) unsigned DEFAULT NULL,
  `current_uri` int(1) unsigned DEFAULT '0',
  `main_page` varchar(45) DEFAULT NULL,
  `query_string_parameters` varchar(255) DEFAULT NULL,
  `associated_db_id` int(11) unsigned DEFAULT NULL,
  `alternate_uri` varchar(255) DEFAULT NULL,
  `redirection_type_code` varchar(3) DEFAULT '301',
  `date_added` datetime NOT NULL DEFAULT '0000-00-00 00:00:00',
  KEY `assoc_db_id_idx` (`language_id`,`current_uri`,`main_page`,`associated_db_id`)
) ENGINE=MyISAM DEFAULT CHARSET=latin1;

--
-- Dumping data for table `zen_ceon_uri_mappings`
--

INSERT INTO `zen_ceon_uri_mappings` VALUES ('/balsas-salvavidas/balsas-10-hombre/basico-10-hombre-ninguna-tso',2,1,'product_info',NULL,25,NULL,'301','2010-07-14 21:00:44'),('/balsas-salvavidas/balsas-10-hombre/basico-10-hombre-ninguna-tso/reviews',2,1,'product_reviews',NULL,25,NULL,'301','2010-07-14 21:00:44'),('/balsas-salvavidas/balsas-10-hombre/basico-10-hombre-ninguna-tso/review',2,1,'product_reviews_info',NULL,25,NULL,'301','2010-07-14 21:00:44'),('/balsas-salvavidas/balsas-10-hombre/basico-10-hombre-ninguna-tso/add-a-review',2,1,'product_reviews_write',NULL,25,NULL,'301','2010-07-14 21:00:44'),('/balsas-salvavidas/balsas-10-hombre/basico-10-hombre-ninguna-tso/tell-a-friend',2,1,'tell_a_friend',NULL,25,NULL,'301','2010-07-14 21:00:44'),('/life-rafts/10-man-rafts/10-man-basic-non-tso',1,1,'product_info',NULL,25,NULL,'301','2010-07-14 21:00:44'),('/life-rafts/10-man-rafts/10-man-basic-non-tso/reviews',1,1,'product_reviews',NULL,25,NULL,'301','2010-07-14 21:00:44'),('/life-rafts/10-man-rafts/10-man-basic-non-tso/review',1,1,'product_reviews_info',NULL,25,NULL,'301','2010-07-14 21:00:44'),('/life-rafts/10-man-rafts/10-man-basic-non-tso/add-a-review',1,1,'product_reviews_write',NULL,25,NULL,'301','2010-07-14 21:00:44'),('/life-rafts/10-man-rafts/10-man-basic-non-tso/tell-a-friend',1,1,'tell_a_friend',NULL,25,NULL,'301','2010-07-14 21:00:44'),('/balsas-salvavidas/balsas-10-hombre/tso-10-hombre-con-el-pabellon-solamente',2,1,'product_info',NULL,26,NULL,'301','2010-07-14 21:02:11'),('/balsas-salvavidas/balsas-10-hombre/tso-10-hombre-con-el-pabellon-solamente/reviews',2,1,'product_reviews',NULL,26,NULL,'301','2010-07-14 21:02:11'),('/balsas-salvavidas/balsas-10-hombre/tso-10-hombre-con-el-pabellon-solamente/review',2,1,'product_reviews_info',NULL,26,NULL,'301','2010-07-14 21:02:11'),('/balsas-salvavidas/balsas-10-hombre/tso-10-hombre-con-el-pabellon-solamente/add-a-review',2,1,'product_reviews_write',NULL,26,NULL,'301','2010-07-14 21:02:11'),('/balsas-salvavidas/balsas-10-hombre/tso-10-hombre-con-el-pabellon-solamente/tell-a-friend',2,1,'tell_a_friend',NULL,26,NULL,'301','2010-07-14 21:02:11'),('/life-rafts/10-man-rafts/10-man-tso-w-canopy-only',1,1,'product_info',NULL,26,NULL,'301','2010-07-14 21:02:11'),('/life-rafts/10-man-rafts/10-man-tso-w-canopy-only/reviews',1,1,'product_reviews',NULL,26,NULL,'301','2010-07-14 21:02:11'),('/life-rafts/10-man-rafts/10-man-tso-w-canopy-only/review',1,1,'product_reviews_info',NULL,26,NULL,'301','2010-07-14 21:02:11'),('/life-rafts/10-man-rafts/10-man-tso-w-canopy-only/add-a-review',1,1,'product_reviews_write',NULL,26,NULL,'301','2010-07-14 21:02:11'),('/life-rafts/10-man-rafts/10-man-tso-w-canopy-only/tell-a-friend',1,1,'tell_a_friend',NULL,26,NULL,'301','2010-07-14 21:02:11'),('/balsas-salvavidas/balsas-10-hombre/tso-10-hombre-con-far-121-kit',2,1,'product_info',NULL,28,NULL,'301','2010-07-14 21:02:29'),('/balsas-salvavidas/balsas-10-hombre/tso-10-hombre-con-far-121-kit/reviews',2,1,'product_reviews',NULL,28,NULL,'301','2010-07-14 21:02:29'),('/balsas-salvavidas/balsas-10-hombre/tso-10-hombre-con-far-121-kit/review',2,1,'product_reviews_info',NULL,28,NULL,'301','2010-07-14 21:02:29'),('/balsas-salvavidas/balsas-10-hombre/tso-10-hombre-con-far-121-kit/add-a-review',2,1,'product_reviews_write',NULL,28,NULL,'301','2010-07-14 21:02:29'),('/balsas-salvavidas/balsas-10-hombre/tso-10-hombre-con-far-121-kit/tell-a-friend',2,1,'tell_a_friend',NULL,28,NULL,'301','2010-07-14 21:02:29'),('/life-rafts/10-man-rafts/10-man-tso-w-far-121-kit',1,1,'product_info',NULL,28,NULL,'301','2010-07-14 21:02:29'),('/life-rafts/10-man-rafts/10-man-tso-w-far-121-kit/reviews',1,1,'product_reviews',NULL,28,NULL,'301','2010-07-14 21:02:29'),('/life-rafts/10-man-rafts/10-man-tso-w-far-121-kit/review',1,1,'product_reviews_info',NULL,28,NULL,'301','2010-07-14 21:02:29'),('/life-rafts/10-man-rafts/10-man-tso-w-far-121-kit/add-a-review',1,1,'product_reviews_write',NULL,28,NULL,'301','2010-07-14 21:02:29'),('/life-rafts/10-man-rafts/10-man-tso-w-far-121-kit/tell-a-friend',1,1,'tell_a_friend',NULL,28,NULL,'301','2010-07-14 21:02:29'),('/balsas-salvavidas/balsas-10-hombre/tso-10-hombre-con-far-135-kit',2,1,'product_info',NULL,29,NULL,'301','2010-07-14 21:02:45'),('/balsas-salvavidas/balsas-10-hombre/tso-10-hombre-con-far-135-kit/reviews',2,1,'product_reviews',NULL,29,NULL,'301','2010-07-14 21:02:45'),('/balsas-salvavidas/balsas-10-hombre/tso-10-hombre-con-far-135-kit/review',2,1,'product_reviews_info',NULL,29,NULL,'301','2010-07-14 21:02:45'),('/balsas-salvavidas/balsas-10-hombre/tso-10-hombre-con-far-135-kit/add-a-review',2,1,'product_reviews_write',NULL,29,NULL,'301','2010-07-14 21:02:45'),('/balsas-salvavidas/balsas-10-hombre/tso-10-hombre-con-far-135-kit/tell-a-friend',2,1,'tell_a_friend',NULL,29,NULL,'301','2010-07-14 21:02:45'),('/life-rafts/10-man-rafts/10-man-tso-w-far-135-kit',1,1,'product_info',NULL,29,NULL,'301','2010-07-14 21:02:45'),('/life-rafts/10-man-rafts/10-man-tso-w-far-135-kit/reviews',1,1,'product_reviews',NULL,29,NULL,'301','2010-07-14 21:02:45'),('/life-rafts/10-man-rafts/10-man-tso-w-far-135-kit/review',1,1,'product_reviews_info',NULL,29,NULL,'301','2010-07-14 21:02:45'),('/life-rafts/10-man-rafts/10-man-tso-w-far-135-kit/add-a-review',1,1,'product_reviews_write',NULL,29,NULL,'301','2010-07-14 21:02:45'),('/life-rafts/10-man-rafts/10-man-tso-w-far-135-kit/tell-a-friend',1,1,'tell_a_friend',NULL,29,NULL,'301','2010-07-14 21:02:45'),('/balsas-salvavidas/balsas-10-hombre/tso-10-hombre-con-far-91-kit',2,1,'product_info',NULL,27,NULL,'301','2010-07-14 21:03:01'),('/balsas-salvavidas/balsas-10-hombre/tso-10-hombre-con-far-91-kit/reviews',2,1,'product_reviews',NULL,27,NULL,'301','2010-07-14 21:03:01'),('/balsas-salvavidas/balsas-10-hombre/tso-10-hombre-con-far-91-kit/review',2,1,'product_reviews_info',NULL,27,NULL,'301','2010-07-14 21:03:01'),('/balsas-salvavidas/balsas-10-hombre/tso-10-hombre-con-far-91-kit/add-a-review',2,1,'product_reviews_write',NULL,27,NULL,'301','2010-07-14 21:03:01'),('/balsas-salvavidas/balsas-10-hombre/tso-10-hombre-con-far-91-kit/tell-a-friend',2,1,'tell_a_friend',NULL,27,NULL,'301','2010-07-14 21:03:01'),('/life-rafts/10-man-rafts/10-man-tso-w-far-91-kit',1,1,'product_info',NULL,27,NULL,'301','2010-07-14 21:03:01'),('/life-rafts/10-man-rafts/10-man-tso-w-far-91-kit/reviews',1,1,'product_reviews',NULL,27,NULL,'301','2010-07-14 21:03:01'),('/life-rafts/10-man-rafts/10-man-tso-w-far-91-kit/review',1,1,'product_reviews_info',NULL,27,NULL,'301','2010-07-14 21:03:01'),('/life-rafts/10-man-rafts/10-man-tso-w-far-91-kit/add-a-review',1,1,'product_reviews_write',NULL,27,NULL,'301','2010-07-14 21:03:01'),('/life-rafts/10-man-rafts/10-man-tso-w-far-91-kit/tell-a-friend',1,1,'tell_a_friend',NULL,27,NULL,'301','2010-07-14 21:03:01'),('/balsas-salvavidas/balsas-12-hombre/basico-12-hombre-ninguna-tso',2,1,'product_info',NULL,30,NULL,'301','2010-07-14 21:04:00'),('/balsas-salvavidas/balsas-12-hombre/basico-12-hombre-ninguna-tso/reviews',2,1,'product_reviews',NULL,30,NULL,'301','2010-07-14 21:04:00'),('/balsas-salvavidas/balsas-12-hombre/basico-12-hombre-ninguna-tso/review',2,1,'product_reviews_info',NULL,30,NULL,'301','2010-07-14 21:04:00'),('/balsas-salvavidas/balsas-12-hombre/basico-12-hombre-ninguna-tso/add-a-review',2,1,'product_reviews_write',NULL,30,NULL,'301','2010-07-14 21:04:00'),('/balsas-salvavidas/balsas-12-hombre/basico-12-hombre-ninguna-tso/tell-a-friend',2,1,'tell_a_friend',NULL,30,NULL,'301','2010-07-14 21:04:00'),('/life-rafts/12-man-rafts/12-man-basic-non-tso',1,1,'product_info',NULL,30,NULL,'301','2010-07-14 21:04:00'),('/life-rafts/12-man-rafts/12-man-basic-non-tso/reviews',1,1,'product_reviews',NULL,30,NULL,'301','2010-07-14 21:04:00'),('/life-rafts/12-man-rafts/12-man-basic-non-tso/review',1,1,'product_reviews_info',NULL,30,NULL,'301','2010-07-14 21:04:00'),('/life-rafts/12-man-rafts/12-man-basic-non-tso/add-a-review',1,1,'product_reviews_write',NULL,30,NULL,'301','2010-07-14 21:04:00'),('/life-rafts/12-man-rafts/12-man-basic-non-tso/tell-a-friend',1,1,'tell_a_friend',NULL,30,NULL,'301','2010-07-14 21:04:00'),('/balsas-salvavidas/balsas-12-hombre/tso-12-hombre-con-el-pabellon-solamente',2,1,'product_info',NULL,31,NULL,'301','2010-07-14 21:04:13'),('/balsas-salvavidas/balsas-12-hombre/tso-12-hombre-con-el-pabellon-solamente/reviews',2,1,'product_reviews',NULL,31,NULL,'301','2010-07-14 21:04:13'),('/balsas-salvavidas/balsas-12-hombre/tso-12-hombre-con-el-pabellon-solamente/review',2,1,'product_reviews_info',NULL,31,NULL,'301','2010-07-14 21:04:13'),('/balsas-salvavidas/balsas-12-hombre/tso-12-hombre-con-el-pabellon-solamente/add-a-review',2,1,'product_reviews_write',NULL,31,NULL,'301','2010-07-14 21:04:13'),('/balsas-salvavidas/balsas-12-hombre/tso-12-hombre-con-el-pabellon-solamente/tell-a-friend',2,1,'tell_a_friend',NULL,31,NULL,'301','2010-07-14 21:04:13'),('/life-rafts/12-man-rafts/12-man-tso-w-canopy-only',1,1,'product_info',NULL,31,NULL,'301','2010-07-14 21:04:13'),('/life-rafts/12-man-rafts/12-man-tso-w-canopy-only/reviews',1,1,'product_reviews',NULL,31,NULL,'301','2010-07-14 21:04:13'),('/life-rafts/12-man-rafts/12-man-tso-w-canopy-only/review',1,1,'product_reviews_info',NULL,31,NULL,'301','2010-07-14 21:04:13'),('/life-rafts/12-man-rafts/12-man-tso-w-canopy-only/add-a-review',1,1,'product_reviews_write',NULL,31,NULL,'301','2010-07-14 21:04:13'),('/life-rafts/12-man-rafts/12-man-tso-w-canopy-only/tell-a-friend',1,1,'tell_a_friend',NULL,31,NULL,'301','2010-07-14 21:04:13'),('/balsas-salvavidas/balsas-12-hombre/tso-12-hombre-con-far-121-kit',2,1,'product_info',NULL,33,NULL,'301','2010-07-14 21:04:26'),('/balsas-salvavidas/balsas-12-hombre/tso-12-hombre-con-far-121-kit/reviews',2,1,'product_reviews',NULL,33,NULL,'301','2010-07-14 21:04:26'),('/balsas-salvavidas/balsas-12-hombre/tso-12-hombre-con-far-121-kit/review',2,1,'product_reviews_info',NULL,33,NULL,'301','2010-07-14 21:04:26'),('/balsas-salvavidas/balsas-12-hombre/tso-12-hombre-con-far-121-kit/add-a-review',2,1,'product_reviews_write',NULL,33,NULL,'301','2010-07-14 21:04:26'),('/balsas-salvavidas/balsas-12-hombre/tso-12-hombre-con-far-121-kit/tell-a-friend',2,1,'tell_a_friend',NULL,33,NULL,'301','2010-07-14 21:04:26'),('/life-rafts/12-man-rafts/12-man-tso-w-far-121-kit',1,1,'product_info',NULL,33,NULL,'301','2010-07-14 21:04:26'),('/life-rafts/12-man-rafts/12-man-tso-w-far-121-kit/reviews',1,1,'product_reviews',NULL,33,NULL,'301','2010-07-14 21:04:26'),('/life-rafts/12-man-rafts/12-man-tso-w-far-121-kit/review',1,1,'product_reviews_info',NULL,33,NULL,'301','2010-07-14 21:04:26'),('/life-rafts/12-man-rafts/12-man-tso-w-far-121-kit/add-a-review',1,1,'product_reviews_write',NULL,33,NULL,'301','2010-07-14 21:04:26'),('/life-rafts/12-man-rafts/12-man-tso-w-far-121-kit/tell-a-friend',1,1,'tell_a_friend',NULL,33,NULL,'301','2010-07-14 21:04:26'),('/balsas-salvavidas/balsas-12-hombre/tso-12-hombre-con-far-135-kit',2,1,'product_info',NULL,34,NULL,'301','2010-07-14 21:04:39'),('/balsas-salvavidas/balsas-12-hombre/tso-12-hombre-con-far-135-kit/reviews',2,1,'product_reviews',NULL,34,NULL,'301','2010-07-14 21:04:39'),('/balsas-salvavidas/balsas-12-hombre/tso-12-hombre-con-far-135-kit/review',2,1,'product_reviews_info',NULL,34,NULL,'301','2010-07-14 21:04:39'),('/balsas-salvavidas/balsas-12-hombre/tso-12-hombre-con-far-135-kit/add-a-review',2,1,'product_reviews_write',NULL,34,NULL,'301','2010-07-14 21:04:39'),('/balsas-salvavidas/balsas-12-hombre/tso-12-hombre-con-far-135-kit/tell-a-friend',2,1,'tell_a_friend',NULL,34,NULL,'301','2010-07-14 21:04:39'),('/life-rafts/12-man-rafts/12-man-tso-w-far-135-kit',1,1,'product_info',NULL,34,NULL,'301','2010-07-14 21:04:39'),('/life-rafts/12-man-rafts/12-man-tso-w-far-135-kit/reviews',1,1,'product_reviews',NULL,34,NULL,'301','2010-07-14 21:04:39'),('/life-rafts/12-man-rafts/12-man-tso-w-far-135-kit/review',1,1,'product_reviews_info',NULL,34,NULL,'301','2010-07-14 21:04:39'),('/life-rafts/12-man-rafts/12-man-tso-w-far-135-kit/add-a-review',1,1,'product_reviews_write',NULL,34,NULL,'301','2010-07-14 21:04:39'),('/life-rafts/12-man-rafts/12-man-tso-w-far-135-kit/tell-a-friend',1,1,'tell_a_friend',NULL,34,NULL,'301','2010-07-14 21:04:39'),('/balsas-salvavidas/balsas-12-hombre/tso-12-hombre-con-far-91-kit',2,1,'product_info',NULL,32,NULL,'301','2010-07-14 21:04:50'),('/balsas-salvavidas/balsas-12-hombre/tso-12-hombre-con-far-91-kit/reviews',2,1,'product_reviews',NULL,32,NULL,'301','2010-07-14 21:04:50'),('/balsas-salvavidas/balsas-12-hombre/tso-12-hombre-con-far-91-kit/review',2,1,'product_reviews_info',NULL,32,NULL,'301','2010-07-14 21:04:50'),('/balsas-salvavidas/balsas-12-hombre/tso-12-hombre-con-far-91-kit/add-a-review',2,1,'product_reviews_write',NULL,32,NULL,'301','2010-07-14 21:04:50'),('/balsas-salvavidas/balsas-12-hombre/tso-12-hombre-con-far-91-kit/tell-a-friend',2,1,'tell_a_friend',NULL,32,NULL,'301','2010-07-14 21:04:50'),('/life-rafts/12-man-rafts/12-man-tso-w-far-91-kit',1,1,'product_info',NULL,32,NULL,'301','2010-07-14 21:04:50'),('/life-rafts/12-man-rafts/12-man-tso-w-far-91-kit/reviews',1,1,'product_reviews',NULL,32,NULL,'301','2010-07-14 21:04:50'),('/life-rafts/12-man-rafts/12-man-tso-w-far-91-kit/review',1,1,'product_reviews_info',NULL,32,NULL,'301','2010-07-14 21:04:50'),('/life-rafts/12-man-rafts/12-man-tso-w-far-91-kit/add-a-review',1,1,'product_reviews_write',NULL,32,NULL,'301','2010-07-14 21:04:50'),('/life-rafts/12-man-rafts/12-man-tso-w-far-91-kit/tell-a-friend',1,1,'tell_a_friend',NULL,32,NULL,'301','2010-07-14 21:04:50'),('/balsas-salvavidas/balsas-4-hombre/basico-4-hombre',2,1,'product_info',NULL,1,NULL,'301','2010-07-14 21:05:13'),('/balsas-salvavidas/balsas-4-hombre/basico-4-hombre/reviews',2,1,'product_reviews',NULL,1,NULL,'301','2010-07-14 21:05:13'),('/balsas-salvavidas/balsas-4-hombre/basico-4-hombre/review',2,1,'product_reviews_info',NULL,1,NULL,'301','2010-07-14 21:05:13'),('/balsas-salvavidas/balsas-4-hombre/basico-4-hombre/add-a-review',2,1,'product_reviews_write',NULL,1,NULL,'301','2010-07-14 21:05:13'),('/balsas-salvavidas/balsas-4-hombre/basico-4-hombre/tell-a-friend',2,1,'tell_a_friend',NULL,1,NULL,'301','2010-07-14 21:05:13'),('/life-rafts/4-man-rafts/4-man-basic',1,1,'product_info',NULL,1,NULL,'301','2010-07-14 21:05:13'),('/life-rafts/4-man-rafts/4-man-basic/reviews',1,1,'product_reviews',NULL,1,NULL,'301','2010-07-14 21:05:13'),('/life-rafts/4-man-rafts/4-man-basic/review',1,1,'product_reviews_info',NULL,1,NULL,'301','2010-07-14 21:05:13'),('/life-rafts/4-man-rafts/4-man-basic/add-a-review',1,1,'product_reviews_write',NULL,1,NULL,'301','2010-07-14 21:05:13'),('/life-rafts/4-man-rafts/4-man-basic/tell-a-friend',1,1,'tell_a_friend',NULL,1,NULL,'301','2010-07-14 21:05:13'),('/balsas-salvavidas/balsas-4-hombre/basico-4-hombre-ninguna-tso',2,1,'product_info',NULL,10,NULL,'301','2010-07-14 21:05:27'),('/balsas-salvavidas/balsas-4-hombre/basico-4-hombre-ninguna-tso/reviews',2,1,'product_reviews',NULL,10,NULL,'301','2010-07-14 21:05:27'),('/balsas-salvavidas/balsas-4-hombre/basico-4-hombre-ninguna-tso/review',2,1,'product_reviews_info',NULL,10,NULL,'301','2010-07-14 21:05:27'),('/balsas-salvavidas/balsas-4-hombre/basico-4-hombre-ninguna-tso/add-a-review',2,1,'product_reviews_write',NULL,10,NULL,'301','2010-07-14 21:05:27'),('/balsas-salvavidas/balsas-4-hombre/basico-4-hombre-ninguna-tso/tell-a-friend',2,1,'tell_a_friend',NULL,10,NULL,'301','2010-07-14 21:05:27'),('/life-rafts/4-man-rafts/4-man-basic-no-tso',1,1,'product_info',NULL,10,NULL,'301','2010-07-14 21:05:27'),('/life-rafts/4-man-rafts/4-man-basic-no-tso/reviews',1,1,'product_reviews',NULL,10,NULL,'301','2010-07-14 21:05:27'),('/life-rafts/4-man-rafts/4-man-basic-no-tso/review',1,1,'product_reviews_info',NULL,10,NULL,'301','2010-07-14 21:05:27'),('/life-rafts/4-man-rafts/4-man-basic-no-tso/add-a-review',1,1,'product_reviews_write',NULL,10,NULL,'301','2010-07-14 21:05:27'),('/life-rafts/4-man-rafts/4-man-basic-no-tso/tell-a-friend',1,1,'tell_a_friend',NULL,10,NULL,'301','2010-07-14 21:05:27'),('/balsas-salvavidas/balsas-4-hombre/tso-4-hombre-con-pabellon-solamente',2,1,'product_info',NULL,11,NULL,'301','2010-07-14 21:05:40'),('/balsas-salvavidas/balsas-4-hombre/tso-4-hombre-con-pabellon-solamente/reviews',2,1,'product_reviews',NULL,11,NULL,'301','2010-07-14 21:05:40'),('/balsas-salvavidas/balsas-4-hombre/tso-4-hombre-con-pabellon-solamente/review',2,1,'product_reviews_info',NULL,11,NULL,'301','2010-07-14 21:05:40'),('/balsas-salvavidas/balsas-4-hombre/tso-4-hombre-con-pabellon-solamente/add-a-review',2,1,'product_reviews_write',NULL,11,NULL,'301','2010-07-14 21:05:40'),('/balsas-salvavidas/balsas-4-hombre/tso-4-hombre-con-pabellon-solamente/tell-a-friend',2,1,'tell_a_friend',NULL,11,NULL,'301','2010-07-14 21:05:40'),('/life-rafts/4-man-rafts/4-man-tso-w-canopy-only',1,1,'product_info',NULL,11,NULL,'301','2010-07-14 21:05:40'),('/life-rafts/4-man-rafts/4-man-tso-w-canopy-only/reviews',1,1,'product_reviews',NULL,11,NULL,'301','2010-07-14 21:05:40'),('/life-rafts/4-man-rafts/4-man-tso-w-canopy-only/review',1,1,'product_reviews_info',NULL,11,NULL,'301','2010-07-14 21:05:40'),('/life-rafts/4-man-rafts/4-man-tso-w-canopy-only/add-a-review',1,1,'product_reviews_write',NULL,11,NULL,'301','2010-07-14 21:05:40'),('/life-rafts/4-man-rafts/4-man-tso-w-canopy-only/tell-a-friend',1,1,'tell_a_friend',NULL,11,NULL,'301','2010-07-14 21:05:40'),('/balsas-salvavidas/balsas-4-hombre/tso-4-hombre-con-far-121-kit',2,1,'product_info',NULL,13,NULL,'301','2010-07-14 21:05:52'),('/balsas-salvavidas/balsas-4-hombre/tso-4-hombre-con-far-121-kit/reviews',2,1,'product_reviews',NULL,13,NULL,'301','2010-07-14 21:05:52'),('/balsas-salvavidas/balsas-4-hombre/tso-4-hombre-con-far-121-kit/review',2,1,'product_reviews_info',NULL,13,NULL,'301','2010-07-14 21:05:52'),('/balsas-salvavidas/balsas-4-hombre/tso-4-hombre-con-far-121-kit/add-a-review',2,1,'product_reviews_write',NULL,13,NULL,'301','2010-07-14 21:05:52'),('/balsas-salvavidas/balsas-4-hombre/tso-4-hombre-con-far-121-kit/tell-a-friend',2,1,'tell_a_friend',NULL,13,NULL,'301','2010-07-14 21:05:52'),('/life-rafts/4-man-rafts/4-man-tso-w-far-121-kit',1,1,'product_info',NULL,13,NULL,'301','2010-07-14 21:05:52'),('/life-rafts/4-man-rafts/4-man-tso-w-far-121-kit/reviews',1,1,'product_reviews',NULL,13,NULL,'301','2010-07-14 21:05:52'),('/life-rafts/4-man-rafts/4-man-tso-w-far-121-kit/review',1,1,'product_reviews_info',NULL,13,NULL,'301','2010-07-14 21:05:52'),('/life-rafts/4-man-rafts/4-man-tso-w-far-121-kit/add-a-review',1,1,'product_reviews_write',NULL,13,NULL,'301','2010-07-14 21:05:52'),('/life-rafts/4-man-rafts/4-man-tso-w-far-121-kit/tell-a-friend',1,1,'tell_a_friend',NULL,13,NULL,'301','2010-07-14 21:05:52'),('/balsas-salvavidas/balsas-4-hombre/tso-4-hombre-con-far-135-kit',2,1,'product_info',NULL,14,NULL,'301','2010-07-14 21:06:05'),('/balsas-salvavidas/balsas-4-hombre/tso-4-hombre-con-far-135-kit/reviews',2,1,'product_reviews',NULL,14,NULL,'301','2010-07-14 21:06:05'),('/balsas-salvavidas/balsas-4-hombre/tso-4-hombre-con-far-135-kit/review',2,1,'product_reviews_info',NULL,14,NULL,'301','2010-07-14 21:06:05'),('/balsas-salvavidas/balsas-4-hombre/tso-4-hombre-con-far-135-kit/add-a-review',2,1,'product_reviews_write',NULL,14,NULL,'301','2010-07-14 21:06:05'),('/balsas-salvavidas/balsas-4-hombre/tso-4-hombre-con-far-135-kit/tell-a-friend',2,1,'tell_a_friend',NULL,14,NULL,'301','2010-07-14 21:06:05'),('/life-rafts/4-man-rafts/4-man-tso-w-far-135-kit',1,1,'product_info',NULL,14,NULL,'301','2010-07-14 21:06:05'),('/life-rafts/4-man-rafts/4-man-tso-w-far-135-kit/reviews',1,1,'product_reviews',NULL,14,NULL,'301','2010-07-14 21:06:05'),('/life-rafts/4-man-rafts/4-man-tso-w-far-135-kit/review',1,1,'product_reviews_info',NULL,14,NULL,'301','2010-07-14 21:06:05'),('/life-rafts/4-man-rafts/4-man-tso-w-far-135-kit/add-a-review',1,1,'product_reviews_write',NULL,14,NULL,'301','2010-07-14 21:06:05'),('/life-rafts/4-man-rafts/4-man-tso-w-far-135-kit/tell-a-friend',1,1,'tell_a_friend',NULL,14,NULL,'301','2010-07-14 21:06:05'),('/balsas-salvavidas/balsas-4-hombre/tso-4-hombre-con-far-91-kit',2,1,'product_info',NULL,12,NULL,'301','2010-07-14 21:06:19'),('/balsas-salvavidas/balsas-4-hombre/tso-4-hombre-con-far-91-kit/reviews',2,1,'product_reviews',NULL,12,NULL,'301','2010-07-14 21:06:19'),('/balsas-salvavidas/balsas-4-hombre/tso-4-hombre-con-far-91-kit/review',2,1,'product_reviews_info',NULL,12,NULL,'301','2010-07-14 21:06:19'),('/balsas-salvavidas/balsas-4-hombre/tso-4-hombre-con-far-91-kit/add-a-review',2,1,'product_reviews_write',NULL,12,NULL,'301','2010-07-14 21:06:19'),('/balsas-salvavidas/balsas-4-hombre/tso-4-hombre-con-far-91-kit/tell-a-friend',2,1,'tell_a_friend',NULL,12,NULL,'301','2010-07-14 21:06:19'),('/life-rafts/4-man-rafts/4-man-tso-w-far-91-kit',1,1,'product_info',NULL,12,NULL,'301','2010-07-14 21:06:19'),('/life-rafts/4-man-rafts/4-man-tso-w-far-91-kit/reviews',1,1,'product_reviews',NULL,12,NULL,'301','2010-07-14 21:06:19'),('/life-rafts/4-man-rafts/4-man-tso-w-far-91-kit/review',1,1,'product_reviews_info',NULL,12,NULL,'301','2010-07-14 21:06:19'),('/life-rafts/4-man-rafts/4-man-tso-w-far-91-kit/add-a-review',1,1,'product_reviews_write',NULL,12,NULL,'301','2010-07-14 21:06:19'),('/life-rafts/4-man-rafts/4-man-tso-w-far-91-kit/tell-a-friend',1,1,'tell_a_friend',NULL,12,NULL,'301','2010-07-14 21:06:19'),('/balsas-salvavidas/balsas-4-hombre/4-hombre-con-pabellon-solamente',2,1,'product_info',NULL,2,NULL,'301','2010-07-14 21:06:34'),('/balsas-salvavidas/balsas-4-hombre/4-hombre-con-pabellon-solamente/reviews',2,1,'product_reviews',NULL,2,NULL,'301','2010-07-14 21:06:34'),('/balsas-salvavidas/balsas-4-hombre/4-hombre-con-pabellon-solamente/review',2,1,'product_reviews_info',NULL,2,NULL,'301','2010-07-14 21:06:34'),('/balsas-salvavidas/balsas-4-hombre/4-hombre-con-pabellon-solamente/add-a-review',2,1,'product_reviews_write',NULL,2,NULL,'301','2010-07-14 21:06:34'),('/balsas-salvavidas/balsas-4-hombre/4-hombre-con-pabellon-solamente/tell-a-friend',2,1,'tell_a_friend',NULL,2,NULL,'301','2010-07-14 21:06:34'),('/life-rafts/4-man-rafts/4-man-w-canopy-only',1,1,'product_info',NULL,2,NULL,'301','2010-07-14 21:06:34'),('/life-rafts/4-man-rafts/4-man-w-canopy-only/reviews',1,1,'product_reviews',NULL,2,NULL,'301','2010-07-14 21:06:34'),('/life-rafts/4-man-rafts/4-man-w-canopy-only/review',1,1,'product_reviews_info',NULL,2,NULL,'301','2010-07-14 21:06:34'),('/life-rafts/4-man-rafts/4-man-w-canopy-only/add-a-review',1,1,'product_reviews_write',NULL,2,NULL,'301','2010-07-14 21:06:34'),('/life-rafts/4-man-rafts/4-man-w-canopy-only/tell-a-friend',1,1,'tell_a_friend',NULL,2,NULL,'301','2010-07-14 21:06:34'),('/balsas-salvavidas/balsas-4-hombre/4-hombre-con-kit-de-lujo',2,1,'product_info',NULL,5,NULL,'301','2010-07-14 21:06:56'),('/balsas-salvavidas/balsas-4-hombre/4-hombre-con-kit-de-lujo/reviews',2,1,'product_reviews',NULL,5,NULL,'301','2010-07-14 21:06:56'),('/balsas-salvavidas/balsas-4-hombre/4-hombre-con-kit-de-lujo/review',2,1,'product_reviews_info',NULL,5,NULL,'301','2010-07-14 21:06:56'),('/balsas-salvavidas/balsas-4-hombre/4-hombre-con-kit-de-lujo/add-a-review',2,1,'product_reviews_write',NULL,5,NULL,'301','2010-07-14 21:06:56'),('/balsas-salvavidas/balsas-4-hombre/4-hombre-con-kit-de-lujo/tell-a-friend',2,1,'tell_a_friend',NULL,5,NULL,'301','2010-07-14 21:06:56'),('/life-rafts/4-man-rafts/4-man-w-deluxe-kit',1,1,'product_info',NULL,5,NULL,'301','2010-07-14 21:06:56'),('/life-rafts/4-man-rafts/4-man-w-deluxe-kit/reviews',1,1,'product_reviews',NULL,5,NULL,'301','2010-07-14 21:06:56'),('/life-rafts/4-man-rafts/4-man-w-deluxe-kit/review',1,1,'product_reviews_info',NULL,5,NULL,'301','2010-07-14 21:06:56'),('/life-rafts/4-man-rafts/4-man-w-deluxe-kit/add-a-review',1,1,'product_reviews_write',NULL,5,NULL,'301','2010-07-14 21:06:56'),('/life-rafts/4-man-rafts/4-man-w-deluxe-kit/tell-a-friend',1,1,'tell_a_friend',NULL,5,NULL,'301','2010-07-14 21:06:56'),('/balsas-salvavidas/balsas-4-hombre/4-hombre-con-kit-estandar',2,1,'product_info',NULL,3,NULL,'301','2010-07-14 21:07:14'),('/balsas-salvavidas/balsas-4-hombre/4-hombre-con-kit-estandar/reviews',2,1,'product_reviews',NULL,3,NULL,'301','2010-07-14 21:07:14'),('/balsas-salvavidas/balsas-4-hombre/4-hombre-con-kit-estandar/review',2,1,'product_reviews_info',NULL,3,NULL,'301','2010-07-14 21:07:14'),('/balsas-salvavidas/balsas-4-hombre/4-hombre-con-kit-estandar/add-a-review',2,1,'product_reviews_write',NULL,3,NULL,'301','2010-07-14 21:07:14'),('/balsas-salvavidas/balsas-4-hombre/4-hombre-con-kit-estandar/tell-a-friend',2,1,'tell_a_friend',NULL,3,NULL,'301','2010-07-14 21:07:14'),('/life-rafts/4-man-rafts/4-man-w-standard-kit',1,1,'product_info',NULL,3,NULL,'301','2010-07-14 21:07:14'),('/life-rafts/4-man-rafts/4-man-w-standard-kit/reviews',1,1,'product_reviews',NULL,3,NULL,'301','2010-07-14 21:07:14'),('/life-rafts/4-man-rafts/4-man-w-standard-kit/review',1,1,'product_reviews_info',NULL,3,NULL,'301','2010-07-14 21:07:14'),('/life-rafts/4-man-rafts/4-man-w-standard-kit/add-a-review',1,1,'product_reviews_write',NULL,3,NULL,'301','2010-07-14 21:07:14'),('/life-rafts/4-man-rafts/4-man-w-standard-kit/tell-a-friend',1,1,'tell_a_friend',NULL,3,NULL,'301','2010-07-14 21:07:14'),('/balsas-salvavidas/balsas-4-hombre/4-hombre-con-estandar-mas-kit',2,1,'product_info',NULL,4,NULL,'301','2010-07-14 21:07:28'),('/balsas-salvavidas/balsas-4-hombre/4-hombre-con-estandar-mas-kit/reviews',2,1,'product_reviews',NULL,4,NULL,'301','2010-07-14 21:07:28'),('/balsas-salvavidas/balsas-4-hombre/4-hombre-con-estandar-mas-kit/review',2,1,'product_reviews_info',NULL,4,NULL,'301','2010-07-14 21:07:28'),('/balsas-salvavidas/balsas-4-hombre/4-hombre-con-estandar-mas-kit/add-a-review',2,1,'product_reviews_write',NULL,4,NULL,'301','2010-07-14 21:07:28'),('/balsas-salvavidas/balsas-4-hombre/4-hombre-con-estandar-mas-kit/tell-a-friend',2,1,'tell_a_friend',NULL,4,NULL,'301','2010-07-14 21:07:28'),('/life-rafts/4-man-rafts/4-man-w-standard-plus-kit',1,1,'product_info',NULL,4,NULL,'301','2010-07-14 21:07:28'),('/life-rafts/4-man-rafts/4-man-w-standard-plus-kit/reviews',1,1,'product_reviews',NULL,4,NULL,'301','2010-07-14 21:07:28'),('/life-rafts/4-man-rafts/4-man-w-standard-plus-kit/review',1,1,'product_reviews_info',NULL,4,NULL,'301','2010-07-14 21:07:28'),('/life-rafts/4-man-rafts/4-man-w-standard-plus-kit/add-a-review',1,1,'product_reviews_write',NULL,4,NULL,'301','2010-07-14 21:07:28'),('/life-rafts/4-man-rafts/4-man-w-standard-plus-kit/tell-a-friend',1,1,'tell_a_friend',NULL,4,NULL,'301','2010-07-14 21:07:28'),('/balsas-salvavidas/balsas-6-hombre/basico-6-hombre-ninguna-tso',2,1,'product_info',NULL,20,NULL,'301','2010-07-14 21:07:52'),('/balsas-salvavidas/balsas-6-hombre/basico-6-hombre-ninguna-tso/reviews',2,1,'product_reviews',NULL,20,NULL,'301','2010-07-14 21:07:52'),('/balsas-salvavidas/balsas-6-hombre/basico-6-hombre-ninguna-tso/review',2,1,'product_reviews_info',NULL,20,NULL,'301','2010-07-14 21:07:52'),('/balsas-salvavidas/balsas-6-hombre/basico-6-hombre-ninguna-tso/add-a-review',2,1,'product_reviews_write',NULL,20,NULL,'301','2010-07-14 21:07:52'),('/balsas-salvavidas/balsas-6-hombre/basico-6-hombre-ninguna-tso/tell-a-friend',2,1,'tell_a_friend',NULL,20,NULL,'301','2010-07-14 21:07:52'),('/life-rafts/6-man-rafts/6-man-basic-non-tso',1,1,'product_info',NULL,20,NULL,'301','2010-07-14 21:07:52'),('/life-rafts/6-man-rafts/6-man-basic-non-tso/reviews',1,1,'product_reviews',NULL,20,NULL,'301','2010-07-14 21:07:52'),('/life-rafts/6-man-rafts/6-man-basic-non-tso/review',1,1,'product_reviews_info',NULL,20,NULL,'301','2010-07-14 21:07:52'),('/life-rafts/6-man-rafts/6-man-basic-non-tso/add-a-review',1,1,'product_reviews_write',NULL,20,NULL,'301','2010-07-14 21:07:52'),('/life-rafts/6-man-rafts/6-man-basic-non-tso/tell-a-friend',1,1,'tell_a_friend',NULL,20,NULL,'301','2010-07-14 21:07:52'),('/balsas-salvavidas/balsas-6-hombre/tso-6-hombre-con-pabellon-solamente',2,1,'product_info',NULL,21,NULL,'301','2010-07-14 21:08:07'),('/balsas-salvavidas/balsas-6-hombre/tso-6-hombre-con-pabellon-solamente/reviews',2,1,'product_reviews',NULL,21,NULL,'301','2010-07-14 21:08:07'),('/balsas-salvavidas/balsas-6-hombre/tso-6-hombre-con-pabellon-solamente/review',2,1,'product_reviews_info',NULL,21,NULL,'301','2010-07-14 21:08:07'),('/balsas-salvavidas/balsas-6-hombre/tso-6-hombre-con-pabellon-solamente/add-a-review',2,1,'product_reviews_write',NULL,21,NULL,'301','2010-07-14 21:08:07'),('/balsas-salvavidas/balsas-6-hombre/tso-6-hombre-con-pabellon-solamente/tell-a-friend',2,1,'tell_a_friend',NULL,21,NULL,'301','2010-07-14 21:08:07'),('/life-rafts/6-man-rafts/6-man-tso-w-canopy-only',1,1,'product_info',NULL,21,NULL,'301','2010-07-14 21:08:07'),('/life-rafts/6-man-rafts/6-man-tso-w-canopy-only/reviews',1,1,'product_reviews',NULL,21,NULL,'301','2010-07-14 21:08:07'),('/life-rafts/6-man-rafts/6-man-tso-w-canopy-only/review',1,1,'product_reviews_info',NULL,21,NULL,'301','2010-07-14 21:08:07'),('/life-rafts/6-man-rafts/6-man-tso-w-canopy-only/add-a-review',1,1,'product_reviews_write',NULL,21,NULL,'301','2010-07-14 21:08:07'),('/life-rafts/6-man-rafts/6-man-tso-w-canopy-only/tell-a-friend',1,1,'tell_a_friend',NULL,21,NULL,'301','2010-07-14 21:08:07'),('/balsas-salvavidas/balsas-6-hombre/tso-6-hombre-con-far-121-kit',2,1,'product_info',NULL,23,NULL,'301','2010-07-14 21:08:18'),('/balsas-salvavidas/balsas-6-hombre/tso-6-hombre-con-far-121-kit/reviews',2,1,'product_reviews',NULL,23,NULL,'301','2010-07-14 21:08:18'),('/balsas-salvavidas/balsas-6-hombre/tso-6-hombre-con-far-121-kit/review',2,1,'product_reviews_info',NULL,23,NULL,'301','2010-07-14 21:08:18'),('/balsas-salvavidas/balsas-6-hombre/tso-6-hombre-con-far-121-kit/add-a-review',2,1,'product_reviews_write',NULL,23,NULL,'301','2010-07-14 21:08:18'),('/balsas-salvavidas/balsas-6-hombre/tso-6-hombre-con-far-121-kit/tell-a-friend',2,1,'tell_a_friend',NULL,23,NULL,'301','2010-07-14 21:08:18'),('/life-rafts/6-man-rafts/6-man-tso-w-far-121-kit',1,1,'product_info',NULL,23,NULL,'301','2010-07-14 21:08:18'),('/life-rafts/6-man-rafts/6-man-tso-w-far-121-kit/reviews',1,1,'product_reviews',NULL,23,NULL,'301','2010-07-14 21:08:18'),('/life-rafts/6-man-rafts/6-man-tso-w-far-121-kit/review',1,1,'product_reviews_info',NULL,23,NULL,'301','2010-07-14 21:08:18'),('/life-rafts/6-man-rafts/6-man-tso-w-far-121-kit/add-a-review',1,1,'product_reviews_write',NULL,23,NULL,'301','2010-07-14 21:08:18'),('/life-rafts/6-man-rafts/6-man-tso-w-far-121-kit/tell-a-friend',1,1,'tell_a_friend',NULL,23,NULL,'301','2010-07-14 21:08:18'),('/balsas-salvavidas/balsas-6-hombre/tso-6-hombre-con-far-135-kit',2,1,'product_info',NULL,24,NULL,'301','2010-07-14 21:08:30'),('/balsas-salvavidas/balsas-6-hombre/tso-6-hombre-con-far-135-kit/reviews',2,1,'product_reviews',NULL,24,NULL,'301','2010-07-14 21:08:30'),('/balsas-salvavidas/balsas-6-hombre/tso-6-hombre-con-far-135-kit/review',2,1,'product_reviews_info',NULL,24,NULL,'301','2010-07-14 21:08:30'),('/balsas-salvavidas/balsas-6-hombre/tso-6-hombre-con-far-135-kit/add-a-review',2,1,'product_reviews_write',NULL,24,NULL,'301','2010-07-14 21:08:30'),('/balsas-salvavidas/balsas-6-hombre/tso-6-hombre-con-far-135-kit/tell-a-friend',2,1,'tell_a_friend',NULL,24,NULL,'301','2010-07-14 21:08:30'),('/life-rafts/6-man-rafts/6-man-tso-w-far-135-kit',1,1,'product_info',NULL,24,NULL,'301','2010-07-14 21:08:30'),('/life-rafts/6-man-rafts/6-man-tso-w-far-135-kit/reviews',1,1,'product_reviews',NULL,24,NULL,'301','2010-07-14 21:08:30'),('/life-rafts/6-man-rafts/6-man-tso-w-far-135-kit/review',1,1,'product_reviews_info',NULL,24,NULL,'301','2010-07-14 21:08:30'),('/life-rafts/6-man-rafts/6-man-tso-w-far-135-kit/add-a-review',1,1,'product_reviews_write',NULL,24,NULL,'301','2010-07-14 21:08:30'),('/life-rafts/6-man-rafts/6-man-tso-w-far-135-kit/tell-a-friend',1,1,'tell_a_friend',NULL,24,NULL,'301','2010-07-14 21:08:30'),('/balsas-salvavidas/balsas-6-hombre/tso-6-hombre-con-far-91-kit',2,1,'product_info',NULL,22,NULL,'301','2010-07-14 21:08:44'),('/balsas-salvavidas/balsas-6-hombre/tso-6-hombre-con-far-91-kit/reviews',2,1,'product_reviews',NULL,22,NULL,'301','2010-07-14 21:08:44'),('/balsas-salvavidas/balsas-6-hombre/tso-6-hombre-con-far-91-kit/review',2,1,'product_reviews_info',NULL,22,NULL,'301','2010-07-14 21:08:44'),('/balsas-salvavidas/balsas-6-hombre/tso-6-hombre-con-far-91-kit/add-a-review',2,1,'product_reviews_write',NULL,22,NULL,'301','2010-07-14 21:08:44'),('/balsas-salvavidas/balsas-6-hombre/tso-6-hombre-con-far-91-kit/tell-a-friend',2,1,'tell_a_friend',NULL,22,NULL,'301','2010-07-14 21:08:44'),('/life-rafts/6-man-rafts/6-man-tso-w-far-91-kit',1,1,'product_info',NULL,22,NULL,'301','2010-07-14 21:08:44'),('/life-rafts/6-man-rafts/6-man-tso-w-far-91-kit/reviews',1,1,'product_reviews',NULL,22,NULL,'301','2010-07-14 21:08:44'),('/life-rafts/6-man-rafts/6-man-tso-w-far-91-kit/review',1,1,'product_reviews_info',NULL,22,NULL,'301','2010-07-14 21:08:44'),('/life-rafts/6-man-rafts/6-man-tso-w-far-91-kit/add-a-review',1,1,'product_reviews_write',NULL,22,NULL,'301','2010-07-14 21:08:44'),('/life-rafts/6-man-rafts/6-man-tso-w-far-91-kit/tell-a-friend',1,1,'tell_a_friend',NULL,22,NULL,'301','2010-07-14 21:08:44'),('/balsas-salvavidas/balsas-8-hombre/basico-8-hombre-ninguna-tso',2,1,'product_info',NULL,15,NULL,'301','2010-07-14 21:09:24'),('/balsas-salvavidas/balsas-8-hombre/basico-8-hombre-ninguna-tso/reviews',2,1,'product_reviews',NULL,15,NULL,'301','2010-07-14 21:09:24'),('/balsas-salvavidas/balsas-8-hombre/basico-8-hombre-ninguna-tso/review',2,1,'product_reviews_info',NULL,15,NULL,'301','2010-07-14 21:09:24'),('/balsas-salvavidas/balsas-8-hombre/basico-8-hombre-ninguna-tso/add-a-review',2,1,'product_reviews_write',NULL,15,NULL,'301','2010-07-14 21:09:24'),('/balsas-salvavidas/balsas-8-hombre/basico-8-hombre-ninguna-tso/tell-a-friend',2,1,'tell_a_friend',NULL,15,NULL,'301','2010-07-14 21:09:24'),('/life-rafts/8-man-raft/8-man-basic-non-tso',1,1,'product_info',NULL,15,NULL,'301','2010-07-14 21:09:24'),('/life-rafts/8-man-raft/8-man-basic-non-tso/reviews',1,1,'product_reviews',NULL,15,NULL,'301','2010-07-14 21:09:24'),('/life-rafts/8-man-raft/8-man-basic-non-tso/review',1,1,'product_reviews_info',NULL,15,NULL,'301','2010-07-14 21:09:24'),('/life-rafts/8-man-raft/8-man-basic-non-tso/add-a-review',1,1,'product_reviews_write',NULL,15,NULL,'301','2010-07-14 21:09:24'),('/life-rafts/8-man-raft/8-man-basic-non-tso/tell-a-friend',1,1,'tell_a_friend',NULL,15,NULL,'301','2010-07-14 21:09:24'),('/balsas-salvavidas/balsas-8-hombre/tso-8-hombre-con-pabellon-solamente',2,1,'product_info',NULL,16,NULL,'301','2010-07-14 21:09:37'),('/balsas-salvavidas/balsas-8-hombre/tso-8-hombre-con-pabellon-solamente/reviews',2,1,'product_reviews',NULL,16,NULL,'301','2010-07-14 21:09:37'),('/balsas-salvavidas/balsas-8-hombre/tso-8-hombre-con-pabellon-solamente/review',2,1,'product_reviews_info',NULL,16,NULL,'301','2010-07-14 21:09:37'),('/balsas-salvavidas/balsas-8-hombre/tso-8-hombre-con-pabellon-solamente/add-a-review',2,1,'product_reviews_write',NULL,16,NULL,'301','2010-07-14 21:09:37'),('/balsas-salvavidas/balsas-8-hombre/tso-8-hombre-con-pabellon-solamente/tell-a-friend',2,1,'tell_a_friend',NULL,16,NULL,'301','2010-07-14 21:09:37'),('/life-rafts/8-man-raft/8-man-tso-w-canopy-only',1,1,'product_info',NULL,16,NULL,'301','2010-07-14 21:09:37'),('/life-rafts/8-man-raft/8-man-tso-w-canopy-only/reviews',1,1,'product_reviews',NULL,16,NULL,'301','2010-07-14 21:09:37'),('/life-rafts/8-man-raft/8-man-tso-w-canopy-only/review',1,1,'product_reviews_info',NULL,16,NULL,'301','2010-07-14 21:09:37'),('/life-rafts/8-man-raft/8-man-tso-w-canopy-only/add-a-review',1,1,'product_reviews_write',NULL,16,NULL,'301','2010-07-14 21:09:37'),('/life-rafts/8-man-raft/8-man-tso-w-canopy-only/tell-a-friend',1,1,'tell_a_friend',NULL,16,NULL,'301','2010-07-14 21:09:37'),('/balsas-salvavidas/balsas-8-hombre/tso-8-hombre-con-far-121-kit',2,1,'product_info',NULL,18,NULL,'301','2010-07-14 21:09:50'),('/balsas-salvavidas/balsas-8-hombre/tso-8-hombre-con-far-121-kit/reviews',2,1,'product_reviews',NULL,18,NULL,'301','2010-07-14 21:09:50'),('/balsas-salvavidas/balsas-8-hombre/tso-8-hombre-con-far-121-kit/review',2,1,'product_reviews_info',NULL,18,NULL,'301','2010-07-14 21:09:50'),('/balsas-salvavidas/balsas-8-hombre/tso-8-hombre-con-far-121-kit/add-a-review',2,1,'product_reviews_write',NULL,18,NULL,'301','2010-07-14 21:09:50'),('/balsas-salvavidas/balsas-8-hombre/tso-8-hombre-con-far-121-kit/tell-a-friend',2,1,'tell_a_friend',NULL,18,NULL,'301','2010-07-14 21:09:50'),('/life-rafts/8-man-raft/8-man-tso-w-far-121-kit',1,1,'product_info',NULL,18,NULL,'301','2010-07-14 21:09:50'),('/life-rafts/8-man-raft/8-man-tso-w-far-121-kit/reviews',1,1,'product_reviews',NULL,18,NULL,'301','2010-07-14 21:09:50'),('/life-rafts/8-man-raft/8-man-tso-w-far-121-kit/review',1,1,'product_reviews_info',NULL,18,NULL,'301','2010-07-14 21:09:50'),('/life-rafts/8-man-raft/8-man-tso-w-far-121-kit/add-a-review',1,1,'product_reviews_write',NULL,18,NULL,'301','2010-07-14 21:09:50'),('/life-rafts/8-man-raft/8-man-tso-w-far-121-kit/tell-a-friend',1,1,'tell_a_friend',NULL,18,NULL,'301','2010-07-14 21:09:50'),('/balsas-salvavidas/balsas-8-hombre/tso-8-hombre-con-far-135-kit',2,1,'product_info',NULL,19,NULL,'301','2010-07-14 21:10:01'),('/balsas-salvavidas/balsas-8-hombre/tso-8-hombre-con-far-135-kit/reviews',2,1,'product_reviews',NULL,19,NULL,'301','2010-07-14 21:10:01'),('/balsas-salvavidas/balsas-8-hombre/tso-8-hombre-con-far-135-kit/review',2,1,'product_reviews_info',NULL,19,NULL,'301','2010-07-14 21:10:01'),('/balsas-salvavidas/balsas-8-hombre/tso-8-hombre-con-far-135-kit/add-a-review',2,1,'product_reviews_write',NULL,19,NULL,'301','2010-07-14 21:10:01'),('/balsas-salvavidas/balsas-8-hombre/tso-8-hombre-con-far-135-kit/tell-a-friend',2,1,'tell_a_friend',NULL,19,NULL,'301','2010-07-14 21:10:01'),('/life-rafts/8-man-raft/8-man-tso-w-far-135-kit',1,1,'product_info',NULL,19,NULL,'301','2010-07-14 21:10:01'),('/life-rafts/8-man-raft/8-man-tso-w-far-135-kit/reviews',1,1,'product_reviews',NULL,19,NULL,'301','2010-07-14 21:10:01'),('/life-rafts/8-man-raft/8-man-tso-w-far-135-kit/review',1,1,'product_reviews_info',NULL,19,NULL,'301','2010-07-14 21:10:01'),('/life-rafts/8-man-raft/8-man-tso-w-far-135-kit/add-a-review',1,1,'product_reviews_write',NULL,19,NULL,'301','2010-07-14 21:10:01'),('/life-rafts/8-man-raft/8-man-tso-w-far-135-kit/tell-a-friend',1,1,'tell_a_friend',NULL,19,NULL,'301','2010-07-14 21:10:01'),('/balsas-salvavidas/balsas-8-hombre/tso-8-hombre-con-far-91-kit',2,1,'product_info',NULL,17,NULL,'301','2010-07-14 21:10:15'),('/balsas-salvavidas/balsas-8-hombre/tso-8-hombre-con-far-91-kit/reviews',2,1,'product_reviews',NULL,17,NULL,'301','2010-07-14 21:10:15'),('/balsas-salvavidas/balsas-8-hombre/tso-8-hombre-con-far-91-kit/review',2,1,'product_reviews_info',NULL,17,NULL,'301','2010-07-14 21:10:15'),('/balsas-salvavidas/balsas-8-hombre/tso-8-hombre-con-far-91-kit/add-a-review',2,1,'product_reviews_write',NULL,17,NULL,'301','2010-07-14 21:10:15'),('/balsas-salvavidas/balsas-8-hombre/tso-8-hombre-con-far-91-kit/tell-a-friend',2,1,'tell_a_friend',NULL,17,NULL,'301','2010-07-14 21:10:15'),('/life-rafts/8-man-raft/8-man-tso-w-far-91-kit',1,1,'product_info',NULL,17,NULL,'301','2010-07-14 21:10:15'),('/life-rafts/8-man-raft/8-man-tso-w-far-91-kit/reviews',1,1,'product_reviews',NULL,17,NULL,'301','2010-07-14 21:10:15'),('/life-rafts/8-man-raft/8-man-tso-w-far-91-kit/review',1,1,'product_reviews_info',NULL,17,NULL,'301','2010-07-14 21:10:15'),('/life-rafts/8-man-raft/8-man-tso-w-far-91-kit/add-a-review',1,1,'product_reviews_write',NULL,17,NULL,'301','2010-07-14 21:10:15'),('/life-rafts/8-man-raft/8-man-tso-w-far-91-kit/tell-a-friend',1,1,'tell_a_friend',NULL,17,NULL,'301','2010-07-14 21:10:15'),('/balsas-salvavidas/balsas-9-hombre/basico-9-hombre',2,1,'product_info',NULL,6,NULL,'301','2010-07-14 21:10:35'),('/balsas-salvavidas/balsas-9-hombre/basico-9-hombre/reviews',2,1,'product_reviews',NULL,6,NULL,'301','2010-07-14 21:10:35'),('/balsas-salvavidas/balsas-9-hombre/basico-9-hombre/review',2,1,'product_reviews_info',NULL,6,NULL,'301','2010-07-14 21:10:35'),('/balsas-salvavidas/balsas-9-hombre/basico-9-hombre/add-a-review',2,1,'product_reviews_write',NULL,6,NULL,'301','2010-07-14 21:10:35'),('/balsas-salvavidas/balsas-9-hombre/basico-9-hombre/tell-a-friend',2,1,'tell_a_friend',NULL,6,NULL,'301','2010-07-14 21:10:35'),('/life-rafts/9-man-rafts/9-man-basic',1,1,'product_info',NULL,6,NULL,'301','2010-07-14 21:10:35'),('/life-rafts/9-man-rafts/9-man-basic/reviews',1,1,'product_reviews',NULL,6,NULL,'301','2010-07-14 21:10:35'),('/life-rafts/9-man-rafts/9-man-basic/review',1,1,'product_reviews_info',NULL,6,NULL,'301','2010-07-14 21:10:35'),('/life-rafts/9-man-rafts/9-man-basic/add-a-review',1,1,'product_reviews_write',NULL,6,NULL,'301','2010-07-14 21:10:35'),('/life-rafts/9-man-rafts/9-man-basic/tell-a-friend',1,1,'tell_a_friend',NULL,6,NULL,'301','2010-07-14 21:10:35'),('/balsas-salvavidas/balsas-9-hombre/9-hombre-con-kit-de-lujo',2,1,'product_info',NULL,9,NULL,'301','2010-07-14 21:10:47'),('/balsas-salvavidas/balsas-9-hombre/9-hombre-con-kit-de-lujo/reviews',2,1,'product_reviews',NULL,9,NULL,'301','2010-07-14 21:10:47'),('/balsas-salvavidas/balsas-9-hombre/9-hombre-con-kit-de-lujo/review',2,1,'product_reviews_info',NULL,9,NULL,'301','2010-07-14 21:10:47'),('/balsas-salvavidas/balsas-9-hombre/9-hombre-con-kit-de-lujo/add-a-review',2,1,'product_reviews_write',NULL,9,NULL,'301','2010-07-14 21:10:47'),('/balsas-salvavidas/balsas-9-hombre/9-hombre-con-kit-de-lujo/tell-a-friend',2,1,'tell_a_friend',NULL,9,NULL,'301','2010-07-14 21:10:47'),('/life-rafts/9-man-rafts/9-man-w-deluxe-kit',1,1,'product_info',NULL,9,NULL,'301','2010-07-14 21:10:47'),('/life-rafts/9-man-rafts/9-man-w-deluxe-kit/reviews',1,1,'product_reviews',NULL,9,NULL,'301','2010-07-14 21:10:47'),('/life-rafts/9-man-rafts/9-man-w-deluxe-kit/review',1,1,'product_reviews_info',NULL,9,NULL,'301','2010-07-14 21:10:47'),('/life-rafts/9-man-rafts/9-man-w-deluxe-kit/add-a-review',1,1,'product_reviews_write',NULL,9,NULL,'301','2010-07-14 21:10:47'),('/life-rafts/9-man-rafts/9-man-w-deluxe-kit/tell-a-friend',1,1,'tell_a_friend',NULL,9,NULL,'301','2010-07-14 21:10:47'),('/balsas-salvavidas/balsas-9-hombre/9-hombre-con-kit-estandar',2,1,'product_info',NULL,7,NULL,'301','2010-07-14 21:11:02'),('/balsas-salvavidas/balsas-9-hombre/9-hombre-con-kit-estandar/reviews',2,1,'product_reviews',NULL,7,NULL,'301','2010-07-14 21:11:02'),('/balsas-salvavidas/balsas-9-hombre/9-hombre-con-kit-estandar/review',2,1,'product_reviews_info',NULL,7,NULL,'301','2010-07-14 21:11:02'),('/balsas-salvavidas/balsas-9-hombre/9-hombre-con-kit-estandar/add-a-review',2,1,'product_reviews_write',NULL,7,NULL,'301','2010-07-14 21:11:02'),('/balsas-salvavidas/balsas-9-hombre/9-hombre-con-kit-estandar/tell-a-friend',2,1,'tell_a_friend',NULL,7,NULL,'301','2010-07-14 21:11:02'),('/life-rafts/9-man-rafts/9-man-w-standard-kit',1,1,'product_info',NULL,7,NULL,'301','2010-07-14 21:11:02'),('/life-rafts/9-man-rafts/9-man-w-standard-kit/reviews',1,1,'product_reviews',NULL,7,NULL,'301','2010-07-14 21:11:02'),('/life-rafts/9-man-rafts/9-man-w-standard-kit/review',1,1,'product_reviews_info',NULL,7,NULL,'301','2010-07-14 21:11:02'),('/life-rafts/9-man-rafts/9-man-w-standard-kit/add-a-review',1,1,'product_reviews_write',NULL,7,NULL,'301','2010-07-14 21:11:02'),('/life-rafts/9-man-rafts/9-man-w-standard-kit/tell-a-friend',1,1,'tell_a_friend',NULL,7,NULL,'301','2010-07-14 21:11:02'),('/balsas-salvavidas/balsas-9-hombre/9-hombre-con-estandar-mas-kit',2,1,'product_info',NULL,8,NULL,'301','2010-07-14 21:11:14'),('/balsas-salvavidas/balsas-9-hombre/9-hombre-con-estandar-mas-kit/reviews',2,1,'product_reviews',NULL,8,NULL,'301','2010-07-14 21:11:14'),('/balsas-salvavidas/balsas-9-hombre/9-hombre-con-estandar-mas-kit/review',2,1,'product_reviews_info',NULL,8,NULL,'301','2010-07-14 21:11:14'),('/balsas-salvavidas/balsas-9-hombre/9-hombre-con-estandar-mas-kit/add-a-review',2,1,'product_reviews_write',NULL,8,NULL,'301','2010-07-14 21:11:14'),('/balsas-salvavidas/balsas-9-hombre/9-hombre-con-estandar-mas-kit/tell-a-friend',2,1,'tell_a_friend',NULL,8,NULL,'301','2010-07-14 21:11:14'),('/life-rafts/9-man-rafts/9-man-w-standard-plus-kit',1,1,'product_info',NULL,8,NULL,'301','2010-07-14 21:11:14'),('/life-rafts/9-man-rafts/9-man-w-standard-plus-kit/reviews',1,1,'product_reviews',NULL,8,NULL,'301','2010-07-14 21:11:14'),('/life-rafts/9-man-rafts/9-man-w-standard-plus-kit/review',1,1,'product_reviews_info',NULL,8,NULL,'301','2010-07-14 21:11:14'),('/life-rafts/9-man-rafts/9-man-w-standard-plus-kit/add-a-review',1,1,'product_reviews_write',NULL,8,NULL,'301','2010-07-14 21:11:14'),('/life-rafts/9-man-rafts/9-man-w-standard-plus-kit/tell-a-friend',1,1,'tell_a_friend',NULL,8,NULL,'301','2010-07-14 21:11:14'),('/life-vests/chaleco-de-vida-xf-35',2,1,'product_info',NULL,43,NULL,'301','2010-07-14 21:11:34'),('/life-vests/chaleco-de-vida-xf-35/reviews',2,1,'product_reviews',NULL,43,NULL,'301','2010-07-14 21:11:34'),('/life-vests/chaleco-de-vida-xf-35/review',2,1,'product_reviews_info',NULL,43,NULL,'301','2010-07-14 21:11:34'),('/life-vests/chaleco-de-vida-xf-35/add-a-review',2,1,'product_reviews_write',NULL,43,NULL,'301','2010-07-14 21:11:34'),('/life-vests/chaleco-de-vida-xf-35/tell-a-friend',2,1,'tell_a_friend',NULL,43,NULL,'301','2010-07-14 21:11:34'),('/life-vests/life-vest-xf-35',1,1,'product_info',NULL,43,NULL,'301','2010-07-14 21:11:34'),('/life-vests/life-vest-xf-35/reviews',1,1,'product_reviews',NULL,43,NULL,'301','2010-07-14 21:11:34'),('/life-vests/life-vest-xf-35/review',1,1,'product_reviews_info',NULL,43,NULL,'301','2010-07-14 21:11:34'),('/life-vests/life-vest-xf-35/add-a-review',1,1,'product_reviews_write',NULL,43,NULL,'301','2010-07-14 21:11:34'),('/life-vests/life-vest-xf-35/tell-a-friend',1,1,'tell_a_friend',NULL,43,NULL,'301','2010-07-14 21:11:34'),('/transmisores/500-12y-faro-del-localizador',2,1,'product_info',NULL,36,NULL,'301','2010-07-14 21:12:00'),('/transmisores/500-12y-faro-del-localizador/reviews',2,1,'product_reviews',NULL,36,NULL,'301','2010-07-14 21:12:00'),('/transmisores/500-12y-faro-del-localizador/review',2,1,'product_reviews_info',NULL,36,NULL,'301','2010-07-14 21:12:00'),('/transmisores/500-12y-faro-del-localizador/add-a-review',2,1,'product_reviews_write',NULL,36,NULL,'301','2010-07-14 21:12:00'),('/transmisores/500-12y-faro-del-localizador/tell-a-friend',2,1,'tell_a_friend',NULL,36,NULL,'301','2010-07-14 21:12:00'),('/transmitters/500-12y-locator-beacon',1,1,'product_info',NULL,36,NULL,'301','2010-07-14 21:12:00'),('/transmitters/500-12y-locator-beacon/reviews',1,1,'product_reviews',NULL,36,NULL,'301','2010-07-14 21:12:00'),('/transmitters/500-12y-locator-beacon/review',1,1,'product_reviews_info',NULL,36,NULL,'301','2010-07-14 21:12:00'),('/transmitters/500-12y-locator-beacon/add-a-review',1,1,'product_reviews_write',NULL,36,NULL,'301','2010-07-14 21:12:00'),('/transmitters/500-12y-locator-beacon/tell-a-friend',1,1,'tell_a_friend',NULL,36,NULL,'301','2010-07-14 21:12:00'),('/transmisores/aqualink-406',2,1,'product_info',NULL,45,NULL,'301','2010-07-14 21:12:13'),('/transmisores/aqualink-406/reviews',2,1,'product_reviews',NULL,45,NULL,'301','2010-07-14 21:12:13'),('/transmisores/aqualink-406/review',2,1,'product_reviews_info',NULL,45,NULL,'301','2010-07-14 21:12:13'),('/transmisores/aqualink-406/add-a-review',2,1,'product_reviews_write',NULL,45,NULL,'301','2010-07-14 21:12:13'),('/transmisores/aqualink-406/tell-a-friend',2,1,'tell_a_friend',NULL,45,NULL,'301','2010-07-14 21:12:13'),('/transmitters/aqualink-406',1,1,'product_info',NULL,45,NULL,'301','2010-07-14 21:12:13'),('/transmitters/aqualink-406/reviews',1,1,'product_reviews',NULL,45,NULL,'301','2010-07-14 21:12:13'),('/transmitters/aqualink-406/review',1,1,'product_reviews_info',NULL,45,NULL,'301','2010-07-14 21:12:13'),('/transmitters/aqualink-406/add-a-review',1,1,'product_reviews_write',NULL,45,NULL,'301','2010-07-14 21:12:13'),('/transmitters/aqualink-406/tell-a-friend',1,1,'tell_a_friend',NULL,45,NULL,'301','2010-07-14 21:12:13'),('/transmisores/ebc-406ap',2,1,'product_info',NULL,37,NULL,'301','2010-07-14 21:12:28'),('/transmisores/ebc-406ap/reviews',2,1,'product_reviews',NULL,37,NULL,'301','2010-07-14 21:12:28'),('/transmisores/ebc-406ap/review',2,1,'product_reviews_info',NULL,37,NULL,'301','2010-07-14 21:12:28'),('/transmisores/ebc-406ap/add-a-review',2,1,'product_reviews_write',NULL,37,NULL,'301','2010-07-14 21:12:28'),('/transmisores/ebc-406ap/tell-a-friend',2,1,'tell_a_friend',NULL,37,NULL,'301','2010-07-14 21:12:28'),('/transmitters/ebc-406ap',1,1,'product_info',NULL,37,NULL,'301','2010-07-14 21:12:28'),('/transmitters/ebc-406ap/reviews',1,1,'product_reviews',NULL,37,NULL,'301','2010-07-14 21:12:28'),('/transmitters/ebc-406ap/review',1,1,'product_reviews_info',NULL,37,NULL,'301','2010-07-14 21:12:28'),('/transmitters/ebc-406ap/add-a-review',1,1,'product_reviews_write',NULL,37,NULL,'301','2010-07-14 21:12:28'),('/transmitters/ebc-406ap/tell-a-friend',1,1,'tell_a_friend',NULL,37,NULL,'301','2010-07-14 21:12:28'),('/transmisores/ebc-502',2,1,'product_info',NULL,35,NULL,'301','2010-07-14 21:12:44'),('/transmisores/ebc-502/reviews',2,1,'product_reviews',NULL,35,NULL,'301','2010-07-14 21:12:44'),('/transmisores/ebc-502/review',2,1,'product_reviews_info',NULL,35,NULL,'301','2010-07-14 21:12:44'),('/transmisores/ebc-502/add-a-review',2,1,'product_reviews_write',NULL,35,NULL,'301','2010-07-14 21:12:44'),('/transmisores/ebc-502/tell-a-friend',2,1,'tell_a_friend',NULL,35,NULL,'301','2010-07-14 21:12:44'),('/transmitters/ebc-502',1,1,'product_info',NULL,35,NULL,'301','2010-07-14 21:12:44'),('/transmitters/ebc-502/reviews',1,1,'product_reviews',NULL,35,NULL,'301','2010-07-14 21:12:44'),('/transmitters/ebc-502/review',1,1,'product_reviews_info',NULL,35,NULL,'301','2010-07-14 21:12:44'),('/transmitters/ebc-502/add-a-review',1,1,'product_reviews_write',NULL,35,NULL,'301','2010-07-14 21:12:44'),('/transmitters/ebc-502/tell-a-friend',1,1,'tell_a_friend',NULL,35,NULL,'301','2010-07-14 21:12:44'),('/raciones-de-comidas-y-agua/racion-del-alimento-de-la-emergencia-de-3682-kcal',2,1,'product_info',NULL,48,NULL,'301','2010-07-14 21:13:29'),('/raciones-de-comidas-y-agua/racion-del-alimento-de-la-emergencia-de-3682-kcal/reviews',2,1,'product_reviews',NULL,48,NULL,'301','2010-07-14 21:13:29'),('/raciones-de-comidas-y-agua/racion-del-alimento-de-la-emergencia-de-3682-kcal/review',2,1,'product_reviews_info',NULL,48,NULL,'301','2010-07-14 21:13:29'),('/raciones-de-comidas-y-agua/racion-del-alimento-de-la-emergencia-de-3682-kcal/add-a-review',2,1,'product_reviews_write',NULL,48,NULL,'301','2010-07-14 21:13:29'),('/raciones-de-comidas-y-agua/racion-del-alimento-de-la-emergencia-de-3682-kcal/tell-a-friend',2,1,'tell_a_friend',NULL,48,NULL,'301','2010-07-14 21:13:29'),('/food-water-rations/3682-kcal-emergency-food-ration',1,1,'product_info',NULL,48,NULL,'301','2010-07-14 21:13:29'),('/food-water-rations/3682-kcal-emergency-food-ration/reviews',1,1,'product_reviews',NULL,48,NULL,'301','2010-07-14 21:13:29'),('/food-water-rations/3682-kcal-emergency-food-ration/review',1,1,'product_reviews_info',NULL,48,NULL,'301','2010-07-14 21:13:29'),('/food-water-rations/3682-kcal-emergency-food-ration/add-a-review',1,1,'product_reviews_write',NULL,48,NULL,'301','2010-07-14 21:13:29'),('/food-water-rations/3682-kcal-emergency-food-ration/tell-a-friend',1,1,'tell_a_friend',NULL,48,NULL,'301','2010-07-14 21:13:29'),('/raciones-de-comidas-y-agua/nueva-barra-de-energia-del-milenio',2,1,'product_info',NULL,49,NULL,'301','2010-07-14 21:13:47'),('/raciones-de-comidas-y-agua/nueva-barra-de-energia-del-milenio/reviews',2,1,'product_reviews',NULL,49,NULL,'301','2010-07-14 21:13:47'),('/raciones-de-comidas-y-agua/nueva-barra-de-energia-del-milenio/review',2,1,'product_reviews_info',NULL,49,NULL,'301','2010-07-14 21:13:47'),('/raciones-de-comidas-y-agua/nueva-barra-de-energia-del-milenio/add-a-review',2,1,'product_reviews_write',NULL,49,NULL,'301','2010-07-14 21:13:47'),('/raciones-de-comidas-y-agua/nueva-barra-de-energia-del-milenio/tell-a-friend',2,1,'tell_a_friend',NULL,49,NULL,'301','2010-07-14 21:13:47'),('/food-water-rations/new-millenium-energy-bar',1,1,'product_info',NULL,49,NULL,'301','2010-07-14 21:13:47'),('/food-water-rations/new-millenium-energy-bar/reviews',1,1,'product_reviews',NULL,49,NULL,'301','2010-07-14 21:13:47'),('/food-water-rations/new-millenium-energy-bar/review',1,1,'product_reviews_info',NULL,49,NULL,'301','2010-07-14 21:13:47'),('/food-water-rations/new-millenium-energy-bar/add-a-review',1,1,'product_reviews_write',NULL,49,NULL,'301','2010-07-14 21:13:47'),('/food-water-rations/new-millenium-energy-bar/tell-a-friend',1,1,'tell_a_friend',NULL,49,NULL,'301','2010-07-14 21:13:47'),('/raciones-de-comidas-y-agua/agua-potable-purificada-emergencia',2,1,'product_info',NULL,46,NULL,'301','2010-07-14 21:14:01'),('/raciones-de-comidas-y-agua/agua-potable-purificada-emergencia/reviews',2,1,'product_reviews',NULL,46,NULL,'301','2010-07-14 21:14:01'),('/raciones-de-comidas-y-agua/agua-potable-purificada-emergencia/review',2,1,'product_reviews_info',NULL,46,NULL,'301','2010-07-14 21:14:01'),('/raciones-de-comidas-y-agua/agua-potable-purificada-emergencia/add-a-review',2,1,'product_reviews_write',NULL,46,NULL,'301','2010-07-14 21:14:01'),('/raciones-de-comidas-y-agua/agua-potable-purificada-emergencia/tell-a-friend',2,1,'tell_a_friend',NULL,46,NULL,'301','2010-07-14 21:14:01'),('/food-water-rations/purified-drinking-water',1,1,'product_info',NULL,46,NULL,'301','2010-07-14 21:14:01'),('/food-water-rations/purified-drinking-water/reviews',1,1,'product_reviews',NULL,46,NULL,'301','2010-07-14 21:14:01'),('/food-water-rations/purified-drinking-water/review',1,1,'product_reviews_info',NULL,46,NULL,'301','2010-07-14 21:14:01'),('/food-water-rations/purified-drinking-water/add-a-review',1,1,'product_reviews_write',NULL,46,NULL,'301','2010-07-14 21:14:01'),('/food-water-rations/purified-drinking-water/tell-a-friend',1,1,'tell_a_friend',NULL,46,NULL,'301','2010-07-14 21:14:01'),('/raciones-de-comidas-y-agua/paquete-del-alimento-de-la-supervivencia',2,1,'product_info',NULL,47,NULL,'301','2010-07-14 21:14:12'),('/raciones-de-comidas-y-agua/paquete-del-alimento-de-la-supervivencia/reviews',2,1,'product_reviews',NULL,47,NULL,'301','2010-07-14 21:14:12'),('/raciones-de-comidas-y-agua/paquete-del-alimento-de-la-supervivencia/review',2,1,'product_reviews_info',NULL,47,NULL,'301','2010-07-14 21:14:12'),('/raciones-de-comidas-y-agua/paquete-del-alimento-de-la-supervivencia/add-a-review',2,1,'product_reviews_write',NULL,47,NULL,'301','2010-07-14 21:14:12'),('/raciones-de-comidas-y-agua/paquete-del-alimento-de-la-supervivencia/tell-a-friend',2,1,'tell_a_friend',NULL,47,NULL,'301','2010-07-14 21:14:12'),('/food-water-rations/sos-survival-food-pack',1,1,'product_info',NULL,47,NULL,'301','2010-07-14 21:14:12'),('/food-water-rations/sos-survival-food-pack/reviews',1,1,'product_reviews',NULL,47,NULL,'301','2010-07-14 21:14:12'),('/food-water-rations/sos-survival-food-pack/review',1,1,'product_reviews_info',NULL,47,NULL,'301','2010-07-14 21:14:12'),('/food-water-rations/sos-survival-food-pack/add-a-review',1,1,'product_reviews_write',NULL,47,NULL,'301','2010-07-14 21:14:12'),('/food-water-rations/sos-survival-food-pack/tell-a-friend',1,1,'tell_a_friend',NULL,47,NULL,'301','2010-07-14 21:14:12'),('/kits-de-supervivencia-marina-y-aviacion/de-lujo-far-135',2,1,'product_info',NULL,40,NULL,'301','2010-07-14 21:14:32'),('/kits-de-supervivencia-marina-y-aviacion/de-lujo-far-135/reviews',2,1,'product_reviews',NULL,40,NULL,'301','2010-07-14 21:14:32'),('/kits-de-supervivencia-marina-y-aviacion/de-lujo-far-135/review',2,1,'product_reviews_info',NULL,40,NULL,'301','2010-07-14 21:14:32'),('/kits-de-supervivencia-marina-y-aviacion/de-lujo-far-135/add-a-review',2,1,'product_reviews_write',NULL,40,NULL,'301','2010-07-14 21:14:32'),('/kits-de-supervivencia-marina-y-aviacion/de-lujo-far-135/tell-a-friend',2,1,'tell_a_friend',NULL,40,NULL,'301','2010-07-14 21:14:32'),('/survival-kits-marine-aviation/deluxe-far-135',1,1,'product_info',NULL,40,NULL,'301','2010-07-14 21:14:32'),('/survival-kits-marine-aviation/deluxe-far-135/reviews',1,1,'product_reviews',NULL,40,NULL,'301','2010-07-14 21:14:32'),('/survival-kits-marine-aviation/deluxe-far-135/review',1,1,'product_reviews_info',NULL,40,NULL,'301','2010-07-14 21:14:32'),('/survival-kits-marine-aviation/deluxe-far-135/add-a-review',1,1,'product_reviews_write',NULL,40,NULL,'301','2010-07-14 21:14:32'),('/survival-kits-marine-aviation/deluxe-far-135/tell-a-friend',1,1,'tell_a_friend',NULL,40,NULL,'301','2010-07-14 21:14:32'),('/kits-de-supervivencia-marina-y-aviacion/jungle-survival-kit',2,1,'product_info',NULL,71,NULL,'301','2010-07-14 21:14:46'),('/kits-de-supervivencia-marina-y-aviacion/jungle-survival-kit/reviews',2,1,'product_reviews',NULL,71,NULL,'301','2010-07-14 21:14:46'),('/kits-de-supervivencia-marina-y-aviacion/jungle-survival-kit/review',2,1,'product_reviews_info',NULL,71,NULL,'301','2010-07-14 21:14:46'),('/kits-de-supervivencia-marina-y-aviacion/jungle-survival-kit/add-a-review',2,1,'product_reviews_write',NULL,71,NULL,'301','2010-07-14 21:14:46'),('/kits-de-supervivencia-marina-y-aviacion/jungle-survival-kit/tell-a-friend',2,1,'tell_a_friend',NULL,71,NULL,'301','2010-07-14 21:14:46'),('/survival-kits-marine-aviation/jungle-survival-kit',1,1,'product_info',NULL,71,NULL,'301','2010-07-14 21:14:46'),('/survival-kits-marine-aviation/jungle-survival-kit/reviews',1,1,'product_reviews',NULL,71,NULL,'301','2010-07-14 21:14:46'),('/survival-kits-marine-aviation/jungle-survival-kit/review',1,1,'product_reviews_info',NULL,71,NULL,'301','2010-07-14 21:14:46'),('/survival-kits-marine-aviation/jungle-survival-kit/add-a-review',1,1,'product_reviews_write',NULL,71,NULL,'301','2010-07-14 21:14:46'),('/survival-kits-marine-aviation/jungle-survival-kit/tell-a-friend',1,1,'tell_a_friend',NULL,71,NULL,'301','2010-07-14 21:14:46'),('/kits-de-supervivencia-marina-y-aviacion/kit-estandar-far-91',2,1,'product_info',NULL,38,NULL,'301','2010-07-14 21:14:58'),('/kits-de-supervivencia-marina-y-aviacion/kit-estandar-far-91/reviews',2,1,'product_reviews',NULL,38,NULL,'301','2010-07-14 21:14:58'),('/kits-de-supervivencia-marina-y-aviacion/kit-estandar-far-91/review',2,1,'product_reviews_info',NULL,38,NULL,'301','2010-07-14 21:14:58'),('/kits-de-supervivencia-marina-y-aviacion/kit-estandar-far-91/add-a-review',2,1,'product_reviews_write',NULL,38,NULL,'301','2010-07-14 21:14:58'),('/kits-de-supervivencia-marina-y-aviacion/kit-estandar-far-91/tell-a-friend',2,1,'tell_a_friend',NULL,38,NULL,'301','2010-07-14 21:14:58'),('/survival-kits-marine-aviation/standard-kit-far-91',1,1,'product_info',NULL,38,NULL,'301','2010-07-14 21:14:58'),('/survival-kits-marine-aviation/standard-kit-far-91/reviews',1,1,'product_reviews',NULL,38,NULL,'301','2010-07-14 21:14:58'),('/survival-kits-marine-aviation/standard-kit-far-91/review',1,1,'product_reviews_info',NULL,38,NULL,'301','2010-07-14 21:14:58'),('/survival-kits-marine-aviation/standard-kit-far-91/add-a-review',1,1,'product_reviews_write',NULL,38,NULL,'301','2010-07-14 21:14:58'),('/survival-kits-marine-aviation/standard-kit-far-91/tell-a-friend',1,1,'tell_a_friend',NULL,38,NULL,'301','2010-07-14 21:14:58'),('/kits-de-supervivencia-marina-y-aviacion/kit-estandar-mas-far-121',2,1,'product_info',NULL,39,NULL,'301','2010-07-14 21:15:10'),('/kits-de-supervivencia-marina-y-aviacion/kit-estandar-mas-far-121/reviews',2,1,'product_reviews',NULL,39,NULL,'301','2010-07-14 21:15:10'),('/kits-de-supervivencia-marina-y-aviacion/kit-estandar-mas-far-121/review',2,1,'product_reviews_info',NULL,39,NULL,'301','2010-07-14 21:15:10'),('/kits-de-supervivencia-marina-y-aviacion/kit-estandar-mas-far-121/add-a-review',2,1,'product_reviews_write',NULL,39,NULL,'301','2010-07-14 21:15:10'),('/kits-de-supervivencia-marina-y-aviacion/kit-estandar-mas-far-121/tell-a-friend',2,1,'tell_a_friend',NULL,39,NULL,'301','2010-07-14 21:15:10'),('/survival-kits-marine-aviation/standard-plus-kit-far-121',1,1,'product_info',NULL,39,NULL,'301','2010-07-14 21:15:10'),('/survival-kits-marine-aviation/standard-plus-kit-far-121/reviews',1,1,'product_reviews',NULL,39,NULL,'301','2010-07-14 21:15:10'),('/survival-kits-marine-aviation/standard-plus-kit-far-121/review',1,1,'product_reviews_info',NULL,39,NULL,'301','2010-07-14 21:15:10'),('/survival-kits-marine-aviation/standard-plus-kit-far-121/add-a-review',1,1,'product_reviews_write',NULL,39,NULL,'301','2010-07-14 21:15:10'),('/survival-kits-marine-aviation/standard-plus-kit-far-121/tell-a-friend',1,1,'tell_a_friend',NULL,39,NULL,'301','2010-07-14 21:15:10'),('/kits-de-supervivencia-casero-y-oficina/bolso-de-totalizador-del-kit-de-supervivencia',2,1,'product_info',NULL,57,NULL,'301','2010-07-14 21:15:37'),('/kits-de-supervivencia-casero-y-oficina/bolso-de-totalizador-del-kit-de-supervivencia/reviews',2,1,'product_reviews',NULL,57,NULL,'301','2010-07-14 21:15:37'),('/kits-de-supervivencia-casero-y-oficina/bolso-de-totalizador-del-kit-de-supervivencia/review',2,1,'product_reviews_info',NULL,57,NULL,'301','2010-07-14 21:15:37'),('/kits-de-supervivencia-casero-y-oficina/bolso-de-totalizador-del-kit-de-supervivencia/add-a-review',2,1,'product_reviews_write',NULL,57,NULL,'301','2010-07-14 21:15:37'),('/kits-de-supervivencia-casero-y-oficina/bolso-de-totalizador-del-kit-de-supervivencia/tell-a-friend',2,1,'tell_a_friend',NULL,57,NULL,'301','2010-07-14 21:15:37'),('/survival-kits-home-office/survival-kit-tote-bag',1,1,'product_info',NULL,57,NULL,'301','2010-07-14 21:15:37'),('/survival-kits-home-office/survival-kit-tote-bag/reviews',1,1,'product_reviews',NULL,57,NULL,'301','2010-07-14 21:15:37'),('/survival-kits-home-office/survival-kit-tote-bag/review',1,1,'product_reviews_info',NULL,57,NULL,'301','2010-07-14 21:15:37'),('/survival-kits-home-office/survival-kit-tote-bag/add-a-review',1,1,'product_reviews_write',NULL,57,NULL,'301','2010-07-14 21:15:37'),('/survival-kits-home-office/survival-kit-tote-bag/tell-a-friend',1,1,'tell_a_friend',NULL,57,NULL,'301','2010-07-14 21:15:37'),('/kits-de-supervivencia-casero-y-oficina/bolso-de-totalizador-del-kit-de-supervivencia-para-los-ninos',2,1,'product_info',NULL,58,NULL,'301','2010-07-14 21:15:57'),('/kits-de-supervivencia-casero-y-oficina/bolso-de-totalizador-del-kit-de-supervivencia-para-los-ninos/reviews',2,1,'product_reviews',NULL,58,NULL,'301','2010-07-14 21:15:57'),('/kits-de-supervivencia-casero-y-oficina/bolso-de-totalizador-del-kit-de-supervivencia-para-los-ninos/review',2,1,'product_reviews_info',NULL,58,NULL,'301','2010-07-14 21:15:57'),('/kits-de-supervivencia-casero-y-oficina/bolso-de-totalizador-del-kit-de-supervivencia-para-los-ninos/add-a-review',2,1,'product_reviews_write',NULL,58,NULL,'301','2010-07-14 21:15:57'),('/kits-de-supervivencia-casero-y-oficina/bolso-de-totalizador-del-kit-de-supervivencia-para-los-ninos/tell-a-friend',2,1,'tell_a_friend',NULL,58,NULL,'301','2010-07-14 21:15:57'),('/survival-kits-home-office/survival-kit-tote-bag-for-children',1,1,'product_info',NULL,58,NULL,'301','2010-07-14 21:15:57'),('/survival-kits-home-office/survival-kit-tote-bag-for-children/reviews',1,1,'product_reviews',NULL,58,NULL,'301','2010-07-14 21:15:57'),('/survival-kits-home-office/survival-kit-tote-bag-for-children/review',1,1,'product_reviews_info',NULL,58,NULL,'301','2010-07-14 21:15:57'),('/survival-kits-home-office/survival-kit-tote-bag-for-children/add-a-review',1,1,'product_reviews_write',NULL,58,NULL,'301','2010-07-14 21:15:57'),('/survival-kits-home-office/survival-kit-tote-bag-for-children/tell-a-friend',1,1,'tell_a_friend',NULL,58,NULL,'301','2010-07-14 21:15:57'),('/kits-de-supervivencia-casero-y-oficina/kit-de-supervivencia-mini',2,1,'product_info',NULL,59,NULL,'301','2010-07-14 21:16:11'),('/kits-de-supervivencia-casero-y-oficina/kit-de-supervivencia-mini/reviews',2,1,'product_reviews',NULL,59,NULL,'301','2010-07-14 21:16:11'),('/kits-de-supervivencia-casero-y-oficina/kit-de-supervivencia-mini/review',2,1,'product_reviews_info',NULL,59,NULL,'301','2010-07-14 21:16:11'),('/kits-de-supervivencia-casero-y-oficina/kit-de-supervivencia-mini/add-a-review',2,1,'product_reviews_write',NULL,59,NULL,'301','2010-07-14 21:16:11'),('/kits-de-supervivencia-casero-y-oficina/kit-de-supervivencia-mini/tell-a-friend',2,1,'tell_a_friend',NULL,59,NULL,'301','2010-07-14 21:16:11'),('/survival-kits-home-office/survival-kit-mini',1,1,'product_info',NULL,59,NULL,'301','2010-07-14 21:16:11'),('/survival-kits-home-office/survival-kit-mini/reviews',1,1,'product_reviews',NULL,59,NULL,'301','2010-07-14 21:16:11'),('/survival-kits-home-office/survival-kit-mini/review',1,1,'product_reviews_info',NULL,59,NULL,'301','2010-07-14 21:16:11'),('/survival-kits-home-office/survival-kit-mini/add-a-review',1,1,'product_reviews_write',NULL,59,NULL,'301','2010-07-14 21:16:11'),('/survival-kits-home-office/survival-kit-mini/tell-a-friend',1,1,'tell_a_friend',NULL,59,NULL,'301','2010-07-14 21:16:11'),('/kits-de-supervivencia-casero-y-oficina/kit-de-supervivenciamini-para-los-ninos',2,1,'product_info',NULL,60,NULL,'301','2010-07-14 21:16:24'),('/kits-de-supervivencia-casero-y-oficina/kit-de-supervivenciamini-para-los-ninos/reviews',2,1,'product_reviews',NULL,60,NULL,'301','2010-07-14 21:16:24'),('/kits-de-supervivencia-casero-y-oficina/kit-de-supervivenciamini-para-los-ninos/review',2,1,'product_reviews_info',NULL,60,NULL,'301','2010-07-14 21:16:24'),('/kits-de-supervivencia-casero-y-oficina/kit-de-supervivenciamini-para-los-ninos/add-a-review',2,1,'product_reviews_write',NULL,60,NULL,'301','2010-07-14 21:16:24'),('/kits-de-supervivencia-casero-y-oficina/kit-de-supervivenciamini-para-los-ninos/tell-a-friend',2,1,'tell_a_friend',NULL,60,NULL,'301','2010-07-14 21:16:24'),('/survival-kits-home-office/survival-kit-mini-for-children',1,1,'product_info',NULL,60,NULL,'301','2010-07-14 21:16:24'),('/survival-kits-home-office/survival-kit-mini-for-children/reviews',1,1,'product_reviews',NULL,60,NULL,'301','2010-07-14 21:16:24'),('/survival-kits-home-office/survival-kit-mini-for-children/review',1,1,'product_reviews_info',NULL,60,NULL,'301','2010-07-14 21:16:24'),('/survival-kits-home-office/survival-kit-mini-for-children/add-a-review',1,1,'product_reviews_write',NULL,60,NULL,'301','2010-07-14 21:16:24'),('/survival-kits-home-office/survival-kit-mini-for-children/tell-a-friend',1,1,'tell_a_friend',NULL,60,NULL,'301','2010-07-14 21:16:24'),('/kits-de-supervivencia-casero-y-oficina/kit-de-supervivencia-de-lujo',2,1,'product_info',NULL,52,NULL,'301','2010-07-14 21:16:38'),('/kits-de-supervivencia-casero-y-oficina/kit-de-supervivencia-de-lujo/reviews',2,1,'product_reviews',NULL,52,NULL,'301','2010-07-14 21:16:38'),('/kits-de-supervivencia-casero-y-oficina/kit-de-supervivencia-de-lujo/review',2,1,'product_reviews_info',NULL,52,NULL,'301','2010-07-14 21:16:38'),('/kits-de-supervivencia-casero-y-oficina/kit-de-supervivencia-de-lujo/add-a-review',2,1,'product_reviews_write',NULL,52,NULL,'301','2010-07-14 21:16:38'),('/kits-de-supervivencia-casero-y-oficina/kit-de-supervivencia-de-lujo/tell-a-friend',2,1,'tell_a_friend',NULL,52,NULL,'301','2010-07-14 21:16:38'),('/survival-kits-home-office/deluxe-survival-kit',1,1,'product_info',NULL,52,NULL,'301','2010-07-14 21:16:38'),('/survival-kits-home-office/deluxe-survival-kit/reviews',1,1,'product_reviews',NULL,52,NULL,'301','2010-07-14 21:16:38'),('/survival-kits-home-office/deluxe-survival-kit/review',1,1,'product_reviews_info',NULL,52,NULL,'301','2010-07-14 21:16:38'),('/survival-kits-home-office/deluxe-survival-kit/add-a-review',1,1,'product_reviews_write',NULL,52,NULL,'301','2010-07-14 21:16:38'),('/survival-kits-home-office/deluxe-survival-kit/tell-a-friend',1,1,'tell_a_friend',NULL,52,NULL,'301','2010-07-14 21:16:38'),('/kits-de-supervivencia-casero-y-oficina/kit-de-lujo-de-2-personas',2,1,'product_info',NULL,54,NULL,'301','2010-07-14 21:16:53'),('/kits-de-supervivencia-casero-y-oficina/kit-de-lujo-de-2-personas/reviews',2,1,'product_reviews',NULL,54,NULL,'301','2010-07-14 21:16:53'),('/kits-de-supervivencia-casero-y-oficina/kit-de-lujo-de-2-personas/review',2,1,'product_reviews_info',NULL,54,NULL,'301','2010-07-14 21:16:53'),('/kits-de-supervivencia-casero-y-oficina/kit-de-lujo-de-2-personas/add-a-review',2,1,'product_reviews_write',NULL,54,NULL,'301','2010-07-14 21:16:53'),('/kits-de-supervivencia-casero-y-oficina/kit-de-lujo-de-2-personas/tell-a-friend',2,1,'tell_a_friend',NULL,54,NULL,'301','2010-07-14 21:16:53'),('/survival-kits-home-office/2-person-deluxe-kit',1,1,'product_info',NULL,54,NULL,'301','2010-07-14 21:16:53'),('/survival-kits-home-office/2-person-deluxe-kit/reviews',1,1,'product_reviews',NULL,54,NULL,'301','2010-07-14 21:16:53'),('/survival-kits-home-office/2-person-deluxe-kit/review',1,1,'product_reviews_info',NULL,54,NULL,'301','2010-07-14 21:16:53'),('/survival-kits-home-office/2-person-deluxe-kit/add-a-review',1,1,'product_reviews_write',NULL,54,NULL,'301','2010-07-14 21:16:53'),('/survival-kits-home-office/2-person-deluxe-kit/tell-a-friend',1,1,'tell_a_friend',NULL,54,NULL,'301','2010-07-14 21:16:53'),('/kits-de-supervivencia-casero-y-oficina/kiit-de-supervivencia-para-los-ninos',2,1,'product_info',NULL,53,NULL,'301','2010-07-14 21:17:09'),('/kits-de-supervivencia-casero-y-oficina/kiit-de-supervivencia-para-los-ninos/reviews',2,1,'product_reviews',NULL,53,NULL,'301','2010-07-14 21:17:09'),('/kits-de-supervivencia-casero-y-oficina/kiit-de-supervivencia-para-los-ninos/review',2,1,'product_reviews_info',NULL,53,NULL,'301','2010-07-14 21:17:09'),('/kits-de-supervivencia-casero-y-oficina/kiit-de-supervivencia-para-los-ninos/add-a-review',2,1,'product_reviews_write',NULL,53,NULL,'301','2010-07-14 21:17:09'),('/kits-de-supervivencia-casero-y-oficina/kiit-de-supervivencia-para-los-ninos/tell-a-friend',2,1,'tell_a_friend',NULL,53,NULL,'301','2010-07-14 21:17:09'),('/survival-kits-home-office/childrens-survival-kit',1,1,'product_info',NULL,53,NULL,'301','2010-07-14 21:17:09'),('/survival-kits-home-office/childrens-survival-kit/reviews',1,1,'product_reviews',NULL,53,NULL,'301','2010-07-14 21:17:09'),('/survival-kits-home-office/childrens-survival-kit/review',1,1,'product_reviews_info',NULL,53,NULL,'301','2010-07-14 21:17:09'),('/survival-kits-home-office/childrens-survival-kit/add-a-review',1,1,'product_reviews_write',NULL,53,NULL,'301','2010-07-14 21:17:09'),('/survival-kits-home-office/childrens-survival-kit/tell-a-friend',1,1,'tell_a_friend',NULL,53,NULL,'301','2010-07-14 21:17:09'),('/kits-de-supervivencia-casero-y-oficina/kit-de-supervivencia-de-la-oficina-de-5-personas',2,1,'product_info',NULL,55,NULL,'301','2010-07-14 21:17:24'),('/kits-de-supervivencia-casero-y-oficina/kit-de-supervivencia-de-la-oficina-de-5-personas/reviews',2,1,'product_reviews',NULL,55,NULL,'301','2010-07-14 21:17:24'),('/kits-de-supervivencia-casero-y-oficina/kit-de-supervivencia-de-la-oficina-de-5-personas/review',2,1,'product_reviews_info',NULL,55,NULL,'301','2010-07-14 21:17:24'),('/kits-de-supervivencia-casero-y-oficina/kit-de-supervivencia-de-la-oficina-de-5-personas/add-a-review',2,1,'product_reviews_write',NULL,55,NULL,'301','2010-07-14 21:17:24'),('/kits-de-supervivencia-casero-y-oficina/kit-de-supervivencia-de-la-oficina-de-5-personas/tell-a-friend',2,1,'tell_a_friend',NULL,55,NULL,'301','2010-07-14 21:17:24'),('/survival-kits-home-office/5-person-office-survival-kit',1,1,'product_info',NULL,55,NULL,'301','2010-07-14 21:17:24'),('/survival-kits-home-office/5-person-office-survival-kit/reviews',1,1,'product_reviews',NULL,55,NULL,'301','2010-07-14 21:17:24'),('/survival-kits-home-office/5-person-office-survival-kit/review',1,1,'product_reviews_info',NULL,55,NULL,'301','2010-07-14 21:17:24'),('/survival-kits-home-office/5-person-office-survival-kit/add-a-review',1,1,'product_reviews_write',NULL,55,NULL,'301','2010-07-14 21:17:24'),('/survival-kits-home-office/5-person-office-survival-kit/tell-a-friend',1,1,'tell_a_friend',NULL,55,NULL,'301','2010-07-14 21:17:24'),('/kits-de-supervivencia-casero-y-oficina/kit-de-supervivencia-de-la-oficina-de-10-personas',2,1,'product_info',NULL,56,NULL,'301','2010-07-14 21:17:38'),('/kits-de-supervivencia-casero-y-oficina/kit-de-supervivencia-de-la-oficina-de-10-personas/reviews',2,1,'product_reviews',NULL,56,NULL,'301','2010-07-14 21:17:38'),('/kits-de-supervivencia-casero-y-oficina/kit-de-supervivencia-de-la-oficina-de-10-personas/review',2,1,'product_reviews_info',NULL,56,NULL,'301','2010-07-14 21:17:38'),('/kits-de-supervivencia-casero-y-oficina/kit-de-supervivencia-de-la-oficina-de-10-personas/add-a-review',2,1,'product_reviews_write',NULL,56,NULL,'301','2010-07-14 21:17:38'),('/kits-de-supervivencia-casero-y-oficina/kit-de-supervivencia-de-la-oficina-de-10-personas/tell-a-friend',2,1,'tell_a_friend',NULL,56,NULL,'301','2010-07-14 21:17:38'),('/survival-kits-home-office/10-person-office-survival-kit',1,1,'product_info',NULL,56,NULL,'301','2010-07-14 21:17:38'),('/survival-kits-home-office/10-person-office-survival-kit/reviews',1,1,'product_reviews',NULL,56,NULL,'301','2010-07-14 21:17:38'),('/survival-kits-home-office/10-person-office-survival-kit/review',1,1,'product_reviews_info',NULL,56,NULL,'301','2010-07-14 21:17:38'),('/survival-kits-home-office/10-person-office-survival-kit/add-a-review',1,1,'product_reviews_write',NULL,56,NULL,'301','2010-07-14 21:17:38'),('/survival-kits-home-office/10-person-office-survival-kit/tell-a-friend',1,1,'tell_a_friend',NULL,56,NULL,'301','2010-07-14 21:17:38'),('/equipo-de-seguridad/juego-de-inmersion',2,1,'product_info',NULL,41,NULL,'301','2010-07-14 21:17:58'),('/equipo-de-seguridad/juego-de-inmersion/reviews',2,1,'product_reviews',NULL,41,NULL,'301','2010-07-14 21:17:58'),('/equipo-de-seguridad/juego-de-inmersion/review',2,1,'product_reviews_info',NULL,41,NULL,'301','2010-07-14 21:17:58'),('/equipo-de-seguridad/juego-de-inmersion/add-a-review',2,1,'product_reviews_write',NULL,41,NULL,'301','2010-07-14 21:17:58'),('/equipo-de-seguridad/juego-de-inmersion/tell-a-friend',2,1,'tell_a_friend',NULL,41,NULL,'301','2010-07-14 21:17:58'),('/safety-equipment/immersion-suit',1,1,'product_info',NULL,41,NULL,'301','2010-07-14 21:17:58'),('/safety-equipment/immersion-suit/reviews',1,1,'product_reviews',NULL,41,NULL,'301','2010-07-14 21:17:58'),('/safety-equipment/immersion-suit/review',1,1,'product_reviews_info',NULL,41,NULL,'301','2010-07-14 21:17:58'),('/safety-equipment/immersion-suit/add-a-review',1,1,'product_reviews_write',NULL,41,NULL,'301','2010-07-14 21:17:58'),('/safety-equipment/immersion-suit/tell-a-friend',1,1,'tell_a_friend',NULL,41,NULL,'301','2010-07-14 21:17:58'),('/equipo-de-seguridad/del-fabricante-del-agua-survivor-06',2,1,'product_info',NULL,44,NULL,'301','2010-07-14 21:18:10'),('/equipo-de-seguridad/del-fabricante-del-agua-survivor-06/reviews',2,1,'product_reviews',NULL,44,NULL,'301','2010-07-14 21:18:10'),('/equipo-de-seguridad/del-fabricante-del-agua-survivor-06/review',2,1,'product_reviews_info',NULL,44,NULL,'301','2010-07-14 21:18:10'),('/equipo-de-seguridad/del-fabricante-del-agua-survivor-06/add-a-review',2,1,'product_reviews_write',NULL,44,NULL,'301','2010-07-14 21:18:10'),('/equipo-de-seguridad/del-fabricante-del-agua-survivor-06/tell-a-friend',2,1,'tell_a_friend',NULL,44,NULL,'301','2010-07-14 21:18:10'),('/safety-equipment/watermaker-survivor-06',1,1,'product_info',NULL,44,NULL,'301','2010-07-14 21:18:10'),('/safety-equipment/watermaker-survivor-06/reviews',1,1,'product_reviews',NULL,44,NULL,'301','2010-07-14 21:18:10'),('/safety-equipment/watermaker-survivor-06/review',1,1,'product_reviews_info',NULL,44,NULL,'301','2010-07-14 21:18:10'),('/safety-equipment/watermaker-survivor-06/add-a-review',1,1,'product_reviews_write',NULL,44,NULL,'301','2010-07-14 21:18:10'),('/safety-equipment/watermaker-survivor-06/tell-a-friend',1,1,'tell_a_friend',NULL,44,NULL,'301','2010-07-14 21:18:10'),('/linternas/24-palillos-brillantes-de-la-emergencia-de-la-hora',2,1,'product_info',NULL,69,NULL,'301','2010-07-14 21:18:30'),('/linternas/24-palillos-brillantes-de-la-emergencia-de-la-hora/reviews',2,1,'product_reviews',NULL,69,NULL,'301','2010-07-14 21:18:30'),('/linternas/24-palillos-brillantes-de-la-emergencia-de-la-hora/review',2,1,'product_reviews_info',NULL,69,NULL,'301','2010-07-14 21:18:30'),('/linternas/24-palillos-brillantes-de-la-emergencia-de-la-hora/add-a-review',2,1,'product_reviews_write',NULL,69,NULL,'301','2010-07-14 21:18:30'),('/linternas/24-palillos-brillantes-de-la-emergencia-de-la-hora/tell-a-friend',2,1,'tell_a_friend',NULL,69,NULL,'301','2010-07-14 21:18:30'),('/flashlights-lanterns-light-sticks/24-hour-emergency-bright-stick',1,1,'product_info',NULL,69,NULL,'301','2010-07-14 21:18:30'),('/flashlights-lanterns-light-sticks/24-hour-emergency-bright-stick/reviews',1,1,'product_reviews',NULL,69,NULL,'301','2010-07-14 21:18:30'),('/flashlights-lanterns-light-sticks/24-hour-emergency-bright-stick/review',1,1,'product_reviews_info',NULL,69,NULL,'301','2010-07-14 21:18:30'),('/flashlights-lanterns-light-sticks/24-hour-emergency-bright-stick/add-a-review',1,1,'product_reviews_write',NULL,69,NULL,'301','2010-07-14 21:18:30'),('/flashlights-lanterns-light-sticks/24-hour-emergency-bright-stick/tell-a-friend',1,1,'tell_a_friend',NULL,69,NULL,'301','2010-07-14 21:18:30'),('/linternas/linterna-del-apreton-de-3-led',2,1,'product_info',NULL,68,NULL,'301','2010-07-14 21:18:51'),('/linternas/linterna-del-apreton-de-3-led/reviews',2,1,'product_reviews',NULL,68,NULL,'301','2010-07-14 21:18:51'),('/linternas/linterna-del-apreton-de-3-led/review',2,1,'product_reviews_info',NULL,68,NULL,'301','2010-07-14 21:18:51'),('/linternas/linterna-del-apreton-de-3-led/add-a-review',2,1,'product_reviews_write',NULL,68,NULL,'301','2010-07-14 21:18:51'),('/linternas/linterna-del-apreton-de-3-led/tell-a-friend',2,1,'tell_a_friend',NULL,68,NULL,'301','2010-07-14 21:18:51'),('/flashlights-lanterns-light-sticks/3-led-squeeze-flashlight',1,1,'product_info',NULL,68,NULL,'301','2010-07-14 21:18:51'),('/flashlights-lanterns-light-sticks/3-led-squeeze-flashlight/reviews',1,1,'product_reviews',NULL,68,NULL,'301','2010-07-14 21:18:51'),('/flashlights-lanterns-light-sticks/3-led-squeeze-flashlight/review',1,1,'product_reviews_info',NULL,68,NULL,'301','2010-07-14 21:18:51'),('/flashlights-lanterns-light-sticks/3-led-squeeze-flashlight/add-a-review',1,1,'product_reviews_write',NULL,68,NULL,'301','2010-07-14 21:18:51'),('/flashlights-lanterns-light-sticks/3-led-squeeze-flashlight/tell-a-friend',1,1,'tell_a_friend',NULL,68,NULL,'301','2010-07-14 21:18:51'),('/linternas/guarda-auto',2,1,'product_info',NULL,65,NULL,'301','2010-07-14 21:19:06'),('/linternas/guarda-auto/reviews',2,1,'product_reviews',NULL,65,NULL,'301','2010-07-14 21:19:06'),('/linternas/guarda-auto/review',2,1,'product_reviews_info',NULL,65,NULL,'301','2010-07-14 21:19:06'),('/linternas/guarda-auto/add-a-review',2,1,'product_reviews_write',NULL,65,NULL,'301','2010-07-14 21:19:06'),('/linternas/guarda-auto/tell-a-friend',2,1,'tell_a_friend',NULL,65,NULL,'301','2010-07-14 21:19:06'),('/flashlights-lanterns-light-sticks/auto-guardian',1,1,'product_info',NULL,65,NULL,'301','2010-07-14 21:19:06'),('/flashlights-lanterns-light-sticks/auto-guardian/reviews',1,1,'product_reviews',NULL,65,NULL,'301','2010-07-14 21:19:06'),('/flashlights-lanterns-light-sticks/auto-guardian/review',1,1,'product_reviews_info',NULL,65,NULL,'301','2010-07-14 21:19:06'),('/flashlights-lanterns-light-sticks/auto-guardian/add-a-review',1,1,'product_reviews_write',NULL,65,NULL,'301','2010-07-14 21:19:06'),('/flashlights-lanterns-light-sticks/auto-guardian/tell-a-friend',1,1,'tell_a_friend',NULL,65,NULL,'301','2010-07-14 21:19:06'),('/linternas/linterna-del-dinamo-de-la-emergencia-con-la-radio',2,1,'product_info',NULL,64,NULL,'301','2010-07-14 21:19:20'),('/linternas/linterna-del-dinamo-de-la-emergencia-con-la-radio/reviews',2,1,'product_reviews',NULL,64,NULL,'301','2010-07-14 21:19:20'),('/linternas/linterna-del-dinamo-de-la-emergencia-con-la-radio/review',2,1,'product_reviews_info',NULL,64,NULL,'301','2010-07-14 21:19:20'),('/linternas/linterna-del-dinamo-de-la-emergencia-con-la-radio/add-a-review',2,1,'product_reviews_write',NULL,64,NULL,'301','2010-07-14 21:19:20'),('/linternas/linterna-del-dinamo-de-la-emergencia-con-la-radio/tell-a-friend',2,1,'tell_a_friend',NULL,64,NULL,'301','2010-07-14 21:19:20'),('/flashlights-lanterns-light-sticks/emergency-dynamo-lantern-with-radio',1,1,'product_info',NULL,64,NULL,'301','2010-07-14 21:19:20'),('/flashlights-lanterns-light-sticks/emergency-dynamo-lantern-with-radio/reviews',1,1,'product_reviews',NULL,64,NULL,'301','2010-07-14 21:19:20'),('/flashlights-lanterns-light-sticks/emergency-dynamo-lantern-with-radio/review',1,1,'product_reviews_info',NULL,64,NULL,'301','2010-07-14 21:19:20'),('/flashlights-lanterns-light-sticks/emergency-dynamo-lantern-with-radio/add-a-review',1,1,'product_reviews_write',NULL,64,NULL,'301','2010-07-14 21:19:20'),('/flashlights-lanterns-light-sticks/emergency-dynamo-lantern-with-radio/tell-a-friend',1,1,'tell_a_friend',NULL,64,NULL,'301','2010-07-14 21:19:20'),('/linternas/sacudida-verdadera-por-siempre-linterna',2,1,'product_info',NULL,67,NULL,'301','2010-07-14 21:19:37'),('/linternas/sacudida-verdadera-por-siempre-linterna/reviews',2,1,'product_reviews',NULL,67,NULL,'301','2010-07-14 21:19:37'),('/linternas/sacudida-verdadera-por-siempre-linterna/review',2,1,'product_reviews_info',NULL,67,NULL,'301','2010-07-14 21:19:37'),('/linternas/sacudida-verdadera-por-siempre-linterna/add-a-review',2,1,'product_reviews_write',NULL,67,NULL,'301','2010-07-14 21:19:37'),('/linternas/sacudida-verdadera-por-siempre-linterna/tell-a-friend',2,1,'tell_a_friend',NULL,67,NULL,'301','2010-07-14 21:19:37'),('/flashlights-lanterns-light-sticks/real-shake-forever-flashlight',1,1,'product_info',NULL,67,NULL,'301','2010-07-14 21:19:37'),('/flashlights-lanterns-light-sticks/real-shake-forever-flashlight/reviews',1,1,'product_reviews',NULL,67,NULL,'301','2010-07-14 21:19:37'),('/flashlights-lanterns-light-sticks/real-shake-forever-flashlight/review',1,1,'product_reviews_info',NULL,67,NULL,'301','2010-07-14 21:19:37'),('/flashlights-lanterns-light-sticks/real-shake-forever-flashlight/add-a-review',1,1,'product_reviews_write',NULL,67,NULL,'301','2010-07-14 21:19:37'),('/flashlights-lanterns-light-sticks/real-shake-forever-flashlight/tell-a-friend',1,1,'tell_a_friend',NULL,67,NULL,'301','2010-07-14 21:19:37'),('/linternas/palillos-ligeros',2,1,'product_info',NULL,50,NULL,'301','2010-07-14 21:19:52'),('/linternas/palillos-ligeros/reviews',2,1,'product_reviews',NULL,50,NULL,'301','2010-07-14 21:19:52'),('/linternas/palillos-ligeros/review',2,1,'product_reviews_info',NULL,50,NULL,'301','2010-07-14 21:19:52'),('/linternas/palillos-ligeros/add-a-review',2,1,'product_reviews_write',NULL,50,NULL,'301','2010-07-14 21:19:52'),('/linternas/palillos-ligeros/tell-a-friend',2,1,'tell_a_friend',NULL,50,NULL,'301','2010-07-14 21:19:52'),('/flashlights-lanterns-light-sticks/light-sticks',1,1,'product_info',NULL,50,NULL,'301','2010-07-14 21:19:52'),('/flashlights-lanterns-light-sticks/light-sticks/reviews',1,1,'product_reviews',NULL,50,NULL,'301','2010-07-14 21:19:52'),('/flashlights-lanterns-light-sticks/light-sticks/review',1,1,'product_reviews_info',NULL,50,NULL,'301','2010-07-14 21:19:52'),('/flashlights-lanterns-light-sticks/light-sticks/add-a-review',1,1,'product_reviews_write',NULL,50,NULL,'301','2010-07-14 21:19:52'),('/flashlights-lanterns-light-sticks/light-sticks/tell-a-friend',1,1,'tell_a_friend',NULL,50,NULL,'301','2010-07-14 21:19:52'),('/linternas/linterna-accionada-solar',2,1,'product_info',NULL,66,NULL,'301','2010-07-14 21:20:22'),('/linternas/linterna-accionada-solar/reviews',2,1,'product_reviews',NULL,66,NULL,'301','2010-07-14 21:20:22'),('/linternas/linterna-accionada-solar/review',2,1,'product_reviews_info',NULL,66,NULL,'301','2010-07-14 21:20:22'),('/linternas/linterna-accionada-solar/add-a-review',2,1,'product_reviews_write',NULL,66,NULL,'301','2010-07-14 21:20:22'),('/linternas/linterna-accionada-solar/tell-a-friend',2,1,'tell_a_friend',NULL,66,NULL,'301','2010-07-14 21:20:22'),('/flashlights-lanterns-light-sticks/solar-powered-flashlight',1,1,'product_info',NULL,66,NULL,'301','2010-07-14 21:20:22'),('/flashlights-lanterns-light-sticks/solar-powered-flashlight/reviews',1,1,'product_reviews',NULL,66,NULL,'301','2010-07-14 21:20:22'),('/flashlights-lanterns-light-sticks/solar-powered-flashlight/review',1,1,'product_reviews_info',NULL,66,NULL,'301','2010-07-14 21:20:22'),('/flashlights-lanterns-light-sticks/solar-powered-flashlight/add-a-review',1,1,'product_reviews_write',NULL,66,NULL,'301','2010-07-14 21:20:22'),('/flashlights-lanterns-light-sticks/solar-powered-flashlight/tell-a-friend',1,1,'tell_a_friend',NULL,66,NULL,'301','2010-07-14 21:20:22'),('/kits-de-primeros-auxilios/kit-de-primeros-auxilios-del-animal-domestico-de-58-pedazos',2,1,'product_info',NULL,61,NULL,'301','2010-07-14 21:20:43'),('/kits-de-primeros-auxilios/kit-de-primeros-auxilios-del-animal-domestico-de-58-pedazos/reviews',2,1,'product_reviews',NULL,61,NULL,'301','2010-07-14 21:20:43'),('/kits-de-primeros-auxilios/kit-de-primeros-auxilios-del-animal-domestico-de-58-pedazos/review',2,1,'product_reviews_info',NULL,61,NULL,'301','2010-07-14 21:20:43'),('/kits-de-primeros-auxilios/kit-de-primeros-auxilios-del-animal-domestico-de-58-pedazos/add-a-review',2,1,'product_reviews_write',NULL,61,NULL,'301','2010-07-14 21:20:43'),('/kits-de-primeros-auxilios/kit-de-primeros-auxilios-del-animal-domestico-de-58-pedazos/tell-a-friend',2,1,'tell_a_friend',NULL,61,NULL,'301','2010-07-14 21:20:43'),('/first-aid-kits/58-piece-pet-first-aid-kit',1,1,'product_info',NULL,61,NULL,'301','2010-07-14 21:20:43'),('/first-aid-kits/58-piece-pet-first-aid-kit/reviews',1,1,'product_reviews',NULL,61,NULL,'301','2010-07-14 21:20:43'),('/first-aid-kits/58-piece-pet-first-aid-kit/review',1,1,'product_reviews_info',NULL,61,NULL,'301','2010-07-14 21:20:43'),('/first-aid-kits/58-piece-pet-first-aid-kit/add-a-review',1,1,'product_reviews_write',NULL,61,NULL,'301','2010-07-14 21:20:43'),('/first-aid-kits/58-piece-pet-first-aid-kit/tell-a-friend',1,1,'tell_a_friend',NULL,61,NULL,'301','2010-07-14 21:20:43'),('/miscelaneo/calentadores-del-cuerpo-de-16-horas',2,1,'product_info',NULL,70,NULL,'301','2010-07-14 21:21:12'),('/miscelaneo/calentadores-del-cuerpo-de-16-horas/reviews',2,1,'product_reviews',NULL,70,NULL,'301','2010-07-14 21:21:12'),('/miscelaneo/calentadores-del-cuerpo-de-16-horas/review',2,1,'product_reviews_info',NULL,70,NULL,'301','2010-07-14 21:21:12'),('/miscelaneo/calentadores-del-cuerpo-de-16-horas/add-a-review',2,1,'product_reviews_write',NULL,70,NULL,'301','2010-07-14 21:21:12'),('/miscelaneo/calentadores-del-cuerpo-de-16-horas/tell-a-friend',2,1,'tell_a_friend',NULL,70,NULL,'301','2010-07-14 21:21:12'),('/miscellaneous/16-hour-body-warmers',1,1,'product_info',NULL,70,NULL,'301','2010-07-14 21:21:12'),('/miscellaneous/16-hour-body-warmers/reviews',1,1,'product_reviews',NULL,70,NULL,'301','2010-07-14 21:21:12'),('/miscellaneous/16-hour-body-warmers/review',1,1,'product_reviews_info',NULL,70,NULL,'301','2010-07-14 21:21:12'),('/miscellaneous/16-hour-body-warmers/add-a-review',1,1,'product_reviews_write',NULL,70,NULL,'301','2010-07-14 21:21:12'),('/miscellaneous/16-hour-body-warmers/tell-a-friend',1,1,'tell_a_friend',NULL,70,NULL,'301','2010-07-14 21:21:12'),('/miscelaneo/cargador-del-telefono-celular-de-la-emergencia',2,1,'product_info',NULL,62,NULL,'301','2010-07-14 21:21:26'),('/miscelaneo/cargador-del-telefono-celular-de-la-emergencia/reviews',2,1,'product_reviews',NULL,62,NULL,'301','2010-07-14 21:21:26'),('/miscelaneo/cargador-del-telefono-celular-de-la-emergencia/review',2,1,'product_reviews_info',NULL,62,NULL,'301','2010-07-14 21:21:26'),('/miscelaneo/cargador-del-telefono-celular-de-la-emergencia/add-a-review',2,1,'product_reviews_write',NULL,62,NULL,'301','2010-07-14 21:21:26'),('/miscelaneo/cargador-del-telefono-celular-de-la-emergencia/tell-a-friend',2,1,'tell_a_friend',NULL,62,NULL,'301','2010-07-14 21:21:26'),('/miscellaneous/emergency-cell-phone-charger',1,1,'product_info',NULL,62,NULL,'301','2010-07-14 21:21:26'),('/miscellaneous/emergency-cell-phone-charger/reviews',1,1,'product_reviews',NULL,62,NULL,'301','2010-07-14 21:21:26'),('/miscellaneous/emergency-cell-phone-charger/review',1,1,'product_reviews_info',NULL,62,NULL,'301','2010-07-14 21:21:26'),('/miscellaneous/emergency-cell-phone-charger/add-a-review',1,1,'product_reviews_write',NULL,62,NULL,'301','2010-07-14 21:21:26'),('/miscellaneous/emergency-cell-phone-charger/tell-a-friend',1,1,'tell_a_friend',NULL,62,NULL,'301','2010-07-14 21:21:26'),('/miscelaneo/paquete-movil-del-adaptador-del-telefono-celular-16-adaptadores',2,1,'product_info',NULL,63,NULL,'301','2010-07-14 21:21:47'),('/miscelaneo/paquete-movil-del-adaptador-del-telefono-celular-16-adaptadores/reviews',2,1,'product_reviews',NULL,63,NULL,'301','2010-07-14 21:21:47'),('/miscelaneo/paquete-movil-del-adaptador-del-telefono-celular-16-adaptadores/review',2,1,'product_reviews_info',NULL,63,NULL,'301','2010-07-14 21:21:47'),('/miscelaneo/paquete-movil-del-adaptador-del-telefono-celular-16-adaptadores/add-a-review',2,1,'product_reviews_write',NULL,63,NULL,'301','2010-07-14 21:21:47'),('/miscelaneo/paquete-movil-del-adaptador-del-telefono-celular-16-adaptadores/tell-a-friend',2,1,'tell_a_friend',NULL,63,NULL,'301','2010-07-14 21:21:47'),('/miscellaneous/mobile-cell-phone-adapter-package-16-adapters',1,1,'product_info',NULL,63,NULL,'301','2010-07-14 21:21:47'),('/miscellaneous/mobile-cell-phone-adapter-package-16-adapters/reviews',1,1,'product_reviews',NULL,63,NULL,'301','2010-07-14 21:21:47'),('/miscellaneous/mobile-cell-phone-adapter-package-16-adapters/review',1,1,'product_reviews_info',NULL,63,NULL,'301','2010-07-14 21:21:47'),('/miscellaneous/mobile-cell-phone-adapter-package-16-adapters/add-a-review',1,1,'product_reviews_write',NULL,63,NULL,'301','2010-07-14 21:21:47'),('/miscellaneous/mobile-cell-phone-adapter-package-16-adapters/tell-a-friend',1,1,'tell_a_friend',NULL,63,NULL,'301','2010-07-14 21:21:47'),('/miscelaneo/mantas-termicas',2,1,'product_info',NULL,51,NULL,'301','2010-07-14 21:22:02'),('/miscelaneo/mantas-termicas/reviews',2,1,'product_reviews',NULL,51,NULL,'301','2010-07-14 21:22:02'),('/miscelaneo/mantas-termicas/review',2,1,'product_reviews_info',NULL,51,NULL,'301','2010-07-14 21:22:02'),('/miscelaneo/mantas-termicas/add-a-review',2,1,'product_reviews_write',NULL,51,NULL,'301','2010-07-14 21:22:02'),('/miscelaneo/mantas-termicas/tell-a-friend',2,1,'tell_a_friend',NULL,51,NULL,'301','2010-07-14 21:22:02'),('/miscellaneous/thermal-blankets',1,1,'product_info',NULL,51,NULL,'301','2010-07-14 21:22:02'),('/miscellaneous/thermal-blankets/reviews',1,1,'product_reviews',NULL,51,NULL,'301','2010-07-14 21:22:02'),('/miscellaneous/thermal-blankets/review',1,1,'product_reviews_info',NULL,51,NULL,'301','2010-07-14 21:22:02'),('/miscellaneous/thermal-blankets/add-a-review',1,1,'product_reviews_write',NULL,51,NULL,'301','2010-07-14 21:22:02'),('/miscellaneous/thermal-blankets/tell-a-friend',1,1,'tell_a_friend',NULL,51,NULL,'301','2010-07-14 21:22:02');

--
-- Table structure for table `zen_configuration`
--

CREATE TABLE `zen_configuration` (
  `configuration_id` int(11) NOT NULL AUTO_INCREMENT,
  `configuration_title` text COLLATE utf8_unicode_ci NOT NULL,
  `configuration_key` varchar(255) COLLATE utf8_unicode_ci NOT NULL DEFAULT '',
  `configuration_value` text COLLATE utf8_unicode_ci NOT NULL,
  `configuration_description` text COLLATE utf8_unicode_ci NOT NULL,
  `configuration_group_id` int(11) NOT NULL DEFAULT '0',
  `sort_order` int(5) DEFAULT NULL,
  `last_modified` datetime DEFAULT NULL,
  `date_added` datetime NOT NULL DEFAULT '0001-01-01 00:00:00',
  `use_function` text COLLATE utf8_unicode_ci,
  `set_function` text COLLATE utf8_unicode_ci,
  PRIMARY KEY (`configuration_id`),
  UNIQUE KEY `unq_config_key_zen` (`configuration_key`),
  KEY `idx_key_value_zen` (`configuration_key`,`configuration_value`(10)),
  KEY `idx_cfg_grp_id_zen` (`configuration_group_id`)
) ENGINE=MyISAM AUTO_INCREMENT=845 DEFAULT CHARSET=utf8 COLLATE=utf8_unicode_ci;

--
-- Dumping data for table `zen_configuration`
--



--
-- Table structure for table `zen_configuration_group`
--

CREATE TABLE `zen_configuration_group` (
  `configuration_group_id` int(11) NOT NULL AUTO_INCREMENT,
  `configuration_group_title` varchar(64) COLLATE utf8_unicode_ci NOT NULL DEFAULT '',
  `configuration_group_description` varchar(255) COLLATE utf8_unicode_ci NOT NULL DEFAULT '',
  `sort_order` int(5) DEFAULT NULL,
  `visible` int(1) DEFAULT '1',
  PRIMARY KEY (`configuration_group_id`),
  KEY `idx_visible_zen` (`visible`)
) ENGINE=MyISAM AUTO_INCREMENT=34 DEFAULT CHARSET=utf8 COLLATE=utf8_unicode_ci;

--
-- Dumping data for table `zen_configuration_group`
--

INSERT INTO `zen_configuration_group` VALUES (1,'My Store','General information about my store',1,1),(2,'Minimum Values','The minimum values for functions / data',2,1),(3,'Maximum Values','The maximum values for functions / data',3,1),(4,'Images','Image parameters',4,1),(5,'Customer Details','Customer account configuration',5,1),(6,'Module Options','Hidden from configuration',6,0),(7,'Shipping/Packaging','Shipping options available at my store',7,1),(8,'Product Listing','Product Listing configuration options',8,1),(9,'Stock','Stock configuration options',9,1),(10,'Logging','Logging configuration options',10,1),(11,'Regulations','Regulation options',16,1),(12,'E-Mail Options','General settings for E-Mail transport and HTML E-Mails',12,1),(13,'Attribute Settings','Configure products attributes settings',13,1),(14,'GZip Compression','GZip compression options',14,1),(15,'Sessions','Session options',15,1),(16,'GV Coupons','Gift Vouchers and Coupons',16,1),(17,'Credit Cards','Credit Cards Accepted',17,1),(18,'Product Info','Product Info Display Options',18,1),(19,'Layout Settings','Layout Options',19,1),(20,'Website Maintenance','Website Maintenance Options',20,1),(21,'New Listing','New Products Listing',21,1),(22,'Featured Listing','Featured Products Listing',22,1),(23,'All Listing','All Products Listing',23,1),(24,'Index Listing','Index Products Listing',24,1),(25,'Define Page Status','Define Main Pages and HTMLArea Options',25,1),(30,'EZ-Pages Settings','EZ-Pages Settings',30,1),(31,'Fast and Easy Checkout Configuration','Set Fast and Easy Checkout Options',31,1),(32,'Sitemap XML','Sitemap XML Configuration',32,1),(33,'Ceon URI Mapping (SEO)','Set Ceon URI Mapping (SEO) Options',33,1);

--
-- Table structure for table `zen_counter`
--

CREATE TABLE `zen_counter` (
  `startdate` char(8) COLLATE utf8_unicode_ci DEFAULT NULL,
  `counter` int(12) DEFAULT NULL
) ENGINE=MyISAM DEFAULT CHARSET=utf8 COLLATE=utf8_unicode_ci;

--
-- Dumping data for table `zen_counter`
--

INSERT INTO `zen_counter` VALUES ('20100113',15009);

--
-- Table structure for table `zen_counter_history`
--

CREATE TABLE `zen_counter_history` (
  `startdate` char(8) CHARACTER SET utf8 COLLATE utf8_unicode_ci NOT NULL DEFAULT '',
  `counter` int(12) DEFAULT NULL,
  `session_counter` int(12) DEFAULT NULL,
  PRIMARY KEY (`startdate`)
) ENGINE=MyISAM DEFAULT CHARSET=latin1;

--
-- Dumping data for table `zen_counter_history`
--

INSERT INTO `zen_counter_history` VALUES ('20100113',130,6),('20100114',140,12),('20100115',8,5),('20100117',8,4),('20100118',220,12),('20100119',52,31),('20100120',32,16),('20100121',3,3),('20100122',4,3),('20100124',51,1),('20100125',276,32),('20100126',74,26),('20100127',165,22),('20100128',143,25),('20100129',213,28),('20100130',339,39),('20100131',364,32),('20100201',364,37),('20100202',67,18),('20100203',12,9),('20100204',120,33),('20100205',159,28),('20100206',9,9),('20100207',58,19),('20100208',23,6),('20100209',12,11),('20100210',11,11),('20100211',11,11),('20100212',9,9),('20100213',7,7),('20100214',31,14),('20100215',128,18),('20100216',35,10),('20100217',28,16),('20100218',8,6),('20100219',26,26),('20100220',9,9),('20100221',69,62),('20100222',41,41),('20100223',112,112),('20100224',39,27),('20100225',22,18),('20100226',25,25),('20100227',31,30),('20100228',113,78),('20100301',80,22),('20100302',19,13),('20100303',15,15),('20100304',32,23),('20100305',10,10),('20100306',32,20),('20100307',24,23),('20100308',23,23),('20100309',35,35),('20100310',59,31),('20100311',42,30),('20100312',30,30),('20100313',40,29),('20100314',38,38),('20100315',61,49),('20100316',49,40),('20100317',87,69),('20100318',52,52),('20100319',60,53),('20100320',62,43),('20100321',43,14),('20100322',15,15),('20100323',61,38),('20100324',69,67),('20100325',77,75),('20100326',73,70),('20100327',199,142),('20100328',66,65),('20100329',85,67),('20100330',43,36),('20100331',33,33),('20100401',40,34),('20100402',47,21),('20100403',61,33),('20100404',24,24),('20100405',99,55),('20100406',51,42),('20100407',44,35),('20100408',68,68),('20100409',61,61),('20100410',44,44),('20100411',44,28),('20100412',40,30),('20100413',58,45),('20100414',31,31),('20100415',82,42),('20100416',23,23),('20100417',50,23),('20100418',51,36),('20100419',34,18),('20100420',61,43),('20100421',43,43),('20100422',18,16),('20100423',79,69),('20100424',36,25),('20100425',23,23),('20100426',18,18),('20100427',49,49),('20100428',59,52),('20100429',40,30),('20100430',36,34),('20100501',136,136),('20100502',51,51),('20100503',17,17),('20100504',33,33),('20100505',37,36),('20100506',49,49),('20100507',127,83),('20100508',65,65),('20100509',95,95),('20100510',58,49),('20100511',44,39),('20100512',33,33),('20100513',116,34),('20100514',31,31),('20100515',43,20),('20100516',35,26),('20100517',30,18),('20100518',31,31),('20100519',39,28),('20100520',28,23),('20100521',44,42),('20100522',52,52),('20100523',53,53),('20100524',45,44),('20100525',30,30),('20100526',27,25),('20100527',18,18),('20100528',38,38),('20100529',55,55),('20100530',82,81),('20100531',29,24),('20100601',37,26),('20100602',16,16),('20100603',50,33),('20100604',53,52),('20100605',39,39),('20100606',41,40),('20100607',85,42),('20100608',77,41),('20100609',38,38),('20100610',120,47),('20100611',104,63),('20100612',103,54),('20100613',154,128),('20100614',83,67),('20100615',69,51),('20100616',792,367),('20100617',508,329),('20100618',78,70),('20100619',84,84),('20100620',77,77),('20100621',81,78),('20100622',98,92),('20100623',70,64),('20100624',94,68),('20100625',91,87),('20100626',67,59),('20100627',59,58),('20100628',72,67),('20100629',75,72),('20100630',57,57),('20100701',50,50),('20100702',54,48),('20100703',55,55),('20100704',37,33),('20100705',109,75),('20100706',85,85),('20100707',50,49),('20100708',41,35),('20100709',37,37),('20100710',25,22),('20100711',54,43),('20100712',27,18),('20100713',1326,54),('20100714',299,52),('20100715',20,5),('20100716',16,4),('20100717',24,4),('20100718',23,7),('20100719',3,2),('20100720',18,10),('20100721',10,3),('20100722',18,5),('20100723',3,3),('20100724',12,2),('20100725',9,2),('20100726',9,5),('20100727',17,13),('20100728',25,16),('20100729',5,3),('20100730',1,1),('20100731',24,3),('20100801',1,1),('20100802',17,7),('20100803',5,3),('20100804',17,3),('20100805',8,8),('20100806',7,4),('20100807',1,1),('20100808',12,5),('20100809',34,11),('20100810',16,4),('20100811',19,8),('20100812',32,7),('20100813',6,2),('20100814',3,3),('20100815',5,5),('20100817',4,3),('20100818',13,5),('20100819',18,4),('20100820',23,3),('20100821',11,3),('20100822',10,6),('20100823',1,1),('20100824',3,3),('20100825',20,4),('20100826',8,4),('20100827',33,10),('20100828',1,1),('20100829',1,1),('20100830',16,4),('20100831',15,7),('20100901',16,7),('20100902',30,5),('20100903',7,6),('20100904',7,5),('20100905',11,2),('20100906',4,4),('20100907',1,1),('20100908',12,5),('20100909',8,6),('20100910',15,6),('20100911',1,1),('20100912',6,6),('20100913',3,3),('20100914',9,7),('20100916',29,8),('20100917',121,8),('20100918',10,4),('20100919',2,2),('20100920',11,2),('20100921',9,3),('20101016',6,1),('20101017',2,2),('20101018',27,5),('20101019',2,2),('20101020',6,4),('20101021',18,10),('20101022',4,3),('20101023',10,3);

--
-- Table structure for table `zen_countries`
--

CREATE TABLE `zen_countries` (
  `countries_id` int(11) NOT NULL AUTO_INCREMENT,
  `countries_name` varchar(64) COLLATE utf8_unicode_ci NOT NULL DEFAULT '',
  `countries_iso_code_2` char(2) COLLATE utf8_unicode_ci NOT NULL DEFAULT '',
  `countries_iso_code_3` char(3) COLLATE utf8_unicode_ci NOT NULL DEFAULT '',
  `address_format_id` int(11) NOT NULL DEFAULT '0',
  PRIMARY KEY (`countries_id`),
  KEY `idx_countries_name_zen` (`countries_name`),
  KEY `idx_address_format_id_zen` (`address_format_id`),
  KEY `idx_iso_2_zen` (`countries_iso_code_2`),
  KEY `idx_iso_3_zen` (`countries_iso_code_3`)
) ENGINE=MyISAM AUTO_INCREMENT=241 DEFAULT CHARSET=utf8 COLLATE=utf8_unicode_ci;

--
-- Dumping data for table `zen_countries`
--

INSERT INTO `zen_countries` VALUES (240,'Aaland Islands','AX','ALA',1),(1,'Afghanistan','AF','AFG',1),(2,'Albania','AL','ALB',1),(3,'Algeria','DZ','DZA',1),(4,'American Samoa','AS','ASM',1),(5,'Andorra','AD','AND',1),(6,'Angola','AO','AGO',1),(7,'Anguilla','AI','AIA',1),(8,'Antarctica','AQ','ATA',1),(9,'Antigua and Barbuda','AG','ATG',1),(10,'Argentina','AR','ARG',1),(11,'Armenia','AM','ARM',1),(12,'Aruba','AW','ABW',1),(13,'Australia','AU','AUS',1),(14,'Austria','AT','AUT',5),(15,'Azerbaijan','AZ','AZE',1),(16,'Bahamas','BS','BHS',1),(17,'Bahrain','BH','BHR',1),(18,'Bangladesh','BD','BGD',1),(19,'Barbados','BB','BRB',1),(20,'Belarus','BY','BLR',1),(21,'Belgium','BE','BEL',1),(22,'Belize','BZ','BLZ',1),(23,'Benin','BJ','BEN',1),(24,'Bermuda','BM','BMU',1),(25,'Bhutan','BT','BTN',1),(26,'Bolivia','BO','BOL',1),(27,'Bosnia and Herzegowina','BA','BIH',1),(28,'Botswana','BW','BWA',1),(29,'Bouvet Island','BV','BVT',1),(30,'Brazil','BR','BRA',1),(31,'British Indian Ocean Territory','IO','IOT',1),(32,'Brunei Darussalam','BN','BRN',1),(33,'Bulgaria','BG','BGR',1),(34,'Burkina Faso','BF','BFA',1),(35,'Burundi','BI','BDI',1),(36,'Cambodia','KH','KHM',1),(37,'Cameroon','CM','CMR',1),(38,'Canada','CA','CAN',2),(39,'Cape Verde','CV','CPV',1),(40,'Cayman Islands','KY','CYM',1),(41,'Central African Republic','CF','CAF',1),(42,'Chad','TD','TCD',1),(43,'Chile','CL','CHL',1),(44,'China','CN','CHN',1),(45,'Christmas Island','CX','CXR',1),(46,'Cocos (Keeling) Islands','CC','CCK',1),(47,'Colombia','CO','COL',1),(48,'Comoros','KM','COM',1),(49,'Congo','CG','COG',1),(50,'Cook Islands','CK','COK',1),(51,'Costa Rica','CR','CRI',1),(52,'Cote D\'Ivoire','CI','CIV',1),(53,'Croatia','HR','HRV',1),(54,'Cuba','CU','CUB',1),(55,'Cyprus','CY','CYP',1),(56,'Czech Republic','CZ','CZE',1),(57,'Denmark','DK','DNK',1),(58,'Djibouti','DJ','DJI',1),(59,'Dominica','DM','DMA',1),(60,'Dominican Republic','DO','DOM',1),(61,'Timor-Leste','TL','TLS',1),(62,'Ecuador','EC','ECU',1),(63,'Egypt','EG','EGY',1),(64,'El Salvador','SV','SLV',1),(65,'Equatorial Guinea','GQ','GNQ',1),(66,'Eritrea','ER','ERI',1),(67,'Estonia','EE','EST',1),(68,'Ethiopia','ET','ETH',1),(69,'Falkland Islands (Malvinas)','FK','FLK',1),(70,'Faroe Islands','FO','FRO',1),(71,'Fiji','FJ','FJI',1),(72,'Finland','FI','FIN',1),(73,'France','FR','FRA',1),(75,'French Guiana','GF','GUF',1),(76,'French Polynesia','PF','PYF',1),(77,'French Southern Territories','TF','ATF',1),(78,'Gabon','GA','GAB',1),(79,'Gambia','GM','GMB',1),(80,'Georgia','GE','GEO',1),(81,'Germany','DE','DEU',5),(82,'Ghana','GH','GHA',1),(83,'Gibraltar','GI','GIB',1),(84,'Greece','GR','GRC',1),(85,'Greenland','GL','GRL',1),(86,'Grenada','GD','GRD',1),(87,'Guadeloupe','GP','GLP',1),(88,'Guam','GU','GUM',1),(89,'Guatemala','GT','GTM',1),(90,'Guinea','GN','GIN',1),(91,'Guinea-bissau','GW','GNB',1),(92,'Guyana','GY','GUY',1),(93,'Haiti','HT','HTI',1),(94,'Heard and Mc Donald Islands','HM','HMD',1),(95,'Honduras','HN','HND',1),(96,'Hong Kong','HK','HKG',1),(97,'Hungary','HU','HUN',1),(98,'Iceland','IS','ISL',1),(99,'India','IN','IND',1),(100,'Indonesia','ID','IDN',1),(101,'Iran (Islamic Republic of)','IR','IRN',1),(102,'Iraq','IQ','IRQ',1),(103,'Ireland','IE','IRL',1),(104,'Israel','IL','ISR',1),(105,'Italy','IT','ITA',1),(106,'Jamaica','JM','JAM',1),(107,'Japan','JP','JPN',1),(108,'Jordan','JO','JOR',1),(109,'Kazakhstan','KZ','KAZ',1),(110,'Kenya','KE','KEN',1),(111,'Kiribati','KI','KIR',1),(112,'Korea, Democratic People\'s Republic of','KP','PRK',1),(113,'Korea, Republic of','KR','KOR',1),(114,'Kuwait','KW','KWT',1),(115,'Kyrgyzstan','KG','KGZ',1),(116,'Lao People\'s Democratic Republic','LA','LAO',1),(117,'Latvia','LV','LVA',1),(118,'Lebanon','LB','LBN',1),(119,'Lesotho','LS','LSO',1),(120,'Liberia','LR','LBR',1),(121,'Libyan Arab Jamahiriya','LY','LBY',1),(122,'Liechtenstein','LI','LIE',1),(123,'Lithuania','LT','LTU',1),(124,'Luxembourg','LU','LUX',1),(125,'Macao','MO','MAC',1),(126,'Macedonia, The Former Yugoslav Republic of','MK','MKD',1),(127,'Madagascar','MG','MDG',1),(128,'Malawi','MW','MWI',1),(129,'Malaysia','MY','MYS',1),(130,'Maldives','MV','MDV',1),(131,'Mali','ML','MLI',1),(132,'Malta','MT','MLT',1),(133,'Marshall Islands','MH','MHL',1),(134,'Martinique','MQ','MTQ',1),(135,'Mauritania','MR','MRT',1),(136,'Mauritius','MU','MUS',1),(137,'Mayotte','YT','MYT',1),(138,'Mexico','MX','MEX',1),(139,'Micronesia, Federated States of','FM','FSM',1),(140,'Moldova','MD','MDA',1),(141,'Monaco','MC','MCO',1),(142,'Mongolia','MN','MNG',1),(143,'Montserrat','MS','MSR',1),(144,'Morocco','MA','MAR',1),(145,'Mozambique','MZ','MOZ',1),(146,'Myanmar','MM','MMR',1),(147,'Namibia','NA','NAM',1),(148,'Nauru','NR','NRU',1),(149,'Nepal','NP','NPL',1),(150,'Netherlands','NL','NLD',1),(151,'Netherlands Antilles','AN','ANT',1),(152,'New Caledonia','NC','NCL',1),(153,'New Zealand','NZ','NZL',1),(154,'Nicaragua','NI','NIC',1),(155,'Niger','NE','NER',1),(156,'Nigeria','NG','NGA',1),(157,'Niue','NU','NIU',1),(158,'Norfolk Island','NF','NFK',1),(159,'Northern Mariana Islands','MP','MNP',1),(160,'Norway','NO','NOR',1),(161,'Oman','OM','OMN',1),(162,'Pakistan','PK','PAK',1),(163,'Palau','PW','PLW',1),(164,'Panama','PA','PAN',1),(165,'Papua New Guinea','PG','PNG',1),(166,'Paraguay','PY','PRY',1),(167,'Peru','PE','PER',1),(168,'Philippines','PH','PHL',1),(169,'Pitcairn','PN','PCN',1),(170,'Poland','PL','POL',1),(171,'Portugal','PT','PRT',1),(172,'Puerto Rico','PR','PRI',1),(173,'Qatar','QA','QAT',1),(174,'Reunion','RE','REU',1),(175,'Romania','RO','ROU',1),(176,'Russian Federation','RU','RUS',1),(177,'Rwanda','RW','RWA',1),(178,'Saint Kitts and Nevis','KN','KNA',1),(179,'Saint Lucia','LC','LCA',1),(180,'Saint Vincent and the Grenadines','VC','VCT',1),(181,'Samoa','WS','WSM',1),(182,'San Marino','SM','SMR',1),(183,'Sao Tome and Principe','ST','STP',1),(184,'Saudi Arabia','SA','SAU',1),(185,'Senegal','SN','SEN',1),(186,'Seychelles','SC','SYC',1),(187,'Sierra Leone','SL','SLE',1),(188,'Singapore','SG','SGP',4),(189,'Slovakia (Slovak Republic)','SK','SVK',1),(190,'Slovenia','SI','SVN',1),(191,'Solomon Islands','SB','SLB',1),(192,'Somalia','SO','SOM',1),(193,'South Africa','ZA','ZAF',1),(194,'South Georgia and the South Sandwich Islands','GS','SGS',1),(195,'Spain','ES','ESP',3),(196,'Sri Lanka','LK','LKA',1),(197,'St. Helena','SH','SHN',1),(198,'St. Pierre and Miquelon','PM','SPM',1),(199,'Sudan','SD','SDN',1),(200,'Suriname','SR','SUR',1),(201,'Svalbard and Jan Mayen Islands','SJ','SJM',1),(202,'Swaziland','SZ','SWZ',1),(203,'Sweden','SE','SWE',1),(204,'Switzerland','CH','CHE',1),(205,'Syrian Arab Republic','SY','SYR',1),(206,'Taiwan','TW','TWN',1),(207,'Tajikistan','TJ','TJK',1),(208,'Tanzania, United Republic of','TZ','TZA',1),(209,'Thailand','TH','THA',1),(210,'Togo','TG','TGO',1),(211,'Tokelau','TK','TKL',1),(212,'Tonga','TO','TON',1),(213,'Trinidad and Tobago','TT','TTO',1),(214,'Tunisia','TN','TUN',1),(215,'Turkey','TR','TUR',1),(216,'Turkmenistan','TM','TKM',1),(217,'Turks and Caicos Islands','TC','TCA',1),(218,'Tuvalu','TV','TUV',1),(219,'Uganda','UG','UGA',1),(220,'Ukraine','UA','UKR',1),(221,'United Arab Emirates','AE','ARE',1),(222,'United Kingdom','GB','GBR',6),(223,'United States','US','USA',2),(224,'United States Minor Outlying Islands','UM','UMI',1),(225,'Uruguay','UY','URY',1),(226,'Uzbekistan','UZ','UZB',1),(227,'Vanuatu','VU','VUT',1),(228,'Vatican City State (Holy See)','VA','VAT',1),(229,'Venezuela','VE','VEN',1),(230,'Viet Nam','VN','VNM',1),(231,'Virgin Islands (British)','VG','VGB',1),(232,'Virgin Islands (U.S.)','VI','VIR',1),(233,'Wallis and Futuna Islands','WF','WLF',1),(234,'Western Sahara','EH','ESH',1),(235,'Yemen','YE','YEM',1),(236,'Serbia','RS','SRB',1),(238,'Zambia','ZM','ZMB',1),(239,'Zimbabwe','ZW','ZWE',1);

--
-- Table structure for table `zen_coupon_email_track`
--

CREATE TABLE `zen_coupon_email_track` (
  `unique_id` int(11) NOT NULL AUTO_INCREMENT,
  `coupon_id` int(11) NOT NULL DEFAULT '0',
  `customer_id_sent` int(11) NOT NULL DEFAULT '0',
  `sent_firstname` varchar(32) COLLATE utf8_unicode_ci DEFAULT NULL,
  `sent_lastname` varchar(32) COLLATE utf8_unicode_ci DEFAULT NULL,
  `emailed_to` varchar(32) COLLATE utf8_unicode_ci DEFAULT NULL,
  `date_sent` datetime NOT NULL DEFAULT '0001-01-01 00:00:00',
  PRIMARY KEY (`unique_id`),
  KEY `idx_coupon_id_zen` (`coupon_id`)
) ENGINE=MyISAM DEFAULT CHARSET=utf8 COLLATE=utf8_unicode_ci;

--
-- Dumping data for table `zen_coupon_email_track`
--


--
-- Table structure for table `zen_coupon_gv_customer`
--

CREATE TABLE `zen_coupon_gv_customer` (
  `customer_id` int(5) NOT NULL DEFAULT '0',
  `amount` decimal(15,4) NOT NULL DEFAULT '0.0000',
  PRIMARY KEY (`customer_id`)
) ENGINE=MyISAM DEFAULT CHARSET=utf8 COLLATE=utf8_unicode_ci;

--
-- Dumping data for table `zen_coupon_gv_customer`
--


--
-- Table structure for table `zen_coupon_gv_queue`
--

CREATE TABLE `zen_coupon_gv_queue` (
  `unique_id` int(5) NOT NULL AUTO_INCREMENT,
  `customer_id` int(5) NOT NULL DEFAULT '0',
  `order_id` int(5) NOT NULL DEFAULT '0',
  `amount` decimal(15,4) NOT NULL DEFAULT '0.0000',
  `date_created` datetime NOT NULL DEFAULT '0001-01-01 00:00:00',
  `ipaddr` varchar(32) COLLATE utf8_unicode_ci NOT NULL DEFAULT '',
  `release_flag` char(1) COLLATE utf8_unicode_ci NOT NULL DEFAULT 'N',
  PRIMARY KEY (`unique_id`),
  KEY `idx_cust_id_order_id_zen` (`customer_id`,`order_id`),
  KEY `idx_release_flag_zen` (`release_flag`)
) ENGINE=MyISAM DEFAULT CHARSET=utf8 COLLATE=utf8_unicode_ci;

--
-- Dumping data for table `zen_coupon_gv_queue`
--


--
-- Table structure for table `zen_coupon_redeem_track`
--

CREATE TABLE `zen_coupon_redeem_track` (
  `unique_id` int(11) NOT NULL AUTO_INCREMENT,
  `coupon_id` int(11) NOT NULL DEFAULT '0',
  `customer_id` int(11) NOT NULL DEFAULT '0',
  `redeem_date` datetime NOT NULL DEFAULT '0001-01-01 00:00:00',
  `redeem_ip` varchar(32) COLLATE utf8_unicode_ci NOT NULL DEFAULT '',
  `order_id` int(11) NOT NULL DEFAULT '0',
  PRIMARY KEY (`unique_id`),
  KEY `idx_coupon_id_zen` (`coupon_id`)
) ENGINE=MyISAM DEFAULT CHARSET=utf8 COLLATE=utf8_unicode_ci;

--
-- Dumping data for table `zen_coupon_redeem_track`
--


--
-- Table structure for table `zen_coupon_restrict`
--

CREATE TABLE `zen_coupon_restrict` (
  `restrict_id` int(11) NOT NULL AUTO_INCREMENT,
  `coupon_id` int(11) NOT NULL DEFAULT '0',
  `product_id` int(11) NOT NULL DEFAULT '0',
  `category_id` int(11) NOT NULL DEFAULT '0',
  `coupon_restrict` char(1) COLLATE utf8_unicode_ci NOT NULL DEFAULT 'N',
  PRIMARY KEY (`restrict_id`),
  KEY `idx_coup_id_prod_id_zen` (`coupon_id`,`product_id`)
) ENGINE=MyISAM DEFAULT CHARSET=utf8 COLLATE=utf8_unicode_ci;

--
-- Dumping data for table `zen_coupon_restrict`
--


--
-- Table structure for table `zen_coupons`
--

CREATE TABLE `zen_coupons` (
  `coupon_id` int(11) NOT NULL AUTO_INCREMENT,
  `coupon_type` char(1) COLLATE utf8_unicode_ci NOT NULL DEFAULT 'F',
  `coupon_code` varchar(32) COLLATE utf8_unicode_ci NOT NULL DEFAULT '',
  `coupon_amount` decimal(15,4) NOT NULL DEFAULT '0.0000',
  `coupon_minimum_order` decimal(15,4) NOT NULL DEFAULT '0.0000',
  `coupon_start_date` datetime NOT NULL DEFAULT '0001-01-01 00:00:00',
  `coupon_expire_date` datetime NOT NULL DEFAULT '0001-01-01 00:00:00',
  `uses_per_coupon` int(5) NOT NULL DEFAULT '1',
  `uses_per_user` int(5) NOT NULL DEFAULT '0',
  `restrict_to_products` varchar(255) COLLATE utf8_unicode_ci DEFAULT NULL,
  `restrict_to_categories` varchar(255) COLLATE utf8_unicode_ci DEFAULT NULL,
  `restrict_to_customers` text COLLATE utf8_unicode_ci,
  `coupon_active` char(1) COLLATE utf8_unicode_ci NOT NULL DEFAULT 'Y',
  `date_created` datetime NOT NULL DEFAULT '0001-01-01 00:00:00',
  `date_modified` datetime NOT NULL DEFAULT '0001-01-01 00:00:00',
  `coupon_zone_restriction` int(11) NOT NULL DEFAULT '0',
  PRIMARY KEY (`coupon_id`),
  KEY `idx_active_type_zen` (`coupon_active`,`coupon_type`),
  KEY `idx_coupon_code_zen` (`coupon_code`),
  KEY `idx_coupon_type_zen` (`coupon_type`)
) ENGINE=MyISAM DEFAULT CHARSET=utf8 COLLATE=utf8_unicode_ci;

--
-- Dumping data for table `zen_coupons`
--


--
-- Table structure for table `zen_coupons_description`
--

CREATE TABLE `zen_coupons_description` (
  `coupon_id` int(11) NOT NULL DEFAULT '0',
  `language_id` int(11) NOT NULL DEFAULT '0',
  `coupon_name` varchar(32) COLLATE utf8_unicode_ci NOT NULL DEFAULT '',
  `coupon_description` text COLLATE utf8_unicode_ci,
  PRIMARY KEY (`coupon_id`,`language_id`)
) ENGINE=MyISAM DEFAULT CHARSET=utf8 COLLATE=utf8_unicode_ci;

--
-- Dumping data for table `zen_coupons_description`
--


--
-- Table structure for table `zen_currencies`
--

CREATE TABLE `zen_currencies` (
  `currencies_id` int(11) NOT NULL AUTO_INCREMENT,
  `title` varchar(32) COLLATE utf8_unicode_ci NOT NULL DEFAULT '',
  `code` char(3) COLLATE utf8_unicode_ci NOT NULL DEFAULT '',
  `symbol_left` varchar(24) COLLATE utf8_unicode_ci DEFAULT NULL,
  `symbol_right` varchar(24) COLLATE utf8_unicode_ci DEFAULT NULL,
  `decimal_point` char(1) COLLATE utf8_unicode_ci DEFAULT NULL,
  `thousands_point` char(1) COLLATE utf8_unicode_ci DEFAULT NULL,
  `decimal_places` char(1) COLLATE utf8_unicode_ci DEFAULT NULL,
  `value` float(13,8) DEFAULT NULL,
  `last_updated` datetime DEFAULT NULL,
  PRIMARY KEY (`currencies_id`)
) ENGINE=MyISAM AUTO_INCREMENT=6 DEFAULT CHARSET=utf8 COLLATE=utf8_unicode_ci;

--
-- Dumping data for table `zen_currencies`
--

INSERT INTO `zen_currencies` VALUES (1,'US Dollar','USD','$','','.',',','2',1.00000000,'2010-01-13 17:35:01'),(2,'Euro','EUR','&euro;','','.',',','2',0.74129999,'2010-01-13 17:35:01'),(3,'GB Pound','GBP','&pound;','','.',',','2',0.50300002,'2010-01-13 17:35:01'),(4,'Canadian Dollar','CAD','$','','.',',','2',1.10590005,'2010-01-13 17:35:01'),(5,'Australian Dollar','AUD','$','','.',',','2',1.24070001,'2010-01-13 17:35:01');

--
-- Table structure for table `zen_customers_basket`
--

CREATE TABLE `zen_customers_basket` (
  `customers_basket_id` int(11) NOT NULL AUTO_INCREMENT,
  `customers_id` int(11) NOT NULL DEFAULT '0',
  `products_id` tinytext COLLATE utf8_unicode_ci NOT NULL,
  `customers_basket_quantity` float NOT NULL DEFAULT '0',
  `final_price` decimal(15,4) NOT NULL DEFAULT '0.0000',
  `customers_basket_date_added` varchar(8) COLLATE utf8_unicode_ci DEFAULT NULL,
  PRIMARY KEY (`customers_basket_id`),
  KEY `idx_customers_id_zen` (`customers_id`)
) ENGINE=MyISAM AUTO_INCREMENT=30 DEFAULT CHARSET=utf8 COLLATE=utf8_unicode_ci;

--
-- Dumping data for table `zen_customers_basket`
--

INSERT INTO `zen_customers_basket` VALUES (21,21,'62',1,0.0000,'20100201'),(20,20,'62',2,0.0000,'20100201'),(23,23,'69',1,0.0000,'20100319'),(24,24,'40',1,0.0000,'20100417'),(26,26,'12',1,0.0000,'20100610'),(27,27,'48',1,0.0000,'20100705'),(28,27,'46',1,0.0000,'20100705'),(29,28,'40',1,0.0000,'20100902');

--
-- Table structure for table `zen_customers_basket_attributes`
--

CREATE TABLE `zen_customers_basket_attributes` (
  `customers_basket_attributes_id` int(11) NOT NULL AUTO_INCREMENT,
  `customers_id` int(11) NOT NULL DEFAULT '0',
  `products_id` tinytext COLLATE utf8_unicode_ci NOT NULL,
  `products_options_id` varchar(64) COLLATE utf8_unicode_ci NOT NULL DEFAULT '0',
  `products_options_value_id` int(11) NOT NULL DEFAULT '0',
  `products_options_value_text` blob,
  `products_options_sort_order` text COLLATE utf8_unicode_ci NOT NULL,
  PRIMARY KEY (`customers_basket_attributes_id`),
  KEY `idx_cust_id_prod_id_zen` (`customers_id`,`products_id`(36))
) ENGINE=MyISAM DEFAULT CHARSET=utf8 COLLATE=utf8_unicode_ci;

--
-- Dumping data for table `zen_customers_basket_attributes`
--


--
-- Table structure for table `zen_customers_info`
--

CREATE TABLE `zen_customers_info` (
  `customers_info_id` int(11) NOT NULL DEFAULT '0',
  `customers_info_date_of_last_logon` datetime DEFAULT NULL,
  `customers_info_number_of_logons` int(5) DEFAULT NULL,
  `customers_info_date_account_created` datetime DEFAULT NULL,
  `customers_info_date_account_last_modified` datetime DEFAULT NULL,
  `global_product_notifications` int(1) DEFAULT '0',
  PRIMARY KEY (`customers_info_id`)
) ENGINE=MyISAM DEFAULT CHARSET=utf8 COLLATE=utf8_unicode_ci;

--
-- Dumping data for table `zen_customers_info`
--

INSERT INTO `zen_customers_info` VALUES (17,NULL,0,'2010-01-31 19:45:24',NULL,0),(18,'2010-02-01 12:51:53',1,'2010-02-01 12:51:53',NULL,0),(19,'2010-02-01 13:36:38',1,'2010-02-01 13:21:00',NULL,0),(20,NULL,0,'2010-02-01 17:07:45',NULL,0),(21,NULL,0,'2010-02-01 17:42:44',NULL,0),(22,'2010-02-15 17:35:00',1,'2010-02-15 17:35:00',NULL,0),(23,NULL,0,'2010-03-19 20:30:42',NULL,0),(24,NULL,0,'2010-04-17 10:12:00',NULL,0),(25,'2010-06-15 17:46:45',4,'2010-06-08 22:09:05',NULL,0),(26,NULL,0,'2010-06-10 16:52:02',NULL,0),(27,NULL,0,'2010-07-05 13:07:20',NULL,0),(28,NULL,0,'2010-09-02 17:23:21',NULL,0);

--
-- Table structure for table `zen_customers_wishlist`
--

CREATE TABLE `zen_customers_wishlist` (
  `products_id` int(13) NOT NULL DEFAULT '0',
  `customers_id` int(13) NOT NULL DEFAULT '0',
  `products_model` varchar(13) COLLATE utf8_unicode_ci DEFAULT NULL,
  `products_name` varchar(64) COLLATE utf8_unicode_ci NOT NULL DEFAULT '',
  `products_price` decimal(8,2) NOT NULL DEFAULT '0.00',
  `final_price` decimal(8,2) NOT NULL DEFAULT '0.00',
  `products_quantity` int(2) NOT NULL DEFAULT '0',
  `wishlist_name` varchar(64) COLLATE utf8_unicode_ci DEFAULT NULL
) ENGINE=MyISAM DEFAULT CHARSET=utf8 COLLATE=utf8_unicode_ci;

--
-- Dumping data for table `zen_customers_wishlist`
--


--
-- Table structure for table `zen_db_cache`
--

CREATE TABLE `zen_db_cache` (
  `cache_entry_name` varchar(64) COLLATE utf8_unicode_ci NOT NULL DEFAULT '',
  `cache_data` mediumblob,
  `cache_entry_created` int(15) DEFAULT NULL,
  PRIMARY KEY (`cache_entry_name`)
) ENGINE=MyISAM DEFAULT CHARSET=utf8 COLLATE=utf8_unicode_ci;

--
-- Dumping data for table `zen_db_cache`
--


--
-- Table structure for table `zen_email_archive`
--

CREATE TABLE `zen_email_archive` (
  `archive_id` int(11) NOT NULL AUTO_INCREMENT,
  `email_to_name` varchar(96) COLLATE utf8_unicode_ci NOT NULL DEFAULT '',
  `email_to_address` varchar(96) COLLATE utf8_unicode_ci NOT NULL DEFAULT '',
  `email_from_name` varchar(96) COLLATE utf8_unicode_ci NOT NULL DEFAULT '',
  `email_from_address` varchar(96) COLLATE utf8_unicode_ci NOT NULL DEFAULT '',
  `email_subject` varchar(255) COLLATE utf8_unicode_ci NOT NULL DEFAULT '',
  `email_html` text COLLATE utf8_unicode_ci NOT NULL,
  `email_text` text COLLATE utf8_unicode_ci NOT NULL,
  `date_sent` datetime NOT NULL DEFAULT '0001-01-01 00:00:00',
  `module` varchar(64) COLLATE utf8_unicode_ci NOT NULL DEFAULT '',
  PRIMARY KEY (`archive_id`),
  KEY `idx_email_to_address_zen` (`email_to_address`),
  KEY `idx_module_zen` (`module`)
) ENGINE=MyISAM DEFAULT CHARSET=utf8 COLLATE=utf8_unicode_ci;

--
-- Dumping data for table `zen_email_archive`
--


--
-- Table structure for table `zen_ezpages`
--

CREATE TABLE `zen_ezpages` (
  `pages_id` int(11) NOT NULL AUTO_INCREMENT,
  `languages_id` int(11) NOT NULL DEFAULT '1',
  `pages_title` varchar(64) COLLATE utf8_unicode_ci NOT NULL DEFAULT '',
  `alt_url` varchar(255) COLLATE utf8_unicode_ci NOT NULL DEFAULT '',
  `alt_url_external` varchar(255) COLLATE utf8_unicode_ci NOT NULL DEFAULT '',
  `pages_html_text` mediumtext COLLATE utf8_unicode_ci,
  `status_header` int(1) NOT NULL DEFAULT '1',
  `status_sidebox` int(1) NOT NULL DEFAULT '1',
  `status_footer` int(1) NOT NULL DEFAULT '1',
  `status_toc` int(1) NOT NULL DEFAULT '1',
  `header_sort_order` int(3) NOT NULL DEFAULT '0',
  `sidebox_sort_order` int(3) NOT NULL DEFAULT '0',
  `footer_sort_order` int(3) NOT NULL DEFAULT '0',
  `toc_sort_order` int(3) NOT NULL DEFAULT '0',
  `page_open_new_window` int(1) NOT NULL DEFAULT '0',
  `page_is_ssl` int(1) NOT NULL DEFAULT '0',
  `toc_chapter` int(11) NOT NULL DEFAULT '0',
  PRIMARY KEY (`pages_id`),
  KEY `idx_lang_id_zen` (`languages_id`),
  KEY `idx_ezp_status_header_zen` (`status_header`),
  KEY `idx_ezp_status_sidebox_zen` (`status_sidebox`),
  KEY `idx_ezp_status_footer_zen` (`status_footer`),
  KEY `idx_ezp_status_toc_zen` (`status_toc`)
) ENGINE=MyISAM DEFAULT CHARSET=utf8 COLLATE=utf8_unicode_ci;

--
-- Dumping data for table `zen_ezpages`
--


--
-- Table structure for table `zen_featured`
--

CREATE TABLE `zen_featured` (
  `featured_id` int(11) NOT NULL AUTO_INCREMENT,
  `products_id` int(11) NOT NULL DEFAULT '0',
  `featured_date_added` datetime DEFAULT NULL,
  `featured_last_modified` datetime DEFAULT NULL,
  `expires_date` date NOT NULL DEFAULT '0001-01-01',
  `date_status_change` datetime DEFAULT NULL,
  `status` int(1) NOT NULL DEFAULT '1',
  `featured_date_available` date NOT NULL DEFAULT '0001-01-01',
  PRIMARY KEY (`featured_id`),
  KEY `idx_status_zen` (`status`),
  KEY `idx_products_id_zen` (`products_id`),
  KEY `idx_date_avail_zen` (`featured_date_available`),
  KEY `idx_expires_date_zen` (`expires_date`)
) ENGINE=MyISAM AUTO_INCREMENT=8 DEFAULT CHARSET=utf8 COLLATE=utf8_unicode_ci;

--
-- Dumping data for table `zen_featured`
--

INSERT INTO `zen_featured` VALUES (1,25,'2010-01-25 14:49:55',NULL,'0001-01-01',NULL,1,'0001-01-01'),(2,10,'2010-01-25 14:50:13',NULL,'0001-01-01',NULL,1,'0001-01-01'),(3,37,'2010-01-25 14:50:30','2010-06-15 08:01:15','0001-01-01',NULL,1,'0001-01-01'),(4,44,'2010-01-25 14:50:43','2010-06-15 08:17:17','0001-01-01',NULL,1,'0001-01-01'),(5,43,'2010-01-25 14:50:51','2010-02-15 14:46:40','0001-01-01',NULL,1,'0001-01-01'),(6,35,'2010-01-25 14:51:09',NULL,'0001-01-01',NULL,1,'0001-01-01'),(7,45,'2010-01-25 14:51:26',NULL,'0001-01-01',NULL,1,'0001-01-01');

--
-- Table structure for table `zen_geo_zones`
--

CREATE TABLE `zen_geo_zones` (
  `geo_zone_id` int(11) NOT NULL AUTO_INCREMENT,
  `geo_zone_name` varchar(32) COLLATE utf8_unicode_ci NOT NULL DEFAULT '',
  `geo_zone_description` varchar(255) COLLATE utf8_unicode_ci NOT NULL DEFAULT '',
  `last_modified` datetime DEFAULT NULL,
  `date_added` datetime NOT NULL DEFAULT '0001-01-01 00:00:00',
  PRIMARY KEY (`geo_zone_id`)
) ENGINE=MyISAM AUTO_INCREMENT=2 DEFAULT CHARSET=utf8 COLLATE=utf8_unicode_ci;

--
-- Dumping data for table `zen_geo_zones`
--

INSERT INTO `zen_geo_zones` VALUES (1,'Florida','Florida local sales tax zone',NULL,'2010-01-13 17:35:01');

--
-- Table structure for table `zen_get_terms_to_filter`
--

CREATE TABLE `zen_get_terms_to_filter` (
  `get_term_name` varchar(255) COLLATE utf8_unicode_ci NOT NULL DEFAULT '',
  `get_term_table` varchar(64) COLLATE utf8_unicode_ci NOT NULL,
  `get_term_name_field` varchar(64) COLLATE utf8_unicode_ci NOT NULL,
  PRIMARY KEY (`get_term_name`)
) ENGINE=MyISAM DEFAULT CHARSET=utf8 COLLATE=utf8_unicode_ci;

--
-- Dumping data for table `zen_get_terms_to_filter`
--

INSERT INTO `zen_get_terms_to_filter` VALUES ('manufacturers_id','TABLE_MANUFACTURERS','manufacturers_name'),('music_genre_id','TABLE_MUSIC_GENRE','music_genre_name'),('record_company_id','TABLE_RECORD_COMPANY','record_company_name');

--
-- Table structure for table `zen_group_pricing`
--

CREATE TABLE `zen_group_pricing` (
  `group_id` int(11) NOT NULL AUTO_INCREMENT,
  `group_name` varchar(32) COLLATE utf8_unicode_ci NOT NULL DEFAULT '',
  `group_percentage` decimal(5,2) NOT NULL DEFAULT '0.00',
  `last_modified` datetime DEFAULT NULL,
  `date_added` datetime NOT NULL DEFAULT '0001-01-01 00:00:00',
  PRIMARY KEY (`group_id`)
) ENGINE=MyISAM DEFAULT CHARSET=utf8 COLLATE=utf8_unicode_ci;

--
-- Dumping data for table `zen_group_pricing`
--


--
-- Table structure for table `zen_languages`
--

CREATE TABLE `zen_languages` (
  `languages_id` int(11) NOT NULL AUTO_INCREMENT,
  `name` varchar(32) COLLATE utf8_unicode_ci NOT NULL DEFAULT '',
  `code` char(2) COLLATE utf8_unicode_ci NOT NULL DEFAULT '',
  `image` varchar(64) COLLATE utf8_unicode_ci DEFAULT NULL,
  `directory` varchar(32) COLLATE utf8_unicode_ci DEFAULT NULL,
  `sort_order` int(3) DEFAULT NULL,
  PRIMARY KEY (`languages_id`),
  KEY `idx_languages_name_zen` (`name`)
) ENGINE=MyISAM AUTO_INCREMENT=4 DEFAULT CHARSET=utf8 COLLATE=utf8_unicode_ci;

--
